[INFO] fetching crate ggetrs-seq 0.1.0...
[INFO] testing ggetrs-seq-0.1.0 against 1.100.0-beta.1+cargoflags=--release for beta-release-1.100-2
[INFO] extracting crate ggetrs-seq 0.1.0 into /workspace/builds/worker-3-tc2/source
[INFO] started tweaking crates.io crate ggetrs-seq 0.1.0
[INFO] finished tweaking crates.io crate ggetrs-seq 0.1.0
[INFO] tweaked toml for crates.io crate ggetrs-seq 0.1.0 written to /workspace/builds/worker-3-tc2/source/Cargo.toml
[INFO] validating manifest of crates.io crate ggetrs-seq 0.1.0 on toolchain 1.100.0-beta.1
[INFO] running `Command { std: CARGO_HOME="/workspace/cargo-home" RUSTUP_HOME="/workspace/rustup-home" "/workspace/cargo-home/bin/cargo" "+1.100.0-beta.1" "metadata" "--manifest-path" "Cargo.toml" "--no-deps", kill_on_drop: false }`
[INFO] crate crates.io crate ggetrs-seq 0.1.0 already has a lockfile, it will not be regenerated
[INFO] running `Command { std: CARGO_HOME="/workspace/cargo-home" RUSTUP_HOME="/workspace/rustup-home" "/workspace/cargo-home/bin/cargo" "+1.100.0-beta.1" "fetch" "--manifest-path" "Cargo.toml", kill_on_drop: false }`
[INFO] running `Command { std: "docker" "create" "-v" "/var/lib/crater-agent-workspace/builds/worker-3-tc2/source:/opt/rustwide/workdir:ro,Z" "-v" "/var/lib/crater-agent-workspace/builds/worker-3-tc2/target:/opt/rustwide/target:rw,Z" "-v" "/var/lib/crater-agent-workspace/cargo-home:/opt/rustwide/cargo-home:ro,Z" "-v" "/var/lib/crater-agent-workspace/rustup-home:/opt/rustwide/rustup-home:ro,Z" "-m" "1610612736" "--network" "none" "ghcr.io/rust-lang/crates-build-env/linux@sha256:77db811e55d90add9212f6832c23229e3de5f1c1f9905e8cb07319ea15df73ac" "sleep" "infinity", kill_on_drop: false }`
[INFO] [stdout] 10d7c27a054123361eb108d81c57c0ab560245cf76f7b63e92f30930fe618f2e
[INFO] running `Command { std: "docker" "start" "10d7c27a054123361eb108d81c57c0ab560245cf76f7b63e92f30930fe618f2e", kill_on_drop: false }`
[INFO] running `Command { std: "docker" "inspect" "10d7c27a054123361eb108d81c57c0ab560245cf76f7b63e92f30930fe618f2e", kill_on_drop: false }`
[INFO] running `Command { std: "docker" "exec" "-e" "SOURCE_DIR=/opt/rustwide/workdir" "-e" "CARGO_HOME=/opt/rustwide/cargo-home" "-e" "RUSTUP_HOME=/opt/rustwide/rustup-home" "-e" "CARGO_TARGET_DIR=/opt/rustwide/target" "-w" "/opt/rustwide/workdir" "--user" "0:0" "10d7c27a054123361eb108d81c57c0ab560245cf76f7b63e92f30930fe618f2e" "/opt/rustwide/cargo-home/bin/cargo" "+1.100.0-beta.1" "metadata" "--no-deps" "--format-version=1", kill_on_drop: false }`
[INFO] running `Command { std: "docker" "inspect" "10d7c27a054123361eb108d81c57c0ab560245cf76f7b63e92f30930fe618f2e", kill_on_drop: false }`
[INFO] running `Command { std: "docker" "exec" "-e" "SOURCE_DIR=/opt/rustwide/workdir" "-e" "CARGO_HOME=/opt/rustwide/cargo-home" "-e" "RUSTUP_HOME=/opt/rustwide/rustup-home" "-e" "CARGO_TARGET_DIR=/opt/rustwide/target" "-e" "CARGO_INCREMENTAL=0" "-e" "RUST_BACKTRACE=full" "-e" "RUSTFLAGS=--cap-lints=warn" "-e" "RUSTDOCFLAGS=--cap-lints=warn" "-w" "/opt/rustwide/workdir" "--user" "0:0" "10d7c27a054123361eb108d81c57c0ab560245cf76f7b63e92f30930fe618f2e" "/opt/rustwide/cargo-home/bin/cargo" "+1.100.0-beta.1" "build" "--frozen" "--message-format=json" "--release", kill_on_drop: false }`
[INFO] [stderr]    Compiling libc v0.2.172
[INFO] [stderr]    Compiling stable_deref_trait v1.2.0
[INFO] [stderr]    Compiling zeroize v1.8.1
[INFO] [stderr]    Compiling num-traits v0.2.19
[INFO] [stderr]    Compiling typenum v1.18.0
[INFO] [stderr]    Compiling writeable v0.6.1
[INFO] [stderr]    Compiling smallvec v1.15.0
[INFO] [stderr]    Compiling aws-lc-rs v1.13.1
[INFO] [stderr]    Compiling litemap v0.8.0
[INFO] [stderr]    Compiling icu_properties_data v2.0.0
[INFO] [stderr]    Compiling syn v2.0.101
[INFO] [stderr]    Compiling zerocopy v0.8.25
[INFO] [stderr]    Compiling http v1.3.1
[INFO] [stderr]    Compiling rustls v0.23.27
[INFO] [stderr]    Compiling winapi-build v0.1.1
[INFO] [stderr]    Compiling log v0.4.27
[INFO] [stderr]    Compiling percent-encoding v2.3.1
[INFO] [stderr]    Compiling rustls-pki-types v1.12.0
[INFO] [stderr]    Compiling kernel32-sys v0.2.2
[INFO] [stderr]    Compiling serde_json v1.0.140
[INFO] [stderr]    Compiling form_urlencoded v1.2.1
[INFO] [stderr]    Compiling tracing-core v0.1.33
[INFO] [stderr]    Compiling winapi v0.2.8
[INFO] [stderr]    Compiling zstd-safe v7.2.4
[INFO] [stderr]    Compiling unicase v2.8.1
[INFO] [stderr]    Compiling aho-corasick v1.1.3
[INFO] [stderr]    Compiling crc32fast v1.4.2
[INFO] [stderr]    Compiling portable-atomic v1.11.0
[INFO] [stderr]    Compiling saturating v0.1.0
[INFO] [stderr]    Compiling mime_guess v2.0.5
[INFO] [stderr]    Compiling webpki-roots v1.0.0
[INFO] [stderr]    Compiling rustls-pemfile v2.2.0
[INFO] [stderr]    Compiling regex-syntax v0.3.9
[INFO] [stderr]    Compiling webpki-roots v0.26.11
[INFO] [stderr]    Compiling utf8-ranges v0.1.3
[INFO] [stderr]    Compiling mysql v26.0.0
[INFO] [stderr]    Compiling tracing v0.1.41
[INFO] [stderr]    Compiling unicode-width v0.2.0
[INFO] [stderr]    Compiling bitflags v2.9.0
[INFO] [stderr]    Compiling pem v3.0.5
[INFO] [stderr]    Compiling http-body v1.0.1
[INFO] [stderr]    Compiling number_prefix v0.4.0
[INFO] [stderr]    Compiling http-body-util v0.1.3
[INFO] [stderr]    Compiling bufstream v0.1.4
[INFO] [stderr]    Compiling num-integer v0.1.46
[INFO] [stderr]    Compiling getrandom v0.2.16
[INFO] [stderr]    Compiling socket2 v0.5.9
[INFO] [stderr]    Compiling mio v1.0.3
[INFO] [stderr]    Compiling jobserver v0.1.33
[INFO] [stderr]    Compiling generic-array v0.14.7
[INFO] [stderr]    Compiling subprocess v0.2.9
[INFO] [stderr]    Compiling rand_core v0.6.4
[INFO] [stderr]    Compiling thread-id v2.0.0
[INFO] [stderr]    Compiling cc v1.2.22
[INFO] [stderr]    Compiling num-iter v0.1.45
[INFO] [stderr]    Compiling memchr v0.1.11
[INFO] [stderr]    Compiling num v0.1.43
[INFO] [stderr]    Compiling num-bigint v0.4.6
[INFO] [stderr]    Compiling thread_local v0.2.7
[INFO] [stderr]    Compiling time v0.1.45
[INFO] [stderr]    Compiling aho-corasick v0.5.3
[INFO] [stderr]    Compiling btoi v0.4.3
[INFO] [stderr]    Compiling tokio v1.45.0
[INFO] [stderr]    Compiling console v0.15.11
[INFO] [stderr]    Compiling twox-hash v2.1.0
[INFO] [stderr]    Compiling lazy_static v0.1.16
[INFO] [stderr]    Compiling lru v0.12.5
[INFO] [stderr]    Compiling chrono v0.2.25
[INFO] [stderr]    Compiling regex v0.1.80
[INFO] [stderr]    Compiling crypto-common v0.1.6
[INFO] [stderr]    Compiling block-buffer v0.10.4
[INFO] [stderr]    Compiling regex-automata v0.4.9
[INFO] [stderr]    Compiling digest v0.10.7
[INFO] [stderr]    Compiling sha1 v0.10.6
[INFO] [stderr]    Compiling sha2 v0.10.9
[INFO] [stderr]    Compiling indicatif v0.17.11
[INFO] [stderr]    Compiling cmake v0.1.54
[INFO] [stderr]    Compiling ppv-lite86 v0.2.21
[INFO] [stderr]    Compiling ftp v3.0.1
[INFO] [stderr]    Compiling aws-lc-sys v0.29.0
[INFO] [stderr]    Compiling ring v0.17.14
[INFO] [stderr]    Compiling zstd-sys v2.0.15+zstd.1.5.7
[INFO] [stderr]    Compiling libz-sys v1.1.22
[INFO] [stderr]    Compiling rand_chacha v0.3.1
[INFO] [stderr]    Compiling mysql_common v0.34.1
[INFO] [stderr]    Compiling flate2 v1.1.1
[INFO] [stderr]    Compiling synstructure v0.13.2
[INFO] [stderr]    Compiling derive_utils v0.15.0
[INFO] [stderr]    Compiling rand v0.8.5
[INFO] [stderr]    Compiling regex v1.11.1
[INFO] [stderr]    Compiling zerofrom-derive v0.1.6
[INFO] [stderr]    Compiling yoke-derive v0.8.0
[INFO] [stderr]    Compiling zerovec-derive v0.11.1
[INFO] [stderr]    Compiling displaydoc v0.2.5
[INFO] [stderr]    Compiling futures-macro v0.3.31
[INFO] [stderr]    Compiling serde_derive v1.0.219
[INFO] [stderr]    Compiling thiserror-impl v1.0.69
[INFO] [stderr]    Compiling futures-util v0.3.31
[INFO] [stderr]    Compiling io-enum v1.2.0
[INFO] [stderr]    Compiling zerofrom v0.1.6
[INFO] [stderr]    Compiling yoke v0.8.0
[INFO] [stderr]    Compiling zerovec v0.11.2
[INFO] [stderr]    Compiling zerotrie v0.2.2
[INFO] [stderr]    Compiling thiserror v1.0.69
[INFO] [stderr]    Compiling tinystr v0.8.1
[INFO] [stderr]    Compiling icu_locale_core v2.0.0
[INFO] [stderr]    Compiling potential_utf v0.1.2
[INFO] [stderr]    Compiling icu_collections v2.0.0
[INFO] [stderr]    Compiling tokio-util v0.7.15
[INFO] [stderr]    Compiling serde v1.0.219
[INFO] [stderr]    Compiling icu_provider v2.0.0
[INFO] [stderr]    Compiling icu_properties v2.0.0
[INFO] [stderr]    Compiling icu_normalizer v2.0.0
[INFO] [stderr]    Compiling hyper v1.6.0
[INFO] [stderr]    Compiling futures-executor v0.3.31
[INFO] [stderr]    Compiling tower v0.5.2
[INFO] [stderr]    Compiling futures v0.3.31
[INFO] [stderr]    Compiling idna_adapter v1.2.1
[INFO] [stderr]    Compiling idna v1.0.3
[INFO] [stderr]    Compiling hyper-util v0.1.11
[INFO] [stderr]    Compiling url v2.5.4
[INFO] [stderr]    Compiling serde_urlencoded v0.7.1
[INFO] [stderr]    Compiling webpki v0.22.4
[INFO] [stderr]    Compiling zstd v0.13.3
[INFO] [stderr]    Compiling rustls-webpki v0.103.3
[INFO] [stderr]    Compiling tokio-rustls v0.26.2
[INFO] [stderr]    Compiling hyper-rustls v0.27.5
[INFO] [stderr]    Compiling reqwest v0.12.15
[INFO] [stderr]    Compiling ggetrs-uniprot v0.1.0
[INFO] [stderr]    Compiling ggetrs-ensembl v0.1.0
[INFO] [stderr]    Compiling ggetrs-seq v0.1.0 (/opt/rustwide/workdir)
[INFO] [stderr]     Finished `release` profile [optimized] target(s) in 3m 02s
[INFO] running `Command { std: "docker" "inspect" "10d7c27a054123361eb108d81c57c0ab560245cf76f7b63e92f30930fe618f2e", kill_on_drop: false }`
[INFO] running `Command { std: "docker" "exec" "-e" "SOURCE_DIR=/opt/rustwide/workdir" "-e" "CARGO_HOME=/opt/rustwide/cargo-home" "-e" "RUSTUP_HOME=/opt/rustwide/rustup-home" "-e" "CARGO_TARGET_DIR=/opt/rustwide/target" "-e" "CARGO_INCREMENTAL=0" "-e" "RUST_BACKTRACE=full" "-e" "RUSTFLAGS=--cap-lints=warn" "-e" "RUSTDOCFLAGS=--cap-lints=warn" "-w" "/opt/rustwide/workdir" "--user" "0:0" "10d7c27a054123361eb108d81c57c0ab560245cf76f7b63e92f30930fe618f2e" "/opt/rustwide/cargo-home/bin/cargo" "+1.100.0-beta.1" "test" "--frozen" "--no-run" "--message-format=json" "--release", kill_on_drop: false }`
[INFO] [stderr]    Compiling ggetrs-seq v0.1.0 (/opt/rustwide/workdir)
[INFO] [stderr]     Finished `release` profile [optimized] target(s) in 2.04s
[INFO] running `Command { std: "docker" "inspect" "10d7c27a054123361eb108d81c57c0ab560245cf76f7b63e92f30930fe618f2e", kill_on_drop: false }`
[INFO] running `Command { std: "docker" "exec" "-e" "SOURCE_DIR=/opt/rustwide/workdir" "-e" "CARGO_HOME=/opt/rustwide/cargo-home" "-e" "RUSTUP_HOME=/opt/rustwide/rustup-home" "-e" "CARGO_TARGET_DIR=/opt/rustwide/target" "-e" "CARGO_INCREMENTAL=0" "-e" "RUST_BACKTRACE=full" "-e" "RUSTFLAGS=--cap-lints=warn" "-e" "RUSTDOCFLAGS=--cap-lints=warn" "-w" "/opt/rustwide/workdir" "--user" "0:0" "10d7c27a054123361eb108d81c57c0ab560245cf76f7b63e92f30930fe618f2e" "/opt/rustwide/cargo-home/bin/cargo" "+1.100.0-beta.1" "test" "--frozen" "--release", kill_on_drop: false }`
[INFO] [stderr]     Finished `release` profile [optimized] target(s) in 0.21s
[INFO] [stderr]      Running unittests src/lib.rs (/opt/rustwide/target/release/build/ggetrs-seq/c9338c5a133faced/out/ggetrs_seq-c9338c5a133faced)
[INFO] [stdout] 
[INFO] [stdout] running 6 tests
[INFO] [stdout] test functions::testing::test_uniprot_nonsense_query ... ok
[INFO] [stdout] test functions::testing::test_seq_query_non_ensembl ... FAILED
[INFO] [stdout] test functions::testing::test_seq_query ... FAILED
[INFO] [stdout] test functions::testing::test_seq_query_non_ensembl_missing_species ... ok
[INFO] [stdout] test functions::testing::test_seq_query_mixed_symbols ... FAILED
[INFO] [stdout] test functions::testing::test_seq_query_non_ensembl_random_gene_name ... ok
[INFO] [stdout] 
[INFO] [stdout] failures:
[INFO] [stdout] 
[INFO] [stdout] ---- functions::testing::test_seq_query_non_ensembl stdout ----
[INFO] [stdout] 
[INFO] [stdout] thread 'functions::testing::test_seq_query_non_ensembl' (3905) panicked at src/functions.rs:101:9:
[INFO] [stdout] assertion failed: response.is_ok()
[INFO] [stdout] stack backtrace:
[INFO] [stdout]    0:     0x57f801d87f01 - <<std[617be2ca0a6fd877]::sys::backtrace::BacktraceLock>::print::DisplayBacktrace as core[a373ad73a504971]::fmt::Display>::fmt
[INFO] [stdout]    1:     0x57f801d9e1ca - core[a373ad73a504971]::fmt::write
[INFO] [stdout]    2:     0x57f801d8cbcc - <alloc[2e1b2a31b91974c5]::vec::Vec<u8> as core[a373ad73a504971]::io::write::Write>::write_fmt
[INFO] [stdout]    3:     0x57f801d62b76 - std[617be2ca0a6fd877]::panicking::default_hook::{closure#0}
[INFO] [stdout]    4:     0x57f801d7fd89 - std[617be2ca0a6fd877]::panicking::default_hook
[INFO] [stdout]    5:     0x57f801b3e990 - test[aada8e7e76ba119b]::test_main_inner::{closure#0}
[INFO] [stdout]    6:     0x57f801d800b2 - std[617be2ca0a6fd877]::panicking::panic_with_hook
[INFO] [stdout]    7:     0x57f801d62c54 - std[617be2ca0a6fd877]::panicking::panic_handler::{closure#0}
[INFO] [stdout]    8:     0x57f801d5b2c9 - std[617be2ca0a6fd877]::sys::backtrace::__rust_end_short_backtrace::<std[617be2ca0a6fd877]::panicking::panic_handler::{closure#0}, !>
[INFO] [stdout]    9:     0x57f801d63b2d - __rustc[ea4f61d10b84890b]::rust_begin_unwind
[INFO] [stdout]   10:     0x57f801d9e92c - core[a373ad73a504971]::panicking::panic_fmt
[INFO] [stdout]   11:     0x57f801d9e8f2 - core[a373ad73a504971]::panicking::panic
[INFO] [stdout]   12:     0x57f801b29ed6 - <ggetrs_seq[86385c7cc6ba2113]::functions::testing::test_seq_query_non_ensembl::{closure#0} as core[a373ad73a504971]::ops::function::FnOnce<()>>::call_once
[INFO] [stdout]   13:     0x57f801b31ddb - test[aada8e7e76ba119b]::__rust_begin_short_backtrace::<core[a373ad73a504971]::result::Result<(), alloc[2e1b2a31b91974c5]::string::String>, fn() -> core[a373ad73a504971]::result::Result<(), alloc[2e1b2a31b91974c5]::string::String>>
[INFO] [stdout]   14:     0x57f801b3efb5 - test[aada8e7e76ba119b]::run_test::{closure#0}
[INFO] [stdout]   15:     0x57f801b388a4 - std[617be2ca0a6fd877]::sys::backtrace::__rust_begin_short_backtrace::<test[aada8e7e76ba119b]::run_test::{closure#1}, ()>
[INFO] [stdout]   16:     0x57f801b42042 - <std[617be2ca0a6fd877]::thread::lifecycle::spawn_unchecked<test[aada8e7e76ba119b]::run_test::{closure#1}, ()>::{closure#1} as core[a373ad73a504971]::ops::function::FnOnce<()>>::call_once::{shim:vtable#0}
[INFO] [stdout]   17:     0x57f801d873af - <std[617be2ca0a6fd877]::sys::thread::unix::Thread>::new::thread_start
[INFO] [stdout]   18:     0x71f08e1fadfa - <unknown>
[INFO] [stdout]   19:     0x71f08e28e3d4 - clone
[INFO] [stdout]   20:                0x0 - <unknown>
[INFO] [stdout] 
[INFO] [stdout] ---- functions::testing::test_seq_query stdout ----
[INFO] [stdout] 
[INFO] [stdout] thread 'functions::testing::test_seq_query' (3903) panicked at src/functions.rs:87:9:
[INFO] [stdout] assertion failed: response.is_ok()
[INFO] [stdout] stack backtrace:
[INFO] [stdout]    0:     0x57f801d87f01 - <<std[617be2ca0a6fd877]::sys::backtrace::BacktraceLock>::print::DisplayBacktrace as core[a373ad73a504971]::fmt::Display>::fmt
[INFO] [stdout]    1:     0x57f801d9e1ca - core[a373ad73a504971]::fmt::write
[INFO] [stdout]    2:     0x57f801d8cbcc - <alloc[2e1b2a31b91974c5]::vec::Vec<u8> as core[a373ad73a504971]::io::write::Write>::write_fmt
[INFO] [stdout]    3:     0x57f801d62b76 - std[617be2ca0a6fd877]::panicking::default_hook::{closure#0}
[INFO] [stdout]    4:     0x57f801d7fd89 - std[617be2ca0a6fd877]::panicking::default_hook
[INFO] [stdout]    5:     0x57f801b3e990 - test[aada8e7e76ba119b]::test_main_inner::{closure#0}
[INFO] [stdout]    6:     0x57f801d800b2 - std[617be2ca0a6fd877]::panicking::panic_with_hook
[INFO] [stdout]    7:     0x57f801d62c54 - std[617be2ca0a6fd877]::panicking::panic_handler::{closure#0}
[INFO] [stdout]    8:     0x57f801d5b2c9 - std[617be2ca0a6fd877]::sys::backtrace::__rust_end_short_backtrace::<std[617be2ca0a6fd877]::panicking::panic_handler::{closure#0}, !>
[INFO] [stdout]    9:     0x57f801d63b2d - __rustc[ea4f61d10b84890b]::rust_begin_unwind
[INFO] [stdout]   10:     0x57f801d9e92c - core[a373ad73a504971]::panicking::panic_fmt
[INFO] [stdout]   11:     0x57f801d9e8f2 - core[a373ad73a504971]::panicking::panic
[INFO] [stdout]   12:     0x57f801b29c55 - <ggetrs_seq[86385c7cc6ba2113]::functions::testing::test_seq_query::{closure#0} as core[a373ad73a504971]::ops::function::FnOnce<()>>::call_once
[INFO] [stdout]   13:     0x57f801b31ddb - test[aada8e7e76ba119b]::__rust_begin_short_backtrace::<core[a373ad73a504971]::result::Result<(), alloc[2e1b2a31b91974c5]::string::String>, fn() -> core[a373ad73a504971]::result::Result<(), alloc[2e1b2a31b91974c5]::string::String>>
[INFO] [stdout]   14:     0x57f801b3efb5 - test[aada8e7e76ba119b]::run_test::{closure#0}
[INFO] [stdout]   15:     0x57f801b388a4 - std[617be2ca0a6fd877]::sys::backtrace::__rust_begin_short_backtrace::<test[aada8e7e76ba119b]::run_test::{closure#1}, ()>
[INFO] [stdout]   16:     0x57f801b42042 - <std[617be2ca0a6fd877]::thread::lifecycle::spawn_unchecked<test[aada8e7e76ba119b]::run_test::{closure#1}, ()>::{closure#1} as core[a373ad73a504971]::ops::function::FnOnce<()>>::call_once::{shim:vtable#0}
[INFO] [stdout]   17:     0x57f801d873af - <std[617be2ca0a6fd877]::sys::thread::unix::Thread>::new::thread_start
[INFO] [stdout]   18:     0x71f08e1fadfa - <unknown>
[INFO] [stdout]   19:     0x71f08e28e3d4 - clone
[INFO] [stdout]   20:                0x0 - <unknown>
[INFO] [stdout] 
[INFO] [stdout] ---- functions::testing::test_seq_query_mixed_symbols stdout ----
[INFO] [stdout] 
[INFO] [stdout] thread 'functions::testing::test_seq_query_mixed_symbols' (3904) panicked at src/functions.rs:122:9:
[INFO] [stdout] assertion failed: response.is_ok()
[INFO] [stdout] stack backtrace:
[INFO] [stdout]    0:     0x57f801d87f01 - <<std[617be2ca0a6fd877]::sys::backtrace::BacktraceLock>::print::DisplayBacktrace as core[a373ad73a504971]::fmt::Display>::fmt
[INFO] [stdout]    1:     0x57f801d9e1ca - core[a373ad73a504971]::fmt::write
[INFO] [stdout]    2:     0x57f801d8cbcc - <alloc[2e1b2a31b91974c5]::vec::Vec<u8> as core[a373ad73a504971]::io::write::Write>::write_fmt
[INFO] [stdout]    3:     0x57f801d62b76 - std[617be2ca0a6fd877]::panicking::default_hook::{closure#0}
[INFO] [stdout]    4:     0x57f801d7fd89 - std[617be2ca0a6fd877]::panicking::default_hook
[INFO] [stdout]    5:     0x57f801b3e990 - test[aada8e7e76ba119b]::test_main_inner::{closure#0}
[INFO] [stdout]    6:     0x57f801d800b2 - std[617be2ca0a6fd877]::panicking::panic_with_hook
[INFO] [stdout]    7:     0x57f801d62c54 - std[617be2ca0a6fd877]::panicking::panic_handler::{closure#0}
[INFO] [stdout]    8:     0x57f801d5b2c9 - std[617be2ca0a6fd877]::sys::backtrace::__rust_end_short_backtrace::<std[617be2ca0a6fd877]::panicking::panic_handler::{closure#0}, !>
[INFO] [stdout]    9:     0x57f801d63b2d - __rustc[ea4f61d10b84890b]::rust_begin_unwind
[INFO] [stdout]   10:     0x57f801d9e92c - core[a373ad73a504971]::panicking::panic_fmt
[INFO] [stdout]   11:     0x57f801d9e8f2 - core[a373ad73a504971]::panicking::panic
[INFO] [stdout]   12:     0x57f801b2a37e - <ggetrs_seq[86385c7cc6ba2113]::functions::testing::test_seq_query_mixed_symbols::{closure#0} as core[a373ad73a504971]::ops::function::FnOnce<()>>::call_once
[INFO] [stdout]   13:     0x57f801b31ddb - test[aada8e7e76ba119b]::__rust_begin_short_backtrace::<core[a373ad73a504971]::result::Result<(), alloc[2e1b2a31b91974c5]::string::String>, fn() -> core[a373ad73a504971]::result::Result<(), alloc[2e1b2a31b91974c5]::string::String>>
[INFO] [stdout]   14:     0x57f801b3efb5 - test[aada8e7e76ba119b]::run_test::{closure#0}
[INFO] [stdout]   15:     0x57f801b388a4 - std[617be2ca0a6fd877]::sys::backtrace::__rust_begin_short_backtrace::<test[aada8e7e76ba119b]::run_test::{closure#1}, ()>
[INFO] [stdout]   16:     0x57f801b42042 - <std[617be2ca0a6fd877]::thread::lifecycle::spawn_unchecked<test[aada8e7e76ba119b]::run_test::{closure#1}, ()>::{closure#1} as core[a373ad73a504971]::ops::function::FnOnce<()>>::call_once::{shim:vtable#0}
[INFO] [stdout]   17:     0x57f801d873af - <std[617be2ca0a6fd877]::sys::thread::unix::Thread>::new::thread_start
[INFO] [stdout]   18:     0x71f08e1fadfa - <unknown>
[INFO] [stdout]   19:     0x71f08e28e3d4 - clone
[INFO] [stdout]   20:                0x0 - <unknown>
[INFO] [stdout] 
[INFO] [stdout] 
[INFO] [stdout] failures:
[INFO] [stdout]     functions::testing::test_seq_query
[INFO] [stdout]     functions::testing::test_seq_query_mixed_symbols
[INFO] [stdout]     functions::testing::test_seq_query_non_ensembl
[INFO] [stdout] 
[INFO] [stdout] test result: FAILED. 3 passed; 3 failed; 0 ignored; 0 measured; 0 filtered out; finished in 0.21s
[INFO] [stdout] 
[INFO] [stderr] error: test failed, to rerun pass `--lib`
[INFO] running `Command { std: "docker" "inspect" "10d7c27a054123361eb108d81c57c0ab560245cf76f7b63e92f30930fe618f2e", kill_on_drop: false }`
[INFO] running `Command { std: "docker" "rm" "-f" "10d7c27a054123361eb108d81c57c0ab560245cf76f7b63e92f30930fe618f2e", kill_on_drop: false }`
[INFO] [stdout] 10d7c27a054123361eb108d81c57c0ab560245cf76f7b63e92f30930fe618f2e
