[INFO] fetching crate ggetrs-ensembl 0.1.0...
[INFO] testing ggetrs-ensembl-0.1.0 against 1.99.0-beta.8+cargoflags=--release for beta-release-1.100-2
[INFO] extracting crate ggetrs-ensembl 0.1.0 into /workspace/builds/worker-6-tc1/source
[INFO] started tweaking crates.io crate ggetrs-ensembl 0.1.0
[INFO] finished tweaking crates.io crate ggetrs-ensembl 0.1.0
[INFO] tweaked toml for crates.io crate ggetrs-ensembl 0.1.0 written to /workspace/builds/worker-6-tc1/source/Cargo.toml
[INFO] validating manifest of crates.io crate ggetrs-ensembl 0.1.0 on toolchain 1.99.0-beta.8
[INFO] running `Command { std: CARGO_HOME="/workspace/cargo-home" RUSTUP_HOME="/workspace/rustup-home" "/workspace/cargo-home/bin/cargo" "+1.99.0-beta.8" "metadata" "--manifest-path" "Cargo.toml" "--no-deps", kill_on_drop: false }`
[INFO] crate crates.io crate ggetrs-ensembl 0.1.0 already has a lockfile, it will not be regenerated
[INFO] running `Command { std: CARGO_HOME="/workspace/cargo-home" RUSTUP_HOME="/workspace/rustup-home" "/workspace/cargo-home/bin/cargo" "+1.99.0-beta.8" "fetch" "--manifest-path" "Cargo.toml", kill_on_drop: false }`
[INFO] [stderr]     Updating crates.io index
[INFO] [stderr]  Downloading crates ...
[INFO] [stderr]   Downloaded pyo3-macros v0.24.2
[INFO] [stderr]   Downloaded thread_local v0.2.7
[INFO] [stderr]   Downloaded thread-id v2.0.0
[INFO] [stderr]   Downloaded utf8-ranges v0.1.3
[INFO] [stderr]   Downloaded memchr v0.1.11
[INFO] [stderr]   Downloaded num v0.1.43
[INFO] [stderr]   Downloaded target-lexicon v0.13.2
[INFO] [stderr]   Downloaded ftp v3.0.1
[INFO] [stderr]   Downloaded indoc v2.0.6
[INFO] [stderr]   Downloaded aws-lc-rs v1.13.1
[INFO] [stderr]   Downloaded twox-hash v2.1.0
[INFO] [stderr]   Downloaded pyo3-macros-backend v0.24.2
[INFO] [stderr]   Downloaded pyo3-ffi v0.24.2
[INFO] [stderr]   Downloaded chrono v0.2.25
[INFO] [stderr]   Downloaded regex-syntax v0.3.9
[INFO] [stderr]   Downloaded regex v0.1.80
[INFO] [stderr]   Downloaded aho-corasick v0.5.3
[INFO] [stderr]   Downloaded lazy_static v0.1.16
[INFO] [stderr]   Downloaded pyo3 v0.24.2
[INFO] [stderr]   Downloaded aws-lc-sys v0.29.0
[INFO] running `Command { std: "docker" "create" "-v" "/var/lib/crater-agent-workspace/builds/worker-6-tc1/source:/opt/rustwide/workdir:ro,Z" "-v" "/var/lib/crater-agent-workspace/builds/worker-6-tc1/target:/opt/rustwide/target:rw,Z" "-v" "/var/lib/crater-agent-workspace/cargo-home:/opt/rustwide/cargo-home:ro,Z" "-v" "/var/lib/crater-agent-workspace/rustup-home:/opt/rustwide/rustup-home:ro,Z" "-m" "1610612736" "--network" "none" "ghcr.io/rust-lang/crates-build-env/linux@sha256:77db811e55d90add9212f6832c23229e3de5f1c1f9905e8cb07319ea15df73ac" "sleep" "infinity", kill_on_drop: false }`
[INFO] [stdout] f13dd3c1baa582fe73b4d10bf4a946c2f87a66b9b5f30014d513ad5ceb3062fa
[INFO] running `Command { std: "docker" "start" "f13dd3c1baa582fe73b4d10bf4a946c2f87a66b9b5f30014d513ad5ceb3062fa", kill_on_drop: false }`
[INFO] running `Command { std: "docker" "inspect" "f13dd3c1baa582fe73b4d10bf4a946c2f87a66b9b5f30014d513ad5ceb3062fa", kill_on_drop: false }`
[INFO] running `Command { std: "docker" "exec" "-e" "SOURCE_DIR=/opt/rustwide/workdir" "-e" "CARGO_HOME=/opt/rustwide/cargo-home" "-e" "RUSTUP_HOME=/opt/rustwide/rustup-home" "-e" "CARGO_TARGET_DIR=/opt/rustwide/target" "-w" "/opt/rustwide/workdir" "--user" "0:0" "f13dd3c1baa582fe73b4d10bf4a946c2f87a66b9b5f30014d513ad5ceb3062fa" "/opt/rustwide/cargo-home/bin/cargo" "+1.99.0-beta.8" "metadata" "--no-deps" "--format-version=1", kill_on_drop: false }`
[INFO] running `Command { std: "docker" "inspect" "f13dd3c1baa582fe73b4d10bf4a946c2f87a66b9b5f30014d513ad5ceb3062fa", kill_on_drop: false }`
[INFO] running `Command { std: "docker" "exec" "-e" "SOURCE_DIR=/opt/rustwide/workdir" "-e" "CARGO_HOME=/opt/rustwide/cargo-home" "-e" "RUSTUP_HOME=/opt/rustwide/rustup-home" "-e" "CARGO_TARGET_DIR=/opt/rustwide/target" "-e" "CARGO_INCREMENTAL=0" "-e" "RUST_BACKTRACE=full" "-e" "RUSTFLAGS=--cap-lints=warn" "-e" "RUSTDOCFLAGS=--cap-lints=warn" "-w" "/opt/rustwide/workdir" "--user" "0:0" "f13dd3c1baa582fe73b4d10bf4a946c2f87a66b9b5f30014d513ad5ceb3062fa" "/opt/rustwide/cargo-home/bin/cargo" "+1.99.0-beta.8" "build" "--frozen" "--message-format=json" "--release", kill_on_drop: false }`
[INFO] [stderr]    Compiling syn v2.0.101
[INFO] [stderr]    Compiling libc v0.2.172
[INFO] [stderr]    Compiling zeroize v1.8.1
[INFO] [stderr]    Compiling writeable v0.6.1
[INFO] [stderr]    Compiling smallvec v1.15.0
[INFO] [stderr]    Compiling aws-lc-rs v1.13.1
[INFO] [stderr]    Compiling litemap v0.8.0
[INFO] [stderr]    Compiling icu_properties_data v2.0.0
[INFO] [stderr]    Compiling getrandom v0.2.16
[INFO] [stderr]    Compiling socket2 v0.5.9
[INFO] [stderr]    Compiling mio v1.0.3
[INFO] [stderr]    Compiling icu_normalizer_data v2.0.0
[INFO] [stderr]    Compiling num-integer v0.1.46
[INFO] [stderr]    Compiling winapi-build v0.1.1
[INFO] [stderr]    Compiling rustls v0.23.27
[INFO] [stderr]    Compiling zstd-safe v7.2.4
[INFO] [stderr]    Compiling winapi v0.2.8
[INFO] [stderr]    Compiling digest v0.10.7
[INFO] [stderr]    Compiling rustls-pki-types v1.12.0
[INFO] [stderr]    Compiling kernel32-sys v0.2.2
[INFO] [stderr]    Compiling unicase v2.8.1
[INFO] [stderr]    Compiling tracing v0.1.41
[INFO] [stderr]    Compiling memchr v0.1.11
[INFO] [stderr]    Compiling rand_core v0.6.4
[INFO] [stderr]    Compiling mime_guess v2.0.5
[INFO] [stderr]    Compiling thread-id v2.0.0
[INFO] [stderr]    Compiling rand_chacha v0.3.1
[INFO] [stderr]    Compiling crc32fast v1.4.2
[INFO] [stderr]    Compiling portable-atomic v1.11.0
[INFO] [stderr]    Compiling num-iter v0.1.45
[INFO] [stderr]    Compiling sha1 v0.10.6
[INFO] [stderr]    Compiling sha2 v0.10.9
[INFO] [stderr]    Compiling num-bigint v0.4.6
[INFO] [stderr]    Compiling webpki-roots v1.0.0
[INFO] [stderr]    Compiling num v0.1.43
[INFO] [stderr]    Compiling rustls-pemfile v2.2.0
[INFO] [stderr]    Compiling thread_local v0.2.7
[INFO] [stderr]    Compiling aho-corasick v0.5.3
[INFO] [stderr]    Compiling tokio v1.45.0
[INFO] [stderr]    Compiling webpki-roots v0.26.11
[INFO] [stderr]    Compiling rand v0.8.5
[INFO] [stderr]    Compiling btoi v0.4.3
[INFO] [stderr]    Compiling time v0.1.45
[INFO] [stderr]    Compiling saturating v0.1.0
[INFO] [stderr]    Compiling jobserver v0.1.33
[INFO] [stderr]    Compiling subprocess v0.2.9
[INFO] [stderr]    Compiling utf8-ranges v0.1.3
[INFO] [stderr]    Compiling regex-syntax v0.3.9
[INFO] [stderr]    Compiling mysql v26.0.0
[INFO] [stderr]    Compiling uuid v1.16.0
[INFO] [stderr]    Compiling cc v1.2.22
[INFO] [stderr]    Compiling anyhow v1.0.98
[INFO] [stderr]    Compiling console v0.15.11
[INFO] [stderr]    Compiling chrono v0.2.25
[INFO] [stderr]    Compiling pem v3.0.5
[INFO] [stderr]    Compiling bufstream v0.1.4
[INFO] [stderr]    Compiling twox-hash v2.1.0
[INFO] [stderr]    Compiling lazy_static v0.1.16
[INFO] [stderr]    Compiling lru v0.12.5
[INFO] [stderr]    Compiling indicatif v0.17.11
[INFO] [stderr]    Compiling cmake v0.1.54
[INFO] [stderr]    Compiling regex v0.1.80
[INFO] [stderr]    Compiling ring v0.17.14
[INFO] [stderr]    Compiling zstd-sys v2.0.15+zstd.1.5.7
[INFO] [stderr]    Compiling libz-sys v1.1.22
[INFO] [stderr]    Compiling aws-lc-sys v0.29.0
[INFO] [stderr]    Compiling mysql_common v0.34.1
[INFO] [stderr]    Compiling flate2 v1.1.1
[INFO] [stderr]    Compiling ftp v3.0.1
[INFO] [stderr]    Compiling synstructure v0.13.2
[INFO] [stderr]    Compiling derive_utils v0.15.0
[INFO] [stderr]    Compiling zerofrom-derive v0.1.6
[INFO] [stderr]    Compiling yoke-derive v0.8.0
[INFO] [stderr]    Compiling zerovec-derive v0.11.1
[INFO] [stderr]    Compiling zerofrom v0.1.6
[INFO] [stderr]    Compiling yoke v0.8.0
[INFO] [stderr]    Compiling displaydoc v0.2.5
[INFO] [stderr]    Compiling futures-macro v0.3.31
[INFO] [stderr]    Compiling zerotrie v0.2.2
[INFO] [stderr]    Compiling serde_derive v1.0.219
[INFO] [stderr]    Compiling futures-util v0.3.31
[INFO] [stderr]    Compiling thiserror-impl v1.0.69
[INFO] [stderr]    Compiling zerovec v0.11.2
[INFO] [stderr]    Compiling tokio-util v0.7.15
[INFO] [stderr]    Compiling io-enum v1.2.0
[INFO] [stderr]    Compiling thiserror v1.0.69
[INFO] [stderr]    Compiling tinystr v0.8.1
[INFO] [stderr]    Compiling potential_utf v0.1.2
[INFO] [stderr]    Compiling icu_locale_core v2.0.0
[INFO] [stderr]    Compiling icu_collections v2.0.0
[INFO] [stderr]    Compiling serde v1.0.219
[INFO] [stderr]    Compiling icu_provider v2.0.0
[INFO] [stderr]    Compiling icu_normalizer v2.0.0
[INFO] [stderr]    Compiling icu_properties v2.0.0
[INFO] [stderr]    Compiling hyper v1.6.0
[INFO] [stderr]    Compiling futures-executor v0.3.31
[INFO] [stderr]    Compiling tower v0.5.2
[INFO] [stderr]    Compiling futures v0.3.31
[INFO] [stderr]    Compiling idna_adapter v1.2.1
[INFO] [stderr]    Compiling webpki v0.22.4
[INFO] [stderr]    Compiling idna v1.0.3
[INFO] [stderr]    Compiling hyper-util v0.1.11
[INFO] [stderr]    Compiling url v2.5.4
[INFO] [stderr]    Compiling serde_json v1.0.140
[INFO] [stderr]    Compiling serde_urlencoded v0.7.1
[INFO] [stderr]    Compiling zstd v0.13.3
[INFO] [stderr]    Compiling rustls-webpki v0.103.3
[INFO] [stderr]    Compiling tokio-rustls v0.26.2
[INFO] [stderr]    Compiling hyper-rustls v0.27.5
[INFO] [stderr]    Compiling reqwest v0.12.15
[INFO] [stderr]    Compiling ggetrs-ensembl v0.1.0 (/opt/rustwide/workdir)
[INFO] [stderr]     Finished `release` profile [optimized] target(s) in 3m 00s
[INFO] running `Command { std: "docker" "inspect" "f13dd3c1baa582fe73b4d10bf4a946c2f87a66b9b5f30014d513ad5ceb3062fa", kill_on_drop: false }`
[INFO] running `Command { std: "docker" "exec" "-e" "SOURCE_DIR=/opt/rustwide/workdir" "-e" "CARGO_HOME=/opt/rustwide/cargo-home" "-e" "RUSTUP_HOME=/opt/rustwide/rustup-home" "-e" "CARGO_TARGET_DIR=/opt/rustwide/target" "-e" "CARGO_INCREMENTAL=0" "-e" "RUST_BACKTRACE=full" "-e" "RUSTFLAGS=--cap-lints=warn" "-e" "RUSTDOCFLAGS=--cap-lints=warn" "-w" "/opt/rustwide/workdir" "--user" "0:0" "f13dd3c1baa582fe73b4d10bf4a946c2f87a66b9b5f30014d513ad5ceb3062fa" "/opt/rustwide/cargo-home/bin/cargo" "+1.99.0-beta.8" "test" "--frozen" "--no-run" "--message-format=json" "--release", kill_on_drop: false }`
[INFO] [stderr]    Compiling ggetrs-ensembl v0.1.0 (/opt/rustwide/workdir)
[INFO] [stderr]     Finished `release` profile [optimized] target(s) in 5.03s
[INFO] running `Command { std: "docker" "inspect" "f13dd3c1baa582fe73b4d10bf4a946c2f87a66b9b5f30014d513ad5ceb3062fa", kill_on_drop: false }`
[INFO] running `Command { std: "docker" "exec" "-e" "SOURCE_DIR=/opt/rustwide/workdir" "-e" "CARGO_HOME=/opt/rustwide/cargo-home" "-e" "RUSTUP_HOME=/opt/rustwide/rustup-home" "-e" "CARGO_TARGET_DIR=/opt/rustwide/target" "-e" "CARGO_INCREMENTAL=0" "-e" "RUST_BACKTRACE=full" "-e" "RUSTFLAGS=--cap-lints=warn" "-e" "RUSTDOCFLAGS=--cap-lints=warn" "-w" "/opt/rustwide/workdir" "--user" "0:0" "f13dd3c1baa582fe73b4d10bf4a946c2f87a66b9b5f30014d513ad5ceb3062fa" "/opt/rustwide/cargo-home/bin/cargo" "+1.99.0-beta.8" "test" "--frozen" "--release", kill_on_drop: false }`
[INFO] [stderr]     Finished `release` profile [optimized] target(s) in 0.22s
[INFO] [stderr]      Running unittests src/lib.rs (/opt/rustwide/target/release/deps/ggetrs_ensembl-222e25cc4de38f80)
[INFO] [stdout] 
[INFO] [stdout] running 15 tests
[INFO] [stdout] test functions::reference::testing::test_reference_multi ... ok
[INFO] [stdout] test functions::list_species::testing::test_list_species ... ok
[INFO] [stdout] test functions::database::testing::test_ensembl_database_nonsense ... ok
[INFO] [stdout] test functions::database::testing::test_ensembl_database_specific ... FAILED
[INFO] [stdout] test utils::testing::test_ping_false ... ok
[INFO] [stdout] test functions::lookup_id::testing::test_ensembl_lookup_id ... FAILED
[INFO] [stdout] test functions::lookup_symbol::testing::test_ensembl_lookup_symbol ... FAILED
[INFO] [stdout] test functions::search::testing::test_search ... FAILED
[INFO] [stdout] test functions::database::testing::test_ensembl_database_full ... FAILED
[INFO] [stdout] test functions::lookup_symbol::testing::test_ensembl_lookup_symbol_nonsense ... FAILED
[INFO] [stdout] test functions::lookup_id::testing::test_ensembl_lookup_id_nonsense ... FAILED
[INFO] [stdout] test functions::reference::testing::test_reference_single ... ok
[INFO] [stdout] test functions::lookup_symbol::testing::test_ensembl_lookup_symbol_false_species ... FAILED
[INFO] [stdout] test utils::testing::test_ping_true ... FAILED
[INFO] [stdout] test functions::release::testing::test_ensembl_release ... FAILED
[INFO] [stdout] 
[INFO] [stdout] failures:
[INFO] [stdout] 
[INFO] [stdout] ---- functions::database::testing::test_ensembl_database_specific stdout ----
[INFO] [stdout] 
[INFO] [stdout] thread 'functions::database::testing::test_ensembl_database_specific' (3488) panicked at src/functions/database.rs:55:9:
[INFO] [stdout] assertion failed: response.is_ok()
[INFO] [stdout] stack backtrace:
[INFO] [stdout]    0:     0x60985c8ecaf1 - <<std[70759c8f55707aa4]::sys::backtrace::BacktraceLock>::print::DisplayBacktrace as core[df12db4294e9bfd3]::fmt::Display>::fmt
[INFO] [stdout]    1:     0x60985c904e8a - core[df12db4294e9bfd3]::fmt::write
[INFO] [stdout]    2:     0x60985c8f1f9c - <alloc[2182bb758b4b3781]::vec::Vec<u8> as core[df12db4294e9bfd3]::io::write::Write>::write_fmt
[INFO] [stdout]    3:     0x60985c8c6ec6 - std[70759c8f55707aa4]::panicking::default_hook::{closure#0}
[INFO] [stdout]    4:     0x60985c8e43b9 - std[70759c8f55707aa4]::panicking::default_hook
[INFO] [stdout]    5:     0x60985c557550 - test[9d35eded1c95d3be]::test_main_inner::<test[9d35eded1c95d3be]::test_main_static::{closure#0}>::{closure#0}
[INFO] [stdout]    6:     0x60985c8e46e2 - std[70759c8f55707aa4]::panicking::panic_with_hook
[INFO] [stdout]    7:     0x60985c8c6fa4 - std[70759c8f55707aa4]::panicking::panic_handler::{closure#0}
[INFO] [stdout]    8:     0x60985c8bf4f9 - std[70759c8f55707aa4]::sys::backtrace::__rust_end_short_backtrace::<std[70759c8f55707aa4]::panicking::panic_handler::{closure#0}, !>
[INFO] [stdout]    9:     0x60985c8c7e6d - __rustc[8fa7c3cbc660c2b3]::rust_begin_unwind
[INFO] [stdout]   10:     0x60985c90566c - core[df12db4294e9bfd3]::panicking::panic_fmt
[INFO] [stdout]   11:     0x60985c905632 - core[df12db4294e9bfd3]::panicking::panic
[INFO] [stdout]   12:     0x60985c53f545 - ggetrs_ensembl[278b7c5ba16b0449]::functions::database::testing::test_ensembl_database_specific
[INFO] [stdout]   13:     0x60985c547389 - <ggetrs_ensembl[278b7c5ba16b0449]::functions::database::testing::test_ensembl_database_specific::{closure#0} as core[df12db4294e9bfd3]::ops::function::FnOnce<()>>::call_once
[INFO] [stdout]   14:     0x60985c54a83b - test[9d35eded1c95d3be]::__rust_begin_short_backtrace::<core[df12db4294e9bfd3]::result::Result<(), alloc[2182bb758b4b3781]::string::String>, fn() -> core[df12db4294e9bfd3]::result::Result<(), alloc[2182bb758b4b3781]::string::String>>
[INFO] [stdout]   15:     0x60985c557ea5 - test[9d35eded1c95d3be]::run_test::{closure#0}
[INFO] [stdout]   16:     0x60985c551764 - std[70759c8f55707aa4]::sys::backtrace::__rust_begin_short_backtrace::<test[9d35eded1c95d3be]::run_test::{closure#1}, ()>
[INFO] [stdout]   17:     0x60985c55b002 - <std[70759c8f55707aa4]::thread::lifecycle::spawn_unchecked<test[9d35eded1c95d3be]::run_test::{closure#1}, ()>::{closure#1} as core[df12db4294e9bfd3]::ops::function::FnOnce<()>>::call_once::{shim:vtable#0}
[INFO] [stdout]   18:     0x60985c8ebb49 - <std[70759c8f55707aa4]::sys::thread::unix::Thread>::new::thread_start
[INFO] [stdout]   19:     0x75fb3ff6edfa - <unknown>
[INFO] [stdout]   20:     0x75fb400023d4 - clone
[INFO] [stdout]   21:                0x0 - <unknown>
[INFO] [stdout] 
[INFO] [stdout] ---- functions::lookup_id::testing::test_ensembl_lookup_id stdout ----
[INFO] [stdout] 
[INFO] [stdout] thread 'functions::lookup_id::testing::test_ensembl_lookup_id' (3490) panicked at src/functions/lookup_id.rs:32:48:
[INFO] [stdout] called `Result::unwrap()` on an `Err` value: reqwest::Error { kind: Request, url: "https://rest.ensembl.org/lookup/id", source: hyper_util::client::legacy::Error(Connect, ConnectError("dns error", Custom { kind: Uncategorized, error: "failed to lookup address information: Temporary failure in name resolution" })) }
[INFO] [stdout] stack backtrace:
[INFO] [stdout]    0:     0x60985c8ecaf1 - <<std[70759c8f55707aa4]::sys::backtrace::BacktraceLock>::print::DisplayBacktrace as core[df12db4294e9bfd3]::fmt::Display>::fmt
[INFO] [stdout]    1:     0x60985c904e8a - core[df12db4294e9bfd3]::fmt::write
[INFO] [stdout]    2:     0x60985c8f1f9c - <alloc[2182bb758b4b3781]::vec::Vec<u8> as core[df12db4294e9bfd3]::io::write::Write>::write_fmt
[INFO] [stdout]    3:     0x60985c8c6ec6 - std[70759c8f55707aa4]::panicking::default_hook::{closure#0}
[INFO] [stdout]    4:     0x60985c8e43b9 - std[70759c8f55707aa4]::panicking::default_hook
[INFO] [stdout]    5:     0x60985c557550 - test[9d35eded1c95d3be]::test_main_inner::<test[9d35eded1c95d3be]::test_main_static::{closure#0}>::{closure#0}
[INFO] [stdout]    6:     0x60985c8e46e2 - std[70759c8f55707aa4]::panicking::panic_with_hook
[INFO] [stdout]    7:     0x60985c8c6f72 - std[70759c8f55707aa4]::panicking::panic_handler::{closure#0}
[INFO] [stdout]    8:     0x60985c8bf4f9 - std[70759c8f55707aa4]::sys::backtrace::__rust_end_short_backtrace::<std[70759c8f55707aa4]::panicking::panic_handler::{closure#0}, !>
[INFO] [stdout]    9:     0x60985c8c7e6d - __rustc[8fa7c3cbc660c2b3]::rust_begin_unwind
[INFO] [stdout]   10:     0x60985c90566c - core[df12db4294e9bfd3]::panicking::panic_fmt
[INFO] [stdout]   11:     0x60985c905442 - core[df12db4294e9bfd3]::result::unwrap_failed
[INFO] [stdout]   12:     0x60985c540c14 - ggetrs_ensembl[278b7c5ba16b0449]::functions::lookup_id::testing::test_ensembl_lookup_id
[INFO] [stdout]   13:     0x60985c5473a9 - <ggetrs_ensembl[278b7c5ba16b0449]::functions::lookup_id::testing::test_ensembl_lookup_id::{closure#0} as core[df12db4294e9bfd3]::ops::function::FnOnce<()>>::call_once
[INFO] [stdout]   14:     0x60985c54a83b - test[9d35eded1c95d3be]::__rust_begin_short_backtrace::<core[df12db4294e9bfd3]::result::Result<(), alloc[2182bb758b4b3781]::string::String>, fn() -> core[df12db4294e9bfd3]::result::Result<(), alloc[2182bb758b4b3781]::string::String>>
[INFO] [stdout]   15:     0x60985c557ea5 - test[9d35eded1c95d3be]::run_test::{closure#0}
[INFO] [stdout]   16:     0x60985c551764 - std[70759c8f55707aa4]::sys::backtrace::__rust_begin_short_backtrace::<test[9d35eded1c95d3be]::run_test::{closure#1}, ()>
[INFO] [stdout]   17:     0x60985c55b002 - <std[70759c8f55707aa4]::thread::lifecycle::spawn_unchecked<test[9d35eded1c95d3be]::run_test::{closure#1}, ()>::{closure#1} as core[df12db4294e9bfd3]::ops::function::FnOnce<()>>::call_once::{shim:vtable#0}
[INFO] [stdout]   18:     0x60985c8ebb49 - <std[70759c8f55707aa4]::sys::thread::unix::Thread>::new::thread_start
[INFO] [stdout]   19:     0x75fb3ff6edfa - <unknown>
[INFO] [stdout]   20:     0x75fb400023d4 - clone
[INFO] [stdout]   21:                0x0 - <unknown>
[INFO] [stdout] 
[INFO] [stdout] ---- functions::lookup_symbol::testing::test_ensembl_lookup_symbol stdout ----
[INFO] [stdout] 
[INFO] [stdout] thread 'functions::lookup_symbol::testing::test_ensembl_lookup_symbol' (3492) panicked at src/functions/lookup_symbol.rs:54:65:
[INFO] [stdout] called `Result::unwrap()` on an `Err` value: reqwest::Error { kind: Request, url: "https://rest.ensembl.org/lookup/symbol/homo_sapiens", source: hyper_util::client::legacy::Error(Connect, ConnectError("dns error", Custom { kind: Uncategorized, error: "failed to lookup address information: Temporary failure in name resolution" })) }
[INFO] [stdout] stack backtrace:
[INFO] [stdout]    0:     0x60985c8ecaf1 - <<std[70759c8f55707aa4]::sys::backtrace::BacktraceLock>::print::DisplayBacktrace as core[df12db4294e9bfd3]::fmt::Display>::fmt
[INFO] [stdout]    1:     0x60985c904e8a - core[df12db4294e9bfd3]::fmt::write
[INFO] [stdout]    2:     0x60985c8f1f9c - <alloc[2182bb758b4b3781]::vec::Vec<u8> as core[df12db4294e9bfd3]::io::write::Write>::write_fmt
[INFO] [stdout]    3:     0x60985c8c6ec6 - std[70759c8f55707aa4]::panicking::default_hook::{closure#0}
[INFO] [stdout]    4:     0x60985c8e43b9 - std[70759c8f55707aa4]::panicking::default_hook
[INFO] [stdout]    5:     0x60985c557550 - test[9d35eded1c95d3be]::test_main_inner::<test[9d35eded1c95d3be]::test_main_static::{closure#0}>::{closure#0}
[INFO] [stdout]    6:     0x60985c8e46e2 - std[70759c8f55707aa4]::panicking::panic_with_hook
[INFO] [stdout]    7:     0x60985c8c6f72 - std[70759c8f55707aa4]::panicking::panic_handler::{closure#0}
[INFO] [stdout]    8:     0x60985c8bf4f9 - std[70759c8f55707aa4]::sys::backtrace::__rust_end_short_backtrace::<std[70759c8f55707aa4]::panicking::panic_handler::{closure#0}, !>
[INFO] [stdout]    9:     0x60985c8c7e6d - __rustc[8fa7c3cbc660c2b3]::rust_begin_unwind
[INFO] [stdout]   10:     0x60985c90566c - core[df12db4294e9bfd3]::panicking::panic_fmt
[INFO] [stdout]   11:     0x60985c905442 - core[df12db4294e9bfd3]::result::unwrap_failed
[INFO] [stdout]   12:     0x60985c540516 - ggetrs_ensembl[278b7c5ba16b0449]::functions::lookup_symbol::testing::test_ensembl_lookup_symbol
[INFO] [stdout]   13:     0x60985c547229 - <ggetrs_ensembl[278b7c5ba16b0449]::functions::lookup_symbol::testing::test_ensembl_lookup_symbol::{closure#0} as core[df12db4294e9bfd3]::ops::function::FnOnce<()>>::call_once
[INFO] [stdout]   14:     0x60985c54a83b - test[9d35eded1c95d3be]::__rust_begin_short_backtrace::<core[df12db4294e9bfd3]::result::Result<(), alloc[2182bb758b4b3781]::string::String>, fn() -> core[df12db4294e9bfd3]::result::Result<(), alloc[2182bb758b4b3781]::string::String>>
[INFO] [stdout]   15:     0x60985c557ea5 - test[9d35eded1c95d3be]::run_test::{closure#0}
[INFO] [stdout]   16:     0x60985c551764 - std[70759c8f55707aa4]::sys::backtrace::__rust_begin_short_backtrace::<test[9d35eded1c95d3be]::run_test::{closure#1}, ()>
[INFO] [stdout]   17:     0x60985c55b002 - <std[70759c8f55707aa4]::thread::lifecycle::spawn_unchecked<test[9d35eded1c95d3be]::run_test::{closure#1}, ()>::{closure#1} as core[df12db4294e9bfd3]::ops::function::FnOnce<()>>::call_once::{shim:vtable#0}
[INFO] [stdout]   18:     0x60985c8ebb49 - <std[70759c8f55707aa4]::sys::thread::unix::Thread>::new::thread_start
[INFO] [stdout]   19:     0x75fb3ff6edfa - <unknown>
[INFO] [stdout]   20:     0x75fb400023d4 - clone
[INFO] [stdout]   21:                0x0 - <unknown>
[INFO] [stdout] 
[INFO] [stdout] ---- functions::search::testing::test_search stdout ----
[INFO] [stdout] 
[INFO] [stdout] thread 'functions::search::testing::test_search' (3503) panicked at src/functions/search.rs:71:54:
[INFO] [stdout] called `Result::unwrap()` on an `Err` value: DriverError { Could not connect to address `ensembldb.ensembl.org:3306': failed to lookup address information: Temporary failure in name resolution }
[INFO] [stdout] 
[INFO] [stdout] Stack backtrace:
[INFO] [stdout]    0: <anyhow::Error as core::convert::From<mysql::error::Error>>::from
[INFO] [stdout]    1: ggetrs_ensembl::functions::search::search
[INFO] [stdout]    2: ggetrs_ensembl::functions::search::testing::test_search
[INFO] [stdout]    3: <ggetrs_ensembl::functions::search::testing::test_search::{closure#0} as core::ops::function::FnOnce<()>>::call_once
[INFO] [stdout]    4: test::__rust_begin_short_backtrace::<core::result::Result<(), alloc::string::String>, fn() -> core::result::Result<(), alloc::string::String>>
[INFO] [stdout]    5: test::run_test::{closure#0}
[INFO] [stdout]    6: std::sys::backtrace::__rust_begin_short_backtrace::<test::run_test::{closure#1}, ()>
[INFO] [stdout]    7: <std::thread::lifecycle::spawn_unchecked<test::run_test::{closure#1}, ()>::{closure#1} as core::ops::function::FnOnce<()>>::call_once::{shim:vtable#0}
[INFO] [stdout]    8: <std::sys::thread::unix::Thread>::new::thread_start
[INFO] [stdout]    9: <unknown>
[INFO] [stdout]   10: clone
[INFO] [stdout] stack backtrace:
[INFO] [stdout]    0:     0x60985c8ecaf1 - <<std[70759c8f55707aa4]::sys::backtrace::BacktraceLock>::print::DisplayBacktrace as core[df12db4294e9bfd3]::fmt::Display>::fmt
[INFO] [stdout]    1:     0x60985c904e8a - core[df12db4294e9bfd3]::fmt::write
[INFO] [stdout]    2:     0x60985c8f1f9c - <alloc[2182bb758b4b3781]::vec::Vec<u8> as core[df12db4294e9bfd3]::io::write::Write>::write_fmt
[INFO] [stdout]    3:     0x60985c8c6ec6 - std[70759c8f55707aa4]::panicking::default_hook::{closure#0}
[INFO] [stdout]    4:     0x60985c8e43b9 - std[70759c8f55707aa4]::panicking::default_hook
[INFO] [stdout]    5:     0x60985c557550 - test[9d35eded1c95d3be]::test_main_inner::<test[9d35eded1c95d3be]::test_main_static::{closure#0}>::{closure#0}
[INFO] [stdout]    6:     0x60985c8e46e2 - std[70759c8f55707aa4]::panicking::panic_with_hook
[INFO] [stdout]    7:     0x60985c8c6f72 - std[70759c8f55707aa4]::panicking::panic_handler::{closure#0}
[INFO] [stdout]    8:     0x60985c8bf4f9 - std[70759c8f55707aa4]::sys::backtrace::__rust_end_short_backtrace::<std[70759c8f55707aa4]::panicking::panic_handler::{closure#0}, !>
[INFO] [stdout]    9:     0x60985c8c7e6d - __rustc[8fa7c3cbc660c2b3]::rust_begin_unwind
[INFO] [stdout]   10:     0x60985c90566c - core[df12db4294e9bfd3]::panicking::panic_fmt
[INFO] [stdout]   11:     0x60985c905442 - core[df12db4294e9bfd3]::result::unwrap_failed
[INFO] [stdout]   12:     0x60985c534d4f - ggetrs_ensembl[278b7c5ba16b0449]::functions::search::testing::test_search
[INFO] [stdout]   13:     0x60985c547289 - <ggetrs_ensembl[278b7c5ba16b0449]::functions::search::testing::test_search::{closure#0} as core[df12db4294e9bfd3]::ops::function::FnOnce<()>>::call_once
[INFO] [stdout]   14:     0x60985c54a83b - test[9d35eded1c95d3be]::__rust_begin_short_backtrace::<core[df12db4294e9bfd3]::result::Result<(), alloc[2182bb758b4b3781]::string::String>, fn() -> core[df12db4294e9bfd3]::result::Result<(), alloc[2182bb758b4b3781]::string::String>>
[INFO] [stdout]   15:     0x60985c557ea5 - test[9d35eded1c95d3be]::run_test::{closure#0}
[INFO] [stdout]   16:     0x60985c551764 - std[70759c8f55707aa4]::sys::backtrace::__rust_begin_short_backtrace::<test[9d35eded1c95d3be]::run_test::{closure#1}, ()>
[INFO] [stdout]   17:     0x60985c55b002 - <std[70759c8f55707aa4]::thread::lifecycle::spawn_unchecked<test[9d35eded1c95d3be]::run_test::{closure#1}, ()>::{closure#1} as core[df12db4294e9bfd3]::ops::function::FnOnce<()>>::call_once::{shim:vtable#0}
[INFO] [stdout]   18:     0x60985c8ebb49 - <std[70759c8f55707aa4]::sys::thread::unix::Thread>::new::thread_start
[INFO] [stdout]   19:     0x75fb3ff6edfa - <unknown>
[INFO] [stdout]   20:     0x75fb400023d4 - clone
[INFO] [stdout]   21:                0x0 - <unknown>
[INFO] [stdout] 
[INFO] [stdout] ---- functions::database::testing::test_ensembl_database_full stdout ----
[INFO] [stdout] 
[INFO] [stdout] thread 'functions::database::testing::test_ensembl_database_full' (3486) panicked at src/functions/database.rs:48:9:
[INFO] [stdout] assertion failed: response.is_ok()
[INFO] [stdout] stack backtrace:
[INFO] [stdout]    0:     0x60985c8ecaf1 - <<std[70759c8f55707aa4]::sys::backtrace::BacktraceLock>::print::DisplayBacktrace as core[df12db4294e9bfd3]::fmt::Display>::fmt
[INFO] [stdout]    1:     0x60985c904e8a - core[df12db4294e9bfd3]::fmt::write
[INFO] [stdout]    2:     0x60985c8f1f9c - <alloc[2182bb758b4b3781]::vec::Vec<u8> as core[df12db4294e9bfd3]::io::write::Write>::write_fmt
[INFO] [stdout]    3:     0x60985c8c6ec6 - std[70759c8f55707aa4]::panicking::default_hook::{closure#0}
[INFO] [stdout]    4:     0x60985c8e43b9 - std[70759c8f55707aa4]::panicking::default_hook
[INFO] [stdout]    5:     0x60985c557550 - test[9d35eded1c95d3be]::test_main_inner::<test[9d35eded1c95d3be]::test_main_static::{closure#0}>::{closure#0}
[INFO] [stdout]    6:     0x60985c8e46e2 - std[70759c8f55707aa4]::panicking::panic_with_hook
[INFO] [stdout]    7:     0x60985c8c6fa4 - std[70759c8f55707aa4]::panicking::panic_handler::{closure#0}
[INFO] [stdout]    8:     0x60985c8bf4f9 - std[70759c8f55707aa4]::sys::backtrace::__rust_end_short_backtrace::<std[70759c8f55707aa4]::panicking::panic_handler::{closure#0}, !>
[INFO] [stdout]    9:     0x60985c8c7e6d - __rustc[8fa7c3cbc660c2b3]::rust_begin_unwind
[INFO] [stdout]   10:     0x60985c90566c - core[df12db4294e9bfd3]::panicking::panic_fmt
[INFO] [stdout]   11:     0x60985c905632 - core[df12db4294e9bfd3]::panicking::panic
[INFO] [stdout]   12:     0x60985c53f313 - ggetrs_ensembl[278b7c5ba16b0449]::functions::database::testing::test_ensembl_database_full
[INFO] [stdout]   13:     0x60985c547349 - <ggetrs_ensembl[278b7c5ba16b0449]::functions::database::testing::test_ensembl_database_full::{closure#0} as core[df12db4294e9bfd3]::ops::function::FnOnce<()>>::call_once
[INFO] [stdout]   14:     0x60985c54a83b - test[9d35eded1c95d3be]::__rust_begin_short_backtrace::<core[df12db4294e9bfd3]::result::Result<(), alloc[2182bb758b4b3781]::string::String>, fn() -> core[df12db4294e9bfd3]::result::Result<(), alloc[2182bb758b4b3781]::string::String>>
[INFO] [stdout]   15:     0x60985c557ea5 - test[9d35eded1c95d3be]::run_test::{closure#0}
[INFO] [stdout]   16:     0x60985c551764 - std[70759c8f55707aa4]::sys::backtrace::__rust_begin_short_backtrace::<test[9d35eded1c95d3be]::run_test::{closure#1}, ()>
[INFO] [stdout]   17:     0x60985c55b002 - <std[70759c8f55707aa4]::thread::lifecycle::spawn_unchecked<test[9d35eded1c95d3be]::run_test::{closure#1}, ()>::{closure#1} as core[df12db4294e9bfd3]::ops::function::FnOnce<()>>::call_once::{shim:vtable#0}
[INFO] [stdout]   18:     0x60985c8ebb49 - <std[70759c8f55707aa4]::sys::thread::unix::Thread>::new::thread_start
[INFO] [stdout]   19:     0x75fb3ff6edfa - <unknown>
[INFO] [stdout]   20:     0x75fb400023d4 - clone
[INFO] [stdout]   21:                0x0 - <unknown>
[INFO] [stdout] 
[INFO] [stdout] ---- functions::lookup_symbol::testing::test_ensembl_lookup_symbol_nonsense stdout ----
[INFO] [stdout] 
[INFO] [stdout] thread 'functions::lookup_symbol::testing::test_ensembl_lookup_symbol_nonsense' (3496) panicked at src/functions/lookup_symbol.rs:63:65:
[INFO] [stdout] called `Result::unwrap()` on an `Err` value: reqwest::Error { kind: Request, url: "https://rest.ensembl.org/lookup/symbol/homo_sapiens", source: hyper_util::client::legacy::Error(Connect, ConnectError("dns error", Custom { kind: Uncategorized, error: "failed to lookup address information: Temporary failure in name resolution" })) }
[INFO] [stdout] stack backtrace:
[INFO] [stdout]    0:     0x60985c8ecaf1 - <<std[70759c8f55707aa4]::sys::backtrace::BacktraceLock>::print::DisplayBacktrace as core[df12db4294e9bfd3]::fmt::Display>::fmt
[INFO] [stdout]    1:     0x60985c904e8a - core[df12db4294e9bfd3]::fmt::write
[INFO] [stdout]    2:     0x60985c8f1f9c - <alloc[2182bb758b4b3781]::vec::Vec<u8> as core[df12db4294e9bfd3]::io::write::Write>::write_fmt
[INFO] [stdout]    3:     0x60985c8c6ec6 - std[70759c8f55707aa4]::panicking::default_hook::{closure#0}
[INFO] [stdout]    4:     0x60985c8e43b9 - std[70759c8f55707aa4]::panicking::default_hook
[INFO] [stdout]    5:     0x60985c557550 - test[9d35eded1c95d3be]::test_main_inner::<test[9d35eded1c95d3be]::test_main_static::{closure#0}>::{closure#0}
[INFO] [stdout]    6:     0x60985c8e46e2 - std[70759c8f55707aa4]::panicking::panic_with_hook
[INFO] [stdout]    7:     0x60985c8c6f72 - std[70759c8f55707aa4]::panicking::panic_handler::{closure#0}
[INFO] [stdout]    8:     0x60985c8bf4f9 - std[70759c8f55707aa4]::sys::backtrace::__rust_end_short_backtrace::<std[70759c8f55707aa4]::panicking::panic_handler::{closure#0}, !>
[INFO] [stdout]    9:     0x60985c8c7e6d - __rustc[8fa7c3cbc660c2b3]::rust_begin_unwind
[INFO] [stdout]   10:     0x60985c90566c - core[df12db4294e9bfd3]::panicking::panic_fmt
[INFO] [stdout]   11:     0x60985c905442 - core[df12db4294e9bfd3]::result::unwrap_failed
[INFO] [stdout]   12:     0x60985c540735 - ggetrs_ensembl[278b7c5ba16b0449]::functions::lookup_symbol::testing::test_ensembl_lookup_symbol_nonsense
[INFO] [stdout]   13:     0x60985c547249 - <ggetrs_ensembl[278b7c5ba16b0449]::functions::lookup_symbol::testing::test_ensembl_lookup_symbol_nonsense::{closure#0} as core[df12db4294e9bfd3]::ops::function::FnOnce<()>>::call_once
[INFO] [stdout]   14:     0x60985c54a83b - test[9d35eded1c95d3be]::__rust_begin_short_backtrace::<core[df12db4294e9bfd3]::result::Result<(), alloc[2182bb758b4b3781]::string::String>, fn() -> core[df12db4294e9bfd3]::result::Result<(), alloc[2182bb758b4b3781]::string::String>>
[INFO] [stdout]   15:     0x60985c557ea5 - test[9d35eded1c95d3be]::run_test::{closure#0}
[INFO] [stdout]   16:     0x60985c551764 - std[70759c8f55707aa4]::sys::backtrace::__rust_begin_short_backtrace::<test[9d35eded1c95d3be]::run_test::{closure#1}, ()>
[INFO] [stdout]   17:     0x60985c55b002 - <std[70759c8f55707aa4]::thread::lifecycle::spawn_unchecked<test[9d35eded1c95d3be]::run_test::{closure#1}, ()>::{closure#1} as core[df12db4294e9bfd3]::ops::function::FnOnce<()>>::call_once::{shim:vtable#0}
[INFO] [stdout]   18:     0x60985c8ebb49 - <std[70759c8f55707aa4]::sys::thread::unix::Thread>::new::thread_start
[INFO] [stdout]   19:     0x75fb3ff6edfa - <unknown>
[INFO] [stdout]   20:     0x75fb400023d4 - clone
[INFO] [stdout]   21:                0x0 - <unknown>
[INFO] [stdout] 
[INFO] [stdout] ---- functions::lookup_id::testing::test_ensembl_lookup_id_nonsense stdout ----
[INFO] [stdout] 
[INFO] [stdout] thread 'functions::lookup_id::testing::test_ensembl_lookup_id_nonsense' (3491) panicked at src/functions/lookup_id.rs:40:48:
[INFO] [stdout] called `Result::unwrap()` on an `Err` value: reqwest::Error { kind: Request, url: "https://rest.ensembl.org/lookup/id", source: hyper_util::client::legacy::Error(Connect, ConnectError("dns error", Custom { kind: Uncategorized, error: "failed to lookup address information: Temporary failure in name resolution" })) }
[INFO] [stdout] stack backtrace:
[INFO] [stdout]    0:     0x60985c8ecaf1 - <<std[70759c8f55707aa4]::sys::backtrace::BacktraceLock>::print::DisplayBacktrace as core[df12db4294e9bfd3]::fmt::Display>::fmt
[INFO] [stdout]    1:     0x60985c904e8a - core[df12db4294e9bfd3]::fmt::write
[INFO] [stdout]    2:     0x60985c8f1f9c - <alloc[2182bb758b4b3781]::vec::Vec<u8> as core[df12db4294e9bfd3]::io::write::Write>::write_fmt
[INFO] [stdout]    3:     0x60985c8c6ec6 - std[70759c8f55707aa4]::panicking::default_hook::{closure#0}
[INFO] [stdout]    4:     0x60985c8e43b9 - std[70759c8f55707aa4]::panicking::default_hook
[INFO] [stdout]    5:     0x60985c557550 - test[9d35eded1c95d3be]::test_main_inner::<test[9d35eded1c95d3be]::test_main_static::{closure#0}>::{closure#0}
[INFO] [stdout]    6:     0x60985c8e46e2 - std[70759c8f55707aa4]::panicking::panic_with_hook
[INFO] [stdout]    7:     0x60985c8c6f72 - std[70759c8f55707aa4]::panicking::panic_handler::{closure#0}
[INFO] [stdout]    8:     0x60985c8bf4f9 - std[70759c8f55707aa4]::sys::backtrace::__rust_end_short_backtrace::<std[70759c8f55707aa4]::panicking::panic_handler::{closure#0}, !>
[INFO] [stdout]    9:     0x60985c8c7e6d - __rustc[8fa7c3cbc660c2b3]::rust_begin_unwind
[INFO] [stdout]   10:     0x60985c90566c - core[df12db4294e9bfd3]::panicking::panic_fmt
[INFO] [stdout]   11:     0x60985c905442 - core[df12db4294e9bfd3]::result::unwrap_failed
[INFO] [stdout]   12:     0x60985c540f14 - ggetrs_ensembl[278b7c5ba16b0449]::functions::lookup_id::testing::test_ensembl_lookup_id_nonsense
[INFO] [stdout]   13:     0x60985c5473c9 - <ggetrs_ensembl[278b7c5ba16b0449]::functions::lookup_id::testing::test_ensembl_lookup_id_nonsense::{closure#0} as core[df12db4294e9bfd3]::ops::function::FnOnce<()>>::call_once
[INFO] [stdout]   14:     0x60985c54a83b - test[9d35eded1c95d3be]::__rust_begin_short_backtrace::<core[df12db4294e9bfd3]::result::Result<(), alloc[2182bb758b4b3781]::string::String>, fn() -> core[df12db4294e9bfd3]::result::Result<(), alloc[2182bb758b4b3781]::string::String>>
[INFO] [stdout]   15:     0x60985c557ea5 - test[9d35eded1c95d3be]::run_test::{closure#0}
[INFO] [stdout]   16:     0x60985c551764 - std[70759c8f55707aa4]::sys::backtrace::__rust_begin_short_backtrace::<test[9d35eded1c95d3be]::run_test::{closure#1}, ()>
[INFO] [stdout]   17:     0x60985c55b002 - <std[70759c8f55707aa4]::thread::lifecycle::spawn_unchecked<test[9d35eded1c95d3be]::run_test::{closure#1}, ()>::{closure#1} as core[df12db4294e9bfd3]::ops::function::FnOnce<()>>::call_once::{shim:vtable#0}
[INFO] [stdout]   18:     0x60985c8ebb49 - <std[70759c8f55707aa4]::sys::thread::unix::Thread>::new::thread_start
[INFO] [stdout]   19:     0x75fb3ff6edfa - <unknown>
[INFO] [stdout]   20:     0x75fb400023d4 - clone
[INFO] [stdout]   21:                0x0 - <unknown>
[INFO] [stdout] 
[INFO] [stdout] ---- functions::lookup_symbol::testing::test_ensembl_lookup_symbol_false_species stdout ----
[INFO] [stdout] 
[INFO] [stdout] thread 'functions::lookup_symbol::testing::test_ensembl_lookup_symbol_false_species' (3495) panicked at src/functions/lookup_symbol.rs:71:65:
[INFO] [stdout] called `Result::unwrap()` on an `Err` value: reqwest::Error { kind: Request, url: "https://rest.ensembl.org/lookup/symbol/aokdowaodawd", source: hyper_util::client::legacy::Error(Connect, ConnectError("dns error", Custom { kind: Uncategorized, error: "failed to lookup address information: Temporary failure in name resolution" })) }
[INFO] [stdout] stack backtrace:
[INFO] [stdout]    0:     0x60985c8ecaf1 - <<std[70759c8f55707aa4]::sys::backtrace::BacktraceLock>::print::DisplayBacktrace as core[df12db4294e9bfd3]::fmt::Display>::fmt
[INFO] [stdout]    1:     0x60985c904e8a - core[df12db4294e9bfd3]::fmt::write
[INFO] [stdout]    2:     0x60985c8f1f9c - <alloc[2182bb758b4b3781]::vec::Vec<u8> as core[df12db4294e9bfd3]::io::write::Write>::write_fmt
[INFO] [stdout]    3:     0x60985c8c6ec6 - std[70759c8f55707aa4]::panicking::default_hook::{closure#0}
[INFO] [stdout]    4:     0x60985c8e43b9 - std[70759c8f55707aa4]::panicking::default_hook
[INFO] [stdout]    5:     0x60985c557550 - test[9d35eded1c95d3be]::test_main_inner::<test[9d35eded1c95d3be]::test_main_static::{closure#0}>::{closure#0}
[INFO] [stdout]    6:     0x60985c8e46e2 - std[70759c8f55707aa4]::panicking::panic_with_hook
[INFO] [stdout]    7:     0x60985c8c6f72 - std[70759c8f55707aa4]::panicking::panic_handler::{closure#0}
[INFO] [stdout]    8:     0x60985c8bf4f9 - std[70759c8f55707aa4]::sys::backtrace::__rust_end_short_backtrace::<std[70759c8f55707aa4]::panicking::panic_handler::{closure#0}, !>
[INFO] [stdout]    9:     0x60985c8c7e6d - __rustc[8fa7c3cbc660c2b3]::rust_begin_unwind
[INFO] [stdout]   10:     0x60985c90566c - core[df12db4294e9bfd3]::panicking::panic_fmt
[INFO] [stdout]   11:     0x60985c905442 - core[df12db4294e9bfd3]::result::unwrap_failed
[INFO] [stdout]   12:     0x60985c540935 - ggetrs_ensembl[278b7c5ba16b0449]::functions::lookup_symbol::testing::test_ensembl_lookup_symbol_false_species
[INFO] [stdout]   13:     0x60985c547269 - <ggetrs_ensembl[278b7c5ba16b0449]::functions::lookup_symbol::testing::test_ensembl_lookup_symbol_false_species::{closure#0} as core[df12db4294e9bfd3]::ops::function::FnOnce<()>>::call_once
[INFO] [stdout]   14:     0x60985c54a83b - test[9d35eded1c95d3be]::__rust_begin_short_backtrace::<core[df12db4294e9bfd3]::result::Result<(), alloc[2182bb758b4b3781]::string::String>, fn() -> core[df12db4294e9bfd3]::result::Result<(), alloc[2182bb758b4b3781]::string::String>>
[INFO] [stdout]   15:     0x60985c557ea5 - test[9d35eded1c95d3be]::run_test::{closure#0}
[INFO] [stdout]   16:     0x60985c551764 - std[70759c8f55707aa4]::sys::backtrace::__rust_begin_short_backtrace::<test[9d35eded1c95d3be]::run_test::{closure#1}, ()>
[INFO] [stdout]   17:     0x60985c55b002 - <std[70759c8f55707aa4]::thread::lifecycle::spawn_unchecked<test[9d35eded1c95d3be]::run_test::{closure#1}, ()>::{closure#1} as core[df12db4294e9bfd3]::ops::function::FnOnce<()>>::call_once::{shim:vtable#0}
[INFO] [stdout]   18:     0x60985c8ebb49 - <std[70759c8f55707aa4]::sys::thread::unix::Thread>::new::thread_start
[INFO] [stdout]   19:     0x75fb3ff6edfa - <unknown>
[INFO] [stdout]   20:     0x75fb400023d4 - clone
[INFO] [stdout]   21:                0x0 - <unknown>
[INFO] [stdout] 
[INFO] [stdout] ---- utils::testing::test_ping_true stdout ----
[INFO] [stdout] 
[INFO] [stdout] thread 'utils::testing::test_ping_true' (3505) panicked at src/utils.rs:86:9:
[INFO] [stdout] assertion failed: ping(url, 3)
[INFO] [stdout] stack backtrace:
[INFO] [stdout]    0:     0x60985c8ecaf1 - <<std[70759c8f55707aa4]::sys::backtrace::BacktraceLock>::print::DisplayBacktrace as core[df12db4294e9bfd3]::fmt::Display>::fmt
[INFO] [stdout]    1:     0x60985c904e8a - core[df12db4294e9bfd3]::fmt::write
[INFO] [stdout]    2:     0x60985c8f1f9c - <alloc[2182bb758b4b3781]::vec::Vec<u8> as core[df12db4294e9bfd3]::io::write::Write>::write_fmt
[INFO] [stdout]    3:     0x60985c8c6ec6 - std[70759c8f55707aa4]::panicking::default_hook::{closure#0}
[INFO] [stdout]    4:     0x60985c8e43b9 - std[70759c8f55707aa4]::panicking::default_hook
[INFO] [stdout]    5:     0x60985c557550 - test[9d35eded1c95d3be]::test_main_inner::<test[9d35eded1c95d3be]::test_main_static::{closure#0}>::{closure#0}
[INFO] [stdout]    6:     0x60985c8e46e2 - std[70759c8f55707aa4]::panicking::panic_with_hook
[INFO] [stdout]    7:     0x60985c8c6fa4 - std[70759c8f55707aa4]::panicking::panic_handler::{closure#0}
[INFO] [stdout]    8:     0x60985c8bf4f9 - std[70759c8f55707aa4]::sys::backtrace::__rust_end_short_backtrace::<std[70759c8f55707aa4]::panicking::panic_handler::{closure#0}, !>
[INFO] [stdout]    9:     0x60985c8c7e6d - __rustc[8fa7c3cbc660c2b3]::rust_begin_unwind
[INFO] [stdout]   10:     0x60985c90566c - core[df12db4294e9bfd3]::panicking::panic_fmt
[INFO] [stdout]   11:     0x60985c905632 - core[df12db4294e9bfd3]::panicking::panic
[INFO] [stdout]   12:     0x60985c5471a3 - <ggetrs_ensembl[278b7c5ba16b0449]::utils::testing::test_ping_true::{closure#0} as core[df12db4294e9bfd3]::ops::function::FnOnce<()>>::call_once
[INFO] [stdout]   13:     0x60985c54a83b - test[9d35eded1c95d3be]::__rust_begin_short_backtrace::<core[df12db4294e9bfd3]::result::Result<(), alloc[2182bb758b4b3781]::string::String>, fn() -> core[df12db4294e9bfd3]::result::Result<(), alloc[2182bb758b4b3781]::string::String>>
[INFO] [stdout]   14:     0x60985c557ea5 - test[9d35eded1c95d3be]::run_test::{closure#0}
[INFO] [stdout]   15:     0x60985c551764 - std[70759c8f55707aa4]::sys::backtrace::__rust_begin_short_backtrace::<test[9d35eded1c95d3be]::run_test::{closure#1}, ()>
[INFO] [stdout]   16:     0x60985c55b002 - <std[70759c8f55707aa4]::thread::lifecycle::spawn_unchecked<test[9d35eded1c95d3be]::run_test::{closure#1}, ()>::{closure#1} as core[df12db4294e9bfd3]::ops::function::FnOnce<()>>::call_once::{shim:vtable#0}
[INFO] [stdout]   17:     0x60985c8ebb49 - <std[70759c8f55707aa4]::sys::thread::unix::Thread>::new::thread_start
[INFO] [stdout]   18:     0x75fb3ff6edfa - <unknown>
[INFO] [stdout]   19:     0x75fb400023d4 - clone
[INFO] [stdout]   20:                0x0 - <unknown>
[INFO] [stdout] 
[INFO] [stdout] ---- functions::release::testing::test_ensembl_release stdout ----
[INFO] [stdout] 
[INFO] [stdout] thread 'functions::release::testing::test_ensembl_release' (3499) panicked at src/functions/release.rs:25:33:
[INFO] [stdout] called `Result::unwrap()` on an `Err` value: error sending request for url (https://rest.ensembl.org/info/data)
[INFO] [stdout] 
[INFO] [stdout] Caused by:
[INFO] [stdout]     0: client error (Connect)
[INFO] [stdout]     1: dns error: failed to lookup address information: Temporary failure in name resolution
[INFO] [stdout]     2: failed to lookup address information: Temporary failure in name resolution
[INFO] [stdout] 
[INFO] [stdout] Stack backtrace:
[INFO] [stdout]    0: <anyhow::Error as core::convert::From<reqwest::error::Error>>::from
[INFO] [stdout]    1: ggetrs_ensembl::functions::release::release
[INFO] [stdout]    2: <ggetrs_ensembl::functions::release::testing::test_ensembl_release::{closure#0} as core::ops::function::FnOnce<()>>::call_once
[INFO] [stdout]    3: test::__rust_begin_short_backtrace::<core::result::Result<(), alloc::string::String>, fn() -> core::result::Result<(), alloc::string::String>>
[INFO] [stdout]    4: test::run_test::{closure#0}
[INFO] [stdout]    5: std::sys::backtrace::__rust_begin_short_backtrace::<test::run_test::{closure#1}, ()>
[INFO] [stdout]    6: <std::thread::lifecycle::spawn_unchecked<test::run_test::{closure#1}, ()>::{closure#1} as core::ops::function::FnOnce<()>>::call_once::{shim:vtable#0}
[INFO] [stdout]    7: <std::sys::thread::unix::Thread>::new::thread_start
[INFO] [stdout]    8: <unknown>
[INFO] [stdout]    9: clone
[INFO] [stdout] stack backtrace:
[INFO] [stdout]    0:     0x60985c8ecaf1 - <<std[70759c8f55707aa4]::sys::backtrace::BacktraceLock>::print::DisplayBacktrace as core[df12db4294e9bfd3]::fmt::Display>::fmt
[INFO] [stdout]    1:     0x60985c904e8a - core[df12db4294e9bfd3]::fmt::write
[INFO] [stdout]    2:     0x60985c8f1f9c - <alloc[2182bb758b4b3781]::vec::Vec<u8> as core[df12db4294e9bfd3]::io::write::Write>::write_fmt
[INFO] [stdout]    3:     0x60985c8c6ec6 - std[70759c8f55707aa4]::panicking::default_hook::{closure#0}
[INFO] [stdout]    4:     0x60985c8e43b9 - std[70759c8f55707aa4]::panicking::default_hook
[INFO] [stdout]    5:     0x60985c557550 - test[9d35eded1c95d3be]::test_main_inner::<test[9d35eded1c95d3be]::test_main_static::{closure#0}>::{closure#0}
[INFO] [stdout]    6:     0x60985c8e46e2 - std[70759c8f55707aa4]::panicking::panic_with_hook
[INFO] [stdout]    7:     0x60985c8c6f72 - std[70759c8f55707aa4]::panicking::panic_handler::{closure#0}
[INFO] [stdout]    8:     0x60985c8bf4f9 - std[70759c8f55707aa4]::sys::backtrace::__rust_end_short_backtrace::<std[70759c8f55707aa4]::panicking::panic_handler::{closure#0}, !>
[INFO] [stdout]    9:     0x60985c8c7e6d - __rustc[8fa7c3cbc660c2b3]::rust_begin_unwind
[INFO] [stdout]   10:     0x60985c90566c - core[df12db4294e9bfd3]::panicking::panic_fmt
[INFO] [stdout]   11:     0x60985c905442 - core[df12db4294e9bfd3]::result::unwrap_failed
[INFO] [stdout]   12:     0x60985c5472f8 - <ggetrs_ensembl[278b7c5ba16b0449]::functions::release::testing::test_ensembl_release::{closure#0} as core[df12db4294e9bfd3]::ops::function::FnOnce<()>>::call_once
[INFO] [stdout]   13:     0x60985c54a83b - test[9d35eded1c95d3be]::__rust_begin_short_backtrace::<core[df12db4294e9bfd3]::result::Result<(), alloc[2182bb758b4b3781]::string::String>, fn() -> core[df12db4294e9bfd3]::result::Result<(), alloc[2182bb758b4b3781]::string::String>>
[INFO] [stdout]   14:     0x60985c557ea5 - test[9d35eded1c95d3be]::run_test::{closure#0}
[INFO] [stdout]   15:     0x60985c551764 - std[70759c8f55707aa4]::sys::backtrace::__rust_begin_short_backtrace::<test[9d35eded1c95d3be]::run_test::{closure#1}, ()>
[INFO] [stdout]   16:     0x60985c55b002 - <std[70759c8f55707aa4]::thread::lifecycle::spawn_unchecked<test[9d35eded1c95d3be]::run_test::{closure#1}, ()>::{closure#1} as core[df12db4294e9bfd3]::ops::function::FnOnce<()>>::call_once::{shim:vtable#0}
[INFO] [stdout]   17:     0x60985c8ebb49 - <std[70759c8f55707aa4]::sys::thread::unix::Thread>::new::thread_start
[INFO] [stdout]   18:     0x75fb3ff6edfa - <unknown>
[INFO] [stdout]   19:     0x75fb400023d4 - clone
[INFO] [stdout]   20:                0x0 - <unknown>
[INFO] [stdout] 
[INFO] [stdout] 
[INFO] [stdout] failures:
[INFO] [stdout]     functions::database::testing::test_ensembl_database_full
[INFO] [stdout]     functions::database::testing::test_ensembl_database_specific
[INFO] [stdout]     functions::lookup_id::testing::test_ensembl_lookup_id
[INFO] [stdout]     functions::lookup_id::testing::test_ensembl_lookup_id_nonsense
[INFO] [stdout]     functions::lookup_symbol::testing::test_ensembl_lookup_symbol
[INFO] [stdout]     functions::lookup_symbol::testing::test_ensembl_lookup_symbol_false_species
[INFO] [stdout]     functions::lookup_symbol::testing::test_ensembl_lookup_symbol_nonsense
[INFO] [stdout]     functions::release::testing::test_ensembl_release
[INFO] [stdout]     functions::search::testing::test_search
[INFO] [stdout]     utils::testing::test_ping_true
[INFO] [stdout] 
[INFO] [stdout] test result: FAILED. 5 passed; 10 failed; 0 ignored; 0 measured; 0 filtered out; finished in 0.04s
[INFO] [stdout] 
[INFO] [stderr] error: test failed, to rerun pass `--lib`
[INFO] running `Command { std: "docker" "inspect" "f13dd3c1baa582fe73b4d10bf4a946c2f87a66b9b5f30014d513ad5ceb3062fa", kill_on_drop: false }`
[INFO] running `Command { std: "docker" "rm" "-f" "f13dd3c1baa582fe73b4d10bf4a946c2f87a66b9b5f30014d513ad5ceb3062fa", kill_on_drop: false }`
[INFO] [stdout] f13dd3c1baa582fe73b4d10bf4a946c2f87a66b9b5f30014d513ad5ceb3062fa
