[INFO] fetching crate ggetrs-enrichr 0.1.0...
[INFO] testing ggetrs-enrichr-0.1.0 against 1.100.0-beta.1+cargoflags=--release for beta-release-1.100-2
[INFO] extracting crate ggetrs-enrichr 0.1.0 into /workspace/builds/worker-5-tc2/source
[INFO] started tweaking crates.io crate ggetrs-enrichr 0.1.0
[INFO] finished tweaking crates.io crate ggetrs-enrichr 0.1.0
[INFO] tweaked toml for crates.io crate ggetrs-enrichr 0.1.0 written to /workspace/builds/worker-5-tc2/source/Cargo.toml
[INFO] validating manifest of crates.io crate ggetrs-enrichr 0.1.0 on toolchain 1.100.0-beta.1
[INFO] running `Command { std: CARGO_HOME="/workspace/cargo-home" RUSTUP_HOME="/workspace/rustup-home" "/workspace/cargo-home/bin/cargo" "+1.100.0-beta.1" "metadata" "--manifest-path" "Cargo.toml" "--no-deps", kill_on_drop: false }`
[INFO] crate crates.io crate ggetrs-enrichr 0.1.0 already has a lockfile, it will not be regenerated
[INFO] running `Command { std: CARGO_HOME="/workspace/cargo-home" RUSTUP_HOME="/workspace/rustup-home" "/workspace/cargo-home/bin/cargo" "+1.100.0-beta.1" "fetch" "--manifest-path" "Cargo.toml", kill_on_drop: false }`
[INFO] running `Command { std: "docker" "create" "-v" "/var/lib/crater-agent-workspace/builds/worker-5-tc2/source:/opt/rustwide/workdir:ro,Z" "-v" "/var/lib/crater-agent-workspace/builds/worker-5-tc2/target:/opt/rustwide/target:rw,Z" "-v" "/var/lib/crater-agent-workspace/cargo-home:/opt/rustwide/cargo-home:ro,Z" "-v" "/var/lib/crater-agent-workspace/rustup-home:/opt/rustwide/rustup-home:ro,Z" "-m" "1610612736" "--network" "none" "ghcr.io/rust-lang/crates-build-env/linux@sha256:77db811e55d90add9212f6832c23229e3de5f1c1f9905e8cb07319ea15df73ac" "sleep" "infinity", kill_on_drop: false }`
[INFO] [stdout] 2338ec0285f641e2d4ea8b91e4b06e42b98d64b0be39b2ce78291718fcadaf05
[INFO] running `Command { std: "docker" "start" "2338ec0285f641e2d4ea8b91e4b06e42b98d64b0be39b2ce78291718fcadaf05", kill_on_drop: false }`
[INFO] running `Command { std: "docker" "inspect" "2338ec0285f641e2d4ea8b91e4b06e42b98d64b0be39b2ce78291718fcadaf05", kill_on_drop: false }`
[INFO] running `Command { std: "docker" "exec" "-e" "SOURCE_DIR=/opt/rustwide/workdir" "-e" "CARGO_HOME=/opt/rustwide/cargo-home" "-e" "RUSTUP_HOME=/opt/rustwide/rustup-home" "-e" "CARGO_TARGET_DIR=/opt/rustwide/target" "-w" "/opt/rustwide/workdir" "--user" "0:0" "2338ec0285f641e2d4ea8b91e4b06e42b98d64b0be39b2ce78291718fcadaf05" "/opt/rustwide/cargo-home/bin/cargo" "+1.100.0-beta.1" "metadata" "--no-deps" "--format-version=1", kill_on_drop: false }`
[INFO] running `Command { std: "docker" "inspect" "2338ec0285f641e2d4ea8b91e4b06e42b98d64b0be39b2ce78291718fcadaf05", kill_on_drop: false }`
[INFO] running `Command { std: "docker" "exec" "-e" "SOURCE_DIR=/opt/rustwide/workdir" "-e" "CARGO_HOME=/opt/rustwide/cargo-home" "-e" "RUSTUP_HOME=/opt/rustwide/rustup-home" "-e" "CARGO_TARGET_DIR=/opt/rustwide/target" "-e" "CARGO_INCREMENTAL=0" "-e" "RUST_BACKTRACE=full" "-e" "RUSTFLAGS=--cap-lints=warn" "-e" "RUSTDOCFLAGS=--cap-lints=warn" "-w" "/opt/rustwide/workdir" "--user" "0:0" "2338ec0285f641e2d4ea8b91e4b06e42b98d64b0be39b2ce78291718fcadaf05" "/opt/rustwide/cargo-home/bin/cargo" "+1.100.0-beta.1" "build" "--frozen" "--message-format=json" "--release", kill_on_drop: false }`
[INFO] [stderr]    Compiling libc v0.2.172
[INFO] [stderr]    Compiling smallvec v1.15.0
[INFO] [stderr]    Compiling icu_properties_data v2.0.0
[INFO] [stderr]    Compiling syn v2.0.101
[INFO] [stderr]    Compiling cc v1.2.22
[INFO] [stderr]    Compiling slab v0.4.9
[INFO] [stderr]    Compiling memchr v2.7.4
[INFO] [stderr]    Compiling futures-io v0.3.31
[INFO] [stderr]    Compiling futures-task v0.3.31
[INFO] [stderr]    Compiling rustls v0.23.27
[INFO] [stderr]    Compiling tracing-core v0.1.33
[INFO] [stderr]    Compiling futures-channel v0.3.31
[INFO] [stderr]    Compiling unicase v2.8.1
[INFO] [stderr]    Compiling webpki-roots v1.0.0
[INFO] [stderr]    Compiling serde_json v1.0.140
[INFO] [stderr]    Compiling anyhow v1.0.98
[INFO] [stderr]    Compiling rustls-pemfile v2.2.0
[INFO] [stderr]    Compiling webpki-roots v0.26.11
[INFO] [stderr]    Compiling mime_guess v2.0.5
[INFO] [stderr]    Compiling tracing v0.1.41
[INFO] [stderr]    Compiling futures-util v0.3.31
[INFO] [stderr]    Compiling socket2 v0.5.9
[INFO] [stderr]    Compiling mio v1.0.3
[INFO] [stderr]    Compiling getrandom v0.2.16
[INFO] [stderr]    Compiling ring v0.17.14
[INFO] [stderr]    Compiling tokio v1.45.0
[INFO] [stderr]    Compiling synstructure v0.13.2
[INFO] [stderr]    Compiling zerovec-derive v0.11.1
[INFO] [stderr]    Compiling displaydoc v0.2.5
[INFO] [stderr]    Compiling serde_derive v1.0.219
[INFO] [stderr]    Compiling zerofrom-derive v0.1.6
[INFO] [stderr]    Compiling yoke-derive v0.8.0
[INFO] [stderr]    Compiling zerofrom v0.1.6
[INFO] [stderr]    Compiling yoke v0.8.0
[INFO] [stderr]    Compiling zerotrie v0.2.2
[INFO] [stderr]    Compiling zerovec v0.11.2
[INFO] [stderr]    Compiling tinystr v0.8.1
[INFO] [stderr]    Compiling potential_utf v0.1.2
[INFO] [stderr]    Compiling icu_collections v2.0.0
[INFO] [stderr]    Compiling serde v1.0.219
[INFO] [stderr]    Compiling icu_locale_core v2.0.0
[INFO] [stderr]    Compiling hyper v1.6.0
[INFO] [stderr]    Compiling tower v0.5.2
[INFO] [stderr]    Compiling tokio-util v0.7.15
[INFO] [stderr]    Compiling icu_provider v2.0.0
[INFO] [stderr]    Compiling hyper-util v0.1.11
[INFO] [stderr]    Compiling icu_properties v2.0.0
[INFO] [stderr]    Compiling icu_normalizer v2.0.0
[INFO] [stderr]    Compiling idna_adapter v1.2.1
[INFO] [stderr]    Compiling idna v1.0.3
[INFO] [stderr]    Compiling url v2.5.4
[INFO] [stderr]    Compiling serde_urlencoded v0.7.1
[INFO] [stderr]    Compiling rustls-webpki v0.103.3
[INFO] [stderr]    Compiling tokio-rustls v0.26.2
[INFO] [stderr]    Compiling hyper-rustls v0.27.5
[INFO] [stderr]    Compiling reqwest v0.12.15
[INFO] [stderr]    Compiling ggetrs-enrichr v0.1.0 (/opt/rustwide/workdir)
[INFO] [stderr]     Finished `release` profile [optimized] target(s) in 1m 00s
[INFO] running `Command { std: "docker" "inspect" "2338ec0285f641e2d4ea8b91e4b06e42b98d64b0be39b2ce78291718fcadaf05", kill_on_drop: false }`
[INFO] running `Command { std: "docker" "exec" "-e" "SOURCE_DIR=/opt/rustwide/workdir" "-e" "CARGO_HOME=/opt/rustwide/cargo-home" "-e" "RUSTUP_HOME=/opt/rustwide/rustup-home" "-e" "CARGO_TARGET_DIR=/opt/rustwide/target" "-e" "CARGO_INCREMENTAL=0" "-e" "RUST_BACKTRACE=full" "-e" "RUSTFLAGS=--cap-lints=warn" "-e" "RUSTDOCFLAGS=--cap-lints=warn" "-w" "/opt/rustwide/workdir" "--user" "0:0" "2338ec0285f641e2d4ea8b91e4b06e42b98d64b0be39b2ce78291718fcadaf05" "/opt/rustwide/cargo-home/bin/cargo" "+1.100.0-beta.1" "test" "--frozen" "--no-run" "--message-format=json" "--release", kill_on_drop: false }`
[INFO] [stderr]    Compiling ggetrs-enrichr v0.1.0 (/opt/rustwide/workdir)
[INFO] [stderr]     Finished `release` profile [optimized] target(s) in 3.09s
[INFO] running `Command { std: "docker" "inspect" "2338ec0285f641e2d4ea8b91e4b06e42b98d64b0be39b2ce78291718fcadaf05", kill_on_drop: false }`
[INFO] running `Command { std: "docker" "exec" "-e" "SOURCE_DIR=/opt/rustwide/workdir" "-e" "CARGO_HOME=/opt/rustwide/cargo-home" "-e" "RUSTUP_HOME=/opt/rustwide/rustup-home" "-e" "CARGO_TARGET_DIR=/opt/rustwide/target" "-e" "CARGO_INCREMENTAL=0" "-e" "RUST_BACKTRACE=full" "-e" "RUSTFLAGS=--cap-lints=warn" "-e" "RUSTDOCFLAGS=--cap-lints=warn" "-w" "/opt/rustwide/workdir" "--user" "0:0" "2338ec0285f641e2d4ea8b91e4b06e42b98d64b0be39b2ce78291718fcadaf05" "/opt/rustwide/cargo-home/bin/cargo" "+1.100.0-beta.1" "test" "--frozen" "--release", kill_on_drop: false }`
[INFO] [stderr]     Finished `release` profile [optimized] target(s) in 0.19s
[INFO] [stderr]      Running unittests src/lib.rs (/opt/rustwide/target/release/build/ggetrs-enrichr/3ef3c6109ff49d84/out/ggetrs_enrichr-3ef3c6109ff49d84)
[INFO] [stdout] 
[INFO] [stdout] running 15 tests
[INFO] [stdout] test functions::shorthand::testing::test_shorthand_diseases ... ok
[INFO] [stdout] test functions::shorthand::testing::test_shorthand_ontology ... ok
[INFO] [stdout] test functions::shorthand::testing::test_shorthand_kinase ... ok
[INFO] [stdout] test functions::shorthand::testing::test_shorthand_pathway ... ok
[INFO] [stdout] test functions::shorthand::testing::test_shorthand_transcription ... ok
[INFO] [stdout] test functions::shorthand::testing::test_shorthand_unknown ... ok
[INFO] [stdout] test functions::shorthand::testing::test_shorthand_celltypes ... ok
[INFO] [stdout] test functions::view_list::testing::test_view_list ... FAILED
[INFO] [stdout] test functions::add_background::testing::test_add_background ... FAILED
[INFO] [stdout] test functions::add_list::testing::test_add_list ... FAILED
[INFO] [stdout] test functions::add_list::testing::test_add_list_with_background ... FAILED
[INFO] [stdout] test functions::get_libraries::testing::test_get_libraries ... FAILED
[INFO] [stdout] test functions::enrich::testing::test_enrich ... FAILED
[INFO] [stdout] test functions::view_list::testing::test_view_list_with_background ... FAILED
[INFO] [stdout] test functions::enrich::testing::test_enrich_with_background ... FAILED
[INFO] [stdout] 
[INFO] [stdout] failures:
[INFO] [stdout] 
[INFO] [stdout] ---- functions::view_list::testing::test_view_list stdout ----
[INFO] [stdout] 
[INFO] [stdout] thread 'functions::view_list::testing::test_view_list' (1420) panicked at src/functions/view_list.rs:26:52:
[INFO] [stdout] called `Result::unwrap()` on an `Err` value: reqwest::Error { kind: Request, url: "https://maayanlab.cloud/Enrichr/addList", source: hyper_util::client::legacy::Error(Connect, ConnectError("dns error", Custom { kind: Uncategorized, error: "failed to lookup address information: Temporary failure in name resolution" })) }
[INFO] [stdout] stack backtrace:
[INFO] [stdout]    0:     0x56fd3c709731 - <<std[617be2ca0a6fd877]::sys::backtrace::BacktraceLock>::print::DisplayBacktrace as core[a373ad73a504971]::fmt::Display>::fmt
[INFO] [stdout]    1:     0x56fd3c72027a - core[a373ad73a504971]::fmt::write
[INFO] [stdout]    2:     0x56fd3c70e3fc - <alloc[2e1b2a31b91974c5]::vec::Vec<u8> as core[a373ad73a504971]::io::write::Write>::write_fmt
[INFO] [stdout]    3:     0x56fd3c6e43a6 - std[617be2ca0a6fd877]::panicking::default_hook::{closure#0}
[INFO] [stdout]    4:     0x56fd3c7015b9 - std[617be2ca0a6fd877]::panicking::default_hook
[INFO] [stdout]    5:     0x56fd3c4d22e0 - test[aada8e7e76ba119b]::test_main_inner::{closure#0}
[INFO] [stdout]    6:     0x56fd3c7018e2 - std[617be2ca0a6fd877]::panicking::panic_with_hook
[INFO] [stdout]    7:     0x56fd3c6e4452 - std[617be2ca0a6fd877]::panicking::panic_handler::{closure#0}
[INFO] [stdout]    8:     0x56fd3c6dcaf9 - std[617be2ca0a6fd877]::sys::backtrace::__rust_end_short_backtrace::<std[617be2ca0a6fd877]::panicking::panic_handler::{closure#0}, !>
[INFO] [stdout]    9:     0x56fd3c6e535d - __rustc[ea4f61d10b84890b]::rust_begin_unwind
[INFO] [stdout]   10:     0x56fd3c7209dc - core[a373ad73a504971]::panicking::panic_fmt
[INFO] [stdout]   11:     0x56fd3c7207b2 - core[a373ad73a504971]::result::unwrap_failed
[INFO] [stdout]   12:     0x56fd3c4bfda1 - <ggetrs_enrichr[8b79afe89ed0ad73]::functions::view_list::testing::test_view_list::{closure#0} as core[a373ad73a504971]::ops::function::FnOnce<()>>::call_once
[INFO] [stdout]   13:     0x56fd3c4c572b - test[aada8e7e76ba119b]::__rust_begin_short_backtrace::<core[a373ad73a504971]::result::Result<(), alloc[2e1b2a31b91974c5]::string::String>, fn() -> core[a373ad73a504971]::result::Result<(), alloc[2e1b2a31b91974c5]::string::String>>
[INFO] [stdout]   14:     0x56fd3c4d2905 - test[aada8e7e76ba119b]::run_test::{closure#0}
[INFO] [stdout]   15:     0x56fd3c4cc1f4 - std[617be2ca0a6fd877]::sys::backtrace::__rust_begin_short_backtrace::<test[aada8e7e76ba119b]::run_test::{closure#1}, ()>
[INFO] [stdout]   16:     0x56fd3c4d5992 - <std[617be2ca0a6fd877]::thread::lifecycle::spawn_unchecked<test[aada8e7e76ba119b]::run_test::{closure#1}, ()>::{closure#1} as core[a373ad73a504971]::ops::function::FnOnce<()>>::call_once::{shim:vtable#0}
[INFO] [stdout]   17:     0x56fd3c708bdf - <std[617be2ca0a6fd877]::sys::thread::unix::Thread>::new::thread_start
[INFO] [stdout]   18:     0x7287ccca5dfa - <unknown>
[INFO] [stdout]   19:     0x7287ccd393d4 - clone
[INFO] [stdout]   20:                0x0 - <unknown>
[INFO] [stdout] 
[INFO] [stdout] ---- functions::add_background::testing::test_add_background stdout ----
[INFO] [stdout] 
[INFO] [stdout] thread 'functions::add_background::testing::test_add_background' (1405) panicked at src/functions/add_background.rs:38:51:
[INFO] [stdout] called `Result::unwrap()` on an `Err` value: reqwest::Error { kind: Request, url: "https://maayanlab.cloud/speedrichr/api/addbackground", source: hyper_util::client::legacy::Error(Connect, ConnectError("dns error", Custom { kind: Uncategorized, error: "failed to lookup address information: Temporary failure in name resolution" })) }
[INFO] [stdout] stack backtrace:
[INFO] [stdout]    0:     0x56fd3c709731 - <<std[617be2ca0a6fd877]::sys::backtrace::BacktraceLock>::print::DisplayBacktrace as core[a373ad73a504971]::fmt::Display>::fmt
[INFO] [stdout]    1:     0x56fd3c72027a - core[a373ad73a504971]::fmt::write
[INFO] [stdout]    2:     0x56fd3c70e3fc - <alloc[2e1b2a31b91974c5]::vec::Vec<u8> as core[a373ad73a504971]::io::write::Write>::write_fmt
[INFO] [stdout]    3:     0x56fd3c6e43a6 - std[617be2ca0a6fd877]::panicking::default_hook::{closure#0}
[INFO] [stdout]    4:     0x56fd3c7015b9 - std[617be2ca0a6fd877]::panicking::default_hook
[INFO] [stdout]    5:     0x56fd3c4d22e0 - test[aada8e7e76ba119b]::test_main_inner::{closure#0}
[INFO] [stdout]    6:     0x56fd3c7018e2 - std[617be2ca0a6fd877]::panicking::panic_with_hook
[INFO] [stdout]    7:     0x56fd3c6e4452 - std[617be2ca0a6fd877]::panicking::panic_handler::{closure#0}
[INFO] [stdout]    8:     0x56fd3c6dcaf9 - std[617be2ca0a6fd877]::sys::backtrace::__rust_end_short_backtrace::<std[617be2ca0a6fd877]::panicking::panic_handler::{closure#0}, !>
[INFO] [stdout]    9:     0x56fd3c6e535d - __rustc[ea4f61d10b84890b]::rust_begin_unwind
[INFO] [stdout]   10:     0x56fd3c7209dc - core[a373ad73a504971]::panicking::panic_fmt
[INFO] [stdout]   11:     0x56fd3c7207b2 - core[a373ad73a504971]::result::unwrap_failed
[INFO] [stdout]   12:     0x56fd3c4bf588 - <ggetrs_enrichr[8b79afe89ed0ad73]::functions::add_background::testing::test_add_background::{closure#0} as core[a373ad73a504971]::ops::function::FnOnce<()>>::call_once
[INFO] [stdout]   13:     0x56fd3c4c572b - test[aada8e7e76ba119b]::__rust_begin_short_backtrace::<core[a373ad73a504971]::result::Result<(), alloc[2e1b2a31b91974c5]::string::String>, fn() -> core[a373ad73a504971]::result::Result<(), alloc[2e1b2a31b91974c5]::string::String>>
[INFO] [stdout]   14:     0x56fd3c4d2905 - test[aada8e7e76ba119b]::run_test::{closure#0}
[INFO] [stdout]   15:     0x56fd3c4cc1f4 - std[617be2ca0a6fd877]::sys::backtrace::__rust_begin_short_backtrace::<test[aada8e7e76ba119b]::run_test::{closure#1}, ()>
[INFO] [stdout]   16:     0x56fd3c4d5992 - <std[617be2ca0a6fd877]::thread::lifecycle::spawn_unchecked<test[aada8e7e76ba119b]::run_test::{closure#1}, ()>::{closure#1} as core[a373ad73a504971]::ops::function::FnOnce<()>>::call_once::{shim:vtable#0}
[INFO] [stdout]   17:     0x56fd3c708bdf - <std[617be2ca0a6fd877]::sys::thread::unix::Thread>::new::thread_start
[INFO] [stdout]   18:     0x7287ccca5dfa - <unknown>
[INFO] [stdout]   19:     0x7287ccd393d4 - clone
[INFO] [stdout]   20:                0x0 - <unknown>
[INFO] [stdout] 
[INFO] [stdout] ---- functions::add_list::testing::test_add_list stdout ----
[INFO] [stdout] 
[INFO] [stdout] thread 'functions::add_list::testing::test_add_list' (1406) panicked at src/functions/add_list.rs:47:52:
[INFO] [stdout] called `Result::unwrap()` on an `Err` value: reqwest::Error { kind: Request, url: "https://maayanlab.cloud/Enrichr/addList", source: hyper_util::client::legacy::Error(Connect, ConnectError("dns error", Custom { kind: Uncategorized, error: "failed to lookup address information: Temporary failure in name resolution" })) }
[INFO] [stdout] stack backtrace:
[INFO] [stdout]    0:     0x56fd3c709731 - <<std[617be2ca0a6fd877]::sys::backtrace::BacktraceLock>::print::DisplayBacktrace as core[a373ad73a504971]::fmt::Display>::fmt
[INFO] [stdout]    1:     0x56fd3c72027a - core[a373ad73a504971]::fmt::write
[INFO] [stdout]    2:     0x56fd3c70e3fc - <alloc[2e1b2a31b91974c5]::vec::Vec<u8> as core[a373ad73a504971]::io::write::Write>::write_fmt
[INFO] [stdout]    3:     0x56fd3c6e43a6 - std[617be2ca0a6fd877]::panicking::default_hook::{closure#0}
[INFO] [stdout]    4:     0x56fd3c7015b9 - std[617be2ca0a6fd877]::panicking::default_hook
[INFO] [stdout]    5:     0x56fd3c4d22e0 - test[aada8e7e76ba119b]::test_main_inner::{closure#0}
[INFO] [stdout]    6:     0x56fd3c7018e2 - std[617be2ca0a6fd877]::panicking::panic_with_hook
[INFO] [stdout]    7:     0x56fd3c6e4452 - std[617be2ca0a6fd877]::panicking::panic_handler::{closure#0}
[INFO] [stdout]    8:     0x56fd3c6dcaf9 - std[617be2ca0a6fd877]::sys::backtrace::__rust_end_short_backtrace::<std[617be2ca0a6fd877]::panicking::panic_handler::{closure#0}, !>
[INFO] [stdout]    9:     0x56fd3c6e535d - __rustc[ea4f61d10b84890b]::rust_begin_unwind
[INFO] [stdout]   10:     0x56fd3c7209dc - core[a373ad73a504971]::panicking::panic_fmt
[INFO] [stdout]   11:     0x56fd3c7207b2 - core[a373ad73a504971]::result::unwrap_failed
[INFO] [stdout]   12:     0x56fd3c4bf735 - <ggetrs_enrichr[8b79afe89ed0ad73]::functions::add_list::testing::test_add_list::{closure#0} as core[a373ad73a504971]::ops::function::FnOnce<()>>::call_once
[INFO] [stdout]   13:     0x56fd3c4c572b - test[aada8e7e76ba119b]::__rust_begin_short_backtrace::<core[a373ad73a504971]::result::Result<(), alloc[2e1b2a31b91974c5]::string::String>, fn() -> core[a373ad73a504971]::result::Result<(), alloc[2e1b2a31b91974c5]::string::String>>
[INFO] [stdout]   14:     0x56fd3c4d2905 - test[aada8e7e76ba119b]::run_test::{closure#0}
[INFO] [stdout]   15:     0x56fd3c4cc1f4 - std[617be2ca0a6fd877]::sys::backtrace::__rust_begin_short_backtrace::<test[aada8e7e76ba119b]::run_test::{closure#1}, ()>
[INFO] [stdout]   16:     0x56fd3c4d5992 - <std[617be2ca0a6fd877]::thread::lifecycle::spawn_unchecked<test[aada8e7e76ba119b]::run_test::{closure#1}, ()>::{closure#1} as core[a373ad73a504971]::ops::function::FnOnce<()>>::call_once::{shim:vtable#0}
[INFO] [stdout]   17:     0x56fd3c708bdf - <std[617be2ca0a6fd877]::sys::thread::unix::Thread>::new::thread_start
[INFO] [stdout]   18:     0x7287ccca5dfa - <unknown>
[INFO] [stdout]   19:     0x7287ccd393d4 - clone
[INFO] [stdout]   20:                0x0 - <unknown>
[INFO] [stdout] 
[INFO] [stdout] ---- functions::add_list::testing::test_add_list_with_background stdout ----
[INFO] [stdout] 
[INFO] [stdout] thread 'functions::add_list::testing::test_add_list_with_background' (1407) panicked at src/functions/add_list.rs:58:51:
[INFO] [stdout] called `Result::unwrap()` on an `Err` value: reqwest::Error { kind: Request, url: "https://maayanlab.cloud/speedrichr/api/addList", source: hyper_util::client::legacy::Error(Connect, ConnectError("dns error", Custom { kind: Uncategorized, error: "failed to lookup address information: Temporary failure in name resolution" })) }
[INFO] [stdout] stack backtrace:
[INFO] [stdout]    0:     0x56fd3c709731 - <<std[617be2ca0a6fd877]::sys::backtrace::BacktraceLock>::print::DisplayBacktrace as core[a373ad73a504971]::fmt::Display>::fmt
[INFO] [stdout]    1:     0x56fd3c72027a - core[a373ad73a504971]::fmt::write
[INFO] [stdout]    2:     0x56fd3c70e3fc - <alloc[2e1b2a31b91974c5]::vec::Vec<u8> as core[a373ad73a504971]::io::write::Write>::write_fmt
[INFO] [stdout]    3:     0x56fd3c6e43a6 - std[617be2ca0a6fd877]::panicking::default_hook::{closure#0}
[INFO] [stdout]    4:     0x56fd3c7015b9 - std[617be2ca0a6fd877]::panicking::default_hook
[INFO] [stdout]    5:     0x56fd3c4d22e0 - test[aada8e7e76ba119b]::test_main_inner::{closure#0}
[INFO] [stdout]    6:     0x56fd3c7018e2 - std[617be2ca0a6fd877]::panicking::panic_with_hook
[INFO] [stdout]    7:     0x56fd3c6e4452 - std[617be2ca0a6fd877]::panicking::panic_handler::{closure#0}
[INFO] [stdout]    8:     0x56fd3c6dcaf9 - std[617be2ca0a6fd877]::sys::backtrace::__rust_end_short_backtrace::<std[617be2ca0a6fd877]::panicking::panic_handler::{closure#0}, !>
[INFO] [stderr] error: test failed, to rerun pass `--lib`
[INFO] [stdout]    9:     0x56fd3c6e535d - __rustc[ea4f61d10b84890b]::rust_begin_unwind
[INFO] [stdout]   10:     0x56fd3c7209dc - core[a373ad73a504971]::panicking::panic_fmt
[INFO] [stdout]   11:     0x56fd3c7207b2 - core[a373ad73a504971]::result::unwrap_failed
[INFO] [stdout]   12:     0x56fd3c4bf8e5 - <ggetrs_enrichr[8b79afe89ed0ad73]::functions::add_list::testing::test_add_list_with_background::{closure#0} as core[a373ad73a504971]::ops::function::FnOnce<()>>::call_once
[INFO] [stdout]   13:     0x56fd3c4c572b - test[aada8e7e76ba119b]::__rust_begin_short_backtrace::<core[a373ad73a504971]::result::Result<(), alloc[2e1b2a31b91974c5]::string::String>, fn() -> core[a373ad73a504971]::result::Result<(), alloc[2e1b2a31b91974c5]::string::String>>
[INFO] [stdout]   14:     0x56fd3c4d2905 - test[aada8e7e76ba119b]::run_test::{closure#0}
[INFO] [stdout]   15:     0x56fd3c4cc1f4 - std[617be2ca0a6fd877]::sys::backtrace::__rust_begin_short_backtrace::<test[aada8e7e76ba119b]::run_test::{closure#1}, ()>
[INFO] [stdout]   16:     0x56fd3c4d5992 - <std[617be2ca0a6fd877]::thread::lifecycle::spawn_unchecked<test[aada8e7e76ba119b]::run_test::{closure#1}, ()>::{closure#1} as core[a373ad73a504971]::ops::function::FnOnce<()>>::call_once::{shim:vtable#0}
[INFO] [stdout]   17:     0x56fd3c708bdf - <std[617be2ca0a6fd877]::sys::thread::unix::Thread>::new::thread_start
[INFO] [stdout]   18:     0x7287ccca5dfa - <unknown>
[INFO] [stdout]   19:     0x7287ccd393d4 - clone
[INFO] [stdout]   20:                0x0 - <unknown>
[INFO] [stdout] 
[INFO] [stdout] ---- functions::get_libraries::testing::test_get_libraries stdout ----
[INFO] [stdout] 
[INFO] [stdout] thread 'functions::get_libraries::testing::test_get_libraries' (1410) panicked at src/functions/get_libraries.rs:17:41:
[INFO] [stdout] called `Result::unwrap()` on an `Err` value: reqwest::Error { kind: Request, url: "https://maayanlab.cloud/Enrichr/datasetStatistics", source: hyper_util::client::legacy::Error(Connect, ConnectError("dns error", Custom { kind: Uncategorized, error: "failed to lookup address information: Temporary failure in name resolution" })) }
[INFO] [stdout] stack backtrace:
[INFO] [stdout]    0:     0x56fd3c709731 - <<std[617be2ca0a6fd877]::sys::backtrace::BacktraceLock>::print::DisplayBacktrace as core[a373ad73a504971]::fmt::Display>::fmt
[INFO] [stdout]    1:     0x56fd3c72027a - core[a373ad73a504971]::fmt::write
[INFO] [stdout]    2:     0x56fd3c70e3fc - <alloc[2e1b2a31b91974c5]::vec::Vec<u8> as core[a373ad73a504971]::io::write::Write>::write_fmt
[INFO] [stdout]    3:     0x56fd3c6e43a6 - std[617be2ca0a6fd877]::panicking::default_hook::{closure#0}
[INFO] [stdout]    4:     0x56fd3c7015b9 - std[617be2ca0a6fd877]::panicking::default_hook
[INFO] [stdout]    5:     0x56fd3c4d22e0 - test[aada8e7e76ba119b]::test_main_inner::{closure#0}
[INFO] [stdout]    6:     0x56fd3c7018e2 - std[617be2ca0a6fd877]::panicking::panic_with_hook
[INFO] [stdout]    7:     0x56fd3c6e4452 - std[617be2ca0a6fd877]::panicking::panic_handler::{closure#0}
[INFO] [stdout]    8:     0x56fd3c6dcaf9 - std[617be2ca0a6fd877]::sys::backtrace::__rust_end_short_backtrace::<std[617be2ca0a6fd877]::panicking::panic_handler::{closure#0}, !>
[INFO] [stdout]    9:     0x56fd3c6e535d - __rustc[ea4f61d10b84890b]::rust_begin_unwind
[INFO] [stdout]   10:     0x56fd3c7209dc - core[a373ad73a504971]::panicking::panic_fmt
[INFO] [stdout]   11:     0x56fd3c7207b2 - core[a373ad73a504971]::result::unwrap_failed
[INFO] [stdout]   12:     0x56fd3c4c24e5 - <ggetrs_enrichr[8b79afe89ed0ad73]::functions::get_libraries::testing::test_get_libraries::{closure#0} as core[a373ad73a504971]::ops::function::FnOnce<()>>::call_once
[INFO] [stdout]   13:     0x56fd3c4c572b - test[aada8e7e76ba119b]::__rust_begin_short_backtrace::<core[a373ad73a504971]::result::Result<(), alloc[2e1b2a31b91974c5]::string::String>, fn() -> core[a373ad73a504971]::result::Result<(), alloc[2e1b2a31b91974c5]::string::String>>
[INFO] [stdout]   14:     0x56fd3c4d2905 - test[aada8e7e76ba119b]::run_test::{closure#0}
[INFO] [stdout]   15:     0x56fd3c4cc1f4 - std[617be2ca0a6fd877]::sys::backtrace::__rust_begin_short_backtrace::<test[aada8e7e76ba119b]::run_test::{closure#1}, ()>
[INFO] [stdout]   16:     0x56fd3c4d5992 - <std[617be2ca0a6fd877]::thread::lifecycle::spawn_unchecked<test[aada8e7e76ba119b]::run_test::{closure#1}, ()>::{closure#1} as core[a373ad73a504971]::ops::function::FnOnce<()>>::call_once::{shim:vtable#0}
[INFO] [stdout]   17:     0x56fd3c708bdf - <std[617be2ca0a6fd877]::sys::thread::unix::Thread>::new::thread_start
[INFO] [stdout]   18:     0x7287ccca5dfa - <unknown>
[INFO] [stdout]   19:     0x7287ccd393d4 - clone
[INFO] [stdout]   20:                0x0 - <unknown>
[INFO] [stdout] 
[INFO] [stdout] ---- functions::enrich::testing::test_enrich stdout ----
[INFO] [stdout] 
[INFO] [stdout] thread 'functions::enrich::testing::test_enrich' (1408) panicked at src/functions/enrich.rs:63:52:
[INFO] [stdout] called `Result::unwrap()` on an `Err` value: reqwest::Error { kind: Request, url: "https://maayanlab.cloud/Enrichr/addList", source: hyper_util::client::legacy::Error(Connect, ConnectError("dns error", Custom { kind: Uncategorized, error: "failed to lookup address information: Temporary failure in name resolution" })) }
[INFO] [stdout] stack backtrace:
[INFO] [stdout]    0:     0x56fd3c709731 - <<std[617be2ca0a6fd877]::sys::backtrace::BacktraceLock>::print::DisplayBacktrace as core[a373ad73a504971]::fmt::Display>::fmt
[INFO] [stdout]    1:     0x56fd3c72027a - core[a373ad73a504971]::fmt::write
[INFO] [stdout]    2:     0x56fd3c70e3fc - <alloc[2e1b2a31b91974c5]::vec::Vec<u8> as core[a373ad73a504971]::io::write::Write>::write_fmt
[INFO] [stdout]    3:     0x56fd3c6e43a6 - std[617be2ca0a6fd877]::panicking::default_hook::{closure#0}
[INFO] [stdout]    4:     0x56fd3c7015b9 - std[617be2ca0a6fd877]::panicking::default_hook
[INFO] [stdout]    5:     0x56fd3c4d22e0 - test[aada8e7e76ba119b]::test_main_inner::{closure#0}
[INFO] [stdout]    6:     0x56fd3c7018e2 - std[617be2ca0a6fd877]::panicking::panic_with_hook
[INFO] [stdout]    7:     0x56fd3c6e4452 - std[617be2ca0a6fd877]::panicking::panic_handler::{closure#0}
[INFO] [stdout]    8:     0x56fd3c6dcaf9 - std[617be2ca0a6fd877]::sys::backtrace::__rust_end_short_backtrace::<std[617be2ca0a6fd877]::panicking::panic_handler::{closure#0}, !>
[INFO] [stdout]    9:     0x56fd3c6e535d - __rustc[ea4f61d10b84890b]::rust_begin_unwind
[INFO] [stdout]   10:     0x56fd3c7209dc - core[a373ad73a504971]::panicking::panic_fmt
[INFO] [stdout]   11:     0x56fd3c7207b2 - core[a373ad73a504971]::result::unwrap_failed
[INFO] [stdout]   12:     0x56fd3c4ba5fe - <ggetrs_enrichr[8b79afe89ed0ad73]::functions::enrich::testing::test_enrich::{closure#0} as core[a373ad73a504971]::ops::function::FnOnce<()>>::call_once
[INFO] [stdout]   13:     0x56fd3c4c572b - test[aada8e7e76ba119b]::__rust_begin_short_backtrace::<core[a373ad73a504971]::result::Result<(), alloc[2e1b2a31b91974c5]::string::String>, fn() -> core[a373ad73a504971]::result::Result<(), alloc[2e1b2a31b91974c5]::string::String>>
[INFO] [stdout]   14:     0x56fd3c4d2905 - test[aada8e7e76ba119b]::run_test::{closure#0}
[INFO] [stdout]   15:     0x56fd3c4cc1f4 - std[617be2ca0a6fd877]::sys::backtrace::__rust_begin_short_backtrace::<test[aada8e7e76ba119b]::run_test::{closure#1}, ()>
[INFO] [stdout]   16:     0x56fd3c4d5992 - <std[617be2ca0a6fd877]::thread::lifecycle::spawn_unchecked<test[aada8e7e76ba119b]::run_test::{closure#1}, ()>::{closure#1} as core[a373ad73a504971]::ops::function::FnOnce<()>>::call_once::{shim:vtable#0}
[INFO] [stdout]   17:     0x56fd3c708bdf - <std[617be2ca0a6fd877]::sys::thread::unix::Thread>::new::thread_start
[INFO] [stdout]   18:     0x7287ccca5dfa - <unknown>
[INFO] [stdout]   19:     0x7287ccd393d4 - clone
[INFO] [stdout]   20:                0x0 - <unknown>
[INFO] [stdout] 
[INFO] [stdout] ---- functions::view_list::testing::test_view_list_with_background stdout ----
[INFO] [stdout] 
[INFO] [stdout] thread 'functions::view_list::testing::test_view_list_with_background' (1421) panicked at src/functions/view_list.rs:35:51:
[INFO] [stdout] called `Result::unwrap()` on an `Err` value: reqwest::Error { kind: Request, url: "https://maayanlab.cloud/speedrichr/api/addList", source: hyper_util::client::legacy::Error(Connect, ConnectError("dns error", Custom { kind: Uncategorized, error: "failed to lookup address information: Temporary failure in name resolution" })) }
[INFO] [stdout] stack backtrace:
[INFO] [stdout]    0:     0x56fd3c709731 - <<std[617be2ca0a6fd877]::sys::backtrace::BacktraceLock>::print::DisplayBacktrace as core[a373ad73a504971]::fmt::Display>::fmt
[INFO] [stdout]    1:     0x56fd3c72027a - core[a373ad73a504971]::fmt::write
[INFO] [stdout]    2:     0x56fd3c70e3fc - <alloc[2e1b2a31b91974c5]::vec::Vec<u8> as core[a373ad73a504971]::io::write::Write>::write_fmt
[INFO] [stdout]    3:     0x56fd3c6e43a6 - std[617be2ca0a6fd877]::panicking::default_hook::{closure#0}
[INFO] [stdout]    4:     0x56fd3c7015b9 - std[617be2ca0a6fd877]::panicking::default_hook
[INFO] [stdout]    5:     0x56fd3c4d22e0 - test[aada8e7e76ba119b]::test_main_inner::{closure#0}
[INFO] [stdout]    6:     0x56fd3c7018e2 - std[617be2ca0a6fd877]::panicking::panic_with_hook
[INFO] [stdout]    7:     0x56fd3c6e4452 - std[617be2ca0a6fd877]::panicking::panic_handler::{closure#0}
[INFO] [stdout]    8:     0x56fd3c6dcaf9 - std[617be2ca0a6fd877]::sys::backtrace::__rust_end_short_backtrace::<std[617be2ca0a6fd877]::panicking::panic_handler::{closure#0}, !>
[INFO] [stdout]    9:     0x56fd3c6e535d - __rustc[ea4f61d10b84890b]::rust_begin_unwind
[INFO] [stdout]   10:     0x56fd3c7209dc - core[a373ad73a504971]::panicking::panic_fmt
[INFO] [stdout]   11:     0x56fd3c7207b2 - core[a373ad73a504971]::result::unwrap_failed
[INFO] [stdout]   12:     0x56fd3c4c03ac - <ggetrs_enrichr[8b79afe89ed0ad73]::functions::view_list::testing::test_view_list_with_background::{closure#0} as core[a373ad73a504971]::ops::function::FnOnce<()>>::call_once
[INFO] [stdout]   13:     0x56fd3c4c572b - test[aada8e7e76ba119b]::__rust_begin_short_backtrace::<core[a373ad73a504971]::result::Result<(), alloc[2e1b2a31b91974c5]::string::String>, fn() -> core[a373ad73a504971]::result::Result<(), alloc[2e1b2a31b91974c5]::string::String>>
[INFO] [stdout]   14:     0x56fd3c4d2905 - test[aada8e7e76ba119b]::run_test::{closure#0}
[INFO] [stdout]   15:     0x56fd3c4cc1f4 - std[617be2ca0a6fd877]::sys::backtrace::__rust_begin_short_backtrace::<test[aada8e7e76ba119b]::run_test::{closure#1}, ()>
[INFO] [stdout]   16:     0x56fd3c4d5992 - <std[617be2ca0a6fd877]::thread::lifecycle::spawn_unchecked<test[aada8e7e76ba119b]::run_test::{closure#1}, ()>::{closure#1} as core[a373ad73a504971]::ops::function::FnOnce<()>>::call_once::{shim:vtable#0}
[INFO] [stdout]   17:     0x56fd3c708bdf - <std[617be2ca0a6fd877]::sys::thread::unix::Thread>::new::thread_start
[INFO] [stdout]   18:     0x7287ccca5dfa - <unknown>
[INFO] [stdout]   19:     0x7287ccd393d4 - clone
[INFO] [stdout]   20:                0x0 - <unknown>
[INFO] [stdout] 
[INFO] [stdout] ---- functions::enrich::testing::test_enrich_with_background stdout ----
[INFO] [stdout] 
[INFO] [stdout] thread 'functions::enrich::testing::test_enrich_with_background' (1409) panicked at src/functions/enrich.rs:72:51:
[INFO] [stdout] called `Result::unwrap()` on an `Err` value: reqwest::Error { kind: Request, url: "https://maayanlab.cloud/speedrichr/api/addList", source: hyper_util::client::legacy::Error(Connect, ConnectError("dns error", Custom { kind: Uncategorized, error: "failed to lookup address information: Temporary failure in name resolution" })) }
[INFO] [stdout] stack backtrace:
[INFO] [stdout]    0:     0x56fd3c709731 - <<std[617be2ca0a6fd877]::sys::backtrace::BacktraceLock>::print::DisplayBacktrace as core[a373ad73a504971]::fmt::Display>::fmt
[INFO] [stdout]    1:     0x56fd3c72027a - core[a373ad73a504971]::fmt::write
[INFO] [stdout]    2:     0x56fd3c70e3fc - <alloc[2e1b2a31b91974c5]::vec::Vec<u8> as core[a373ad73a504971]::io::write::Write>::write_fmt
[INFO] [stdout]    3:     0x56fd3c6e43a6 - std[617be2ca0a6fd877]::panicking::default_hook::{closure#0}
[INFO] [stdout]    4:     0x56fd3c7015b9 - std[617be2ca0a6fd877]::panicking::default_hook
[INFO] [stdout]    5:     0x56fd3c4d22e0 - test[aada8e7e76ba119b]::test_main_inner::{closure#0}
[INFO] [stdout]    6:     0x56fd3c7018e2 - std[617be2ca0a6fd877]::panicking::panic_with_hook
[INFO] [stdout]    7:     0x56fd3c6e4452 - std[617be2ca0a6fd877]::panicking::panic_handler::{closure#0}
[INFO] [stdout]    8:     0x56fd3c6dcaf9 - std[617be2ca0a6fd877]::sys::backtrace::__rust_end_short_backtrace::<std[617be2ca0a6fd877]::panicking::panic_handler::{closure#0}, !>
[INFO] [stdout]    9:     0x56fd3c6e535d - __rustc[ea4f61d10b84890b]::rust_begin_unwind
[INFO] [stdout]   10:     0x56fd3c7209dc - core[a373ad73a504971]::panicking::panic_fmt
[INFO] [stdout]   11:     0x56fd3c7207b2 - core[a373ad73a504971]::result::unwrap_failed
[INFO] [stdout]   12:     0x56fd3c4baa58 - <ggetrs_enrichr[8b79afe89ed0ad73]::functions::enrich::testing::test_enrich_with_background::{closure#0} as core[a373ad73a504971]::ops::function::FnOnce<()>>::call_once
[INFO] [stdout]   13:     0x56fd3c4c572b - test[aada8e7e76ba119b]::__rust_begin_short_backtrace::<core[a373ad73a504971]::result::Result<(), alloc[2e1b2a31b91974c5]::string::String>, fn() -> core[a373ad73a504971]::result::Result<(), alloc[2e1b2a31b91974c5]::string::String>>
[INFO] [stdout]   14:     0x56fd3c4d2905 - test[aada8e7e76ba119b]::run_test::{closure#0}
[INFO] [stdout]   15:     0x56fd3c4cc1f4 - std[617be2ca0a6fd877]::sys::backtrace::__rust_begin_short_backtrace::<test[aada8e7e76ba119b]::run_test::{closure#1}, ()>
[INFO] [stdout]   16:     0x56fd3c4d5992 - <std[617be2ca0a6fd877]::thread::lifecycle::spawn_unchecked<test[aada8e7e76ba119b]::run_test::{closure#1}, ()>::{closure#1} as core[a373ad73a504971]::ops::function::FnOnce<()>>::call_once::{shim:vtable#0}
[INFO] [stdout]   17:     0x56fd3c708bdf - <std[617be2ca0a6fd877]::sys::thread::unix::Thread>::new::thread_start
[INFO] [stdout]   18:     0x7287ccca5dfa - <unknown>
[INFO] [stdout]   19:     0x7287ccd393d4 - clone
[INFO] [stdout]   20:                0x0 - <unknown>
[INFO] [stdout] 
[INFO] [stdout] 
[INFO] [stdout] failures:
[INFO] [stdout]     functions::add_background::testing::test_add_background
[INFO] [stdout]     functions::add_list::testing::test_add_list
[INFO] [stdout]     functions::add_list::testing::test_add_list_with_background
[INFO] [stdout]     functions::enrich::testing::test_enrich
[INFO] [stdout]     functions::enrich::testing::test_enrich_with_background
[INFO] [stdout]     functions::get_libraries::testing::test_get_libraries
[INFO] [stdout]     functions::view_list::testing::test_view_list
[INFO] [stdout]     functions::view_list::testing::test_view_list_with_background
[INFO] [stdout] 
[INFO] [stdout] test result: FAILED. 7 passed; 8 failed; 0 ignored; 0 measured; 0 filtered out; finished in 0.02s
[INFO] [stdout] 
[INFO] running `Command { std: "docker" "inspect" "2338ec0285f641e2d4ea8b91e4b06e42b98d64b0be39b2ce78291718fcadaf05", kill_on_drop: false }`
[INFO] running `Command { std: "docker" "rm" "-f" "2338ec0285f641e2d4ea8b91e4b06e42b98d64b0be39b2ce78291718fcadaf05", kill_on_drop: false }`
[INFO] [stdout] 2338ec0285f641e2d4ea8b91e4b06e42b98d64b0be39b2ce78291718fcadaf05
