[INFO] fetching crate ggen-transport 26.5.5...
[INFO] testing ggen-transport-26.5.5 against 1.99.0-beta.8+cargoflags=--release for beta-release-1.100-2
[INFO] extracting crate ggen-transport 26.5.5 into /workspace/builds/worker-1-tc1/source
[INFO] started tweaking crates.io crate ggen-transport 26.5.5
[INFO] removed 0 missing tests
[INFO] finished tweaking crates.io crate ggen-transport 26.5.5
[INFO] tweaked toml for crates.io crate ggen-transport 26.5.5 written to /workspace/builds/worker-1-tc1/source/Cargo.toml
[INFO] validating manifest of crates.io crate ggen-transport 26.5.5 on toolchain 1.99.0-beta.8
[INFO] running `Command { std: CARGO_HOME="/workspace/cargo-home" RUSTUP_HOME="/workspace/rustup-home" "/workspace/cargo-home/bin/cargo" "+1.99.0-beta.8" "metadata" "--manifest-path" "Cargo.toml" "--no-deps", kill_on_drop: false }`
[INFO] crate crates.io crate ggen-transport 26.5.5 already has a lockfile, it will not be regenerated
[INFO] running `Command { std: CARGO_HOME="/workspace/cargo-home" RUSTUP_HOME="/workspace/rustup-home" "/workspace/cargo-home/bin/cargo" "+1.99.0-beta.8" "fetch" "--manifest-path" "Cargo.toml", kill_on_drop: false }`
[INFO] [stderr]     Blocking waiting for file lock on package cache
[INFO] [stderr]  Downloading crates ...
[INFO] [stderr]   Downloaded wasm-bindgen-futures v0.4.70
[INFO] running `Command { std: "docker" "create" "-v" "/var/lib/crater-agent-workspace/builds/worker-1-tc1/source:/opt/rustwide/workdir:ro,Z" "-v" "/var/lib/crater-agent-workspace/builds/worker-1-tc1/target:/opt/rustwide/target:rw,Z" "-v" "/var/lib/crater-agent-workspace/cargo-home:/opt/rustwide/cargo-home:ro,Z" "-v" "/var/lib/crater-agent-workspace/rustup-home:/opt/rustwide/rustup-home:ro,Z" "-m" "1610612736" "--network" "none" "ghcr.io/rust-lang/crates-build-env/linux@sha256:77db811e55d90add9212f6832c23229e3de5f1c1f9905e8cb07319ea15df73ac" "sleep" "infinity", kill_on_drop: false }`
[INFO] [stdout] 478b94b91c68a7012d246fcc1b84d37eb40521420e21ca3337bce0cd776f1a3a
[INFO] running `Command { std: "docker" "start" "478b94b91c68a7012d246fcc1b84d37eb40521420e21ca3337bce0cd776f1a3a", kill_on_drop: false }`
[INFO] running `Command { std: "docker" "inspect" "478b94b91c68a7012d246fcc1b84d37eb40521420e21ca3337bce0cd776f1a3a", kill_on_drop: false }`
[INFO] running `Command { std: "docker" "exec" "-e" "SOURCE_DIR=/opt/rustwide/workdir" "-e" "CARGO_HOME=/opt/rustwide/cargo-home" "-e" "RUSTUP_HOME=/opt/rustwide/rustup-home" "-e" "CARGO_TARGET_DIR=/opt/rustwide/target" "-w" "/opt/rustwide/workdir" "--user" "0:0" "478b94b91c68a7012d246fcc1b84d37eb40521420e21ca3337bce0cd776f1a3a" "/opt/rustwide/cargo-home/bin/cargo" "+1.99.0-beta.8" "metadata" "--no-deps" "--format-version=1", kill_on_drop: false }`
[INFO] running `Command { std: "docker" "inspect" "478b94b91c68a7012d246fcc1b84d37eb40521420e21ca3337bce0cd776f1a3a", kill_on_drop: false }`
[INFO] running `Command { std: "docker" "exec" "-e" "SOURCE_DIR=/opt/rustwide/workdir" "-e" "CARGO_HOME=/opt/rustwide/cargo-home" "-e" "RUSTUP_HOME=/opt/rustwide/rustup-home" "-e" "CARGO_TARGET_DIR=/opt/rustwide/target" "-e" "CARGO_INCREMENTAL=0" "-e" "RUST_BACKTRACE=full" "-e" "RUSTFLAGS=--cap-lints=warn" "-e" "RUSTDOCFLAGS=--cap-lints=warn" "-w" "/opt/rustwide/workdir" "--user" "0:0" "478b94b91c68a7012d246fcc1b84d37eb40521420e21ca3337bce0cd776f1a3a" "/opt/rustwide/cargo-home/bin/cargo" "+1.99.0-beta.8" "build" "--frozen" "--message-format=json" "--release", kill_on_drop: false }`
[INFO] [stderr]    Compiling zerofrom v0.1.7
[INFO] [stderr]    Compiling futures-util v0.3.32
[INFO] [stderr]    Compiling cc v1.2.61
[INFO] [stderr]    Compiling hashbrown v0.17.0
[INFO] [stderr]    Compiling bytes v1.11.1
[INFO] [stderr]    Compiling openssl v0.10.79
[INFO] [stderr]    Compiling bitflags v2.11.1
[INFO] [stderr]    Compiling getrandom v0.2.17
[INFO] [stderr]    Compiling itertools v0.14.0
[INFO] [stderr]    Compiling pin-project-internal v1.1.11
[INFO] [stderr]    Compiling iri-string v0.7.12
[INFO] [stderr]    Compiling serde_json v1.0.149
[INFO] [stderr]    Compiling socket2 v0.5.10
[INFO] [stderr]    Compiling uuid v1.23.1
[INFO] [stderr]    Compiling chrono v0.4.44
[INFO] [stderr]    Compiling yoke v0.8.2
[INFO] [stderr]    Compiling rand_core v0.6.4
[INFO] [stderr]    Compiling zerovec v0.11.6
[INFO] [stderr]    Compiling zerotrie v0.2.4
[INFO] [stderr]    Compiling rand_chacha v0.3.1
[INFO] [stderr]    Compiling rand v0.8.6
[INFO] [stderr]    Compiling tokio v1.52.2
[INFO] [stderr]    Compiling http v1.4.0
[INFO] [stderr]    Compiling indexmap v2.14.0
[INFO] [stderr]    Compiling pin-project v1.1.11
[INFO] [stderr]    Compiling openssl-sys v0.9.115
[INFO] [stderr]    Compiling prost-derive v0.13.5
[INFO] [stderr]    Compiling tinystr v0.8.3
[INFO] [stderr]    Compiling potential_utf v0.1.5
[INFO] [stderr]    Compiling icu_collections v2.2.0
[INFO] [stderr]    Compiling icu_locale_core v2.2.0
[INFO] [stderr]    Compiling native-tls v0.2.18
[INFO] [stderr]    Compiling icu_provider v2.2.0
[INFO] [stderr]    Compiling http-body v1.0.1
[INFO] [stderr]    Compiling http-body-util v0.1.3
[INFO] [stderr]    Compiling icu_properties v2.2.0
[INFO] [stderr]    Compiling icu_normalizer v2.2.0
[INFO] [stderr]    Compiling prost v0.13.5
[INFO] [stderr]    Compiling idna_adapter v1.2.2
[INFO] [stderr]    Compiling idna v1.1.0
[INFO] [stderr]    Compiling axum-core v0.4.5
[INFO] [stderr]    Compiling futures-executor v0.3.32
[INFO] [stderr]    Compiling futures v0.3.32
[INFO] [stderr]    Compiling url v2.5.8
[INFO] [stderr]    Compiling tokio-util v0.7.18
[INFO] [stderr]    Compiling tower v0.5.3
[INFO] [stderr]    Compiling tokio-native-tls v0.3.1
[INFO] [stderr]    Compiling tokio-stream v0.1.18
[INFO] [stderr]    Compiling tower-http v0.6.8
[INFO] [stderr]    Compiling axum v0.7.9
[INFO] [stderr]    Compiling h2 v0.4.14
[INFO] [stderr]    Compiling tower v0.4.13
[INFO] [stderr]    Compiling hyper v1.9.0
[INFO] [stderr]    Compiling hyper-util v0.1.20
[INFO] [stderr]    Compiling hyper-tls v0.6.0
[INFO] [stderr]    Compiling hyper-timeout v0.5.2
[INFO] [stderr]    Compiling tonic v0.12.3
[INFO] [stderr]    Compiling reqwest v0.12.28
[INFO] [stderr]    Compiling ggen-transport v26.5.5 (/opt/rustwide/workdir)
[INFO] [stderr]     Finished `release` profile [optimized] target(s) in 1m 04s
[INFO] running `Command { std: "docker" "inspect" "478b94b91c68a7012d246fcc1b84d37eb40521420e21ca3337bce0cd776f1a3a", kill_on_drop: false }`
[INFO] running `Command { std: "docker" "exec" "-e" "SOURCE_DIR=/opt/rustwide/workdir" "-e" "CARGO_HOME=/opt/rustwide/cargo-home" "-e" "RUSTUP_HOME=/opt/rustwide/rustup-home" "-e" "CARGO_TARGET_DIR=/opt/rustwide/target" "-e" "CARGO_INCREMENTAL=0" "-e" "RUST_BACKTRACE=full" "-e" "RUSTFLAGS=--cap-lints=warn" "-e" "RUSTDOCFLAGS=--cap-lints=warn" "-w" "/opt/rustwide/workdir" "--user" "0:0" "478b94b91c68a7012d246fcc1b84d37eb40521420e21ca3337bce0cd776f1a3a" "/opt/rustwide/cargo-home/bin/cargo" "+1.99.0-beta.8" "test" "--frozen" "--no-run" "--message-format=json" "--release", kill_on_drop: false }`
[INFO] [stderr]    Compiling tokio v1.52.2
[INFO] [stderr]    Compiling openssl v0.10.79
[INFO] [stderr]    Compiling num-traits v0.2.19
[INFO] [stderr]    Compiling tempfile v3.27.0
[INFO] [stderr]    Compiling assert-json-diff v2.0.2
[INFO] [stderr]    Compiling colored v3.1.1
[INFO] [stderr]    Compiling similar v2.7.0
[INFO] [stderr]    Compiling rusty-fork v0.3.1
[INFO] [stderr]    Compiling chrono v0.4.44
[INFO] [stderr]    Compiling proptest v1.11.0
[INFO] [stderr]    Compiling native-tls v0.2.18
[INFO] [stderr]    Compiling tokio-util v0.7.18
[INFO] [stderr]    Compiling tower v0.5.3
[INFO] [stderr]    Compiling tokio-native-tls v0.3.1
[INFO] [stderr]    Compiling tokio-stream v0.1.18
[INFO] [stderr]    Compiling axum v0.7.9
[INFO] [stderr]    Compiling tower-http v0.6.8
[INFO] [stderr]    Compiling h2 v0.4.14
[INFO] [stderr]    Compiling tower v0.4.13
[INFO] [stderr]    Compiling tokio-test v0.4.5
[INFO] [stderr]    Compiling hyper v1.9.0
[INFO] [stderr]    Compiling hyper-util v0.1.20
[INFO] [stderr]    Compiling hyper-timeout v0.5.2
[INFO] [stderr]    Compiling hyper-tls v0.6.0
[INFO] [stderr]    Compiling mockito v1.7.2
[INFO] [stderr]    Compiling reqwest v0.12.28
[INFO] [stderr]    Compiling tonic v0.12.3
[INFO] [stderr]    Compiling ggen-transport v26.5.5 (/opt/rustwide/workdir)
[INFO] [stderr]     Finished `release` profile [optimized] target(s) in 1m 18s
[INFO] running `Command { std: "docker" "inspect" "478b94b91c68a7012d246fcc1b84d37eb40521420e21ca3337bce0cd776f1a3a", kill_on_drop: false }`
[INFO] running `Command { std: "docker" "exec" "-e" "SOURCE_DIR=/opt/rustwide/workdir" "-e" "CARGO_HOME=/opt/rustwide/cargo-home" "-e" "RUSTUP_HOME=/opt/rustwide/rustup-home" "-e" "CARGO_TARGET_DIR=/opt/rustwide/target" "-e" "CARGO_INCREMENTAL=0" "-e" "RUST_BACKTRACE=full" "-e" "RUSTFLAGS=--cap-lints=warn" "-e" "RUSTDOCFLAGS=--cap-lints=warn" "-w" "/opt/rustwide/workdir" "--user" "0:0" "478b94b91c68a7012d246fcc1b84d37eb40521420e21ca3337bce0cd776f1a3a" "/opt/rustwide/cargo-home/bin/cargo" "+1.99.0-beta.8" "test" "--frozen" "--release", kill_on_drop: false }`
[INFO] [stderr]     Finished `release` profile [optimized] target(s) in 0.20s
[INFO] [stderr]      Running unittests src/lib.rs (/opt/rustwide/target/release/deps/ggen_transport-87d9de75a0e5879e)
[INFO] [stdout] 
[INFO] [stdout] running 18 tests
[INFO] [stdout] test a2a::tests::test_a2a_routing_error ... ok
[INFO] [stdout] test origin::tests::test_validator_allowed_origins ... ok
[INFO] [stdout] test session::tests::test_cursor_management ... ok
[INFO] [stdout] test session::tests::test_session_creation ... ok
[INFO] [stdout] test session::tests::test_session_retrieval ... ok
[INFO] [stdout] test tests::test_a2a_transport_creation ... ok
[INFO] [stdout] test streaming::tests::test_stream_final ... ok
[INFO] [stdout] test origin::tests::test_validator_allow_all ... ok
[INFO] [stdout] test streaming::tests::test_stream_sequence ... ok
[INFO] [stdout] test origin::tests::test_origin_from_url ... ok
[INFO] [stdout] test origin::tests::test_origin_matches ... ok
[INFO] [stdout] test streaming::tests::test_stream_resume ... ok
[INFO] [stdout] test a2a::tests::test_a2a_message_handling ... ok
[INFO] [stdout] test tests::test_transport_config_default ... ok
[INFO] [stdout] test tests::test_transport_builder ... ok
[INFO] [stdout] test streaming::tests::test_stream_basic ... ok
[INFO] [stdout] test session::tests::test_session_touch ... ok
[INFO] [stdout] test a2a::tests::test_a2a_agent_routing ... FAILED
[INFO] [stdout] 
[INFO] [stdout] failures:
[INFO] [stdout] 
[INFO] [stdout] ---- a2a::tests::test_a2a_agent_routing stdout ----
[INFO] [stdout] 
[INFO] [stdout] thread 'a2a::tests::test_a2a_agent_routing' (1944) panicked at src/a2a.rs:402:9:
[INFO] [stdout] assertion failed: result.is_ok()
[INFO] [stdout] stack backtrace:
[INFO] [stdout]    0:     0x61215465f031 - <<std[70759c8f55707aa4]::sys::backtrace::BacktraceLock>::print::DisplayBacktrace as core[df12db4294e9bfd3]::fmt::Display>::fmt
[INFO] [stdout]    1:     0x61215467517a - core[df12db4294e9bfd3]::fmt::write
[INFO] [stdout]    2:     0x612154663c3c - <alloc[2182bb758b4b3781]::vec::Vec<u8> as core[df12db4294e9bfd3]::io::write::Write>::write_fmt
[INFO] [stdout]    3:     0x61215463a326 - std[70759c8f55707aa4]::panicking::default_hook::{closure#0}
[INFO] [stdout]    4:     0x612154656f39 - std[70759c8f55707aa4]::panicking::default_hook
[INFO] [stdout]    5:     0x6121545a7a40 - test[9d35eded1c95d3be]::test_main_inner::<test[9d35eded1c95d3be]::test_main_static::{closure#0}>::{closure#0}
[INFO] [stdout]    6:     0x612154657262 - std[70759c8f55707aa4]::panicking::panic_with_hook
[INFO] [stdout]    7:     0x61215463a404 - std[70759c8f55707aa4]::panicking::panic_handler::{closure#0}
[INFO] [stdout]    8:     0x612154633079 - std[70759c8f55707aa4]::sys::backtrace::__rust_end_short_backtrace::<std[70759c8f55707aa4]::panicking::panic_handler::{closure#0}, !>
[INFO] [stdout]    9:     0x61215463b1bd - __rustc[8fa7c3cbc660c2b3]::rust_begin_unwind
[INFO] [stdout]   10:     0x6121546758dc - core[df12db4294e9bfd3]::panicking::panic_fmt
[INFO] [stdout]   11:     0x6121546758a2 - core[df12db4294e9bfd3]::panicking::panic
[INFO] [stdout]   12:     0x61215447ab30 - ggen_transport[afaaa0542f51f4a9]::a2a::tests::test_a2a_agent_routing::{closure#0}
[INFO] [stdout]   13:     0x612154499f78 - <tokio[c429972203c0acf6]::runtime::scheduler::current_thread::CoreGuard>::block_on::<core[df12db4294e9bfd3]::pin::Pin<&mut core[df12db4294e9bfd3]::pin::Pin<&mut dyn core[df12db4294e9bfd3]::future::future::Future<Output = ()>>>>
[INFO] [stdout]   14:     0x61215449112d - tokio[c429972203c0acf6]::runtime::context::runtime::enter_runtime::<<tokio[c429972203c0acf6]::runtime::scheduler::current_thread::CurrentThread>::block_on<core[df12db4294e9bfd3]::pin::Pin<&mut dyn core[df12db4294e9bfd3]::future::future::Future<Output = ()>>>::{closure#0}, ()>
[INFO] [stdout]   15:     0x61215449005a - <tokio[c429972203c0acf6]::runtime::runtime::Runtime>::block_on::<core[df12db4294e9bfd3]::pin::Pin<&mut dyn core[df12db4294e9bfd3]::future::future::Future<Output = ()>>>
[INFO] [stdout]   16:     0x61215447c9bb - ggen_transport[afaaa0542f51f4a9]::a2a::tests::test_a2a_agent_routing
[INFO] [stdout]   17:     0x612154499bc9 - <ggen_transport[afaaa0542f51f4a9]::a2a::tests::test_a2a_agent_routing::{closure#0} as core[df12db4294e9bfd3]::ops::function::FnOnce<()>>::call_once
[INFO] [stdout]   18:     0x61215459ad2b - test[9d35eded1c95d3be]::__rust_begin_short_backtrace::<core[df12db4294e9bfd3]::result::Result<(), alloc[2182bb758b4b3781]::string::String>, fn() -> core[df12db4294e9bfd3]::result::Result<(), alloc[2182bb758b4b3781]::string::String>>
[INFO] [stdout]   19:     0x6121545a8395 - test[9d35eded1c95d3be]::run_test::{closure#0}
[INFO] [stdout]   20:     0x6121545a1c54 - std[70759c8f55707aa4]::sys::backtrace::__rust_begin_short_backtrace::<test[9d35eded1c95d3be]::run_test::{closure#1}, ()>
[INFO] [stdout]   21:     0x6121545ab4f2 - <std[70759c8f55707aa4]::thread::lifecycle::spawn_unchecked<test[9d35eded1c95d3be]::run_test::{closure#1}, ()>::{closure#1} as core[df12db4294e9bfd3]::ops::function::FnOnce<()>>::call_once::{shim:vtable#0}
[INFO] [stdout]   22:     0x61215465e559 - <std[70759c8f55707aa4]::sys::thread::unix::Thread>::new::thread_start
[INFO] [stdout]   23:     0x76566e591dfa - <unknown>
[INFO] [stdout]   24:     0x76566e6253d4 - clone
[INFO] [stdout]   25:                0x0 - <unknown>
[INFO] [stdout] 
[INFO] [stdout] 
[INFO] [stdout] failures:
[INFO] [stdout]     a2a::tests::test_a2a_agent_routing
[INFO] [stdout] 
[INFO] [stdout] test result: FAILED. 17 passed; 1 failed; 0 ignored; 0 measured; 0 filtered out; finished in 0.11s
[INFO] [stdout] 
[INFO] [stderr] error: test failed, to rerun pass `--lib`
[INFO] running `Command { std: "docker" "inspect" "478b94b91c68a7012d246fcc1b84d37eb40521420e21ca3337bce0cd776f1a3a", kill_on_drop: false }`
[INFO] running `Command { std: "docker" "rm" "-f" "478b94b91c68a7012d246fcc1b84d37eb40521420e21ca3337bce0cd776f1a3a", kill_on_drop: false }`
[INFO] [stdout] 478b94b91c68a7012d246fcc1b84d37eb40521420e21ca3337bce0cd776f1a3a
