[INFO] fetching crate gfs_lib_contract 0.0.20...
[INFO] testing gfs_lib_contract-0.0.20 against 1.99.0-beta.8+cargoflags=--release for beta-release-1.100-2
[INFO] extracting crate gfs_lib_contract 0.0.20 into /workspace/builds/worker-7-tc1/source
[INFO] started tweaking crates.io crate gfs_lib_contract 0.0.20
[INFO] removed 0 missing tests
[INFO] finished tweaking crates.io crate gfs_lib_contract 0.0.20
[INFO] tweaked toml for crates.io crate gfs_lib_contract 0.0.20 written to /workspace/builds/worker-7-tc1/source/Cargo.toml
[INFO] validating manifest of crates.io crate gfs_lib_contract 0.0.20 on toolchain 1.99.0-beta.8
[INFO] running `Command { std: CARGO_HOME="/workspace/cargo-home" RUSTUP_HOME="/workspace/rustup-home" "/workspace/cargo-home/bin/cargo" "+1.99.0-beta.8" "metadata" "--manifest-path" "Cargo.toml" "--no-deps", kill_on_drop: false }`
[INFO] crate crates.io crate gfs_lib_contract 0.0.20 already has a lockfile, it will not be regenerated
[INFO] running `Command { std: CARGO_HOME="/workspace/cargo-home" RUSTUP_HOME="/workspace/rustup-home" "/workspace/cargo-home/bin/cargo" "+1.99.0-beta.8" "fetch" "--manifest-path" "Cargo.toml", kill_on_drop: false }`
[INFO] [stderr]     Updating crates.io index
[INFO] [stderr]  Downloading crates ...
[INFO] [stderr]   Downloaded gfs_lib_types v0.0.20
[INFO] [stderr]   Downloaded gfs_lib_terms v0.0.20
[INFO] [stderr]   Downloaded regex v1.12.1
[INFO] [stderr]   Downloaded regex-syntax v0.8.7
[INFO] [stderr]   Downloaded regex-automata v0.4.12
[INFO] running `Command { std: "docker" "create" "-v" "/var/lib/crater-agent-workspace/builds/worker-7-tc1/source:/opt/rustwide/workdir:ro,Z" "-v" "/var/lib/crater-agent-workspace/builds/worker-7-tc1/target:/opt/rustwide/target:rw,Z" "-v" "/var/lib/crater-agent-workspace/cargo-home:/opt/rustwide/cargo-home:ro,Z" "-v" "/var/lib/crater-agent-workspace/rustup-home:/opt/rustwide/rustup-home:ro,Z" "-m" "1610612736" "--network" "none" "ghcr.io/rust-lang/crates-build-env/linux@sha256:77db811e55d90add9212f6832c23229e3de5f1c1f9905e8cb07319ea15df73ac" "sleep" "infinity", kill_on_drop: false }`
[INFO] [stdout] fd4541335ade96542d6945deccc077616a4d9b321ea456f5445202aa8593df5f
[INFO] running `Command { std: "docker" "start" "fd4541335ade96542d6945deccc077616a4d9b321ea456f5445202aa8593df5f", kill_on_drop: false }`
[INFO] running `Command { std: "docker" "inspect" "fd4541335ade96542d6945deccc077616a4d9b321ea456f5445202aa8593df5f", kill_on_drop: false }`
[INFO] running `Command { std: "docker" "exec" "-e" "SOURCE_DIR=/opt/rustwide/workdir" "-e" "CARGO_HOME=/opt/rustwide/cargo-home" "-e" "RUSTUP_HOME=/opt/rustwide/rustup-home" "-e" "CARGO_TARGET_DIR=/opt/rustwide/target" "-w" "/opt/rustwide/workdir" "--user" "0:0" "fd4541335ade96542d6945deccc077616a4d9b321ea456f5445202aa8593df5f" "/opt/rustwide/cargo-home/bin/cargo" "+1.99.0-beta.8" "metadata" "--no-deps" "--format-version=1", kill_on_drop: false }`
[INFO] running `Command { std: "docker" "inspect" "fd4541335ade96542d6945deccc077616a4d9b321ea456f5445202aa8593df5f", kill_on_drop: false }`
[INFO] running `Command { std: "docker" "exec" "-e" "SOURCE_DIR=/opt/rustwide/workdir" "-e" "CARGO_HOME=/opt/rustwide/cargo-home" "-e" "RUSTUP_HOME=/opt/rustwide/rustup-home" "-e" "CARGO_TARGET_DIR=/opt/rustwide/target" "-e" "CARGO_INCREMENTAL=0" "-e" "RUST_BACKTRACE=full" "-e" "RUSTFLAGS=--cap-lints=warn" "-e" "RUSTDOCFLAGS=--cap-lints=warn" "-w" "/opt/rustwide/workdir" "--user" "0:0" "fd4541335ade96542d6945deccc077616a4d9b321ea456f5445202aa8593df5f" "/opt/rustwide/cargo-home/bin/cargo" "+1.99.0-beta.8" "build" "--frozen" "--message-format=json" "--release", kill_on_drop: false }`
[INFO] [stderr]    Compiling proc-macro2 v1.0.101
[INFO] [stderr]    Compiling quote v1.0.41
[INFO] [stderr]    Compiling memchr v2.7.6
[INFO] [stderr]    Compiling serde_json v1.0.145
[INFO] [stderr]    Compiling regex-syntax v0.8.7
[INFO] [stderr]    Compiling iana-time-zone v0.1.64
[INFO] [stderr]    Compiling log v0.4.28
[INFO] [stderr]    Compiling chrono v0.4.42
[INFO] [stderr]    Compiling aho-corasick v1.1.3
[INFO] [stderr]    Compiling syn v2.0.106
[INFO] [stderr]    Compiling regex-automata v0.4.12
[INFO] [stderr]    Compiling serde_derive v1.0.228
[INFO] [stderr]    Compiling regex v1.12.1
[INFO] [stderr]    Compiling serde v1.0.228
[INFO] [stderr]    Compiling gfs_lib_types v0.0.20
[INFO] [stderr]    Compiling gfs_lib_terms v0.0.20
[INFO] [stderr]    Compiling gfs_lib_contract v0.0.20 (/opt/rustwide/workdir)
[INFO] [stderr]     Finished `release` profile [optimized] target(s) in 43.10s
[INFO] running `Command { std: "docker" "inspect" "fd4541335ade96542d6945deccc077616a4d9b321ea456f5445202aa8593df5f", kill_on_drop: false }`
[INFO] running `Command { std: "docker" "exec" "-e" "SOURCE_DIR=/opt/rustwide/workdir" "-e" "CARGO_HOME=/opt/rustwide/cargo-home" "-e" "RUSTUP_HOME=/opt/rustwide/rustup-home" "-e" "CARGO_TARGET_DIR=/opt/rustwide/target" "-e" "CARGO_INCREMENTAL=0" "-e" "RUST_BACKTRACE=full" "-e" "RUSTFLAGS=--cap-lints=warn" "-e" "RUSTDOCFLAGS=--cap-lints=warn" "-w" "/opt/rustwide/workdir" "--user" "0:0" "fd4541335ade96542d6945deccc077616a4d9b321ea456f5445202aa8593df5f" "/opt/rustwide/cargo-home/bin/cargo" "+1.99.0-beta.8" "test" "--frozen" "--no-run" "--message-format=json" "--release", kill_on_drop: false }`
[INFO] [stderr]    Compiling gfs_lib_contract v0.0.20 (/opt/rustwide/workdir)
[INFO] [stdout] warning: unused variable: `contract_terms_dict`
[INFO] [stdout]   --> tests/test_swaps.rs:34:13
[INFO] [stdout]    |
[INFO] [stdout] 34 |         let contract_terms_dict = load_test_case_terms(&pathx, test_id).unwrap();
[INFO] [stdout]    |             ^^^^^^^^^^^^^^^^^^^ help: if this is intentional, prefix it with an underscore: `_contract_terms_dict`
[INFO] [stdout]    |
[INFO] [stdout]    = note: `#[warn(unused_variables)]` (part of `#[warn(unused)]`) on by default
[INFO] [stdout] 
[INFO] [stdout] 
[INFO] [stdout] warning: unused variable: `contract_contract_structure`
[INFO] [stdout]   --> tests/test_swaps.rs:38:13
[INFO] [stdout]    |
[INFO] [stdout] 38 |         let contract_contract_structure = load_test_case_contract_structure(&curr_test);
[INFO] [stdout]    |             ^^^^^^^^^^^^^^^^^^^^^^^^^^^ help: if this is intentional, prefix it with an underscore: `_contract_contract_structure`
[INFO] [stdout] 
[INFO] [stdout] 
[INFO] [stderr]     Finished `release` profile [optimized] target(s) in 12.78s
[INFO] running `Command { std: "docker" "inspect" "fd4541335ade96542d6945deccc077616a4d9b321ea456f5445202aa8593df5f", kill_on_drop: false }`
[INFO] running `Command { std: "docker" "exec" "-e" "SOURCE_DIR=/opt/rustwide/workdir" "-e" "CARGO_HOME=/opt/rustwide/cargo-home" "-e" "RUSTUP_HOME=/opt/rustwide/rustup-home" "-e" "CARGO_TARGET_DIR=/opt/rustwide/target" "-e" "CARGO_INCREMENTAL=0" "-e" "RUST_BACKTRACE=full" "-e" "RUSTFLAGS=--cap-lints=warn" "-e" "RUSTDOCFLAGS=--cap-lints=warn" "-w" "/opt/rustwide/workdir" "--user" "0:0" "fd4541335ade96542d6945deccc077616a4d9b321ea456f5445202aa8593df5f" "/opt/rustwide/cargo-home/bin/cargo" "+1.99.0-beta.8" "test" "--frozen" "--release", kill_on_drop: false }`
[INFO] [stderr] warning: unused variable: `contract_terms_dict`
[INFO] [stderr]   --> tests/test_swaps.rs:34:13
[INFO] [stderr]    |
[INFO] [stderr] 34 |         let contract_terms_dict = load_test_case_terms(&pathx, test_id).unwrap();
[INFO] [stderr]    |             ^^^^^^^^^^^^^^^^^^^ help: if this is intentional, prefix it with an underscore: `_contract_terms_dict`
[INFO] [stderr]    |
[INFO] [stderr]    = note: `#[warn(unused_variables)]` (part of `#[warn(unused)]`) on by default
[INFO] [stderr] 
[INFO] [stderr] warning: unused variable: `contract_contract_structure`
[INFO] [stderr]   --> tests/test_swaps.rs:38:13
[INFO] [stderr]    |
[INFO] [stderr] 38 |         let contract_contract_structure = load_test_case_contract_structure(&curr_test);
[INFO] [stderr]    |             ^^^^^^^^^^^^^^^^^^^^^^^^^^^ help: if this is intentional, prefix it with an underscore: `_contract_contract_structure`
[INFO] [stderr] 
[INFO] [stderr] warning: `gfs_lib_contract` (test "test_swaps") generated 2 warnings (run `cargo fix --test "test_swaps" -p gfs_lib_contract` to apply 2 suggestions)
[INFO] [stderr]     Finished `release` profile [optimized] target(s) in 0.06s
[INFO] [stderr]      Running unittests src/lib.rs (/opt/rustwide/target/release/deps/gfs_lib_contract-dce9b0c7ac83bddb)
[INFO] [stdout] 
[INFO] [stdout] running 0 tests
[INFO] [stdout] 
[INFO] [stdout] test result: ok. 0 passed; 0 failed; 0 ignored; 0 measured; 0 filtered out; finished in 0.00s
[INFO] [stdout] 
[INFO] [stderr]      Running tests/test_fxout.rs (/opt/rustwide/target/release/deps/test_fxout-fa3cccfb6dde2644)
[INFO] [stdout] 
[INFO] [stdout] running 1 test
[INFO] [stdout] test test_fxout_contract_creation ... ok
[INFO] [stdout] 
[INFO] [stdout] test result: ok. 1 passed; 0 failed; 0 ignored; 0 measured; 0 filtered out; finished in 0.01s
[INFO] [stdout] 
[INFO] [stderr]      Running tests/test_pam.rs (/opt/rustwide/target/release/deps/test_pam-99524f2a5d39a9af)
[INFO] [stdout] 
[INFO] [stdout] running 1 test
[INFO] [stderr]      Running tests/test_stk.rs (/opt/rustwide/target/release/deps/test_stk-3cdd44d3746be7ed)
[INFO] [stdout] test test_pam_contract_creation ... ok
[INFO] [stdout] 
[INFO] [stdout] test result: ok. 1 passed; 0 failed; 0 ignored; 0 measured; 0 filtered out; finished in 0.12s
[INFO] [stdout] 
[INFO] [stdout] 
[INFO] [stdout] running 1 test
[INFO] [stdout] test test_stk_contract_creation ... ok
[INFO] [stderr]      Running tests/test_swaps.rs (/opt/rustwide/target/release/deps/test_swaps-6f2316cfe22deb00)
[INFO] [stdout] 
[INFO] [stdout] test result: ok. 1 passed; 0 failed; 0 ignored; 0 measured; 0 filtered out; finished in 0.02s
[INFO] [stdout] 
[INFO] [stdout] 
[INFO] [stdout] running 1 test
[INFO] [stdout] test test_swaps_contract_creation ... FAILED
[INFO] [stdout] 
[INFO] [stdout] failures:
[INFO] [stdout] 
[INFO] [stdout] ---- test_swaps_contract_creation stdout ----
[INFO] [stdout] 
[INFO] [stdout] thread 'test_swaps_contract_creation' (928) panicked at tests/test_swaps.rs:47:11:
[INFO] [stdout] Error creating swaps contract: "Unknown contract type SWAPS"
[INFO] [stdout] stack backtrace:
[INFO] [stdout]    0:     0x634408e0fcf1 - <<std[70759c8f55707aa4]::sys::backtrace::BacktraceLock>::print::DisplayBacktrace as core[df12db4294e9bfd3]::fmt::Display>::fmt
[INFO] [stdout]    1:     0x634408e26ada - core[df12db4294e9bfd3]::fmt::write
[INFO] [stdout]    2:     0x634408e1418c - <alloc[2182bb758b4b3781]::vec::Vec<u8> as core[df12db4294e9bfd3]::io::write::Write>::write_fmt
[INFO] [stdout]    3:     0x634408dec2e6 - std[70759c8f55707aa4]::panicking::default_hook::{closure#0}
[INFO] [stdout]    4:     0x634408e08459 - std[70759c8f55707aa4]::panicking::default_hook
[INFO] [stdout]    5:     0x634408c77810 - test[9d35eded1c95d3be]::test_main_inner::<test[9d35eded1c95d3be]::test_main_static::{closure#0}>::{closure#0}
[INFO] [stdout]    6:     0x634408e08612 - std[70759c8f55707aa4]::panicking::panic_with_hook
[INFO] [stdout]    7:     0x634408dec392 - std[70759c8f55707aa4]::panicking::panic_handler::{closure#0}
[INFO] [stdout]    8:     0x634408de5119 - std[70759c8f55707aa4]::sys::backtrace::__rust_end_short_backtrace::<std[70759c8f55707aa4]::panicking::panic_handler::{closure#0}, !>
[INFO] [stdout]    9:     0x634408decf8d - __rustc[8fa7c3cbc660c2b3]::rust_begin_unwind
[INFO] [stdout]   10:     0x634408e272bc - core[df12db4294e9bfd3]::panicking::panic_fmt
[INFO] [stdout]   11:     0x634408e27092 - core[df12db4294e9bfd3]::result::unwrap_failed
[INFO] [stdout]   12:     0x634408c6504c - <test_swaps[8b595e4f9092a17b]::test_swaps_contract_creation::{closure#0} as core[df12db4294e9bfd3]::ops::function::FnOnce<()>>::call_once
[INFO] [stdout]   13:     0x634408c6aafb - test[9d35eded1c95d3be]::__rust_begin_short_backtrace::<core[df12db4294e9bfd3]::result::Result<(), alloc[2182bb758b4b3781]::string::String>, fn() -> core[df12db4294e9bfd3]::result::Result<(), alloc[2182bb758b4b3781]::string::String>>
[INFO] [stdout]   14:     0x634408c78165 - test[9d35eded1c95d3be]::run_test::{closure#0}
[INFO] [stdout]   15:     0x634408c71a24 - std[70759c8f55707aa4]::sys::backtrace::__rust_begin_short_backtrace::<test[9d35eded1c95d3be]::run_test::{closure#1}, ()>
[INFO] [stdout]   16:     0x634408c7b2c2 - <std[70759c8f55707aa4]::thread::lifecycle::spawn_unchecked<test[9d35eded1c95d3be]::run_test::{closure#1}, ()>::{closure#1} as core[df12db4294e9bfd3]::ops::function::FnOnce<()>>::call_once::{shim:vtable#0}
[INFO] [stdout]   17:     0x634408e0f5c9 - <std[70759c8f55707aa4]::sys::thread::unix::Thread>::new::thread_start
[INFO] [stdout]   18:     0x7d1d0f90bdfa - <unknown>
[INFO] [stdout]   19:     0x7d1d0f99f3d4 - clone
[INFO] [stdout]   20:                0x0 - <unknown>
[INFO] [stdout] 
[INFO] [stdout] 
[INFO] [stdout] failures:
[INFO] [stdout]     test_swaps_contract_creation
[INFO] [stdout] 
[INFO] [stdout] test result: FAILED. 0 passed; 1 failed; 0 ignored; 0 measured; 0 filtered out; finished in 0.01s
[INFO] [stdout] 
[INFO] [stderr] error: test failed, to rerun pass `--test test_swaps`
[INFO] running `Command { std: "docker" "inspect" "fd4541335ade96542d6945deccc077616a4d9b321ea456f5445202aa8593df5f", kill_on_drop: false }`
[INFO] running `Command { std: "docker" "rm" "-f" "fd4541335ade96542d6945deccc077616a4d9b321ea456f5445202aa8593df5f", kill_on_drop: false }`
[INFO] [stdout] fd4541335ade96542d6945deccc077616a4d9b321ea456f5445202aa8593df5f
