[INFO] fetching crate gfeh-http 0.2.0...
[INFO] testing gfeh-http-0.2.0 against 1.100.0-beta.1+cargoflags=--release for beta-release-1.100-2
[INFO] extracting crate gfeh-http 0.2.0 into /workspace/builds/worker-7-tc2/source
[INFO] started tweaking crates.io crate gfeh-http 0.2.0
[INFO] removed 0 missing tests
[INFO] finished tweaking crates.io crate gfeh-http 0.2.0
[INFO] tweaked toml for crates.io crate gfeh-http 0.2.0 written to /workspace/builds/worker-7-tc2/source/Cargo.toml
[INFO] validating manifest of crates.io crate gfeh-http 0.2.0 on toolchain 1.100.0-beta.1
[INFO] running `Command { std: CARGO_HOME="/workspace/cargo-home" RUSTUP_HOME="/workspace/rustup-home" "/workspace/cargo-home/bin/cargo" "+1.100.0-beta.1" "metadata" "--manifest-path" "Cargo.toml" "--no-deps", kill_on_drop: false }`
[INFO] crate crates.io crate gfeh-http 0.2.0 already has a lockfile, it will not be regenerated
[INFO] running `Command { std: CARGO_HOME="/workspace/cargo-home" RUSTUP_HOME="/workspace/rustup-home" "/workspace/cargo-home/bin/cargo" "+1.100.0-beta.1" "fetch" "--manifest-path" "Cargo.toml", kill_on_drop: false }`
[INFO] running `Command { std: "docker" "create" "-v" "/var/lib/crater-agent-workspace/builds/worker-7-tc2/source:/opt/rustwide/workdir:ro,Z" "-v" "/var/lib/crater-agent-workspace/builds/worker-7-tc2/target:/opt/rustwide/target:rw,Z" "-v" "/var/lib/crater-agent-workspace/cargo-home:/opt/rustwide/cargo-home:ro,Z" "-v" "/var/lib/crater-agent-workspace/rustup-home:/opt/rustwide/rustup-home:ro,Z" "-m" "1610612736" "--network" "none" "ghcr.io/rust-lang/crates-build-env/linux@sha256:77db811e55d90add9212f6832c23229e3de5f1c1f9905e8cb07319ea15df73ac" "sleep" "infinity", kill_on_drop: false }`
[INFO] [stdout] 7e2ccb41591eacadc77316f4c018aac104c11a794823f192d99ad001d17528c1
[INFO] running `Command { std: "docker" "start" "7e2ccb41591eacadc77316f4c018aac104c11a794823f192d99ad001d17528c1", kill_on_drop: false }`
[INFO] running `Command { std: "docker" "inspect" "7e2ccb41591eacadc77316f4c018aac104c11a794823f192d99ad001d17528c1", kill_on_drop: false }`
[INFO] running `Command { std: "docker" "exec" "-e" "SOURCE_DIR=/opt/rustwide/workdir" "-e" "CARGO_HOME=/opt/rustwide/cargo-home" "-e" "RUSTUP_HOME=/opt/rustwide/rustup-home" "-e" "CARGO_TARGET_DIR=/opt/rustwide/target" "-w" "/opt/rustwide/workdir" "--user" "0:0" "7e2ccb41591eacadc77316f4c018aac104c11a794823f192d99ad001d17528c1" "/opt/rustwide/cargo-home/bin/cargo" "+1.100.0-beta.1" "metadata" "--no-deps" "--format-version=1", kill_on_drop: false }`
[INFO] running `Command { std: "docker" "inspect" "7e2ccb41591eacadc77316f4c018aac104c11a794823f192d99ad001d17528c1", kill_on_drop: false }`
[INFO] running `Command { std: "docker" "exec" "-e" "SOURCE_DIR=/opt/rustwide/workdir" "-e" "CARGO_HOME=/opt/rustwide/cargo-home" "-e" "RUSTUP_HOME=/opt/rustwide/rustup-home" "-e" "CARGO_TARGET_DIR=/opt/rustwide/target" "-e" "CARGO_INCREMENTAL=0" "-e" "RUST_BACKTRACE=full" "-e" "RUSTFLAGS=--cap-lints=warn" "-e" "RUSTDOCFLAGS=--cap-lints=warn" "-w" "/opt/rustwide/workdir" "--user" "0:0" "7e2ccb41591eacadc77316f4c018aac104c11a794823f192d99ad001d17528c1" "/opt/rustwide/cargo-home/bin/cargo" "+1.100.0-beta.1" "build" "--frozen" "--message-format=json" "--release", kill_on_drop: false }`
[INFO] [stderr]    Compiling displaydoc v0.2.7
[INFO] [stderr]    Compiling tokio-macros v2.7.2
[INFO] [stderr]    Compiling cc v1.4.0
[INFO] [stderr]    Compiling tracing v0.1.44
[INFO] [stderr]    Compiling futures-util v0.3.33
[INFO] [stderr]    Compiling serde_derive v1.0.229
[INFO] [stderr]    Compiling data-encoding v2.11.0
[INFO] [stderr]    Compiling match-lookup v0.1.2
[INFO] [stderr]    Compiling const-str v0.4.3
[INFO] [stderr]    Compiling unicase v2.9.0
[INFO] [stderr]    Compiling bitflags v2.13.1
[INFO] [stderr]    Compiling base-x v0.2.11
[INFO] [stderr]    Compiling base45 v3.2.0
[INFO] [stderr]    Compiling unsigned-varint v0.8.0
[INFO] [stderr]    Compiling serde_bytes v0.11.19
[INFO] [stderr]    Compiling thiserror-impl v2.0.19
[INFO] [stderr]    Compiling uuid v1.24.0
[INFO] [stderr]    Compiling base256emoji v1.0.2
[INFO] [stderr]    Compiling mime_guess v2.0.5
[INFO] [stderr]    Compiling axum-core v0.5.6
[INFO] [stderr]    Compiling tracing-subscriber v0.3.23
[INFO] [stderr]    Compiling md-5 v0.10.6
[INFO] [stderr]    Compiling async-trait v0.1.91
[INFO] [stderr]    Compiling tinystr v0.8.3
[INFO] [stderr]    Compiling zerotrie v0.2.4
[INFO] [stderr]    Compiling icu_collections v2.1.1
[INFO] [stderr]    Compiling tokio v1.53.1
[INFO] [stderr]    Compiling icu_locale_core v2.1.1
[INFO] [stderr]    Compiling data-encoding-macro-internal v0.1.18
[INFO] [stderr]    Compiling data-encoding-macro v0.1.20
[INFO] [stderr]    Compiling multibase v0.9.3
[INFO] [stderr]    Compiling ring v0.17.14
[INFO] [stderr]    Compiling thiserror v2.0.19
[INFO] [stderr]    Compiling icu_provider v2.1.1
[INFO] [stderr]    Compiling icu_normalizer v2.1.1
[INFO] [stderr]    Compiling icu_properties v2.1.2
[INFO] [stderr]    Compiling serde v1.0.229
[INFO] [stderr]    Compiling idna_adapter v1.2.1
[INFO] [stderr]    Compiling idna v1.1.0
[INFO] [stderr]    Compiling multihash v0.19.5
[INFO] [stderr]    Compiling serde_urlencoded v0.7.1
[INFO] [stderr]    Compiling cid v0.11.3
[INFO] [stderr]    Compiling url v2.5.8
[INFO] [stderr]    Compiling futures-executor v0.3.33
[INFO] [stderr]    Compiling futures v0.3.33
[INFO] [stderr]    Compiling gfeh-core v0.2.0
[INFO] [stderr]    Compiling hyper v1.11.0
[INFO] [stderr]    Compiling tower v0.5.3
[INFO] [stderr]    Compiling tokio-util v0.7.19
[INFO] [stderr]    Compiling tower-http v0.6.11
[INFO] [stderr]    Compiling hyper-util v0.1.20
[INFO] [stderr]    Compiling axum v0.8.9
[INFO] [stderr]    Compiling rustls v0.23.43
[INFO] [stderr]    Compiling rustls-webpki v0.103.13
[INFO] [stderr]    Compiling tokio-rustls v0.26.4
[INFO] [stderr]    Compiling hyper-rustls v0.27.9
[INFO] [stderr]    Compiling reqwest v0.12.28
[INFO] [stderr]    Compiling gfeh-http v0.2.0 (/opt/rustwide/workdir)
[INFO] [stderr]     Finished `release` profile [optimized] target(s) in 1m 22s
[INFO] running `Command { std: "docker" "inspect" "7e2ccb41591eacadc77316f4c018aac104c11a794823f192d99ad001d17528c1", kill_on_drop: false }`
[INFO] running `Command { std: "docker" "exec" "-e" "SOURCE_DIR=/opt/rustwide/workdir" "-e" "CARGO_HOME=/opt/rustwide/cargo-home" "-e" "RUSTUP_HOME=/opt/rustwide/rustup-home" "-e" "CARGO_TARGET_DIR=/opt/rustwide/target" "-e" "CARGO_INCREMENTAL=0" "-e" "RUST_BACKTRACE=full" "-e" "RUSTFLAGS=--cap-lints=warn" "-e" "RUSTDOCFLAGS=--cap-lints=warn" "-w" "/opt/rustwide/workdir" "--user" "0:0" "7e2ccb41591eacadc77316f4c018aac104c11a794823f192d99ad001d17528c1" "/opt/rustwide/cargo-home/bin/cargo" "+1.100.0-beta.1" "test" "--frozen" "--no-run" "--message-format=json" "--release", kill_on_drop: false }`
[INFO] [stderr]    Compiling libsqlite3-sys v0.38.1
[INFO] [stderr]    Compiling hashlink v0.12.1
[INFO] [stderr]    Compiling tokio-util v0.7.19
[INFO] [stderr]    Compiling reqwest v0.12.28
[INFO] [stderr]    Compiling gfeh-http v0.2.0 (/opt/rustwide/workdir)
[INFO] [stderr]    Compiling rusqlite v0.40.1
[INFO] [stderr]    Compiling gfeh-index v0.2.0
[INFO] [stderr]    Compiling gfeh-vfs v0.2.0
[INFO] [stderr]    Compiling gfeh-store v0.2.0
[INFO] [stderr]     Finished `release` profile [optimized] target(s) in 2m 25s
[INFO] running `Command { std: "docker" "inspect" "7e2ccb41591eacadc77316f4c018aac104c11a794823f192d99ad001d17528c1", kill_on_drop: false }`
[INFO] running `Command { std: "docker" "exec" "-e" "SOURCE_DIR=/opt/rustwide/workdir" "-e" "CARGO_HOME=/opt/rustwide/cargo-home" "-e" "RUSTUP_HOME=/opt/rustwide/rustup-home" "-e" "CARGO_TARGET_DIR=/opt/rustwide/target" "-e" "CARGO_INCREMENTAL=0" "-e" "RUST_BACKTRACE=full" "-e" "RUSTFLAGS=--cap-lints=warn" "-e" "RUSTDOCFLAGS=--cap-lints=warn" "-w" "/opt/rustwide/workdir" "--user" "0:0" "7e2ccb41591eacadc77316f4c018aac104c11a794823f192d99ad001d17528c1" "/opt/rustwide/cargo-home/bin/cargo" "+1.100.0-beta.1" "test" "--frozen" "--release", kill_on_drop: false }`
[INFO] [stderr]     Finished `release` profile [optimized] target(s) in 0.23s
[INFO] [stderr]      Running unittests src/lib.rs (/opt/rustwide/target/release/build/gfeh-http/318b4ea0055a7998/out/gfeh_http-318b4ea0055a7998)
[INFO] [stdout] 
[INFO] [stdout] running 72 tests
[INFO] [stdout] test auth::tests::the_cookie_that_ends_a_session_matches_the_one_that_started_it ... ok
[INFO] [stdout] test auth::tests::two_sessions_never_share_a_token_or_a_csrf_token ... ok
[INFO] [stdout] test console::access::tests::a_disabled_link_reads_as_private ... ok
[INFO] [stdout] test auth::tests::a_session_cookie_is_scoped_to_the_console_and_hidden_from_script ... ok
[INFO] [stdout] test auth::tests::logging_out_ends_the_session_rather_than_waiting_for_it_to_expire ... ok
[INFO] [stdout] test auth::tests::an_expired_session_stops_resolving ... ok
[INFO] [stdout] test auth::tests::a_session_resolves_until_it_expires ... ok
[INFO] [stdout] test auth::tests::a_correct_credential_names_its_principal ... ok
[INFO] [stdout] test console::access::tests::a_private_file_reports_no_token_at_all ... ok
[INFO] [stdout] test console::files::tests::a_directory_is_never_asked_about_publication ... ok
[INFO] [stdout] test console::files::tests::a_published_file_carries_the_link_into_the_listing ... ok
[INFO] [stdout] test console::files::tests::a_file_is_reported_as_private_until_it_is_published ... ok
[INFO] [stdout] test console::files::tests::a_missing_query_parameter_reads_as_the_root_rather_than_failing ... ok
[INFO] [stdout] test console::files::tests::a_path_splits_into_the_directory_and_the_name ... ok
[INFO] [stdout] test auth::tests::a_cookie_header_yields_the_one_cookie_asked_for ... ok
[INFO] [stdout] test auth::tests::expired_sessions_are_swept_when_a_new_one_begins ... ok
[INFO] [stdout] test console::files::tests::an_entry_is_described_by_its_full_path_rather_than_its_name ... ok
[INFO] [stdout] test console::files::tests::an_upload_answers_with_what_was_stored ... ok
[INFO] [stdout] test console::files::tests::every_node_kind_has_a_name_the_console_can_render ... ok
[INFO] [stdout] test console::tests::a_traversal_cannot_be_named ... ok
[INFO] [stdout] test auth::tests::every_other_credential_is_refused_identically ... ok
[INFO] [stdout] test console::access::tests::a_public_file_reports_the_link_the_browser_should_resolve ... ok
[INFO] [stdout] test console::tests::a_write_carrying_the_session_token_is_allowed ... ok
[INFO] [stdout] test auth::tests::an_account_naming_a_reserved_principal_cannot_log_in ... ok
[INFO] [stdout] test console::tests::a_write_without_the_session_token_is_refused ... ok
[INFO] [stdout] test console::tests::every_error_variant_maps_to_something_deliberate ... ok
[INFO] [stdout] test console::tests::store_failures_carry_the_status_a_client_branches_on ... ok
[INFO] [stdout] test console::tests::the_console_is_configured_rather_than_assumed ... ok
[INFO] [stdout] test console::session::tests::a_login_and_a_who_am_i_answer_the_same_shape ... ok
[INFO] [stdout] test exposure::tests::a_disabled_link_is_replaced_rather_than_re_enabled ... ok
[INFO] [stdout] test exposure::tests::a_private_file_reports_no_link ... ok
[INFO] [stdout] test exposure::tests::a_published_token_resolves_and_an_unknown_one_does_not ... ok
[INFO] [stdout] test exposure::tests::a_table_that_only_resolves_says_so_rather_than_failing_obscurely ... ok
[INFO] [stdout] test console::tests::a_cookie_naming_no_session_is_unauthorized ... ok
[INFO] [stdout] test exposure::tests::disabling_keeps_the_token_and_clears_the_link ... ok
[INFO] [stdout] test i18n::tests::a_browser_is_answered_in_the_language_it_asked_for ... ok
[INFO] [stdout] test console::tests::a_live_session_names_its_principal ... ok
[INFO] [stdout] test console::tests::a_read_needs_no_echoed_token ... ok
[INFO] [stdout] test i18n::tests::a_language_with_several_catalogs_has_a_named_default ... ok
[INFO] [stdout] test console::tests::a_request_with_no_cookie_is_unauthorized ... ok
[INFO] [stdout] test exposure::tests::publishing_twice_does_not_rotate_a_link_already_sent ... ok
[INFO] [stdout] test exposure::tests::withdrawing_a_file_that_was_never_published_is_not_a_failure ... ok
[INFO] [stdout] test exposure::tests::withdrawing_removes_it ... ok
[INFO] [stdout] test i18n::tests::a_country_we_ship_nothing_for_lands_where_its_readers_are ... ok
[INFO] [stdout] test i18n::tests::a_deployments_default_applies_last_and_only_where_nothing_else_does ... ok
[INFO] [stdout] test auth::tests::an_empty_table_authenticates_nobody ... ok
[INFO] [stdout] test i18n::tests::every_catalog_file_is_registered_and_every_registration_has_a_file ... ok
[INFO] [stdout] test auth::tests::nothing_secret_reaches_a_formatter ... ok
[INFO] [stdout] test i18n::tests::a_catalog_may_not_inherit_from_itself_or_go_in_a_circle ... ok
[INFO] [stdout] test i18n::tests::chinese_is_resolved_by_script_rather_than_by_a_default ... ok
[INFO] [stdout] test i18n::tests::a_choice_outranks_a_preference_and_a_cookie_outranks_a_header ... ok
[INFO] [stdout] test i18n::tests::a_bundle_for_a_locale_nobody_ships_is_the_default_one ... ok
[INFO] [stdout] test i18n::tests::a_variant_inherits_its_base_and_overrides_only_what_it_says_differently ... ok
[INFO] [stdout] test i18n::tests::every_key_a_catalog_carries_is_one_the_console_uses ... ok
[INFO] [stdout] test i18n::tests::a_missing_key_is_answered_with_the_key_rather_than_with_nothing ... ok
[INFO] [stdout] test i18n::tests::every_key_the_console_asks_for_exists ... ok
[INFO] [stdout] test exposure::tests::re_publishing_a_withdrawn_file_mints_a_new_link ... ok
[INFO] [stdout] test i18n::tests::every_catalog_carries_every_key ... ok
[INFO] [stdout] test i18n::tests::anything_unusable_falls_back_to_english_rather_than_failing ... ok
[INFO] [stdout] test i18n::tests::an_arabic_bundle_says_which_way_it_runs ... ok
[INFO] [stdout] test i18n::tests::every_store_failure_has_something_to_say_in_every_language ... ok
[INFO] [stdout] test i18n::tests::every_placeholder_survives_translation ... ok
[INFO] [stdout] test auth::tests::secure_is_configuration_because_no_view_terminates_tls ... ok
[INFO] [stdout] test i18n::tests::no_catalog_is_empty_or_carries_an_empty_string ... ok
[INFO] [stdout] test i18n::tests::the_reserved_keys_never_reach_the_browser ... ok
[INFO] [stdout] test i18n::tests::arabic_is_the_only_thing_that_runs_right_to_left ... ok
[INFO] [stdout] test i18n::tests::no_translation_is_left_in_english_by_accident ... ok
[INFO] [stdout] test i18n::tests::quality_values_decide_the_order ... ok
[INFO] [stdout] test i18n::tests::the_bundle_carries_one_catalog_and_the_whole_picker ... ok
[INFO] [stdout] test i18n::tests::the_locale_list_leads_with_the_default_and_hides_the_shared_base ... ok
[INFO] [stdout] test i18n::tests::the_pages_own_english_says_what_the_catalog_says ... ok
[INFO] [stdout] test auth::tests::an_unknown_username_costs_the_same_derivation_as_a_known_one ... ok
[INFO] [stdout] 
[INFO] [stdout] test result: ok. 72 passed; 0 failed; 0 ignored; 0 measured; 0 filtered out; finished in 0.18s
[INFO] [stdout] 
[INFO] [stderr]      Running tests/conformance.rs (/opt/rustwide/target/release/build/gfeh-http/3fe71e9b67668e40/out/conformance-3fe71e9b67668e40)
[INFO] [stdout] 
[INFO] [stdout] running 6 tests
[INFO] [stdout] test every_case_has_a_distinct_name ... ok
[INFO] [stdout] test a_failing_backend_is_reported_rather_than_aborting_the_run ... ok
[INFO] [stdout] test the_in_memory_reference_is_conformant ... ok
[INFO] [stdout] test only_the_cases_that_never_touch_the_store_survive_one_that_does_nothing ... ok
[INFO] [stdout] test the_composed_namespace_is_conformant ... ok
[INFO] [stdout] test a_filesystem_partition_is_conformant ... ok
[INFO] [stdout] 
[INFO] [stdout] test result: ok. 6 passed; 0 failed; 0 ignored; 0 measured; 0 filtered out; finished in 4.46s
[INFO] [stdout] 
[INFO] [stderr]      Running tests/console.rs (/opt/rustwide/target/release/build/gfeh-http/d4ee88ff21210753/out/console-d4ee88ff21210753)
[INFO] [stdout] 
[INFO] [stdout] running 15 tests
[INFO] [stdout] test a_console_upload_is_visible_through_the_store_it_wrote_to ... ok
[INFO] [stdout] test a_console_with_no_accounts_authenticates_nobody ... ok
[INFO] [stdout] test a_secure_cookie_is_asked_for_rather_than_assumed ... ok
[INFO] [stdout] test one_catalog_crosses_the_wire_and_the_whole_picker_with_it ... ok
[INFO] [stdout] test the_catalog_is_never_cached_by_something_in_the_middle ... ok
[INFO] [stdout] test the_console_answers_in_the_language_the_browser_asked_for ... ok
[INFO] [stdout] test the_page_carries_the_headers_that_contain_a_bad_filename ... ok
[INFO] [stdout] test a_view_with_no_console_serves_no_console ... ok
[INFO] [stdout] test the_console_records_route_patterns_and_never_a_path ... ok
[INFO] [stdout] test the_page_names_a_key_for_every_word_it_shows ... ok
[INFO] [stdout] test a_right_to_left_catalog_says_so_before_the_page_draws ... ok
[INFO] [stdout] test a_chosen_language_outlives_the_browsers_own_preference ... ok
[INFO] [stdout] test a_console_over_a_table_that_cannot_publish_says_so_instead_of_failing_later ... ok
[INFO] [stdout] test a_session_is_not_a_way_to_read_an_unpublished_file_over_a_link ... ok
[INFO] [stdout] test a_session_stops_working_when_it_expires ... ok
[INFO] [stdout] 
[INFO] [stdout] test result: ok. 15 passed; 0 failed; 0 ignored; 0 measured; 0 filtered out; finished in 0.28s
[INFO] [stdout] 
[INFO] [stderr]      Running tests/third_party_conformance.rs (/opt/rustwide/target/release/build/gfeh-http/b98cd3d81a8f1148/out/third_party_conformance-b98cd3d81a8f1148)
[INFO] [stdout] 
[INFO] [stdout] running 11 tests
[INFO] [stdout] test a_real_client_reads_an_http_date_from_last_modified ... FAILED
[INFO] [stdout] test a_real_client_is_answered_in_the_language_it_asks_for ... FAILED
[INFO] [stdout] test a_real_client_signs_in_uploads_and_publishes_a_file ... FAILED
[INFO] [stdout] test a_real_client_is_told_the_length_when_its_range_is_unsatisfiable ... FAILED
[INFO] [stdout] test a_real_client_revalidates_with_the_etag_it_was_given ... FAILED
[INFO] [stdout] test a_real_client_is_redirected_from_the_bare_console_path ... FAILED
[INFO] [stdout] test a_real_client_downloads_a_published_file ... FAILED
[INFO] [stdout] test a_real_client_finds_no_surface_but_the_token ... FAILED
[INFO] [stdout] test a_real_client_resumes_with_a_range_request ... FAILED
[INFO] [stdout] test a_real_client_gets_a_404_for_a_token_that_names_nothing ... FAILED
[INFO] [stdout] test a_real_client_saves_the_file_under_the_name_it_was_told ... FAILED
[INFO] [stdout] 
[INFO] [stdout] failures:
[INFO] [stdout] 
[INFO] [stdout] ---- a_real_client_reads_an_http_date_from_last_modified stdout ----
[INFO] [stdout] 
[INFO] [stdout] thread 'a_real_client_reads_an_http_date_from_last_modified' (1955) panicked at tests/third_party_conformance.rs:56:10:
[INFO] [stdout] podman runs: Os { code: 2, kind: NotFound, message: "No such file or directory" }
[INFO] [stdout] stack backtrace:
[INFO] [stdout]    0:     0x6038b2678f21 - <<std[617be2ca0a6fd877]::sys::backtrace::BacktraceLock>::print::DisplayBacktrace as core[a373ad73a504971]::fmt::Display>::fmt
[INFO] [stdout]    1:     0x6038b268f93a - core[a373ad73a504971]::fmt::write
[INFO] [stdout]    2:     0x6038b267d51c - <alloc[2e1b2a31b91974c5]::vec::Vec<u8> as core[a373ad73a504971]::io::write::Write>::write_fmt
[INFO] [stdout]    3:     0x6038b2654a96 - std[617be2ca0a6fd877]::panicking::default_hook::{closure#0}
[INFO] [stdout]    4:     0x6038b26712a9 - std[617be2ca0a6fd877]::panicking::default_hook
[INFO] [stdout]    5:     0x6038b25119a0 - test[aada8e7e76ba119b]::test_main_inner::{closure#0}
[INFO] [stdout]    6:     0x6038b26715d2 - std[617be2ca0a6fd877]::panicking::panic_with_hook
[INFO] [stdout]    7:     0x6038b2654b42 - std[617be2ca0a6fd877]::panicking::panic_handler::{closure#0}
[INFO] [stdout]    8:     0x6038b264d829 - std[617be2ca0a6fd877]::sys::backtrace::__rust_end_short_backtrace::<std[617be2ca0a6fd877]::panicking::panic_handler::{closure#0}, !>
[INFO] [stdout]    9:     0x6038b265574d - __rustc[ea4f61d10b84890b]::rust_begin_unwind
[INFO] [stdout]   10:     0x6038b269009c - core[a373ad73a504971]::panicking::panic_fmt
[INFO] [stdout]   11:     0x6038b268fe72 - core[a373ad73a504971]::result::unwrap_failed
[INFO] [stdout]   12:     0x6038b24bbf22 - third_party_conformance[3acc12f18c911804]::curl
[INFO] [stdout]   13:     0x6038b24b7e35 - third_party_conformance[3acc12f18c911804]::a_real_client_reads_an_http_date_from_last_modified::{closure#0}
[INFO] [stdout]   14:     0x6038b24cfc7a - <tokio[1389501228e72b15]::runtime::park::CachedParkThread>::block_on::<core[a373ad73a504971]::pin::Pin<&mut dyn core[a373ad73a504971]::future::future::Future<Output = ()>>>
[INFO] [stdout]   15:     0x6038b24dc3ff - tokio[1389501228e72b15]::runtime::context::runtime::enter_runtime::<<tokio[1389501228e72b15]::runtime::scheduler::multi_thread::MultiThread>::block_on<core[a373ad73a504971]::pin::Pin<&mut dyn core[a373ad73a504971]::future::future::Future<Output = ()>>>::{closure#0}, ()>
[INFO] [stdout]   16:     0x6038b24c7daa - <tokio[1389501228e72b15]::runtime::runtime::Runtime>::block_on::<core[a373ad73a504971]::pin::Pin<&mut dyn core[a373ad73a504971]::future::future::Future<Output = ()>>>
[INFO] [stdout]   17:     0x6038b24bccd2 - <third_party_conformance[3acc12f18c911804]::a_real_client_reads_an_http_date_from_last_modified::{closure#0} as core[a373ad73a504971]::ops::function::FnOnce<()>>::call_once
[INFO] [stdout]   18:     0x6038b2504deb - test[aada8e7e76ba119b]::__rust_begin_short_backtrace::<core[a373ad73a504971]::result::Result<(), alloc[2e1b2a31b91974c5]::string::String>, fn() -> core[a373ad73a504971]::result::Result<(), alloc[2e1b2a31b91974c5]::string::String>>
[INFO] [stdout]   19:     0x6038b2511fc5 - test[aada8e7e76ba119b]::run_test::{closure#0}
[INFO] [stdout]   20:     0x6038b250b8b4 - std[617be2ca0a6fd877]::sys::backtrace::__rust_begin_short_backtrace::<test[aada8e7e76ba119b]::run_test::{closure#1}, ()>
[INFO] [stdout]   21:     0x6038b2515052 - <std[617be2ca0a6fd877]::thread::lifecycle::spawn_unchecked<test[aada8e7e76ba119b]::run_test::{closure#1}, ()>::{closure#1} as core[a373ad73a504971]::ops::function::FnOnce<()>>::call_once::{shim:vtable#0}
[INFO] [stdout]   22:     0x6038b267873f - <std[617be2ca0a6fd877]::sys::thread::unix::Thread>::new::thread_start
[INFO] [stdout]   23:     0x795b2e3a2dfa - <unknown>
[INFO] [stdout]   24:     0x795b2e4363d4 - clone
[INFO] [stdout]   25:                0x0 - <unknown>
[INFO] [stdout] 
[INFO] [stdout] ---- a_real_client_is_answered_in_the_language_it_asks_for stdout ----
[INFO] [stdout] 
[INFO] [stdout] thread 'a_real_client_is_answered_in_the_language_it_asks_for' (1952) panicked at tests/third_party_conformance.rs:350:10:
[INFO] [stdout] podman runs: Os { code: 2, kind: NotFound, message: "No such file or directory" }
[INFO] [stdout] stack backtrace:
[INFO] [stdout]    0:     0x6038b2678f21 - <<std[617be2ca0a6fd877]::sys::backtrace::BacktraceLock>::print::DisplayBacktrace as core[a373ad73a504971]::fmt::Display>::fmt
[INFO] [stdout]    1:     0x6038b268f93a - core[a373ad73a504971]::fmt::write
[INFO] [stdout]    2:     0x6038b267d51c - <alloc[2e1b2a31b91974c5]::vec::Vec<u8> as core[a373ad73a504971]::io::write::Write>::write_fmt
[INFO] [stdout]    3:     0x6038b2654a96 - std[617be2ca0a6fd877]::panicking::default_hook::{closure#0}
[INFO] [stdout]    4:     0x6038b26712a9 - std[617be2ca0a6fd877]::panicking::default_hook
[INFO] [stdout]    5:     0x6038b25119a0 - test[aada8e7e76ba119b]::test_main_inner::{closure#0}
[INFO] [stdout]    6:     0x6038b26715d2 - std[617be2ca0a6fd877]::panicking::panic_with_hook
[INFO] [stdout]    7:     0x6038b2654b42 - std[617be2ca0a6fd877]::panicking::panic_handler::{closure#0}
[INFO] [stdout]    8:     0x6038b264d829 - std[617be2ca0a6fd877]::sys::backtrace::__rust_end_short_backtrace::<std[617be2ca0a6fd877]::panicking::panic_handler::{closure#0}, !>
[INFO] [stdout]    9:     0x6038b265574d - __rustc[ea4f61d10b84890b]::rust_begin_unwind
[INFO] [stdout]   10:     0x6038b269009c - core[a373ad73a504971]::panicking::panic_fmt
[INFO] [stdout]   11:     0x6038b268fe72 - core[a373ad73a504971]::result::unwrap_failed
[INFO] [stdout]   12:     0x6038b24bb3cc - third_party_conformance[3acc12f18c911804]::curl_script
[INFO] [stdout]   13:     0x6038b24b91d4 - third_party_conformance[3acc12f18c911804]::a_real_client_is_answered_in_the_language_it_asks_for::{closure#0}
[INFO] [stdout]   14:     0x6038b24cfc7a - <tokio[1389501228e72b15]::runtime::park::CachedParkThread>::block_on::<core[a373ad73a504971]::pin::Pin<&mut dyn core[a373ad73a504971]::future::future::Future<Output = ()>>>
[INFO] [stdout]   15:     0x6038b24dc3ff - tokio[1389501228e72b15]::runtime::context::runtime::enter_runtime::<<tokio[1389501228e72b15]::runtime::scheduler::multi_thread::MultiThread>::block_on<core[a373ad73a504971]::pin::Pin<&mut dyn core[a373ad73a504971]::future::future::Future<Output = ()>>>::{closure#0}, ()>
[INFO] [stdout]   16:     0x6038b24c7daa - <tokio[1389501228e72b15]::runtime::runtime::Runtime>::block_on::<core[a373ad73a504971]::pin::Pin<&mut dyn core[a373ad73a504971]::future::future::Future<Output = ()>>>
[INFO] [stdout]   17:     0x6038b24bd152 - <third_party_conformance[3acc12f18c911804]::a_real_client_is_answered_in_the_language_it_asks_for::{closure#0} as core[a373ad73a504971]::ops::function::FnOnce<()>>::call_once
[INFO] [stdout]   18:     0x6038b2504deb - test[aada8e7e76ba119b]::__rust_begin_short_backtrace::<core[a373ad73a504971]::result::Result<(), alloc[2e1b2a31b91974c5]::string::String>, fn() -> core[a373ad73a504971]::result::Result<(), alloc[2e1b2a31b91974c5]::string::String>>
[INFO] [stdout]   19:     0x6038b2511fc5 - test[aada8e7e76ba119b]::run_test::{closure#0}
[INFO] [stdout]   20:     0x6038b250b8b4 - std[617be2ca0a6fd877]::sys::backtrace::__rust_begin_short_backtrace::<test[aada8e7e76ba119b]::run_test::{closure#1}, ()>
[INFO] [stdout]   21:     0x6038b2515052 - <std[617be2ca0a6fd877]::thread::lifecycle::spawn_unchecked<test[aada8e7e76ba119b]::run_test::{closure#1}, ()>::{closure#1} as core[a373ad73a504971]::ops::function::FnOnce<()>>::call_once::{shim:vtable#0}
[INFO] [stdout]   22:     0x6038b267873f - <std[617be2ca0a6fd877]::sys::thread::unix::Thread>::new::thread_start
[INFO] [stdout]   23:     0x795b2e3a2dfa - <unknown>
[INFO] [stdout]   24:     0x795b2e4363d4 - clone
[INFO] [stdout]   25:                0x0 - <unknown>
[INFO] [stdout] 
[INFO] [stdout] ---- a_real_client_signs_in_uploads_and_publishes_a_file stdout ----
[INFO] [stdout] 
[INFO] [stdout] thread 'a_real_client_signs_in_uploads_and_publishes_a_file' (1959) panicked at tests/third_party_conformance.rs:350:10:
[INFO] [stdout] podman runs: Os { code: 2, kind: NotFound, message: "No such file or directory" }
[INFO] [stdout] stack backtrace:
[INFO] [stdout]    0:     0x6038b2678f21 - <<std[617be2ca0a6fd877]::sys::backtrace::BacktraceLock>::print::DisplayBacktrace as core[a373ad73a504971]::fmt::Display>::fmt
[INFO] [stdout]    1:     0x6038b268f93a - core[a373ad73a504971]::fmt::write
[INFO] [stdout]    2:     0x6038b267d51c - <alloc[2e1b2a31b91974c5]::vec::Vec<u8> as core[a373ad73a504971]::io::write::Write>::write_fmt
[INFO] [stdout]    3:     0x6038b2654a96 - std[617be2ca0a6fd877]::panicking::default_hook::{closure#0}
[INFO] [stdout]    4:     0x6038b26712a9 - std[617be2ca0a6fd877]::panicking::default_hook
[INFO] [stdout]    5:     0x6038b25119a0 - test[aada8e7e76ba119b]::test_main_inner::{closure#0}
[INFO] [stdout]    6:     0x6038b26715d2 - std[617be2ca0a6fd877]::panicking::panic_with_hook
[INFO] [stdout]    7:     0x6038b2654b42 - std[617be2ca0a6fd877]::panicking::panic_handler::{closure#0}
[INFO] [stdout]    8:     0x6038b264d829 - std[617be2ca0a6fd877]::sys::backtrace::__rust_end_short_backtrace::<std[617be2ca0a6fd877]::panicking::panic_handler::{closure#0}, !>
[INFO] [stdout]    9:     0x6038b265574d - __rustc[ea4f61d10b84890b]::rust_begin_unwind
[INFO] [stdout]   10:     0x6038b269009c - core[a373ad73a504971]::panicking::panic_fmt
[INFO] [stdout]   11:     0x6038b268fe72 - core[a373ad73a504971]::result::unwrap_failed
[INFO] [stdout]   12:     0x6038b24bb3cc - third_party_conformance[3acc12f18c911804]::curl_script
[INFO] [stdout]   13:     0x6038b24b8437 - third_party_conformance[3acc12f18c911804]::a_real_client_signs_in_uploads_and_publishes_a_file::{closure#0}
[INFO] [stdout]   14:     0x6038b24cfc7a - <tokio[1389501228e72b15]::runtime::park::CachedParkThread>::block_on::<core[a373ad73a504971]::pin::Pin<&mut dyn core[a373ad73a504971]::future::future::Future<Output = ()>>>
[INFO] [stdout]   15:     0x6038b24dc3ff - tokio[1389501228e72b15]::runtime::context::runtime::enter_runtime::<<tokio[1389501228e72b15]::runtime::scheduler::multi_thread::MultiThread>::block_on<core[a373ad73a504971]::pin::Pin<&mut dyn core[a373ad73a504971]::future::future::Future<Output = ()>>>::{closure#0}, ()>
[INFO] [stdout]   16:     0x6038b24c7daa - <tokio[1389501228e72b15]::runtime::runtime::Runtime>::block_on::<core[a373ad73a504971]::pin::Pin<&mut dyn core[a373ad73a504971]::future::future::Future<Output = ()>>>
[INFO] [stdout]   17:     0x6038b24bce52 - <third_party_conformance[3acc12f18c911804]::a_real_client_signs_in_uploads_and_publishes_a_file::{closure#0} as core[a373ad73a504971]::ops::function::FnOnce<()>>::call_once
[INFO] [stdout]   18:     0x6038b2504deb - test[aada8e7e76ba119b]::__rust_begin_short_backtrace::<core[a373ad73a504971]::result::Result<(), alloc[2e1b2a31b91974c5]::string::String>, fn() -> core[a373ad73a504971]::result::Result<(), alloc[2e1b2a31b91974c5]::string::String>>
[INFO] [stdout]   19:     0x6038b2511fc5 - test[aada8e7e76ba119b]::run_test::{closure#0}
[INFO] [stdout]   20:     0x6038b250b8b4 - std[617be2ca0a6fd877]::sys::backtrace::__rust_begin_short_backtrace::<test[aada8e7e76ba119b]::run_test::{closure#1}, ()>
[INFO] [stdout]   21:     0x6038b2515052 - <std[617be2ca0a6fd877]::thread::lifecycle::spawn_unchecked<test[aada8e7e76ba119b]::run_test::{closure#1}, ()>::{closure#1} as core[a373ad73a504971]::ops::function::FnOnce<()>>::call_once::{shim:vtable#0}
[INFO] [stdout]   22:     0x6038b267873f - <std[617be2ca0a6fd877]::sys::thread::unix::Thread>::new::thread_start
[INFO] [stdout]   23:     0x795b2e3a2dfa - <unknown>
[INFO] [stdout]   24:     0x795b2e4363d4 - clone
[INFO] [stdout]   25:                0x0 - <unknown>
[INFO] [stdout] 
[INFO] [stdout] ---- a_real_client_is_told_the_length_when_its_range_is_unsatisfiable stdout ----
[INFO] [stdout] 
[INFO] [stdout] thread 'a_real_client_is_told_the_length_when_its_range_is_unsatisfiable' (1954) panicked at tests/third_party_conformance.rs:56:10:
[INFO] [stdout] podman runs: Os { code: 2, kind: NotFound, message: "No such file or directory" }
[INFO] [stdout] stack backtrace:
[INFO] [stdout]    0:     0x6038b2678f21 - <<std[617be2ca0a6fd877]::sys::backtrace::BacktraceLock>::print::DisplayBacktrace as core[a373ad73a504971]::fmt::Display>::fmt
[INFO] [stdout]    1:     0x6038b268f93a - core[a373ad73a504971]::fmt::write
[INFO] [stdout]    2:     0x6038b267d51c - <alloc[2e1b2a31b91974c5]::vec::Vec<u8> as core[a373ad73a504971]::io::write::Write>::write_fmt
[INFO] [stdout]    3:     0x6038b2654a96 - std[617be2ca0a6fd877]::panicking::default_hook::{closure#0}
[INFO] [stdout]    4:     0x6038b26712a9 - std[617be2ca0a6fd877]::panicking::default_hook
[INFO] [stdout]    5:     0x6038b25119a0 - test[aada8e7e76ba119b]::test_main_inner::{closure#0}
[INFO] [stdout]    6:     0x6038b26715d2 - std[617be2ca0a6fd877]::panicking::panic_with_hook
[INFO] [stdout]    7:     0x6038b2654b42 - std[617be2ca0a6fd877]::panicking::panic_handler::{closure#0}
[INFO] [stdout]    8:     0x6038b264d829 - std[617be2ca0a6fd877]::sys::backtrace::__rust_end_short_backtrace::<std[617be2ca0a6fd877]::panicking::panic_handler::{closure#0}, !>
[INFO] [stdout]    9:     0x6038b265574d - __rustc[ea4f61d10b84890b]::rust_begin_unwind
[INFO] [stdout]   10:     0x6038b269009c - core[a373ad73a504971]::panicking::panic_fmt
[INFO] [stdout]   11:     0x6038b268fe72 - core[a373ad73a504971]::result::unwrap_failed
[INFO] [stdout]   12:     0x6038b24bbf22 - third_party_conformance[3acc12f18c911804]::curl
[INFO] [stdout]   13:     0x6038b24ba2ea - third_party_conformance[3acc12f18c911804]::a_real_client_is_told_the_length_when_its_range_is_unsatisfiable::{closure#0}
[INFO] [stdout]   14:     0x6038b24cfc7a - <tokio[1389501228e72b15]::runtime::park::CachedParkThread>::block_on::<core[a373ad73a504971]::pin::Pin<&mut dyn core[a373ad73a504971]::future::future::Future<Output = ()>>>
[INFO] [stdout]   15:     0x6038b24dc3ff - tokio[1389501228e72b15]::runtime::context::runtime::enter_runtime::<<tokio[1389501228e72b15]::runtime::scheduler::multi_thread::MultiThread>::block_on<core[a373ad73a504971]::pin::Pin<&mut dyn core[a373ad73a504971]::future::future::Future<Output = ()>>>::{closure#0}, ()>
[INFO] [stdout]   16:     0x6038b24c7daa - <tokio[1389501228e72b15]::runtime::runtime::Runtime>::block_on::<core[a373ad73a504971]::pin::Pin<&mut dyn core[a373ad73a504971]::future::future::Future<Output = ()>>>
[INFO] [stdout]   17:     0x6038b24bd752 - <third_party_conformance[3acc12f18c911804]::a_real_client_is_told_the_length_when_its_range_is_unsatisfiable::{closure#0} as core[a373ad73a504971]::ops::function::FnOnce<()>>::call_once
[INFO] [stdout]   18:     0x6038b2504deb - test[aada8e7e76ba119b]::__rust_begin_short_backtrace::<core[a373ad73a504971]::result::Result<(), alloc[2e1b2a31b91974c5]::string::String>, fn() -> core[a373ad73a504971]::result::Result<(), alloc[2e1b2a31b91974c5]::string::String>>
[INFO] [stdout]   19:     0x6038b2511fc5 - test[aada8e7e76ba119b]::run_test::{closure#0}
[INFO] [stdout]   20:     0x6038b250b8b4 - std[617be2ca0a6fd877]::sys::backtrace::__rust_begin_short_backtrace::<test[aada8e7e76ba119b]::run_test::{closure#1}, ()>
[INFO] [stdout]   21:     0x6038b2515052 - <std[617be2ca0a6fd877]::thread::lifecycle::spawn_unchecked<test[aada8e7e76ba119b]::run_test::{closure#1}, ()>::{closure#1} as core[a373ad73a504971]::ops::function::FnOnce<()>>::call_once::{shim:vtable#0}
[INFO] [stdout]   22:     0x6038b267873f - <std[617be2ca0a6fd877]::sys::thread::unix::Thread>::new::thread_start
[INFO] [stdout]   23:     0x795b2e3a2dfa - <unknown>
[INFO] [stdout]   24:     0x795b2e4363d4 - clone
[INFO] [stdout]   25:                0x0 - <unknown>
[INFO] [stdout] 
[INFO] [stdout] ---- a_real_client_revalidates_with_the_etag_it_was_given stdout ----
[INFO] [stdout] 
[INFO] [stdout] thread 'a_real_client_revalidates_with_the_etag_it_was_given' (1957) panicked at tests/third_party_conformance.rs:56:10:
[INFO] [stdout] podman runs: Os { code: 2, kind: NotFound, message: "No such file or directory" }
[INFO] [stdout] stack backtrace:
[INFO] [stdout]    0:     0x6038b2678f21 - <<std[617be2ca0a6fd877]::sys::backtrace::BacktraceLock>::print::DisplayBacktrace as core[a373ad73a504971]::fmt::Display>::fmt
[INFO] [stdout]    1:     0x6038b268f93a - core[a373ad73a504971]::fmt::write
[INFO] [stdout]    2:     0x6038b267d51c - <alloc[2e1b2a31b91974c5]::vec::Vec<u8> as core[a373ad73a504971]::io::write::Write>::write_fmt
[INFO] [stdout]    3:     0x6038b2654a96 - std[617be2ca0a6fd877]::panicking::default_hook::{closure#0}
[INFO] [stdout]    4:     0x6038b26712a9 - std[617be2ca0a6fd877]::panicking::default_hook
[INFO] [stdout]    5:     0x6038b25119a0 - test[aada8e7e76ba119b]::test_main_inner::{closure#0}
[INFO] [stdout]    6:     0x6038b26715d2 - std[617be2ca0a6fd877]::panicking::panic_with_hook
[INFO] [stdout]    7:     0x6038b2654b42 - std[617be2ca0a6fd877]::panicking::panic_handler::{closure#0}
[INFO] [stdout]    8:     0x6038b264d829 - std[617be2ca0a6fd877]::sys::backtrace::__rust_end_short_backtrace::<std[617be2ca0a6fd877]::panicking::panic_handler::{closure#0}, !>
[INFO] [stdout]    9:     0x6038b265574d - __rustc[ea4f61d10b84890b]::rust_begin_unwind
[INFO] [stdout]   10:     0x6038b269009c - core[a373ad73a504971]::panicking::panic_fmt
[INFO] [stdout]   11:     0x6038b268fe72 - core[a373ad73a504971]::result::unwrap_failed
[INFO] [stdout]   12:     0x6038b24bbf22 - third_party_conformance[3acc12f18c911804]::curl
[INFO] [stdout]   13:     0x6038b24b8c94 - third_party_conformance[3acc12f18c911804]::a_real_client_revalidates_with_the_etag_it_was_given::{closure#0}
[INFO] [stdout]   14:     0x6038b24cfc7a - <tokio[1389501228e72b15]::runtime::park::CachedParkThread>::block_on::<core[a373ad73a504971]::pin::Pin<&mut dyn core[a373ad73a504971]::future::future::Future<Output = ()>>>
[INFO] [stdout]   15:     0x6038b24dc3ff - tokio[1389501228e72b15]::runtime::context::runtime::enter_runtime::<<tokio[1389501228e72b15]::runtime::scheduler::multi_thread::MultiThread>::block_on<core[a373ad73a504971]::pin::Pin<&mut dyn core[a373ad73a504971]::future::future::Future<Output = ()>>>::{closure#0}, ()>
[INFO] [stdout]   16:     0x6038b24c7daa - <tokio[1389501228e72b15]::runtime::runtime::Runtime>::block_on::<core[a373ad73a504971]::pin::Pin<&mut dyn core[a373ad73a504971]::future::future::Future<Output = ()>>>
[INFO] [stdout]   17:     0x6038b24bcfd2 - <third_party_conformance[3acc12f18c911804]::a_real_client_revalidates_with_the_etag_it_was_given::{closure#0} as core[a373ad73a504971]::ops::function::FnOnce<()>>::call_once
[INFO] [stdout]   18:     0x6038b2504deb - test[aada8e7e76ba119b]::__rust_begin_short_backtrace::<core[a373ad73a504971]::result::Result<(), alloc[2e1b2a31b91974c5]::string::String>, fn() -> core[a373ad73a504971]::result::Result<(), alloc[2e1b2a31b91974c5]::string::String>>
[INFO] [stdout]   19:     0x6038b2511fc5 - test[aada8e7e76ba119b]::run_test::{closure#0}
[INFO] [stdout]   20:     0x6038b250b8b4 - std[617be2ca0a6fd877]::sys::backtrace::__rust_begin_short_backtrace::<test[aada8e7e76ba119b]::run_test::{closure#1}, ()>
[INFO] [stdout]   21:     0x6038b2515052 - <std[617be2ca0a6fd877]::thread::lifecycle::spawn_unchecked<test[aada8e7e76ba119b]::run_test::{closure#1}, ()>::{closure#1} as core[a373ad73a504971]::ops::function::FnOnce<()>>::call_once::{shim:vtable#0}
[INFO] [stdout]   22:     0x6038b267873f - <std[617be2ca0a6fd877]::sys::thread::unix::Thread>::new::thread_start
[INFO] [stdout]   23:     0x795b2e3a2dfa - <unknown>
[INFO] [stdout]   24:     0x795b2e4363d4 - clone
[INFO] [stdout]   25:                0x0 - <unknown>
[INFO] [stdout] 
[INFO] [stdout] ---- a_real_client_is_redirected_from_the_bare_console_path stdout ----
[INFO] [stdout] 
[INFO] [stdout] thread 'a_real_client_is_redirected_from_the_bare_console_path' (1953) panicked at tests/third_party_conformance.rs:350:10:
[INFO] [stdout] podman runs: Os { code: 2, kind: NotFound, message: "No such file or directory" }
[INFO] [stdout] stack backtrace:
[INFO] [stdout]    0:     0x6038b2678f21 - <<std[617be2ca0a6fd877]::sys::backtrace::BacktraceLock>::print::DisplayBacktrace as core[a373ad73a504971]::fmt::Display>::fmt
[INFO] [stdout]    1:     0x6038b268f93a - core[a373ad73a504971]::fmt::write
[INFO] [stdout]    2:     0x6038b267d51c - <alloc[2e1b2a31b91974c5]::vec::Vec<u8> as core[a373ad73a504971]::io::write::Write>::write_fmt
[INFO] [stdout]    3:     0x6038b2654a96 - std[617be2ca0a6fd877]::panicking::default_hook::{closure#0}
[INFO] [stdout]    4:     0x6038b26712a9 - std[617be2ca0a6fd877]::panicking::default_hook
[INFO] [stdout]    5:     0x6038b25119a0 - test[aada8e7e76ba119b]::test_main_inner::{closure#0}
[INFO] [stdout]    6:     0x6038b26715d2 - std[617be2ca0a6fd877]::panicking::panic_with_hook
[INFO] [stdout]    7:     0x6038b2654b42 - std[617be2ca0a6fd877]::panicking::panic_handler::{closure#0}
[INFO] [stdout]    8:     0x6038b264d829 - std[617be2ca0a6fd877]::sys::backtrace::__rust_end_short_backtrace::<std[617be2ca0a6fd877]::panicking::panic_handler::{closure#0}, !>
[INFO] [stdout]    9:     0x6038b265574d - __rustc[ea4f61d10b84890b]::rust_begin_unwind
[INFO] [stdout]   10:     0x6038b269009c - core[a373ad73a504971]::panicking::panic_fmt
[INFO] [stdout]   11:     0x6038b268fe72 - core[a373ad73a504971]::result::unwrap_failed
[INFO] [stdout]   12:     0x6038b24bb3cc - third_party_conformance[3acc12f18c911804]::curl_script
[INFO] [stdout]   13:     0x6038b24b978d - third_party_conformance[3acc12f18c911804]::a_real_client_is_redirected_from_the_bare_console_path::{closure#0}
[INFO] [stdout]   14:     0x6038b24cfc7a - <tokio[1389501228e72b15]::runtime::park::CachedParkThread>::block_on::<core[a373ad73a504971]::pin::Pin<&mut dyn core[a373ad73a504971]::future::future::Future<Output = ()>>>
[INFO] [stdout]   15:     0x6038b24dc3ff - tokio[1389501228e72b15]::runtime::context::runtime::enter_runtime::<<tokio[1389501228e72b15]::runtime::scheduler::multi_thread::MultiThread>::block_on<core[a373ad73a504971]::pin::Pin<&mut dyn core[a373ad73a504971]::future::future::Future<Output = ()>>>::{closure#0}, ()>
[INFO] [stdout]   16:     0x6038b24c7daa - <tokio[1389501228e72b15]::runtime::runtime::Runtime>::block_on::<core[a373ad73a504971]::pin::Pin<&mut dyn core[a373ad73a504971]::future::future::Future<Output = ()>>>
[INFO] [stdout]   17:     0x6038b24bd2d2 - <third_party_conformance[3acc12f18c911804]::a_real_client_is_redirected_from_the_bare_console_path::{closure#0} as core[a373ad73a504971]::ops::function::FnOnce<()>>::call_once
[INFO] [stdout]   18:     0x6038b2504deb - test[aada8e7e76ba119b]::__rust_begin_short_backtrace::<core[a373ad73a504971]::result::Result<(), alloc[2e1b2a31b91974c5]::string::String>, fn() -> core[a373ad73a504971]::result::Result<(), alloc[2e1b2a31b91974c5]::string::String>>
[INFO] [stdout]   19:     0x6038b2511fc5 - test[aada8e7e76ba119b]::run_test::{closure#0}
[INFO] [stdout]   20:     0x6038b250b8b4 - std[617be2ca0a6fd877]::sys::backtrace::__rust_begin_short_backtrace::<test[aada8e7e76ba119b]::run_test::{closure#1}, ()>
[INFO] [stdout]   21:     0x6038b2515052 - <std[617be2ca0a6fd877]::thread::lifecycle::spawn_unchecked<test[aada8e7e76ba119b]::run_test::{closure#1}, ()>::{closure#1} as core[a373ad73a504971]::ops::function::FnOnce<()>>::call_once::{shim:vtable#0}
[INFO] [stdout]   22:     0x6038b267873f - <std[617be2ca0a6fd877]::sys::thread::unix::Thread>::new::thread_start
[INFO] [stdout]   23:     0x795b2e3a2dfa - <unknown>
[INFO] [stdout]   24:     0x795b2e4363d4 - clone
[INFO] [stdout]   25:                0x0 - <unknown>
[INFO] [stdout] 
[INFO] [stdout] ---- a_real_client_downloads_a_published_file stdout ----
[INFO] [stdout] 
[INFO] [stdout] thread 'a_real_client_downloads_a_published_file' (1949) panicked at tests/third_party_conformance.rs:56:10:
[INFO] [stdout] podman runs: Os { code: 2, kind: NotFound, message: "No such file or directory" }
[INFO] [stdout] stack backtrace:
[INFO] [stdout]    0:     0x6038b2678f21 - <<std[617be2ca0a6fd877]::sys::backtrace::BacktraceLock>::print::DisplayBacktrace as core[a373ad73a504971]::fmt::Display>::fmt
[INFO] [stdout]    1:     0x6038b268f93a - core[a373ad73a504971]::fmt::write
[INFO] [stdout]    2:     0x6038b267d51c - <alloc[2e1b2a31b91974c5]::vec::Vec<u8> as core[a373ad73a504971]::io::write::Write>::write_fmt
[INFO] [stdout]    3:     0x6038b2654a96 - std[617be2ca0a6fd877]::panicking::default_hook::{closure#0}
[INFO] [stdout]    4:     0x6038b26712a9 - std[617be2ca0a6fd877]::panicking::default_hook
[INFO] [stdout]    5:     0x6038b25119a0 - test[aada8e7e76ba119b]::test_main_inner::{closure#0}
[INFO] [stdout]    6:     0x6038b26715d2 - std[617be2ca0a6fd877]::panicking::panic_with_hook
[INFO] [stdout]    7:     0x6038b2654b42 - std[617be2ca0a6fd877]::panicking::panic_handler::{closure#0}
[INFO] [stdout]    8:     0x6038b264d829 - std[617be2ca0a6fd877]::sys::backtrace::__rust_end_short_backtrace::<std[617be2ca0a6fd877]::panicking::panic_handler::{closure#0}, !>
[INFO] [stdout]    9:     0x6038b265574d - __rustc[ea4f61d10b84890b]::rust_begin_unwind
[INFO] [stdout]   10:     0x6038b269009c - core[a373ad73a504971]::panicking::panic_fmt
[INFO] [stdout]   11:     0x6038b268fe72 - core[a373ad73a504971]::result::unwrap_failed
[INFO] [stdout]   12:     0x6038b24bbf22 - third_party_conformance[3acc12f18c911804]::curl
[INFO] [stdout]   13:     0x6038b24b6e00 - third_party_conformance[3acc12f18c911804]::a_real_client_downloads_a_published_file::{closure#0}
[INFO] [stdout]   14:     0x6038b24cfc7a - <tokio[1389501228e72b15]::runtime::park::CachedParkThread>::block_on::<core[a373ad73a504971]::pin::Pin<&mut dyn core[a373ad73a504971]::future::future::Future<Output = ()>>>
[INFO] [stdout]   15:     0x6038b24dc3ff - tokio[1389501228e72b15]::runtime::context::runtime::enter_runtime::<<tokio[1389501228e72b15]::runtime::scheduler::multi_thread::MultiThread>::block_on<core[a373ad73a504971]::pin::Pin<&mut dyn core[a373ad73a504971]::future::future::Future<Output = ()>>>::{closure#0}, ()>
[INFO] [stdout]   16:     0x6038b24c7daa - <tokio[1389501228e72b15]::runtime::runtime::Runtime>::block_on::<core[a373ad73a504971]::pin::Pin<&mut dyn core[a373ad73a504971]::future::future::Future<Output = ()>>>
[INFO] [stdout]   17:     0x6038b24bc852 - <third_party_conformance[3acc12f18c911804]::a_real_client_downloads_a_published_file::{closure#0} as core[a373ad73a504971]::ops::function::FnOnce<()>>::call_once
[INFO] [stdout]   18:     0x6038b2504deb - test[aada8e7e76ba119b]::__rust_begin_short_backtrace::<core[a373ad73a504971]::result::Result<(), alloc[2e1b2a31b91974c5]::string::String>, fn() -> core[a373ad73a504971]::result::Result<(), alloc[2e1b2a31b91974c5]::string::String>>
[INFO] [stdout]   19:     0x6038b2511fc5 - test[aada8e7e76ba119b]::run_test::{closure#0}
[INFO] [stdout]   20:     0x6038b250b8b4 - std[617be2ca0a6fd877]::sys::backtrace::__rust_begin_short_backtrace::<test[aada8e7e76ba119b]::run_test::{closure#1}, ()>
[INFO] [stdout]   21:     0x6038b2515052 - <std[617be2ca0a6fd877]::thread::lifecycle::spawn_unchecked<test[aada8e7e76ba119b]::run_test::{closure#1}, ()>::{closure#1} as core[a373ad73a504971]::ops::function::FnOnce<()>>::call_once::{shim:vtable#0}
[INFO] [stdout]   22:     0x6038b267873f - <std[617be2ca0a6fd877]::sys::thread::unix::Thread>::new::thread_start
[INFO] [stdout]   23:     0x795b2e3a2dfa - <unknown>
[INFO] [stdout]   24:     0x795b2e4363d4 - clone
[INFO] [stdout]   25:                0x0 - <unknown>
[INFO] [stdout] 
[INFO] [stdout] ---- a_real_client_finds_no_surface_but_the_token stdout ----
[INFO] [stdout] 
[INFO] [stdout] thread 'a_real_client_finds_no_surface_but_the_token' (1950) panicked at tests/third_party_conformance.rs:56:10:
[INFO] [stdout] podman runs: Os { code: 2, kind: NotFound, message: "No such file or directory" }
[INFO] [stdout] stack backtrace:
[INFO] [stdout]    0:     0x6038b2678f21 - <<std[617be2ca0a6fd877]::sys::backtrace::BacktraceLock>::print::DisplayBacktrace as core[a373ad73a504971]::fmt::Display>::fmt
[INFO] [stdout]    1:     0x6038b268f93a - core[a373ad73a504971]::fmt::write
[INFO] [stdout]    2:     0x6038b267d51c - <alloc[2e1b2a31b91974c5]::vec::Vec<u8> as core[a373ad73a504971]::io::write::Write>::write_fmt
[INFO] [stdout]    3:     0x6038b2654a96 - std[617be2ca0a6fd877]::panicking::default_hook::{closure#0}
[INFO] [stdout]    4:     0x6038b26712a9 - std[617be2ca0a6fd877]::panicking::default_hook
[INFO] [stdout]    5:     0x6038b25119a0 - test[aada8e7e76ba119b]::test_main_inner::{closure#0}
[INFO] [stdout]    6:     0x6038b26715d2 - std[617be2ca0a6fd877]::panicking::panic_with_hook
[INFO] [stdout]    7:     0x6038b2654b42 - std[617be2ca0a6fd877]::panicking::panic_handler::{closure#0}
[INFO] [stdout]    8:     0x6038b264d829 - std[617be2ca0a6fd877]::sys::backtrace::__rust_end_short_backtrace::<std[617be2ca0a6fd877]::panicking::panic_handler::{closure#0}, !>
[INFO] [stdout]    9:     0x6038b265574d - __rustc[ea4f61d10b84890b]::rust_begin_unwind
[INFO] [stdout]   10:     0x6038b269009c - core[a373ad73a504971]::panicking::panic_fmt
[INFO] [stdout]   11:     0x6038b268fe72 - core[a373ad73a504971]::result::unwrap_failed
[INFO] [stdout]   12:     0x6038b24bbf22 - third_party_conformance[3acc12f18c911804]::curl
[INFO] [stdout]   13:     0x6038b24b767c - third_party_conformance[3acc12f18c911804]::a_real_client_finds_no_surface_but_the_token::{closure#0}
[INFO] [stdout]   14:     0x6038b24cfc7a - <tokio[1389501228e72b15]::runtime::park::CachedParkThread>::block_on::<core[a373ad73a504971]::pin::Pin<&mut dyn core[a373ad73a504971]::future::future::Future<Output = ()>>>
[INFO] [stdout]   15:     0x6038b24dc3ff - tokio[1389501228e72b15]::runtime::context::runtime::enter_runtime::<<tokio[1389501228e72b15]::runtime::scheduler::multi_thread::MultiThread>::block_on<core[a373ad73a504971]::pin::Pin<&mut dyn core[a373ad73a504971]::future::future::Future<Output = ()>>>::{closure#0}, ()>
[INFO] [stdout]   16:     0x6038b24c7daa - <tokio[1389501228e72b15]::runtime::runtime::Runtime>::block_on::<core[a373ad73a504971]::pin::Pin<&mut dyn core[a373ad73a504971]::future::future::Future<Output = ()>>>
[INFO] [stdout]   17:     0x6038b24bcb52 - <third_party_conformance[3acc12f18c911804]::a_real_client_finds_no_surface_but_the_token::{closure#0} as core[a373ad73a504971]::ops::function::FnOnce<()>>::call_once
[INFO] [stdout]   18:     0x6038b2504deb - test[aada8e7e76ba119b]::__rust_begin_short_backtrace::<core[a373ad73a504971]::result::Result<(), alloc[2e1b2a31b91974c5]::string::String>, fn() -> core[a373ad73a504971]::result::Result<(), alloc[2e1b2a31b91974c5]::string::String>>
[INFO] [stdout]   19:     0x6038b2511fc5 - test[aada8e7e76ba119b]::run_test::{closure#0}
[INFO] [stdout]   20:     0x6038b250b8b4 - std[617be2ca0a6fd877]::sys::backtrace::__rust_begin_short_backtrace::<test[aada8e7e76ba119b]::run_test::{closure#1}, ()>
[INFO] [stdout]   21:     0x6038b2515052 - <std[617be2ca0a6fd877]::thread::lifecycle::spawn_unchecked<test[aada8e7e76ba119b]::run_test::{closure#1}, ()>::{closure#1} as core[a373ad73a504971]::ops::function::FnOnce<()>>::call_once::{shim:vtable#0}
[INFO] [stdout]   22:     0x6038b267873f - <std[617be2ca0a6fd877]::sys::thread::unix::Thread>::new::thread_start
[INFO] [stdout]   23:     0x795b2e3a2dfa - <unknown>
[INFO] [stdout]   24:     0x795b2e4363d4 - clone
[INFO] [stdout]   25:                0x0 - <unknown>
[INFO] [stdout] 
[INFO] [stdout] ---- a_real_client_resumes_with_a_range_request stdout ----
[INFO] [stdout] 
[INFO] [stdout] thread 'a_real_client_resumes_with_a_range_request' (1956) panicked at tests/third_party_conformance.rs:56:10:
[INFO] [stdout] podman runs: Os { code: 2, kind: NotFound, message: "No such file or directory" }
[INFO] [stdout] stack backtrace:
[INFO] [stdout]    0:     0x6038b2678f21 - <<std[617be2ca0a6fd877]::sys::backtrace::BacktraceLock>::print::DisplayBacktrace as core[a373ad73a504971]::fmt::Display>::fmt
[INFO] [stdout]    1:     0x6038b268f93a - core[a373ad73a504971]::fmt::write
[INFO] [stdout]    2:     0x6038b267d51c - <alloc[2e1b2a31b91974c5]::vec::Vec<u8> as core[a373ad73a504971]::io::write::Write>::write_fmt
[INFO] [stdout]    3:     0x6038b2654a96 - std[617be2ca0a6fd877]::panicking::default_hook::{closure#0}
[INFO] [stdout]    4:     0x6038b26712a9 - std[617be2ca0a6fd877]::panicking::default_hook
[INFO] [stdout]    5:     0x6038b25119a0 - test[aada8e7e76ba119b]::test_main_inner::{closure#0}
[INFO] [stdout]    6:     0x6038b26715d2 - std[617be2ca0a6fd877]::panicking::panic_with_hook
[INFO] [stdout]    7:     0x6038b2654b42 - std[617be2ca0a6fd877]::panicking::panic_handler::{closure#0}
[INFO] [stdout]    8:     0x6038b264d829 - std[617be2ca0a6fd877]::sys::backtrace::__rust_end_short_backtrace::<std[617be2ca0a6fd877]::panicking::panic_handler::{closure#0}, !>
[INFO] [stdout]    9:     0x6038b265574d - __rustc[ea4f61d10b84890b]::rust_begin_unwind
[INFO] [stdout]   10:     0x6038b269009c - core[a373ad73a504971]::panicking::panic_fmt
[INFO] [stdout]   11:     0x6038b268fe72 - core[a373ad73a504971]::result::unwrap_failed
[INFO] [stdout]   12:     0x6038b24bbf22 - third_party_conformance[3acc12f18c911804]::curl
[INFO] [stdout]   13:     0x6038b24b71e0 - third_party_conformance[3acc12f18c911804]::a_real_client_resumes_with_a_range_request::{closure#0}
[INFO] [stdout]   14:     0x6038b24cfc7a - <tokio[1389501228e72b15]::runtime::park::CachedParkThread>::block_on::<core[a373ad73a504971]::pin::Pin<&mut dyn core[a373ad73a504971]::future::future::Future<Output = ()>>>
[INFO] [stdout]   15:     0x6038b24dc3ff - tokio[1389501228e72b15]::runtime::context::runtime::enter_runtime::<<tokio[1389501228e72b15]::runtime::scheduler::multi_thread::MultiThread>::block_on<core[a373ad73a504971]::pin::Pin<&mut dyn core[a373ad73a504971]::future::future::Future<Output = ()>>>::{closure#0}, ()>
[INFO] [stdout]   16:     0x6038b24c7daa - <tokio[1389501228e72b15]::runtime::runtime::Runtime>::block_on::<core[a373ad73a504971]::pin::Pin<&mut dyn core[a373ad73a504971]::future::future::Future<Output = ()>>>
[INFO] [stdout]   17:     0x6038b24bc9d2 - <third_party_conformance[3acc12f18c911804]::a_real_client_resumes_with_a_range_request::{closure#0} as core[a373ad73a504971]::ops::function::FnOnce<()>>::call_once
[INFO] [stdout]   18:     0x6038b2504deb - test[aada8e7e76ba119b]::__rust_begin_short_backtrace::<core[a373ad73a504971]::result::Result<(), alloc[2e1b2a31b91974c5]::string::String>, fn() -> core[a373ad73a504971]::result::Result<(), alloc[2e1b2a31b91974c5]::string::String>>
[INFO] [stdout]   19:     0x6038b2511fc5 - test[aada8e7e76ba119b]::run_test::{closure#0}
[INFO] [stdout]   20:     0x6038b250b8b4 - std[617be2ca0a6fd877]::sys::backtrace::__rust_begin_short_backtrace::<test[aada8e7e76ba119b]::run_test::{closure#1}, ()>
[INFO] [stdout]   21:     0x6038b2515052 - <std[617be2ca0a6fd877]::thread::lifecycle::spawn_unchecked<test[aada8e7e76ba119b]::run_test::{closure#1}, ()>::{closure#1} as core[a373ad73a504971]::ops::function::FnOnce<()>>::call_once::{shim:vtable#0}
[INFO] [stdout]   22:     0x6038b267873f - <std[617be2ca0a6fd877]::sys::thread::unix::Thread>::new::thread_start
[INFO] [stdout]   23:     0x795b2e3a2dfa - <unknown>
[INFO] [stdout]   24:     0x795b2e4363d4 - clone
[INFO] [stdout]   25:                0x0 - <unknown>
[INFO] [stdout] 
[INFO] [stdout] ---- a_real_client_gets_a_404_for_a_token_that_names_nothing stdout ----
[INFO] [stdout] 
[INFO] [stdout] thread 'a_real_client_gets_a_404_for_a_token_that_names_nothing' (1951) panicked at tests/third_party_conformance.rs:56:10:
[INFO] [stdout] podman runs: Os { code: 2, kind: NotFound, message: "No such file or directory" }
[INFO] [stdout] stack backtrace:
[INFO] [stdout]    0:     0x6038b2678f21 - <<std[617be2ca0a6fd877]::sys::backtrace::BacktraceLock>::print::DisplayBacktrace as core[a373ad73a504971]::fmt::Display>::fmt
[INFO] [stdout]    1:     0x6038b268f93a - core[a373ad73a504971]::fmt::write
[INFO] [stdout]    2:     0x6038b267d51c - <alloc[2e1b2a31b91974c5]::vec::Vec<u8> as core[a373ad73a504971]::io::write::Write>::write_fmt
[INFO] [stdout]    3:     0x6038b2654a96 - std[617be2ca0a6fd877]::panicking::default_hook::{closure#0}
[INFO] [stdout]    4:     0x6038b26712a9 - std[617be2ca0a6fd877]::panicking::default_hook
[INFO] [stdout]    5:     0x6038b25119a0 - test[aada8e7e76ba119b]::test_main_inner::{closure#0}
[INFO] [stdout]    6:     0x6038b26715d2 - std[617be2ca0a6fd877]::panicking::panic_with_hook
[INFO] [stdout]    7:     0x6038b2654b42 - std[617be2ca0a6fd877]::panicking::panic_handler::{closure#0}
[INFO] [stdout]    8:     0x6038b264d829 - std[617be2ca0a6fd877]::sys::backtrace::__rust_end_short_backtrace::<std[617be2ca0a6fd877]::panicking::panic_handler::{closure#0}, !>
[INFO] [stdout]    9:     0x6038b265574d - __rustc[ea4f61d10b84890b]::rust_begin_unwind
[INFO] [stdout]   10:     0x6038b269009c - core[a373ad73a504971]::panicking::panic_fmt
[INFO] [stdout]   11:     0x6038b268fe72 - core[a373ad73a504971]::result::unwrap_failed
[INFO] [stdout]   12:     0x6038b24bbf22 - third_party_conformance[3acc12f18c911804]::curl
[INFO] [stdout]   13:     0x6038b24b9a71 - third_party_conformance[3acc12f18c911804]::a_real_client_gets_a_404_for_a_token_that_names_nothing::{closure#0}
[INFO] [stdout]   14:     0x6038b24cfc7a - <tokio[1389501228e72b15]::runtime::park::CachedParkThread>::block_on::<core[a373ad73a504971]::pin::Pin<&mut dyn core[a373ad73a504971]::future::future::Future<Output = ()>>>
[INFO] [stdout]   15:     0x6038b24dc3ff - tokio[1389501228e72b15]::runtime::context::runtime::enter_runtime::<<tokio[1389501228e72b15]::runtime::scheduler::multi_thread::MultiThread>::block_on<core[a373ad73a504971]::pin::Pin<&mut dyn core[a373ad73a504971]::future::future::Future<Output = ()>>>::{closure#0}, ()>
[INFO] [stdout]   16:     0x6038b24c7daa - <tokio[1389501228e72b15]::runtime::runtime::Runtime>::block_on::<core[a373ad73a504971]::pin::Pin<&mut dyn core[a373ad73a504971]::future::future::Future<Output = ()>>>
[INFO] [stdout]   17:     0x6038b24bd452 - <third_party_conformance[3acc12f18c911804]::a_real_client_gets_a_404_for_a_token_that_names_nothing::{closure#0} as core[a373ad73a504971]::ops::function::FnOnce<()>>::call_once
[INFO] [stdout]   18:     0x6038b2504deb - test[aada8e7e76ba119b]::__rust_begin_short_backtrace::<core[a373ad73a504971]::result::Result<(), alloc[2e1b2a31b91974c5]::string::String>, fn() -> core[a373ad73a504971]::result::Result<(), alloc[2e1b2a31b91974c5]::string::String>>
[INFO] [stdout]   19:     0x6038b2511fc5 - test[aada8e7e76ba119b]::run_test::{closure#0}
[INFO] [stdout]   20:     0x6038b250b8b4 - std[617be2ca0a6fd877]::sys::backtrace::__rust_begin_short_backtrace::<test[aada8e7e76ba119b]::run_test::{closure#1}, ()>
[INFO] [stdout]   21:     0x6038b2515052 - <std[617be2ca0a6fd877]::thread::lifecycle::spawn_unchecked<test[aada8e7e76ba119b]::run_test::{closure#1}, ()>::{closure#1} as core[a373ad73a504971]::ops::function::FnOnce<()>>::call_once::{shim:vtable#0}
[INFO] [stdout]   22:     0x6038b267873f - <std[617be2ca0a6fd877]::sys::thread::unix::Thread>::new::thread_start
[INFO] [stdout]   23:     0x795b2e3a2dfa - <unknown>
[INFO] [stdout]   24:     0x795b2e4363d4 - clone
[INFO] [stdout]   25:                0x0 - <unknown>
[INFO] [stdout] 
[INFO] [stdout] ---- a_real_client_saves_the_file_under_the_name_it_was_told stdout ----
[INFO] [stdout] 
[INFO] [stdout] thread 'a_real_client_saves_the_file_under_the_name_it_was_told' (1958) panicked at tests/third_party_conformance.rs:272:10:
[INFO] [stdout] podman runs: Os { code: 2, kind: NotFound, message: "No such file or directory" }
[INFO] [stdout] stack backtrace:
[INFO] [stdout]    0:     0x6038b2678f21 - <<std[617be2ca0a6fd877]::sys::backtrace::BacktraceLock>::print::DisplayBacktrace as core[a373ad73a504971]::fmt::Display>::fmt
[INFO] [stdout]    1:     0x6038b268f93a - core[a373ad73a504971]::fmt::write
[INFO] [stdout]    2:     0x6038b267d51c - <alloc[2e1b2a31b91974c5]::vec::Vec<u8> as core[a373ad73a504971]::io::write::Write>::write_fmt
[INFO] [stdout]    3:     0x6038b2654a96 - std[617be2ca0a6fd877]::panicking::default_hook::{closure#0}
[INFO] [stdout]    4:     0x6038b26712a9 - std[617be2ca0a6fd877]::panicking::default_hook
[INFO] [stdout]    5:     0x6038b25119a0 - test[aada8e7e76ba119b]::test_main_inner::{closure#0}
[INFO] [stdout]    6:     0x6038b26715d2 - std[617be2ca0a6fd877]::panicking::panic_with_hook
[INFO] [stdout]    7:     0x6038b2654b42 - std[617be2ca0a6fd877]::panicking::panic_handler::{closure#0}
[INFO] [stdout]    8:     0x6038b264d829 - std[617be2ca0a6fd877]::sys::backtrace::__rust_end_short_backtrace::<std[617be2ca0a6fd877]::panicking::panic_handler::{closure#0}, !>
[INFO] [stdout]    9:     0x6038b265574d - __rustc[ea4f61d10b84890b]::rust_begin_unwind
[INFO] [stdout]   10:     0x6038b269009c - core[a373ad73a504971]::panicking::panic_fmt
[INFO] [stdout]   11:     0x6038b268fe72 - core[a373ad73a504971]::result::unwrap_failed
[INFO] [stdout]   12:     0x6038b24b9fd9 - third_party_conformance[3acc12f18c911804]::a_real_client_saves_the_file_under_the_name_it_was_told::{closure#0}
[INFO] [stdout]   13:     0x6038b24cfc7a - <tokio[1389501228e72b15]::runtime::park::CachedParkThread>::block_on::<core[a373ad73a504971]::pin::Pin<&mut dyn core[a373ad73a504971]::future::future::Future<Output = ()>>>
[INFO] [stdout]   14:     0x6038b24dc3ff - tokio[1389501228e72b15]::runtime::context::runtime::enter_runtime::<<tokio[1389501228e72b15]::runtime::scheduler::multi_thread::MultiThread>::block_on<core[a373ad73a504971]::pin::Pin<&mut dyn core[a373ad73a504971]::future::future::Future<Output = ()>>>::{closure#0}, ()>
[INFO] [stdout]   15:     0x6038b24c7daa - <tokio[1389501228e72b15]::runtime::runtime::Runtime>::block_on::<core[a373ad73a504971]::pin::Pin<&mut dyn core[a373ad73a504971]::future::future::Future<Output = ()>>>
[INFO] [stdout]   16:     0x6038b24bd5d2 - <third_party_conformance[3acc12f18c911804]::a_real_client_saves_the_file_under_the_name_it_was_told::{closure#0} as core[a373ad73a504971]::ops::function::FnOnce<()>>::call_once
[INFO] [stdout]   17:     0x6038b2504deb - test[aada8e7e76ba119b]::__rust_begin_short_backtrace::<core[a373ad73a504971]::result::Result<(), alloc[2e1b2a31b91974c5]::string::String>, fn() -> core[a373ad73a504971]::result::Result<(), alloc[2e1b2a31b91974c5]::string::String>>
[INFO] [stdout]   18:     0x6038b2511fc5 - test[aada8e7e76ba119b]::run_test::{closure#0}
[INFO] [stdout]   19:     0x6038b250b8b4 - std[617be2ca0a6fd877]::sys::backtrace::__rust_begin_short_backtrace::<test[aada8e7e76ba119b]::run_test::{closure#1}, ()>
[INFO] [stdout]   20:     0x6038b2515052 - <std[617be2ca0a6fd877]::thread::lifecycle::spawn_unchecked<test[aada8e7e76ba119b]::run_test::{closure#1}, ()>::{closure#1} as core[a373ad73a504971]::ops::function::FnOnce<()>>::call_once::{shim:vtable#0}
[INFO] [stdout]   21:     0x6038b267873f - <std[617be2ca0a6fd877]::sys::thread::unix::Thread>::new::thread_start
[INFO] [stdout]   22:     0x795b2e3a2dfa - <unknown>
[INFO] [stdout]   23:     0x795b2e4363d4 - clone
[INFO] [stdout]   24:                0x0 - <unknown>
[INFO] [stdout] 
[INFO] [stdout] 
[INFO] [stdout] failures:
[INFO] [stdout]     a_real_client_downloads_a_published_file
[INFO] [stdout]     a_real_client_finds_no_surface_but_the_token
[INFO] [stdout]     a_real_client_gets_a_404_for_a_token_that_names_nothing
[INFO] [stdout]     a_real_client_is_answered_in_the_language_it_asks_for
[INFO] [stdout]     a_real_client_is_redirected_from_the_bare_console_path
[INFO] [stdout]     a_real_client_is_told_the_length_when_its_range_is_unsatisfiable
[INFO] [stdout]     a_real_client_reads_an_http_date_from_last_modified
[INFO] [stdout]     a_real_client_resumes_with_a_range_request
[INFO] [stdout]     a_real_client_revalidates_with_the_etag_it_was_given
[INFO] [stdout]     a_real_client_saves_the_file_under_the_name_it_was_told
[INFO] [stdout]     a_real_client_signs_in_uploads_and_publishes_a_file
[INFO] [stdout] 
[INFO] [stdout] test result: FAILED. 0 passed; 11 failed; 0 ignored; 0 measured; 0 filtered out; finished in 0.02s
[INFO] [stdout] 
[INFO] [stderr] error: test failed, to rerun pass `--test third_party_conformance`
[INFO] running `Command { std: "docker" "inspect" "7e2ccb41591eacadc77316f4c018aac104c11a794823f192d99ad001d17528c1", kill_on_drop: false }`
[INFO] running `Command { std: "docker" "rm" "-f" "7e2ccb41591eacadc77316f4c018aac104c11a794823f192d99ad001d17528c1", kill_on_drop: false }`
[INFO] [stdout] 7e2ccb41591eacadc77316f4c018aac104c11a794823f192d99ad001d17528c1
