[INFO] fetching crate gfeh-drive 0.2.0...
[INFO] testing gfeh-drive-0.2.0 against 1.99.0-beta.8+cargoflags=--release for beta-release-1.100-2
[INFO] extracting crate gfeh-drive 0.2.0 into /workspace/builds/worker-7-tc1/source
[INFO] started tweaking crates.io crate gfeh-drive 0.2.0
[INFO] removed 0 missing tests
[INFO] finished tweaking crates.io crate gfeh-drive 0.2.0
[INFO] tweaked toml for crates.io crate gfeh-drive 0.2.0 written to /workspace/builds/worker-7-tc1/source/Cargo.toml
[INFO] validating manifest of crates.io crate gfeh-drive 0.2.0 on toolchain 1.99.0-beta.8
[INFO] running `Command { std: CARGO_HOME="/workspace/cargo-home" RUSTUP_HOME="/workspace/rustup-home" "/workspace/cargo-home/bin/cargo" "+1.99.0-beta.8" "metadata" "--manifest-path" "Cargo.toml" "--no-deps", kill_on_drop: false }`
[INFO] crate crates.io crate gfeh-drive 0.2.0 already has a lockfile, it will not be regenerated
[INFO] running `Command { std: CARGO_HOME="/workspace/cargo-home" RUSTUP_HOME="/workspace/rustup-home" "/workspace/cargo-home/bin/cargo" "+1.99.0-beta.8" "fetch" "--manifest-path" "Cargo.toml", kill_on_drop: false }`
[INFO] [stderr]     Blocking waiting for file lock on package cache
[INFO] [stderr]     Updating crates.io index
[INFO] [stderr]     Blocking waiting for file lock on package cache
[INFO] [stderr]  Downloading crates ...
[INFO] [stderr]   Downloaded wasm-bindgen-shared v0.2.126
[INFO] [stderr]   Downloaded uuid v1.24.0
[INFO] [stderr]   Downloaded wasm-bindgen-macro v0.2.126
[INFO] [stderr]   Downloaded futures-sink v0.3.33
[INFO] [stderr]   Downloaded tokio-macros v2.7.2
[INFO] [stderr]   Downloaded wasm-bindgen v0.2.126
[INFO] [stderr]   Downloaded web-time v1.1.0
[INFO] [stderr]   Downloaded cpufeatures v0.2.17
[INFO] [stderr]   Downloaded tower-layer v0.3.3
[INFO] [stderr]   Downloaded subtle v2.6.1
[INFO] [stderr]   Downloaded cpufeatures v0.3.0
[INFO] [stderr]   Downloaded fallible-streaming-iterator v0.1.9
[INFO] [stderr]   Downloaded tinyvec_macros v0.1.1
[INFO] [stderr]   Downloaded try-lock v0.2.5
[INFO] [stderr]   Downloaded idna_adapter v1.2.1
[INFO] [stderr]   Downloaded block-buffer v0.10.4
[INFO] [stderr]   Downloaded rand_pcg v0.10.2
[INFO] [stderr]   Downloaded version_check v0.9.5
[INFO] [stderr]   Downloaded parking_lot_core v0.9.12
[INFO] [stderr]   Downloaded tower-service v0.3.3
[INFO] [stderr]   Downloaded untrusted v0.9.0
[INFO] [stderr]   Downloaded want v0.3.1
[INFO] [stderr]   Downloaded fallible-iterator v0.3.0
[INFO] [stderr]   Downloaded rustls-pki-types v1.15.1
[INFO] [stderr]   Downloaded http-body v1.1.0
[INFO] [stderr]   Downloaded atomic-waker v1.1.2
[INFO] [stderr]   Downloaded wasm-bindgen-futures v0.4.76
[INFO] [stderr]   Downloaded rustc-hash v2.1.3
[INFO] [stderr]   Downloaded lru-slab v0.1.2
[INFO] [stderr]   Downloaded sync_wrapper v1.0.2
[INFO] [stderr]   Downloaded httpdate v1.0.3
[INFO] [stderr]   Downloaded potential_utf v0.1.5
[INFO] [stderr]   Downloaded mime v0.3.17
[INFO] [stderr]   Downloaded generic-array v0.14.7
[INFO] [stderr]   Downloaded rand_core v0.10.1
[INFO] [stderr]   Downloaded valuable v0.1.1
[INFO] [stderr]   Downloaded redox_syscall v0.5.18
[INFO] [stderr]   Downloaded serde_urlencoded v0.7.1
[INFO] [stderr]   Downloaded sha2 v0.10.9
[INFO] [stderr]   Downloaded digest v0.10.7
[INFO] [stderr]   Downloaded socket2 v0.6.5
[INFO] [stderr]   Downloaded signal-hook-registry v1.4.8
[INFO] [stderr]   Downloaded lock_api v0.4.14
[INFO] [stderr]   Downloaded zerovec-derive v0.11.3
[INFO] [stderr]   Downloaded writeable v0.6.3
[INFO] [stderr]   Downloaded tinystr v0.8.3
[INFO] [stderr]   Downloaded tokio-rustls v0.26.4
[INFO] [stderr]   Downloaded find-msvc-tools v0.1.9
[INFO] [stderr]   Downloaded thiserror v2.0.19
[INFO] [stderr]   Downloaded thiserror-impl v2.0.19
[INFO] [stderr]   Downloaded chacha20 v0.10.1
[INFO] [stderr]   Downloaded mime_guess v2.0.5
[INFO] [stderr]   Downloaded unicase v2.9.0
[INFO] [stderr]   Downloaded ipnet v2.12.0
[INFO] [stderr]   Downloaded hyper-rustls v0.27.9
[INFO] [stderr]   Downloaded http-body-util v0.1.4
[INFO] [stderr]   Downloaded crypto-common v0.1.7
[INFO] [stderr]   Downloaded rsqlite-vfs v0.1.1
[INFO] [stderr]   Downloaded hex v0.4.3
[INFO] [stderr]   Downloaded base45 v3.2.0
[INFO] [stderr]   Downloaded wasm-bindgen-macro-support v0.2.126
[INFO] [stderr]   Downloaded tracing-attributes v0.1.31
[INFO] [stderr]   Downloaded scopeguard v1.2.0
[INFO] [stderr]   Downloaded wasm-streams v0.4.2
[INFO] [stderr]   Downloaded litemap v0.8.2
[INFO] [stderr]   Downloaded quinn-udp v0.5.15
[INFO] [stderr]   Downloaded tinyvec v1.12.0
[INFO] [stderr]   Downloaded httparse v1.10.1
[INFO] [stderr]   Downloaded gfeh-index v0.2.0
[INFO] [stderr]   Downloaded thread_local v1.1.10
[INFO] [stderr]   Downloaded md-5 v0.10.6
[INFO] [stderr]   Downloaded data-encoding-macro v0.1.20
[INFO] [stderr]   Downloaded data-encoding-macro-internal v0.1.18
[INFO] [stderr]   Downloaded tracing-core v0.1.36
[INFO] [stderr]   Downloaded log v0.4.33
[INFO] [stderr]   Downloaded parking_lot v0.12.5
[INFO] [stderr]   Downloaded bytes v1.12.1
[INFO] [stderr]   Downloaded icu_properties v2.1.2
[INFO] [stderr]   Downloaded icu_provider v2.1.1
[INFO] [stderr]   Downloaded icu_normalizer_data v2.1.1
[INFO] [stderr]   Downloaded base64 v0.22.1
[INFO] [stderr]   Downloaded serde_bytes v0.11.19
[INFO] [stderr]   Downloaded base256emoji v1.0.2
[INFO] [stderr]   Downloaded zerotrie v0.2.4
[INFO] [stderr]   Downloaded icu_locale_core v2.1.1
[INFO] [stderr]   Downloaded icu_normalizer v2.1.1
[INFO] [stderr]   Downloaded rustls-webpki v0.103.13
[INFO] [stderr]   Downloaded quinn v0.11.11
[INFO] [stderr]   Downloaded gfeh-vfs v0.2.0
[INFO] [stderr]   Downloaded typenum v1.20.1
[INFO] [stderr]   Downloaded unsigned-varint v0.8.0
[INFO] [stderr]   Downloaded js-sys v0.3.103
[INFO] [stderr]   Downloaded icu_collections v2.1.1
[INFO] [stderr]   Downloaded cc v1.4.0
[INFO] [stderr]   Downloaded rand v0.10.2
[INFO] [stderr]   Downloaded hyper-util v0.1.20
[INFO] [stderr]   Downloaded mio v1.2.2
[INFO] [stderr]   Downloaded zerovec v0.11.6
[INFO] [stderr]   Downloaded tower v0.5.3
[INFO] [stderr]   Downloaded http v1.5.0
[INFO] [stderr]   Downloaded matchers v0.2.0
[INFO] [stderr]   Downloaded reqwest v0.12.28
[INFO] [stderr]   Downloaded tokio-util v0.7.19
[INFO] [stderr]   Downloaded match-lookup v0.1.2
[INFO] [stderr]   Downloaded base-x v0.2.11
[INFO] [stderr]   Downloaded icu_properties_data v2.1.2
[INFO] [stderr]   Downloaded tower-http v0.6.11
[INFO] [stderr]   Downloaded hyper v1.11.0
[INFO] [stderr]   Downloaded rusqlite v0.40.1
[INFO] [stderr]   Downloaded multibase v0.9.3
[INFO] [stderr]   Downloaded serde_path_to_error v0.1.20
[INFO] [stderr]   Downloaded axum-core v0.5.6
[INFO] [stderr]   Downloaded webpki-roots v1.0.9
[INFO] [stderr]   Downloaded quinn-proto v0.11.16
[INFO] [stderr]   Downloaded tracing-log v0.2.0
[INFO] [stderr]   Downloaded nu-ansi-term v0.50.3
[INFO] [stderr]   Downloaded cid v0.11.3
[INFO] [stderr]   Downloaded const-str v0.4.3
[INFO] [stderr]   Downloaded hashlink v0.12.1
[INFO] [stderr]   Downloaded rustls v0.23.43
[INFO] [stderr]   Downloaded hmac v0.12.1
[INFO] [stderr]   Downloaded multihash v0.19.5
[INFO] [stderr]   Downloaded data-encoding v2.11.0
[INFO] [stderr]   Downloaded async-trait v0.1.91
[INFO] [stderr]   Downloaded tracing v0.1.44
[INFO] [stderr]   Downloaded sharded-slab v0.1.7
[INFO] [stderr]   Downloaded matchit v0.8.4
[INFO] [stderr]   Downloaded web-sys v0.3.103
[INFO] [stderr]   Downloaded vcpkg v0.2.15
[INFO] [stderr]   Downloaded futures v0.3.33
[INFO] [stderr]   Downloaded gfeh-core v0.2.0
[INFO] [stderr]   Downloaded gfeh-store v0.2.0
[INFO] [stderr]   Downloaded tokio v1.53.1
[INFO] [stderr]   Downloaded aho-corasick v1.1.4
[INFO] [stderr]   Downloaded axum v0.8.9
[INFO] [stderr]   Downloaded tracing-subscriber v0.3.23
[INFO] [stderr]   Downloaded ring v0.17.14
[INFO] [stderr]   Downloaded regex-automata v0.4.16
[INFO] [stderr]   Downloaded windows-sys v0.52.0
[INFO] [stderr]   Downloaded sqlite-wasm-rs v0.5.5
[INFO] [stderr]   Downloaded libsqlite3-sys v0.38.1
[INFO] running `Command { std: "docker" "create" "-v" "/var/lib/crater-agent-workspace/builds/worker-7-tc1/source:/opt/rustwide/workdir:ro,Z" "-v" "/var/lib/crater-agent-workspace/builds/worker-7-tc1/target:/opt/rustwide/target:rw,Z" "-v" "/var/lib/crater-agent-workspace/cargo-home:/opt/rustwide/cargo-home:ro,Z" "-v" "/var/lib/crater-agent-workspace/rustup-home:/opt/rustwide/rustup-home:ro,Z" "-m" "1610612736" "--network" "none" "ghcr.io/rust-lang/crates-build-env/linux@sha256:77db811e55d90add9212f6832c23229e3de5f1c1f9905e8cb07319ea15df73ac" "sleep" "infinity", kill_on_drop: false }`
[INFO] [stdout] 52c2b03f8a7ed47f107bd6a6ebab13c6d261d60240f0ebc0df42a993cea2b3cf
[INFO] running `Command { std: "docker" "start" "52c2b03f8a7ed47f107bd6a6ebab13c6d261d60240f0ebc0df42a993cea2b3cf", kill_on_drop: false }`
[INFO] running `Command { std: "docker" "inspect" "52c2b03f8a7ed47f107bd6a6ebab13c6d261d60240f0ebc0df42a993cea2b3cf", kill_on_drop: false }`
[INFO] running `Command { std: "docker" "exec" "-e" "SOURCE_DIR=/opt/rustwide/workdir" "-e" "CARGO_HOME=/opt/rustwide/cargo-home" "-e" "RUSTUP_HOME=/opt/rustwide/rustup-home" "-e" "CARGO_TARGET_DIR=/opt/rustwide/target" "-w" "/opt/rustwide/workdir" "--user" "0:0" "52c2b03f8a7ed47f107bd6a6ebab13c6d261d60240f0ebc0df42a993cea2b3cf" "/opt/rustwide/cargo-home/bin/cargo" "+1.99.0-beta.8" "metadata" "--no-deps" "--format-version=1", kill_on_drop: false }`
[INFO] running `Command { std: "docker" "inspect" "52c2b03f8a7ed47f107bd6a6ebab13c6d261d60240f0ebc0df42a993cea2b3cf", kill_on_drop: false }`
[INFO] running `Command { std: "docker" "exec" "-e" "SOURCE_DIR=/opt/rustwide/workdir" "-e" "CARGO_HOME=/opt/rustwide/cargo-home" "-e" "RUSTUP_HOME=/opt/rustwide/rustup-home" "-e" "CARGO_TARGET_DIR=/opt/rustwide/target" "-e" "CARGO_INCREMENTAL=0" "-e" "RUST_BACKTRACE=full" "-e" "RUSTFLAGS=--cap-lints=warn" "-e" "RUSTDOCFLAGS=--cap-lints=warn" "-w" "/opt/rustwide/workdir" "--user" "0:0" "52c2b03f8a7ed47f107bd6a6ebab13c6d261d60240f0ebc0df42a993cea2b3cf" "/opt/rustwide/cargo-home/bin/cargo" "+1.99.0-beta.8" "build" "--frozen" "--message-format=json" "--release", kill_on_drop: false }`
[INFO] [stderr]    Compiling proc-macro2 v1.0.107
[INFO] [stderr]    Compiling unicode-ident v1.0.24
[INFO] [stderr]    Compiling quote v1.0.47
[INFO] [stderr]    Compiling libc v0.2.189
[INFO] [stderr]    Compiling cfg-if v1.0.4
[INFO] [stderr]    Compiling pin-project-lite v0.2.17
[INFO] [stderr]    Compiling smallvec v1.15.2
[INFO] [stderr]    Compiling futures-core v0.3.33
[INFO] [stderr]    Compiling bytes v1.12.1
[INFO] [stderr]    Compiling stable_deref_trait v1.2.1
[INFO] [stderr]    Compiling serde_core v1.0.229
[INFO] [stderr]    Compiling once_cell v1.21.4
[INFO] [stderr]    Compiling itoa v1.0.18
[INFO] [stderr]    Compiling parking_lot_core v0.9.12
[INFO] [stderr]    Compiling futures-sink v0.3.33
[INFO] [stderr]    Compiling scopeguard v1.2.0
[INFO] [stderr]    Compiling log v0.4.33
[INFO] [stderr]    Compiling memchr v2.8.3
[INFO] [stderr]    Compiling futures-task v0.3.33
[INFO] [stderr]    Compiling lock_api v0.4.14
[INFO] [stderr]    Compiling find-msvc-tools v0.1.9
[INFO] [stderr]    Compiling version_check v0.9.5
[INFO] [stderr]    Compiling slab v0.4.12
[INFO] [stderr]    Compiling futures-io v0.3.33
[INFO] [stderr]    Compiling futures-channel v0.3.33
[INFO] [stderr]    Compiling shlex v2.0.1
[INFO] [stderr]    Compiling writeable v0.6.3
[INFO] [stderr]    Compiling litemap v0.8.2
[INFO] [stderr]    Compiling tracing-core v0.1.36
[INFO] [stderr]    Compiling subtle v2.6.1
[INFO] [stderr]    Compiling icu_normalizer_data v2.1.1
[INFO] [stderr]    Compiling generic-array v0.14.7
[INFO] [stderr]    Compiling percent-encoding v2.3.2
[INFO] [stderr]    Compiling icu_properties_data v2.1.2
[INFO] [stderr]    Compiling typenum v1.20.1
[INFO] [stderr]    Compiling cc v1.4.0
[INFO] [stderr]    Compiling serde v1.0.229
[INFO] [stderr]    Compiling zeroize v1.9.0
[INFO] [stderr]    Compiling tower-service v0.3.3
[INFO] [stderr]    Compiling httparse v1.10.1
[INFO] [stderr]    Compiling rustls-pki-types v1.15.1
[INFO] [stderr]    Compiling untrusted v0.9.0
[INFO] [stderr]    Compiling try-lock v0.2.5
[INFO] [stderr]    Compiling form_urlencoded v1.2.2
[INFO] [stderr]    Compiling want v0.3.1
[INFO] [stderr]    Compiling sync_wrapper v1.0.2
[INFO] [stderr]    Compiling httpdate v1.0.3
[INFO] [stderr]    Compiling data-encoding v2.11.0
[INFO] [stderr]    Compiling zmij v1.0.23
[INFO] [stderr]    Compiling tower-layer v0.3.3
[INFO] [stderr]    Compiling atomic-waker v1.1.2
[INFO] [stderr]    Compiling rustls v0.23.43
[INFO] [stderr]    Compiling serde_json v1.0.151
[INFO] [stderr]    Compiling base64 v0.22.1
[INFO] [stderr]    Compiling ipnet v2.12.0
[INFO] [stderr]    Compiling syn v2.0.119
[INFO] [stderr]    Compiling syn v3.0.3
[INFO] [stderr]    Compiling http v1.5.0
[INFO] [stderr]    Compiling errno v0.3.14
[INFO] [stderr]    Compiling parking_lot v0.12.5
[INFO] [stderr]    Compiling mio v1.2.2
[INFO] [stderr]    Compiling socket2 v0.6.5
[INFO] [stderr]    Compiling getrandom v0.2.17
[INFO] [stderr]    Compiling signal-hook-registry v1.4.8
[INFO] [stderr]    Compiling const-str v0.4.3
[INFO] [stderr]    Compiling mime v0.3.17
[INFO] [stderr]    Compiling regex-syntax v0.8.11
[INFO] [stderr]    Compiling utf8_iter v1.0.4
[INFO] [stderr]    Compiling getrandom v0.4.3
[INFO] [stderr]    Compiling unicase v2.9.0
[INFO] [stderr]    Compiling block-buffer v0.10.4
[INFO] [stderr]    Compiling crypto-common v0.1.7
[INFO] [stderr]    Compiling base45 v3.2.0
[INFO] [stderr]    Compiling base-x v0.2.11
[INFO] [stderr]    Compiling mime_guess v2.0.5
[INFO] [stderr]    Compiling ryu v1.0.23
[INFO] [stderr]    Compiling unsigned-varint v0.8.0
[INFO] [stderr]    Compiling digest v0.10.7
[INFO] [stderr]    Compiling lazy_static v1.5.0
[INFO] [stderr]    Compiling thiserror v2.0.19
[INFO] [stderr]    Compiling ring v0.17.14
[INFO] [stderr]    Compiling sharded-slab v0.1.7
[INFO] [stderr]    Compiling webpki-roots v1.0.9
[INFO] [stderr]    Compiling http-body v1.1.0
[INFO] [stderr]    Compiling tracing-log v0.2.0
[INFO] [stderr]    Compiling http-body-util v0.1.4
[INFO] [stderr]    Compiling thread_local v1.1.10
[INFO] [stderr]    Compiling nu-ansi-term v0.50.3
[INFO] [stderr]    Compiling cpufeatures v0.2.17
[INFO] [stderr]    Compiling sha2 v0.10.9
[INFO] [stderr]    Compiling md-5 v0.10.6
[INFO] [stderr]    Compiling hmac v0.12.1
[INFO] [stderr]    Compiling matchit v0.8.4
[INFO] [stderr]    Compiling hex v0.4.3
[INFO] [stderr]    Compiling regex-automata v0.4.16
[INFO] [stderr]    Compiling bitflags v2.13.1
[INFO] [stderr]    Compiling serde_bytes v0.11.19
[INFO] [stderr]    Compiling serde_path_to_error v0.1.20
[INFO] [stderr]    Compiling uuid v1.24.0
[INFO] [stderr]    Compiling synstructure v0.13.2
[INFO] [stderr]    Compiling displaydoc v0.2.7
[INFO] [stderr]    Compiling tokio-macros v2.7.2
[INFO] [stderr]    Compiling serde_derive v1.0.229
[INFO] [stderr]    Compiling thiserror-impl v2.0.19
[INFO] [stderr]    Compiling async-trait v0.1.91
[INFO] [stderr]    Compiling zerofrom-derive v0.1.7
[INFO] [stderr]    Compiling yoke-derive v0.8.2
[INFO] [stderr]    Compiling zerovec-derive v0.11.3
[INFO] [stderr]    Compiling futures-macro v0.3.33
[INFO] [stderr]    Compiling tracing-attributes v0.1.31
[INFO] [stderr]    Compiling data-encoding-macro-internal v0.1.18
[INFO] [stderr]    Compiling match-lookup v0.1.2
[INFO] [stderr]    Compiling base256emoji v1.0.2
[INFO] [stderr]    Compiling data-encoding-macro v0.1.20
[INFO] [stderr]    Compiling multibase v0.9.3
[INFO] [stderr]    Compiling tokio v1.53.1
[INFO] [stderr]    Compiling futures-util v0.3.33
[INFO] [stderr]    Compiling zerofrom v0.1.8
[INFO] [stderr]    Compiling tracing v0.1.44
[INFO] [stderr]    Compiling yoke v0.8.3
[INFO] [stderr]    Compiling zerovec v0.11.6
[INFO] [stderr]    Compiling zerotrie v0.2.4
[INFO] [stderr]    Compiling axum-core v0.5.6
[INFO] [stderr]    Compiling matchers v0.2.0
[INFO] [stderr]    Compiling tracing-subscriber v0.3.23
[INFO] [stderr]    Compiling tinystr v0.8.3
[INFO] [stderr]    Compiling potential_utf v0.1.5
[INFO] [stderr]    Compiling icu_collections v2.1.1
[INFO] [stderr]    Compiling icu_locale_core v2.1.1
[INFO] [stderr]    Compiling icu_provider v2.1.1
[INFO] [stderr]    Compiling icu_normalizer v2.1.1
[INFO] [stderr]    Compiling icu_properties v2.1.2
[INFO] [stderr]    Compiling multihash v0.19.5
[INFO] [stderr]    Compiling serde_urlencoded v0.7.1
[INFO] [stderr]    Compiling cid v0.11.3
[INFO] [stderr]    Compiling futures-executor v0.3.33
[INFO] [stderr]    Compiling futures v0.3.33
[INFO] [stderr]    Compiling gfeh-core v0.2.0
[INFO] [stderr]    Compiling idna_adapter v1.2.1
[INFO] [stderr]    Compiling idna v1.1.0
[INFO] [stderr]    Compiling url v2.5.8
[INFO] [stderr]    Compiling hyper v1.11.0
[INFO] [stderr]    Compiling tower v0.5.3
[INFO] [stderr]    Compiling tokio-util v0.7.19
[INFO] [stderr]    Compiling tower-http v0.6.11
[INFO] [stderr]    Compiling hyper-util v0.1.20
[INFO] [stderr]    Compiling rustls-webpki v0.103.13
[INFO] [stderr]    Compiling axum v0.8.9
[INFO] [stderr]    Compiling tokio-rustls v0.26.4
[INFO] [stderr]    Compiling hyper-rustls v0.27.9
[INFO] [stderr]    Compiling reqwest v0.12.28
[INFO] [stderr]    Compiling gfeh-drive v0.2.0 (/opt/rustwide/workdir)
[INFO] [stderr]     Finished `release` profile [optimized] target(s) in 1m 41s
[INFO] running `Command { std: "docker" "inspect" "52c2b03f8a7ed47f107bd6a6ebab13c6d261d60240f0ebc0df42a993cea2b3cf", kill_on_drop: false }`
[INFO] running `Command { std: "docker" "exec" "-e" "SOURCE_DIR=/opt/rustwide/workdir" "-e" "CARGO_HOME=/opt/rustwide/cargo-home" "-e" "RUSTUP_HOME=/opt/rustwide/rustup-home" "-e" "CARGO_TARGET_DIR=/opt/rustwide/target" "-e" "CARGO_INCREMENTAL=0" "-e" "RUST_BACKTRACE=full" "-e" "RUSTFLAGS=--cap-lints=warn" "-e" "RUSTDOCFLAGS=--cap-lints=warn" "-w" "/opt/rustwide/workdir" "--user" "0:0" "52c2b03f8a7ed47f107bd6a6ebab13c6d261d60240f0ebc0df42a993cea2b3cf" "/opt/rustwide/cargo-home/bin/cargo" "+1.99.0-beta.8" "test" "--frozen" "--no-run" "--message-format=json" "--release", kill_on_drop: false }`
[INFO] [stderr]    Compiling pkg-config v0.3.33
[INFO] [stderr]    Compiling vcpkg v0.2.15
[INFO] [stderr]    Compiling foldhash v0.2.0
[INFO] [stderr]    Compiling fallible-iterator v0.3.0
[INFO] [stderr]    Compiling fallible-streaming-iterator v0.1.9
[INFO] [stderr]    Compiling tokio-util v0.7.19
[INFO] [stderr]    Compiling hashbrown v0.17.1
[INFO] [stderr]    Compiling reqwest v0.12.28
[INFO] [stderr]    Compiling libsqlite3-sys v0.38.1
[INFO] [stderr]    Compiling hashlink v0.12.1
[INFO] [stderr]    Compiling gfeh-drive v0.2.0 (/opt/rustwide/workdir)
[INFO] [stderr]    Compiling rusqlite v0.40.1
[INFO] [stderr]    Compiling gfeh-index v0.2.0
[INFO] [stderr]    Compiling gfeh-vfs v0.2.0
[INFO] [stderr]    Compiling gfeh-store v0.2.0
[INFO] [stderr]     Finished `release` profile [optimized] target(s) in 2m 31s
[INFO] running `Command { std: "docker" "inspect" "52c2b03f8a7ed47f107bd6a6ebab13c6d261d60240f0ebc0df42a993cea2b3cf", kill_on_drop: false }`
[INFO] running `Command { std: "docker" "exec" "-e" "SOURCE_DIR=/opt/rustwide/workdir" "-e" "CARGO_HOME=/opt/rustwide/cargo-home" "-e" "RUSTUP_HOME=/opt/rustwide/rustup-home" "-e" "CARGO_TARGET_DIR=/opt/rustwide/target" "-e" "CARGO_INCREMENTAL=0" "-e" "RUST_BACKTRACE=full" "-e" "RUSTFLAGS=--cap-lints=warn" "-e" "RUSTDOCFLAGS=--cap-lints=warn" "-w" "/opt/rustwide/workdir" "--user" "0:0" "52c2b03f8a7ed47f107bd6a6ebab13c6d261d60240f0ebc0df42a993cea2b3cf" "/opt/rustwide/cargo-home/bin/cargo" "+1.99.0-beta.8" "test" "--frozen" "--release", kill_on_drop: false }`
[INFO] [stderr]     Finished `release` profile [optimized] target(s) in 0.28s
[INFO] [stderr]      Running unittests src/lib.rs (/opt/rustwide/target/release/deps/gfeh_drive-e025288e87c275ff)
[INFO] [stdout] 
[INFO] [stdout] running 20 tests
[INFO] [stdout] test resource::tests::a_file_carries_the_fields_a_client_reads ... ok
[INFO] [stdout] test resource::tests::an_unrecognised_clause_widens_the_result_rather_than_failing_the_query ... ok
[INFO] [stdout] test resource::tests::a_size_is_a_string_because_a_double_cannot_hold_one_exactly ... ok
[INFO] [stdout] test resource::tests::a_folder_is_identified_by_its_mime_type_and_has_no_size ... ok
[INFO] [stdout] test server::tests::store_failures_carry_the_status_a_client_branches_on ... ok
[INFO] [stdout] test server::tests::the_root_alias_resolves_before_a_client_knows_any_id ... ok
[INFO] [stdout] test server::tests::a_valid_bearer_token_names_its_principal ... ok
[INFO] [stdout] test resource::tests::asking_for_the_trash_is_distinguished_from_excluding_it ... ok
[INFO] [stdout] test uploads::tests::a_malformed_content_range_is_refused_rather_than_guessed ... ok
[INFO] [stdout] test resource::tests::a_name_lookup_is_understood ... ok
[INFO] [stdout] test resource::tests::times_are_rfc_3339_rather_than_http_dates ... ok
[INFO] [stdout] test server::tests::a_file_id_that_is_not_one_is_a_404_rather_than_a_500 ... ok
[INFO] [stdout] test resource::tests::a_folder_query_names_its_parent ... ok
[INFO] [stdout] test resource::tests::quoting_is_accepted_in_both_forms ... ok
[INFO] [stdout] test uploads::tests::the_resume_header_reports_the_last_byte_held_rather_than_the_count ... ok
[INFO] [stdout] test server::tests::a_missing_or_wrong_token_is_a_401_rather_than_a_403 ... ok
[INFO] [stdout] test uploads::tests::content_ranges_parse_with_a_known_and_an_unknown_total ... ok
[INFO] [stderr]      Running tests/conformance.rs (/opt/rustwide/target/release/deps/conformance-089dc9208cbcbeb1)
[INFO] [stdout] test server::tests::an_empty_or_malformed_body_reads_as_an_empty_object ... ok
[INFO] [stdout] test resource::tests::a_trashed_file_says_so ... ok
[INFO] [stdout] test server::tests::a_session_location_is_absolute ... ok
[INFO] [stdout] 
[INFO] [stdout] test result: ok. 20 passed; 0 failed; 0 ignored; 0 measured; 0 filtered out; finished in 0.01s
[INFO] [stdout] 
[INFO] [stdout] 
[INFO] [stdout] running 6 tests
[INFO] [stdout] test a_failing_backend_is_reported_rather_than_aborting_the_run ... ok
[INFO] [stdout] test every_case_has_a_distinct_name ... ok
[INFO] [stdout] test only_the_cases_that_never_touch_the_store_survive_one_that_does_nothing ... ok
[INFO] [stdout] test the_composed_namespace_is_conformant ... ok
[INFO] [stdout] test the_in_memory_reference_is_conformant ... ok
[INFO] [stderr]      Running tests/third_party_conformance.rs (/opt/rustwide/target/release/deps/third_party_conformance-4a2ba41f3ac1aec4)
[INFO] [stdout] test a_filesystem_partition_is_conformant ... ok
[INFO] [stdout] 
[INFO] [stdout] test result: ok. 6 passed; 0 failed; 0 ignored; 0 measured; 0 filtered out; finished in 3.49s
[INFO] [stdout] 
[INFO] [stdout] 
[INFO] [stdout] running 6 tests
[INFO] [stdout] test a_real_client_gets_a_404_for_an_upload_session_that_does_not_exist ... FAILED
[INFO] [stdout] test a_token_reaches_the_about_resource ... FAILED
[INFO] [stdout] test a_real_client_completes_a_resumable_upload_in_chunks ... FAILED
[INFO] [stdout] test a_request_without_a_token_is_a_401_a_client_can_act_on ... FAILED
[INFO] [stderr] error: test failed, to rerun pass `--test third_party_conformance`
[INFO] [stdout] test a_real_client_creates_lists_reads_and_deletes_a_file ... FAILED
[INFO] [stdout] test a_real_client_is_refused_when_it_resumes_from_the_wrong_offset ... FAILED
[INFO] [stdout] 
[INFO] [stdout] failures:
[INFO] [stdout] 
[INFO] [stdout] ---- a_real_client_gets_a_404_for_an_upload_session_that_does_not_exist stdout ----
[INFO] [stdout] 
[INFO] [stdout] thread 'a_real_client_gets_a_404_for_an_upload_session_that_does_not_exist' (3433) panicked at tests/third_party_conformance.rs:67:10:
[INFO] [stdout] podman runs: Os { code: 2, kind: NotFound, message: "No such file or directory" }
[INFO] [stdout] stack backtrace:
[INFO] [stdout]    0:     0x5cae51206071 - <<std[70759c8f55707aa4]::sys::backtrace::BacktraceLock>::print::DisplayBacktrace as core[df12db4294e9bfd3]::fmt::Display>::fmt
[INFO] [stdout]    1:     0x5cae5121bd1a - core[df12db4294e9bfd3]::fmt::write
[INFO] [stdout]    2:     0x5cae5120a8ec - <alloc[2182bb758b4b3781]::vec::Vec<u8> as core[df12db4294e9bfd3]::io::write::Write>::write_fmt
[INFO] [stdout]    3:     0x5cae511e1cd6 - std[70759c8f55707aa4]::panicking::default_hook::{closure#0}
[INFO] [stdout]    4:     0x5cae511fe429 - std[70759c8f55707aa4]::panicking::default_hook
[INFO] [stdout]    5:     0x5cae510f0900 - test[9d35eded1c95d3be]::test_main_inner::<test[9d35eded1c95d3be]::test_main_static::{closure#0}>::{closure#0}
[INFO] [stdout]    6:     0x5cae511fe752 - std[70759c8f55707aa4]::panicking::panic_with_hook
[INFO] [stdout]    7:     0x5cae511e1d82 - std[70759c8f55707aa4]::panicking::panic_handler::{closure#0}
[INFO] [stdout]    8:     0x5cae511daad9 - std[70759c8f55707aa4]::sys::backtrace::__rust_end_short_backtrace::<std[70759c8f55707aa4]::panicking::panic_handler::{closure#0}, !>
[INFO] [stdout]    9:     0x5cae511e297d - __rustc[8fa7c3cbc660c2b3]::rust_begin_unwind
[INFO] [stdout]   10:     0x5cae5121c47c - core[df12db4294e9bfd3]::panicking::panic_fmt
[INFO] [stdout]   11:     0x5cae5121c252 - core[df12db4294e9bfd3]::result::unwrap_failed
[INFO] [stdout]   12:     0x5cae510df39a - third_party_conformance[46337a1ec9f7d5b1]::curl
[INFO] [stdout]   13:     0x5cae510de64a - third_party_conformance[46337a1ec9f7d5b1]::a_real_client_gets_a_404_for_an_upload_session_that_does_not_exist::{closure#0}
[INFO] [stdout]   14:     0x5cae5108ff7a - <tokio[5c7eafb2f773bd3e]::runtime::park::CachedParkThread>::block_on::<core[df12db4294e9bfd3]::pin::Pin<&mut dyn core[df12db4294e9bfd3]::future::future::Future<Output = ()>>>
[INFO] [stdout]   15:     0x5cae5109ab35 - <tokio[5c7eafb2f773bd3e]::runtime::runtime::Runtime>::block_on::<core[df12db4294e9bfd3]::pin::Pin<&mut dyn core[df12db4294e9bfd3]::future::future::Future<Output = ()>>>
[INFO] [stdout]   16:     0x5cae510e0622 - <third_party_conformance[46337a1ec9f7d5b1]::a_real_client_gets_a_404_for_an_upload_session_that_does_not_exist::{closure#0} as core[df12db4294e9bfd3]::ops::function::FnOnce<()>>::call_once
[INFO] [stdout]   17:     0x5cae510e3beb - test[9d35eded1c95d3be]::__rust_begin_short_backtrace::<core[df12db4294e9bfd3]::result::Result<(), alloc[2182bb758b4b3781]::string::String>, fn() -> core[df12db4294e9bfd3]::result::Result<(), alloc[2182bb758b4b3781]::string::String>>
[INFO] [stdout]   18:     0x5cae510f1255 - test[9d35eded1c95d3be]::run_test::{closure#0}
[INFO] [stdout]   19:     0x5cae510eab14 - std[70759c8f55707aa4]::sys::backtrace::__rust_begin_short_backtrace::<test[9d35eded1c95d3be]::run_test::{closure#1}, ()>
[INFO] [stdout]   20:     0x5cae510f43b2 - <std[70759c8f55707aa4]::thread::lifecycle::spawn_unchecked<test[9d35eded1c95d3be]::run_test::{closure#1}, ()>::{closure#1} as core[df12db4294e9bfd3]::ops::function::FnOnce<()>>::call_once::{shim:vtable#0}
[INFO] [stdout]   21:     0x5cae51205909 - <std[70759c8f55707aa4]::sys::thread::unix::Thread>::new::thread_start
[INFO] [stdout]   22:     0x7ea124ca1dfa - <unknown>
[INFO] [stdout]   23:     0x7ea124d353d4 - clone
[INFO] [stdout]   24:                0x0 - <unknown>
[INFO] [stdout] 
[INFO] [stdout] ---- a_token_reaches_the_about_resource stdout ----
[INFO] [stdout] 
[INFO] [stdout] thread 'a_token_reaches_the_about_resource' (3436) panicked at tests/third_party_conformance.rs:67:10:
[INFO] [stdout] podman runs: Os { code: 2, kind: NotFound, message: "No such file or directory" }
[INFO] [stdout] stack backtrace:
[INFO] [stdout]    0:     0x5cae51206071 - <<std[70759c8f55707aa4]::sys::backtrace::BacktraceLock>::print::DisplayBacktrace as core[df12db4294e9bfd3]::fmt::Display>::fmt
[INFO] [stdout]    1:     0x5cae5121bd1a - core[df12db4294e9bfd3]::fmt::write
[INFO] [stdout]    2:     0x5cae5120a8ec - <alloc[2182bb758b4b3781]::vec::Vec<u8> as core[df12db4294e9bfd3]::io::write::Write>::write_fmt
[INFO] [stdout]    3:     0x5cae511e1cd6 - std[70759c8f55707aa4]::panicking::default_hook::{closure#0}
[INFO] [stdout]    4:     0x5cae511fe429 - std[70759c8f55707aa4]::panicking::default_hook
[INFO] [stdout]    5:     0x5cae510f0900 - test[9d35eded1c95d3be]::test_main_inner::<test[9d35eded1c95d3be]::test_main_static::{closure#0}>::{closure#0}
[INFO] [stdout]    6:     0x5cae511fe752 - std[70759c8f55707aa4]::panicking::panic_with_hook
[INFO] [stdout]    7:     0x5cae511e1d82 - std[70759c8f55707aa4]::panicking::panic_handler::{closure#0}
[INFO] [stdout]    8:     0x5cae511daad9 - std[70759c8f55707aa4]::sys::backtrace::__rust_end_short_backtrace::<std[70759c8f55707aa4]::panicking::panic_handler::{closure#0}, !>
[INFO] [stdout]    9:     0x5cae511e297d - __rustc[8fa7c3cbc660c2b3]::rust_begin_unwind
[INFO] [stdout]   10:     0x5cae5121c47c - core[df12db4294e9bfd3]::panicking::panic_fmt
[INFO] [stdout]   11:     0x5cae5121c252 - core[df12db4294e9bfd3]::result::unwrap_failed
[INFO] [stdout]   12:     0x5cae510df39a - third_party_conformance[46337a1ec9f7d5b1]::curl
[INFO] [stdout]   13:     0x5cae510db785 - third_party_conformance[46337a1ec9f7d5b1]::a_token_reaches_the_about_resource::{closure#0}
[INFO] [stdout]   14:     0x5cae5108ff7a - <tokio[5c7eafb2f773bd3e]::runtime::park::CachedParkThread>::block_on::<core[df12db4294e9bfd3]::pin::Pin<&mut dyn core[df12db4294e9bfd3]::future::future::Future<Output = ()>>>
[INFO] [stdout]   15:     0x5cae5109ab35 - <tokio[5c7eafb2f773bd3e]::runtime::runtime::Runtime>::block_on::<core[df12db4294e9bfd3]::pin::Pin<&mut dyn core[df12db4294e9bfd3]::future::future::Future<Output = ()>>>
[INFO] [stdout]   16:     0x5cae510dfd12 - <third_party_conformance[46337a1ec9f7d5b1]::a_token_reaches_the_about_resource::{closure#0} as core[df12db4294e9bfd3]::ops::function::FnOnce<()>>::call_once
[INFO] [stdout]   17:     0x5cae510e3beb - test[9d35eded1c95d3be]::__rust_begin_short_backtrace::<core[df12db4294e9bfd3]::result::Result<(), alloc[2182bb758b4b3781]::string::String>, fn() -> core[df12db4294e9bfd3]::result::Result<(), alloc[2182bb758b4b3781]::string::String>>
[INFO] [stdout]   18:     0x5cae510f1255 - test[9d35eded1c95d3be]::run_test::{closure#0}
[INFO] [stdout]   19:     0x5cae510eab14 - std[70759c8f55707aa4]::sys::backtrace::__rust_begin_short_backtrace::<test[9d35eded1c95d3be]::run_test::{closure#1}, ()>
[INFO] [stdout]   20:     0x5cae510f43b2 - <std[70759c8f55707aa4]::thread::lifecycle::spawn_unchecked<test[9d35eded1c95d3be]::run_test::{closure#1}, ()>::{closure#1} as core[df12db4294e9bfd3]::ops::function::FnOnce<()>>::call_once::{shim:vtable#0}
[INFO] [stdout]   21:     0x5cae51205909 - <std[70759c8f55707aa4]::sys::thread::unix::Thread>::new::thread_start
[INFO] [stdout]   22:     0x7ea124ca1dfa - <unknown>
[INFO] [stdout]   23:     0x7ea124d353d4 - clone
[INFO] [stdout]   24:                0x0 - <unknown>
[INFO] [stdout] 
[INFO] [stdout] ---- a_real_client_completes_a_resumable_upload_in_chunks stdout ----
[INFO] [stdout] 
[INFO] [stdout] thread 'a_real_client_completes_a_resumable_upload_in_chunks' (3431) panicked at tests/third_party_conformance.rs:67:10:
[INFO] [stdout] podman runs: Os { code: 2, kind: NotFound, message: "No such file or directory" }
[INFO] [stdout] stack backtrace:
[INFO] [stdout]    0:     0x5cae51206071 - <<std[70759c8f55707aa4]::sys::backtrace::BacktraceLock>::print::DisplayBacktrace as core[df12db4294e9bfd3]::fmt::Display>::fmt
[INFO] [stdout]    1:     0x5cae5121bd1a - core[df12db4294e9bfd3]::fmt::write
[INFO] [stdout]    2:     0x5cae5120a8ec - <alloc[2182bb758b4b3781]::vec::Vec<u8> as core[df12db4294e9bfd3]::io::write::Write>::write_fmt
[INFO] [stdout]    3:     0x5cae511e1cd6 - std[70759c8f55707aa4]::panicking::default_hook::{closure#0}
[INFO] [stdout]    4:     0x5cae511fe429 - std[70759c8f55707aa4]::panicking::default_hook
[INFO] [stdout]    5:     0x5cae510f0900 - test[9d35eded1c95d3be]::test_main_inner::<test[9d35eded1c95d3be]::test_main_static::{closure#0}>::{closure#0}
[INFO] [stdout]    6:     0x5cae511fe752 - std[70759c8f55707aa4]::panicking::panic_with_hook
[INFO] [stdout]    7:     0x5cae511e1d82 - std[70759c8f55707aa4]::panicking::panic_handler::{closure#0}
[INFO] [stdout]    8:     0x5cae511daad9 - std[70759c8f55707aa4]::sys::backtrace::__rust_end_short_backtrace::<std[70759c8f55707aa4]::panicking::panic_handler::{closure#0}, !>
[INFO] [stdout]    9:     0x5cae511e297d - __rustc[8fa7c3cbc660c2b3]::rust_begin_unwind
[INFO] [stdout]   10:     0x5cae5121c47c - core[df12db4294e9bfd3]::panicking::panic_fmt
[INFO] [stdout]   11:     0x5cae5121c252 - core[df12db4294e9bfd3]::result::unwrap_failed
[INFO] [stdout]   12:     0x5cae510df39a - third_party_conformance[46337a1ec9f7d5b1]::curl
[INFO] [stdout]   13:     0x5cae510dbd60 - third_party_conformance[46337a1ec9f7d5b1]::a_real_client_completes_a_resumable_upload_in_chunks::{closure#0}
[INFO] [stdout]   14:     0x5cae5108ff7a - <tokio[5c7eafb2f773bd3e]::runtime::park::CachedParkThread>::block_on::<core[df12db4294e9bfd3]::pin::Pin<&mut dyn core[df12db4294e9bfd3]::future::future::Future<Output = ()>>>
[INFO] [stdout]   15:     0x5cae5109ab35 - <tokio[5c7eafb2f773bd3e]::runtime::runtime::Runtime>::block_on::<core[df12db4294e9bfd3]::pin::Pin<&mut dyn core[df12db4294e9bfd3]::future::future::Future<Output = ()>>>
[INFO] [stdout]   16:     0x5cae510dfee2 - <third_party_conformance[46337a1ec9f7d5b1]::a_real_client_completes_a_resumable_upload_in_chunks::{closure#0} as core[df12db4294e9bfd3]::ops::function::FnOnce<()>>::call_once
[INFO] [stdout]   17:     0x5cae510e3beb - test[9d35eded1c95d3be]::__rust_begin_short_backtrace::<core[df12db4294e9bfd3]::result::Result<(), alloc[2182bb758b4b3781]::string::String>, fn() -> core[df12db4294e9bfd3]::result::Result<(), alloc[2182bb758b4b3781]::string::String>>
[INFO] [stdout]   18:     0x5cae510f1255 - test[9d35eded1c95d3be]::run_test::{closure#0}
[INFO] [stdout]   19:     0x5cae510eab14 - std[70759c8f55707aa4]::sys::backtrace::__rust_begin_short_backtrace::<test[9d35eded1c95d3be]::run_test::{closure#1}, ()>
[INFO] [stdout]   20:     0x5cae510f43b2 - <std[70759c8f55707aa4]::thread::lifecycle::spawn_unchecked<test[9d35eded1c95d3be]::run_test::{closure#1}, ()>::{closure#1} as core[df12db4294e9bfd3]::ops::function::FnOnce<()>>::call_once::{shim:vtable#0}
[INFO] [stdout]   21:     0x5cae51205909 - <std[70759c8f55707aa4]::sys::thread::unix::Thread>::new::thread_start
[INFO] [stdout]   22:     0x7ea124ca1dfa - <unknown>
[INFO] [stdout]   23:     0x7ea124d353d4 - clone
[INFO] [stdout]   24:                0x0 - <unknown>
[INFO] [stdout] 
[INFO] [stdout] ---- a_request_without_a_token_is_a_401_a_client_can_act_on stdout ----
[INFO] [stdout] 
[INFO] [stdout] thread 'a_request_without_a_token_is_a_401_a_client_can_act_on' (3435) panicked at tests/third_party_conformance.rs:67:10:
[INFO] [stdout] podman runs: Os { code: 2, kind: NotFound, message: "No such file or directory" }
[INFO] [stdout] stack backtrace:
[INFO] [stdout]    0:     0x5cae51206071 - <<std[70759c8f55707aa4]::sys::backtrace::BacktraceLock>::print::DisplayBacktrace as core[df12db4294e9bfd3]::fmt::Display>::fmt
[INFO] [stdout]    1:     0x5cae5121bd1a - core[df12db4294e9bfd3]::fmt::write
[INFO] [stdout]    2:     0x5cae5120a8ec - <alloc[2182bb758b4b3781]::vec::Vec<u8> as core[df12db4294e9bfd3]::io::write::Write>::write_fmt
[INFO] [stdout]    3:     0x5cae511e1cd6 - std[70759c8f55707aa4]::panicking::default_hook::{closure#0}
[INFO] [stdout]    4:     0x5cae511fe429 - std[70759c8f55707aa4]::panicking::default_hook
[INFO] [stdout]    5:     0x5cae510f0900 - test[9d35eded1c95d3be]::test_main_inner::<test[9d35eded1c95d3be]::test_main_static::{closure#0}>::{closure#0}
[INFO] [stdout]    6:     0x5cae511fe752 - std[70759c8f55707aa4]::panicking::panic_with_hook
[INFO] [stdout]    7:     0x5cae511e1d82 - std[70759c8f55707aa4]::panicking::panic_handler::{closure#0}
[INFO] [stdout]    8:     0x5cae511daad9 - std[70759c8f55707aa4]::sys::backtrace::__rust_end_short_backtrace::<std[70759c8f55707aa4]::panicking::panic_handler::{closure#0}, !>
[INFO] [stdout]    9:     0x5cae511e297d - __rustc[8fa7c3cbc660c2b3]::rust_begin_unwind
[INFO] [stdout]   10:     0x5cae5121c47c - core[df12db4294e9bfd3]::panicking::panic_fmt
[INFO] [stdout]   11:     0x5cae5121c252 - core[df12db4294e9bfd3]::result::unwrap_failed
[INFO] [stdout]   12:     0x5cae510df39a - third_party_conformance[46337a1ec9f7d5b1]::curl
[INFO] [stdout]   13:     0x5cae510ddacd - third_party_conformance[46337a1ec9f7d5b1]::a_request_without_a_token_is_a_401_a_client_can_act_on::{closure#0}
[INFO] [stdout]   14:     0x5cae5108ff7a - <tokio[5c7eafb2f773bd3e]::runtime::park::CachedParkThread>::block_on::<core[df12db4294e9bfd3]::pin::Pin<&mut dyn core[df12db4294e9bfd3]::future::future::Future<Output = ()>>>
[INFO] [stdout]   15:     0x5cae5109ab35 - <tokio[5c7eafb2f773bd3e]::runtime::runtime::Runtime>::block_on::<core[df12db4294e9bfd3]::pin::Pin<&mut dyn core[df12db4294e9bfd3]::future::future::Future<Output = ()>>>
[INFO] [stdout]   16:     0x5cae510e0282 - <third_party_conformance[46337a1ec9f7d5b1]::a_request_without_a_token_is_a_401_a_client_can_act_on::{closure#0} as core[df12db4294e9bfd3]::ops::function::FnOnce<()>>::call_once
[INFO] [stdout]   17:     0x5cae510e3beb - test[9d35eded1c95d3be]::__rust_begin_short_backtrace::<core[df12db4294e9bfd3]::result::Result<(), alloc[2182bb758b4b3781]::string::String>, fn() -> core[df12db4294e9bfd3]::result::Result<(), alloc[2182bb758b4b3781]::string::String>>
[INFO] [stdout]   18:     0x5cae510f1255 - test[9d35eded1c95d3be]::run_test::{closure#0}
[INFO] [stdout]   19:     0x5cae510eab14 - std[70759c8f55707aa4]::sys::backtrace::__rust_begin_short_backtrace::<test[9d35eded1c95d3be]::run_test::{closure#1}, ()>
[INFO] [stdout]   20:     0x5cae510f43b2 - <std[70759c8f55707aa4]::thread::lifecycle::spawn_unchecked<test[9d35eded1c95d3be]::run_test::{closure#1}, ()>::{closure#1} as core[df12db4294e9bfd3]::ops::function::FnOnce<()>>::call_once::{shim:vtable#0}
[INFO] [stdout]   21:     0x5cae51205909 - <std[70759c8f55707aa4]::sys::thread::unix::Thread>::new::thread_start
[INFO] [stdout]   22:     0x7ea124ca1dfa - <unknown>
[INFO] [stdout]   23:     0x7ea124d353d4 - clone
[INFO] [stdout]   24:                0x0 - <unknown>
[INFO] [stdout] 
[INFO] [stdout] ---- a_real_client_creates_lists_reads_and_deletes_a_file stdout ----
[INFO] [stdout] 
[INFO] [stdout] thread 'a_real_client_creates_lists_reads_and_deletes_a_file' (3432) panicked at tests/third_party_conformance.rs:67:10:
[INFO] [stdout] podman runs: Os { code: 2, kind: NotFound, message: "No such file or directory" }
[INFO] [stdout] stack backtrace:
[INFO] [stdout]    0:     0x5cae51206071 - <<std[70759c8f55707aa4]::sys::backtrace::BacktraceLock>::print::DisplayBacktrace as core[df12db4294e9bfd3]::fmt::Display>::fmt
[INFO] [stdout]    1:     0x5cae5121bd1a - core[df12db4294e9bfd3]::fmt::write
[INFO] [stdout]    2:     0x5cae5120a8ec - <alloc[2182bb758b4b3781]::vec::Vec<u8> as core[df12db4294e9bfd3]::io::write::Write>::write_fmt
[INFO] [stdout]    3:     0x5cae511e1cd6 - std[70759c8f55707aa4]::panicking::default_hook::{closure#0}
[INFO] [stdout]    4:     0x5cae511fe429 - std[70759c8f55707aa4]::panicking::default_hook
[INFO] [stdout]    5:     0x5cae510f0900 - test[9d35eded1c95d3be]::test_main_inner::<test[9d35eded1c95d3be]::test_main_static::{closure#0}>::{closure#0}
[INFO] [stdout]    6:     0x5cae511fe752 - std[70759c8f55707aa4]::panicking::panic_with_hook
[INFO] [stdout]    7:     0x5cae511e1d82 - std[70759c8f55707aa4]::panicking::panic_handler::{closure#0}
[INFO] [stdout]    8:     0x5cae511daad9 - std[70759c8f55707aa4]::sys::backtrace::__rust_end_short_backtrace::<std[70759c8f55707aa4]::panicking::panic_handler::{closure#0}, !>
[INFO] [stdout]    9:     0x5cae511e297d - __rustc[8fa7c3cbc660c2b3]::rust_begin_unwind
[INFO] [stdout]   10:     0x5cae5121c47c - core[df12db4294e9bfd3]::panicking::panic_fmt
[INFO] [stdout]   11:     0x5cae5121c252 - core[df12db4294e9bfd3]::result::unwrap_failed
[INFO] [stdout]   12:     0x5cae510df39a - third_party_conformance[46337a1ec9f7d5b1]::curl
[INFO] [stdout]   13:     0x5cae510dcb45 - third_party_conformance[46337a1ec9f7d5b1]::a_real_client_creates_lists_reads_and_deletes_a_file::{closure#0}
[INFO] [stdout]   14:     0x5cae5108ff7a - <tokio[5c7eafb2f773bd3e]::runtime::park::CachedParkThread>::block_on::<core[df12db4294e9bfd3]::pin::Pin<&mut dyn core[df12db4294e9bfd3]::future::future::Future<Output = ()>>>
[INFO] [stdout]   15:     0x5cae5109ab35 - <tokio[5c7eafb2f773bd3e]::runtime::runtime::Runtime>::block_on::<core[df12db4294e9bfd3]::pin::Pin<&mut dyn core[df12db4294e9bfd3]::future::future::Future<Output = ()>>>
[INFO] [stdout]   16:     0x5cae510e00b2 - <third_party_conformance[46337a1ec9f7d5b1]::a_real_client_creates_lists_reads_and_deletes_a_file::{closure#0} as core[df12db4294e9bfd3]::ops::function::FnOnce<()>>::call_once
[INFO] [stdout]   17:     0x5cae510e3beb - test[9d35eded1c95d3be]::__rust_begin_short_backtrace::<core[df12db4294e9bfd3]::result::Result<(), alloc[2182bb758b4b3781]::string::String>, fn() -> core[df12db4294e9bfd3]::result::Result<(), alloc[2182bb758b4b3781]::string::String>>
[INFO] [stdout]   18:     0x5cae510f1255 - test[9d35eded1c95d3be]::run_test::{closure#0}
[INFO] [stdout]   19:     0x5cae510eab14 - std[70759c8f55707aa4]::sys::backtrace::__rust_begin_short_backtrace::<test[9d35eded1c95d3be]::run_test::{closure#1}, ()>
[INFO] [stdout]   20:     0x5cae510f43b2 - <std[70759c8f55707aa4]::thread::lifecycle::spawn_unchecked<test[9d35eded1c95d3be]::run_test::{closure#1}, ()>::{closure#1} as core[df12db4294e9bfd3]::ops::function::FnOnce<()>>::call_once::{shim:vtable#0}
[INFO] [stdout]   21:     0x5cae51205909 - <std[70759c8f55707aa4]::sys::thread::unix::Thread>::new::thread_start
[INFO] [stdout]   22:     0x7ea124ca1dfa - <unknown>
[INFO] [stdout]   23:     0x7ea124d353d4 - clone
[INFO] [stdout]   24:                0x0 - <unknown>
[INFO] [stdout] 
[INFO] [stdout] ---- a_real_client_is_refused_when_it_resumes_from_the_wrong_offset stdout ----
[INFO] [stdout] 
[INFO] [stdout] thread 'a_real_client_is_refused_when_it_resumes_from_the_wrong_offset' (3434) panicked at tests/third_party_conformance.rs:67:10:
[INFO] [stdout] podman runs: Os { code: 2, kind: NotFound, message: "No such file or directory" }
[INFO] [stdout] stack backtrace:
[INFO] [stdout]    0:     0x5cae51206071 - <<std[70759c8f55707aa4]::sys::backtrace::BacktraceLock>::print::DisplayBacktrace as core[df12db4294e9bfd3]::fmt::Display>::fmt
[INFO] [stdout]    1:     0x5cae5121bd1a - core[df12db4294e9bfd3]::fmt::write
[INFO] [stdout]    2:     0x5cae5120a8ec - <alloc[2182bb758b4b3781]::vec::Vec<u8> as core[df12db4294e9bfd3]::io::write::Write>::write_fmt
[INFO] [stdout]    3:     0x5cae511e1cd6 - std[70759c8f55707aa4]::panicking::default_hook::{closure#0}
[INFO] [stdout]    4:     0x5cae511fe429 - std[70759c8f55707aa4]::panicking::default_hook
[INFO] [stdout]    5:     0x5cae510f0900 - test[9d35eded1c95d3be]::test_main_inner::<test[9d35eded1c95d3be]::test_main_static::{closure#0}>::{closure#0}
[INFO] [stdout]    6:     0x5cae511fe752 - std[70759c8f55707aa4]::panicking::panic_with_hook
[INFO] [stdout]    7:     0x5cae511e1d82 - std[70759c8f55707aa4]::panicking::panic_handler::{closure#0}
[INFO] [stdout]    8:     0x5cae511daad9 - std[70759c8f55707aa4]::sys::backtrace::__rust_end_short_backtrace::<std[70759c8f55707aa4]::panicking::panic_handler::{closure#0}, !>
[INFO] [stdout]    9:     0x5cae511e297d - __rustc[8fa7c3cbc660c2b3]::rust_begin_unwind
[INFO] [stdout]   10:     0x5cae5121c47c - core[df12db4294e9bfd3]::panicking::panic_fmt
[INFO] [stdout]   11:     0x5cae5121c252 - core[df12db4294e9bfd3]::result::unwrap_failed
[INFO] [stdout]   12:     0x5cae510df39a - third_party_conformance[46337a1ec9f7d5b1]::curl
[INFO] [stdout]   13:     0x5cae510ddfa7 - third_party_conformance[46337a1ec9f7d5b1]::a_real_client_is_refused_when_it_resumes_from_the_wrong_offset::{closure#0}
[INFO] [stdout]   14:     0x5cae5108ff7a - <tokio[5c7eafb2f773bd3e]::runtime::park::CachedParkThread>::block_on::<core[df12db4294e9bfd3]::pin::Pin<&mut dyn core[df12db4294e9bfd3]::future::future::Future<Output = ()>>>
[INFO] [stdout]   15:     0x5cae5109ab35 - <tokio[5c7eafb2f773bd3e]::runtime::runtime::Runtime>::block_on::<core[df12db4294e9bfd3]::pin::Pin<&mut dyn core[df12db4294e9bfd3]::future::future::Future<Output = ()>>>
[INFO] [stdout]   16:     0x5cae510e0452 - <third_party_conformance[46337a1ec9f7d5b1]::a_real_client_is_refused_when_it_resumes_from_the_wrong_offset::{closure#0} as core[df12db4294e9bfd3]::ops::function::FnOnce<()>>::call_once
[INFO] [stdout]   17:     0x5cae510e3beb - test[9d35eded1c95d3be]::__rust_begin_short_backtrace::<core[df12db4294e9bfd3]::result::Result<(), alloc[2182bb758b4b3781]::string::String>, fn() -> core[df12db4294e9bfd3]::result::Result<(), alloc[2182bb758b4b3781]::string::String>>
[INFO] [stdout]   18:     0x5cae510f1255 - test[9d35eded1c95d3be]::run_test::{closure#0}
[INFO] [stdout]   19:     0x5cae510eab14 - std[70759c8f55707aa4]::sys::backtrace::__rust_begin_short_backtrace::<test[9d35eded1c95d3be]::run_test::{closure#1}, ()>
[INFO] [stdout]   20:     0x5cae510f43b2 - <std[70759c8f55707aa4]::thread::lifecycle::spawn_unchecked<test[9d35eded1c95d3be]::run_test::{closure#1}, ()>::{closure#1} as core[df12db4294e9bfd3]::ops::function::FnOnce<()>>::call_once::{shim:vtable#0}
[INFO] [stdout]   21:     0x5cae51205909 - <std[70759c8f55707aa4]::sys::thread::unix::Thread>::new::thread_start
[INFO] [stdout]   22:     0x7ea124ca1dfa - <unknown>
[INFO] [stdout]   23:     0x7ea124d353d4 - clone
[INFO] [stdout]   24:                0x0 - <unknown>
[INFO] [stdout] 
[INFO] [stdout] 
[INFO] [stdout] failures:
[INFO] [stdout]     a_real_client_completes_a_resumable_upload_in_chunks
[INFO] [stdout]     a_real_client_creates_lists_reads_and_deletes_a_file
[INFO] [stdout]     a_real_client_gets_a_404_for_an_upload_session_that_does_not_exist
[INFO] [stdout]     a_real_client_is_refused_when_it_resumes_from_the_wrong_offset
[INFO] [stdout]     a_request_without_a_token_is_a_401_a_client_can_act_on
[INFO] [stdout]     a_token_reaches_the_about_resource
[INFO] [stdout] 
[INFO] [stdout] test result: FAILED. 0 passed; 6 failed; 0 ignored; 0 measured; 0 filtered out; finished in 0.05s
[INFO] [stdout] 
[INFO] running `Command { std: "docker" "inspect" "52c2b03f8a7ed47f107bd6a6ebab13c6d261d60240f0ebc0df42a993cea2b3cf", kill_on_drop: false }`
[INFO] running `Command { std: "docker" "rm" "-f" "52c2b03f8a7ed47f107bd6a6ebab13c6d261d60240f0ebc0df42a993cea2b3cf", kill_on_drop: false }`
[INFO] [stdout] 52c2b03f8a7ed47f107bd6a6ebab13c6d261d60240f0ebc0df42a993cea2b3cf
