[INFO] fetching crate gfaR 0.1.3...
[INFO] testing gfaR-0.1.3 against 1.100.0-beta.1+cargoflags=--release for beta-release-1.100-2
[INFO] extracting crate gfaR 0.1.3 into /workspace/builds/worker-6-tc2/source
[INFO] started tweaking crates.io crate gfaR 0.1.3
[INFO] finished tweaking crates.io crate gfaR 0.1.3
[INFO] tweaked toml for crates.io crate gfaR 0.1.3 written to /workspace/builds/worker-6-tc2/source/Cargo.toml
[INFO] validating manifest of crates.io crate gfaR 0.1.3 on toolchain 1.100.0-beta.1
[INFO] running `Command { std: CARGO_HOME="/workspace/cargo-home" RUSTUP_HOME="/workspace/rustup-home" "/workspace/cargo-home/bin/cargo" "+1.100.0-beta.1" "metadata" "--manifest-path" "Cargo.toml" "--no-deps", kill_on_drop: false }`
[INFO] running `Command { std: CARGO_HOME="/workspace/cargo-home" RUSTUP_HOME="/workspace/rustup-home" "/workspace/cargo-home/bin/cargo" "+1.100.0-beta.1" "generate-lockfile" "--manifest-path" "Cargo.toml", kill_on_drop: false }`
[INFO] running `Command { std: CARGO_HOME="/workspace/cargo-home" RUSTUP_HOME="/workspace/rustup-home" "/workspace/cargo-home/bin/cargo" "+1.100.0-beta.1" "fetch" "--manifest-path" "Cargo.toml", kill_on_drop: false }`
[INFO] running `Command { std: "docker" "create" "-v" "/var/lib/crater-agent-workspace/builds/worker-6-tc2/source:/opt/rustwide/workdir:ro,Z" "-v" "/var/lib/crater-agent-workspace/builds/worker-6-tc2/target:/opt/rustwide/target:rw,Z" "-v" "/var/lib/crater-agent-workspace/cargo-home:/opt/rustwide/cargo-home:ro,Z" "-v" "/var/lib/crater-agent-workspace/rustup-home:/opt/rustwide/rustup-home:ro,Z" "-m" "1610612736" "--network" "none" "ghcr.io/rust-lang/crates-build-env/linux@sha256:77db811e55d90add9212f6832c23229e3de5f1c1f9905e8cb07319ea15df73ac" "sleep" "infinity", kill_on_drop: false }`
[INFO] [stdout] 39116e600f4f514ee25097931cf2f970409c577ecfbf4f075fb012a7c53e9e6d
[INFO] running `Command { std: "docker" "start" "39116e600f4f514ee25097931cf2f970409c577ecfbf4f075fb012a7c53e9e6d", kill_on_drop: false }`
[INFO] running `Command { std: "docker" "inspect" "39116e600f4f514ee25097931cf2f970409c577ecfbf4f075fb012a7c53e9e6d", kill_on_drop: false }`
[INFO] running `Command { std: "docker" "exec" "-e" "SOURCE_DIR=/opt/rustwide/workdir" "-e" "CARGO_HOME=/opt/rustwide/cargo-home" "-e" "RUSTUP_HOME=/opt/rustwide/rustup-home" "-e" "CARGO_TARGET_DIR=/opt/rustwide/target" "-w" "/opt/rustwide/workdir" "--user" "0:0" "39116e600f4f514ee25097931cf2f970409c577ecfbf4f075fb012a7c53e9e6d" "/opt/rustwide/cargo-home/bin/cargo" "+1.100.0-beta.1" "metadata" "--no-deps" "--format-version=1", kill_on_drop: false }`
[INFO] running `Command { std: "docker" "inspect" "39116e600f4f514ee25097931cf2f970409c577ecfbf4f075fb012a7c53e9e6d", kill_on_drop: false }`
[INFO] running `Command { std: "docker" "exec" "-e" "SOURCE_DIR=/opt/rustwide/workdir" "-e" "CARGO_HOME=/opt/rustwide/cargo-home" "-e" "RUSTUP_HOME=/opt/rustwide/rustup-home" "-e" "CARGO_TARGET_DIR=/opt/rustwide/target" "-e" "CARGO_INCREMENTAL=0" "-e" "RUST_BACKTRACE=full" "-e" "RUSTFLAGS=--cap-lints=warn" "-e" "RUSTDOCFLAGS=--cap-lints=warn" "-w" "/opt/rustwide/workdir" "--user" "0:0" "39116e600f4f514ee25097931cf2f970409c577ecfbf4f075fb012a7c53e9e6d" "/opt/rustwide/cargo-home/bin/cargo" "+1.100.0-beta.1" "build" "--frozen" "--message-format=json" "--release", kill_on_drop: false }`
[INFO] [stderr]    Compiling gfaR v0.1.3 (/opt/rustwide/workdir)
[INFO] [stdout] warning: crate `gfaR` should have a snake case name
[INFO] [stdout]   |
[INFO] [stdout]   = help: convert the identifier to snake case: `gfa_r`
[INFO] [stdout]   = note: `#[warn(non_snake_case)]` (part of `#[warn(nonstandard_style)]`) on by default
[INFO] [stdout] 
[INFO] [stdout] 
[INFO] [stderr]     Finished `release` profile [optimized] target(s) in 0.51s
[INFO] running `Command { std: "docker" "inspect" "39116e600f4f514ee25097931cf2f970409c577ecfbf4f075fb012a7c53e9e6d", kill_on_drop: false }`
[INFO] running `Command { std: "docker" "exec" "-e" "SOURCE_DIR=/opt/rustwide/workdir" "-e" "CARGO_HOME=/opt/rustwide/cargo-home" "-e" "RUSTUP_HOME=/opt/rustwide/rustup-home" "-e" "CARGO_TARGET_DIR=/opt/rustwide/target" "-e" "CARGO_INCREMENTAL=0" "-e" "RUST_BACKTRACE=full" "-e" "RUSTFLAGS=--cap-lints=warn" "-e" "RUSTDOCFLAGS=--cap-lints=warn" "-w" "/opt/rustwide/workdir" "--user" "0:0" "39116e600f4f514ee25097931cf2f970409c577ecfbf4f075fb012a7c53e9e6d" "/opt/rustwide/cargo-home/bin/cargo" "+1.100.0-beta.1" "test" "--frozen" "--no-run" "--message-format=json" "--release", kill_on_drop: false }`
[INFO] [stdout] warning: crate `gfaR` should have a snake case name
[INFO] [stdout]   |
[INFO] [stdout]   = help: convert the identifier to snake case: `gfa_r`
[INFO] [stdout]   = note: `#[warn(non_snake_case)]` (part of `#[warn(nonstandard_style)]`) on by default
[INFO] [stdout] 
[INFO] [stdout] 
[INFO] [stderr]    Compiling gfaR v0.1.3 (/opt/rustwide/workdir)
[INFO] [stdout] warning: unused variable: `n`
[INFO] [stdout]  --> tests/test1.rs:5:9
[INFO] [stdout]   |
[INFO] [stdout] 5 |     let n: Node = Node { id: "dsadka".to_owned(), len: 10 , seq: "AAT".to_owned()};
[INFO] [stdout]   |         ^ help: if this is intentional, prefix it with an underscore: `_n`
[INFO] [stdout]   |
[INFO] [stdout]   = note: `#[warn(unused_variables)]` (part of `#[warn(unused)]`) on by default
[INFO] [stdout] 
[INFO] [stdout] 
[INFO] [stderr]     Finished `release` profile [optimized] target(s) in 0.33s
[INFO] running `Command { std: "docker" "inspect" "39116e600f4f514ee25097931cf2f970409c577ecfbf4f075fb012a7c53e9e6d", kill_on_drop: false }`
[INFO] running `Command { std: "docker" "exec" "-e" "SOURCE_DIR=/opt/rustwide/workdir" "-e" "CARGO_HOME=/opt/rustwide/cargo-home" "-e" "RUSTUP_HOME=/opt/rustwide/rustup-home" "-e" "CARGO_TARGET_DIR=/opt/rustwide/target" "-e" "CARGO_INCREMENTAL=0" "-e" "RUST_BACKTRACE=full" "-e" "RUSTFLAGS=--cap-lints=warn" "-e" "RUSTDOCFLAGS=--cap-lints=warn" "-w" "/opt/rustwide/workdir" "--user" "0:0" "39116e600f4f514ee25097931cf2f970409c577ecfbf4f075fb012a7c53e9e6d" "/opt/rustwide/cargo-home/bin/cargo" "+1.100.0-beta.1" "test" "--frozen" "--release", kill_on_drop: false }`
[INFO] [stderr] warning: crate `gfaR` should have a snake case name
[INFO] [stderr]   |
[INFO] [stderr]   = help: convert the identifier to snake case: `gfa_r`
[INFO] [stderr]   = note: `#[warn(non_snake_case)]` (part of `#[warn(nonstandard_style)]`) on by default
[INFO] [stderr] 
[INFO] [stderr] warning: `gfaR` (lib) generated 1 warning
[INFO] [stderr] warning: unused variable: `n`
[INFO] [stderr]  --> tests/test1.rs:5:9
[INFO] [stderr]   |
[INFO] [stderr] 5 |     let n: Node = Node { id: "dsadka".to_owned(), len: 10 , seq: "AAT".to_owned()};
[INFO] [stderr]   |         ^ help: if this is intentional, prefix it with an underscore: `_n`
[INFO] [stderr]   |
[INFO] [stderr]   = note: `#[warn(unused_variables)]` (part of `#[warn(unused)]`) on by default
[INFO] [stderr] 
[INFO] [stderr] warning: `gfaR` (test "test1") generated 1 warning (run `cargo fix --test "test1" -p gfaR` to apply 1 suggestion)
[INFO] [stderr]     Finished `release` profile [optimized] target(s) in 0.03s
[INFO] [stderr]      Running unittests src/lib.rs (/opt/rustwide/target/release/build/gfaR/03dde7cd225db082/out/gfaR-03dde7cd225db082)
[INFO] [stdout] 
[INFO] [stdout] running 1 test
[INFO] [stdout] test tests::basic ... ok
[INFO] [stdout] 
[INFO] [stdout] test result: ok. 1 passed; 0 failed; 0 ignored; 0 measured; 0 filtered out; finished in 0.00s
[INFO] [stdout] 
[INFO] [stderr]      Running tests/test1.rs (/opt/rustwide/target/release/build/gfaR/7b3c4dcc939521d1/out/test1-7b3c4dcc939521d1)
[INFO] [stdout] 
[INFO] [stdout] running 1 test
[INFO] [stdout] test it_adds_two ... FAILED
[INFO] [stdout] 
[INFO] [stdout] failures:
[INFO] [stdout] 
[INFO] [stdout] ---- it_adds_two stdout ----
[INFO] [stdout] 
[INFO] [stdout] thread 'it_adds_two' (181) panicked at tests/test1.rs:11:5:
[INFO] [stdout] assertion `left == right` failed
[INFO] [stdout]   left: 4
[INFO] [stdout]  right: 0
[INFO] [stdout] stack backtrace:
[INFO] [stdout]    0:     0x62bb1653fc11 - <<std[617be2ca0a6fd877]::sys::backtrace::BacktraceLock>::print::DisplayBacktrace as core[a373ad73a504971]::fmt::Display>::fmt
[INFO] [stdout]    1:     0x62bb16553b3a - core[a373ad73a504971]::fmt::write
[INFO] [stdout]    2:     0x62bb16543e2c - <alloc[2e1b2a31b91974c5]::vec::Vec<u8> as core[a373ad73a504971]::io::write::Write>::write_fmt
[INFO] [stdout]    3:     0x62bb1651c076 - std[617be2ca0a6fd877]::panicking::default_hook::{closure#0}
[INFO] [stdout]    4:     0x62bb165382a9 - std[617be2ca0a6fd877]::panicking::default_hook
[INFO] [stdout]    5:     0x62bb164d1550 - test[aada8e7e76ba119b]::test_main_inner::{closure#0}
[INFO] [stdout]    6:     0x62bb16538462 - std[617be2ca0a6fd877]::panicking::panic_with_hook
[INFO] [stdout]    7:     0x62bb1651c122 - std[617be2ca0a6fd877]::panicking::panic_handler::{closure#0}
[INFO] [stdout]    8:     0x62bb16514e39 - std[617be2ca0a6fd877]::sys::backtrace::__rust_end_short_backtrace::<std[617be2ca0a6fd877]::panicking::panic_handler::{closure#0}, !>
[INFO] [stdout]    9:     0x62bb1651cd2d - __rustc[ea4f61d10b84890b]::rust_begin_unwind
[INFO] [stdout]   10:     0x62bb1655426c - core[a373ad73a504971]::panicking::panic_fmt
[INFO] [stdout]   11:     0x62bb16554183 - core[a373ad73a504971]::panicking::assert_failed_inner
[INFO] [stdout]   12:     0x62bb16550a08 - core[a373ad73a504971]::panicking::assert_failed::<usize, usize>
[INFO] [stdout]   13:     0x62bb164c48df - <test1[b8d14a8db4544936]::it_adds_two::{closure#0} as core[a373ad73a504971]::ops::function::FnOnce<()>>::call_once
[INFO] [stdout]   14:     0x62bb164c499b - test[aada8e7e76ba119b]::__rust_begin_short_backtrace::<core[a373ad73a504971]::result::Result<(), alloc[2e1b2a31b91974c5]::string::String>, fn() -> core[a373ad73a504971]::result::Result<(), alloc[2e1b2a31b91974c5]::string::String>>
[INFO] [stdout]   15:     0x62bb164d1b75 - test[aada8e7e76ba119b]::run_test::{closure#0}
[INFO] [stdout]   16:     0x62bb164cb464 - std[617be2ca0a6fd877]::sys::backtrace::__rust_begin_short_backtrace::<test[aada8e7e76ba119b]::run_test::{closure#1}, ()>
[INFO] [stdout]   17:     0x62bb164d4c02 - <std[617be2ca0a6fd877]::thread::lifecycle::spawn_unchecked<test[aada8e7e76ba119b]::run_test::{closure#1}, ()>::{closure#1} as core[a373ad73a504971]::ops::function::FnOnce<()>>::call_once::{shim:vtable#0}
[INFO] [stdout]   18:     0x62bb1653f46f - <std[617be2ca0a6fd877]::sys::thread::unix::Thread>::new::thread_start
[INFO] [stdout]   19:     0x7798ea067dfa - <unknown>
[INFO] [stdout]   20:     0x7798ea0fb3d4 - clone
[INFO] [stdout]   21:                0x0 - <unknown>
[INFO] [stdout] 
[INFO] [stdout] 
[INFO] [stdout] failures:
[INFO] [stdout]     it_adds_two
[INFO] [stdout] 
[INFO] [stdout] test result: FAILED. 0 passed; 1 failed; 0 ignored; 0 measured; 0 filtered out; finished in 0.00s
[INFO] [stdout] 
[INFO] [stderr] error: test failed, to rerun pass `--test test1`
[INFO] running `Command { std: "docker" "inspect" "39116e600f4f514ee25097931cf2f970409c577ecfbf4f075fb012a7c53e9e6d", kill_on_drop: false }`
[INFO] running `Command { std: "docker" "rm" "-f" "39116e600f4f514ee25097931cf2f970409c577ecfbf4f075fb012a7c53e9e6d", kill_on_drop: false }`
[INFO] [stdout] 39116e600f4f514ee25097931cf2f970409c577ecfbf4f075fb012a7c53e9e6d
