[INFO] fetching crate getmyid 0.1.3...
[INFO] testing getmyid-0.1.3 against 1.99.0-beta.8+cargoflags=--release for beta-release-1.100-2
[INFO] extracting crate getmyid 0.1.3 into /workspace/builds/worker-0-tc1/source
[INFO] started tweaking crates.io crate getmyid 0.1.3
[INFO] finished tweaking crates.io crate getmyid 0.1.3
[INFO] tweaked toml for crates.io crate getmyid 0.1.3 written to /workspace/builds/worker-0-tc1/source/Cargo.toml
[INFO] validating manifest of crates.io crate getmyid 0.1.3 on toolchain 1.99.0-beta.8
[INFO] running `Command { std: CARGO_HOME="/workspace/cargo-home" RUSTUP_HOME="/workspace/rustup-home" "/workspace/cargo-home/bin/cargo" "+1.99.0-beta.8" "metadata" "--manifest-path" "Cargo.toml" "--no-deps", kill_on_drop: false }`
[INFO] crate crates.io crate getmyid 0.1.3 already has a lockfile, it will not be regenerated
[INFO] running `Command { std: CARGO_HOME="/workspace/cargo-home" RUSTUP_HOME="/workspace/rustup-home" "/workspace/cargo-home/bin/cargo" "+1.99.0-beta.8" "fetch" "--manifest-path" "Cargo.toml", kill_on_drop: false }`
[INFO] running `Command { std: "docker" "create" "-v" "/var/lib/crater-agent-workspace/builds/worker-0-tc1/source:/opt/rustwide/workdir:ro,Z" "-v" "/var/lib/crater-agent-workspace/builds/worker-0-tc1/target:/opt/rustwide/target:rw,Z" "-v" "/var/lib/crater-agent-workspace/cargo-home:/opt/rustwide/cargo-home:ro,Z" "-v" "/var/lib/crater-agent-workspace/rustup-home:/opt/rustwide/rustup-home:ro,Z" "-m" "1610612736" "--network" "none" "ghcr.io/rust-lang/crates-build-env/linux@sha256:77db811e55d90add9212f6832c23229e3de5f1c1f9905e8cb07319ea15df73ac" "sleep" "infinity", kill_on_drop: false }`
[INFO] [stdout] 25517b5720f4994787b5892f46dd044360b7e0db2f56a00a60cc5c72820aa0eb
[INFO] running `Command { std: "docker" "start" "25517b5720f4994787b5892f46dd044360b7e0db2f56a00a60cc5c72820aa0eb", kill_on_drop: false }`
[INFO] running `Command { std: "docker" "inspect" "25517b5720f4994787b5892f46dd044360b7e0db2f56a00a60cc5c72820aa0eb", kill_on_drop: false }`
[INFO] running `Command { std: "docker" "exec" "-e" "SOURCE_DIR=/opt/rustwide/workdir" "-e" "CARGO_HOME=/opt/rustwide/cargo-home" "-e" "RUSTUP_HOME=/opt/rustwide/rustup-home" "-e" "CARGO_TARGET_DIR=/opt/rustwide/target" "-w" "/opt/rustwide/workdir" "--user" "0:0" "25517b5720f4994787b5892f46dd044360b7e0db2f56a00a60cc5c72820aa0eb" "/opt/rustwide/cargo-home/bin/cargo" "+1.99.0-beta.8" "metadata" "--no-deps" "--format-version=1", kill_on_drop: false }`
[INFO] running `Command { std: "docker" "inspect" "25517b5720f4994787b5892f46dd044360b7e0db2f56a00a60cc5c72820aa0eb", kill_on_drop: false }`
[INFO] running `Command { std: "docker" "exec" "-e" "SOURCE_DIR=/opt/rustwide/workdir" "-e" "CARGO_HOME=/opt/rustwide/cargo-home" "-e" "RUSTUP_HOME=/opt/rustwide/rustup-home" "-e" "CARGO_TARGET_DIR=/opt/rustwide/target" "-e" "CARGO_INCREMENTAL=0" "-e" "RUST_BACKTRACE=full" "-e" "RUSTFLAGS=--cap-lints=warn" "-e" "RUSTDOCFLAGS=--cap-lints=warn" "-w" "/opt/rustwide/workdir" "--user" "0:0" "25517b5720f4994787b5892f46dd044360b7e0db2f56a00a60cc5c72820aa0eb" "/opt/rustwide/cargo-home/bin/cargo" "+1.99.0-beta.8" "build" "--frozen" "--message-format=json" "--release", kill_on_drop: false }`
[INFO] [stderr]    Compiling quote v1.0.44
[INFO] [stderr]    Compiling proc-macro2 v1.0.106
[INFO] [stderr]    Compiling zmij v1.0.17
[INFO] [stderr]    Compiling itoa v1.0.17
[INFO] [stderr]    Compiling memchr v2.7.6
[INFO] [stderr]    Compiling syn v2.0.114
[INFO] [stderr]    Compiling serde_json v1.0.149
[INFO] [stderr]    Compiling thiserror-impl v2.0.18
[INFO] [stderr]    Compiling serde_derive v1.0.228
[INFO] [stderr]    Compiling thiserror v2.0.18
[INFO] [stderr]    Compiling serde v1.0.228
[INFO] [stderr]    Compiling getmyid v0.1.3 (/opt/rustwide/workdir)
[INFO] [stderr]     Finished `release` profile [optimized] target(s) in 10.38s
[INFO] running `Command { std: "docker" "inspect" "25517b5720f4994787b5892f46dd044360b7e0db2f56a00a60cc5c72820aa0eb", kill_on_drop: false }`
[INFO] running `Command { std: "docker" "exec" "-e" "SOURCE_DIR=/opt/rustwide/workdir" "-e" "CARGO_HOME=/opt/rustwide/cargo-home" "-e" "RUSTUP_HOME=/opt/rustwide/rustup-home" "-e" "CARGO_TARGET_DIR=/opt/rustwide/target" "-e" "CARGO_INCREMENTAL=0" "-e" "RUST_BACKTRACE=full" "-e" "RUSTFLAGS=--cap-lints=warn" "-e" "RUSTDOCFLAGS=--cap-lints=warn" "-w" "/opt/rustwide/workdir" "--user" "0:0" "25517b5720f4994787b5892f46dd044360b7e0db2f56a00a60cc5c72820aa0eb" "/opt/rustwide/cargo-home/bin/cargo" "+1.99.0-beta.8" "test" "--frozen" "--no-run" "--message-format=json" "--release", kill_on_drop: false }`
[INFO] [stderr]    Compiling libc v0.2.180
[INFO] [stderr]    Compiling getrandom v0.3.4
[INFO] [stderr]    Compiling rustix v1.1.3
[INFO] [stderr]    Compiling bitflags v2.10.0
[INFO] [stderr]    Compiling once_cell v1.21.3
[INFO] [stderr]    Compiling bytes v1.11.0
[INFO] [stderr]    Compiling syn v2.0.114
[INFO] [stderr]    Compiling mio v1.1.1
[INFO] [stderr]    Compiling socket2 v0.6.2
[INFO] [stderr]    Compiling tempfile v3.24.0
[INFO] [stderr]    Compiling thiserror-impl v2.0.18
[INFO] [stderr]    Compiling serde_derive v1.0.228
[INFO] [stderr]    Compiling tokio-macros v2.6.0
[INFO] [stderr]    Compiling tokio v1.49.0
[INFO] [stderr]    Compiling thiserror v2.0.18
[INFO] [stderr]    Compiling serde v1.0.228
[INFO] [stderr]    Compiling getmyid v0.1.3 (/opt/rustwide/workdir)
[INFO] [stderr]     Finished `release` profile [optimized] target(s) in 19.42s
[INFO] running `Command { std: "docker" "inspect" "25517b5720f4994787b5892f46dd044360b7e0db2f56a00a60cc5c72820aa0eb", kill_on_drop: false }`
[INFO] running `Command { std: "docker" "exec" "-e" "SOURCE_DIR=/opt/rustwide/workdir" "-e" "CARGO_HOME=/opt/rustwide/cargo-home" "-e" "RUSTUP_HOME=/opt/rustwide/rustup-home" "-e" "CARGO_TARGET_DIR=/opt/rustwide/target" "-e" "CARGO_INCREMENTAL=0" "-e" "RUST_BACKTRACE=full" "-e" "RUSTFLAGS=--cap-lints=warn" "-e" "RUSTDOCFLAGS=--cap-lints=warn" "-w" "/opt/rustwide/workdir" "--user" "0:0" "25517b5720f4994787b5892f46dd044360b7e0db2f56a00a60cc5c72820aa0eb" "/opt/rustwide/cargo-home/bin/cargo" "+1.99.0-beta.8" "test" "--frozen" "--release", kill_on_drop: false }`
[INFO] [stderr]     Finished `release` profile [optimized] target(s) in 0.07s
[INFO] [stderr]      Running unittests src/lib.rs (/opt/rustwide/target/release/deps/getmyid-f439c7260477aeaa)
[INFO] [stdout] 
[INFO] [stdout] running 8 tests
[INFO] [stdout] test client::tests::test_default_client ... ok
[INFO] [stdout] test client::tests::test_parse_success_response ... ok
[INFO] [stdout] test client::tests::test_parse_success_response_with_instance_id ... ok
[INFO] [stdout] test client::tests::test_client_builder ... ok
[INFO] [stdout] test client::tests::test_runner_request_builder ... ok
[INFO] [stdout] test client::tests::test_parse_error_response ... ok
[INFO] [stdout] test client::tests::test_client_builder_no_timeout ... ok
[INFO] [stdout] test client::tests::test_parse_invalid_json ... ok
[INFO] [stdout] 
[INFO] [stdout] test result: ok. 8 passed; 0 failed; 0 ignored; 0 measured; 0 filtered out; finished in 0.14s
[INFO] [stdout] 
[INFO] [stderr]    Doc-tests getmyid
[INFO] [stdout] 
[INFO] [stdout] running 9 tests
[INFO] [stdout] test src/lib.rs - (line 79) - compile ... ok
[INFO] [stdout] test src/client.rs - client::ClientBuilder (line 153) - compile ... ok
[INFO] [stdout] test src/lib.rs - get_identity (line 128) - compile ... ok
[INFO] [stdout] test src/lib.rs - (line 41) - compile ... ok
[INFO] [stdout] test src/lib.rs - (line 63) - compile ... FAILED
[INFO] [stdout] test src/client.rs - client::Client::get_identity_with_runner (line 80) - compile ... ok
[INFO] [stdout] test src/lib.rs - get_identity_from (line 141) - compile ... ok
[INFO] [stdout] test src/lib.rs - (line 21) - compile ... ok
[INFO] [stdout] test src/client.rs - client::Client (line 21) - compile ... ok
[INFO] [stdout] 
[INFO] [stdout] failures:
[INFO] [stdout] 
[INFO] [stdout] ---- src/lib.rs - (line 63) stdout ----
[INFO] [stdout] error[E0432]: unresolved import `getmyid::AsyncClient`
[INFO] [stdout]    --> src/lib.rs:65:5
[INFO] [stdout]     |
[INFO] [stdout]  65 | use getmyid::AsyncClient;
[INFO] [stdout]     |     ^^^^^^^^^-----------
[INFO] [stdout]     |              |
[INFO] [stdout]     |              no `AsyncClient` in the root
[INFO] [stdout]     |
[INFO] [stdout] note: found an item that was configured out
[INFO] [stdout]    --> src/lib.rs:120:24
[INFO] [stdout]     |
[INFO] [stdout] 119 | #[cfg(feature = "tokio")]
[INFO] [stdout]     |       ----------------- the item is gated behind the `tokio` feature
[INFO] [stdout] 120 | pub use async_client::{AsyncClient, AsyncClientBuilder};
[INFO] [stdout]     |                        ^^^^^^^^^^^
[INFO] [stdout] 
[INFO] [stdout] error: aborting due to 1 previous error
[INFO] [stdout] 
[INFO] [stdout] For more information about this error, try `rustc --explain E0432`.
[INFO] [stdout] Couldn't compile the test.
[INFO] [stdout] 
[INFO] [stdout] failures:
[INFO] [stdout]     src/lib.rs - (line 63)
[INFO] [stdout] 
[INFO] [stdout] test result: FAILED. 8 passed; 1 failed; 0 ignored; 0 measured; 0 filtered out; finished in 0.30s
[INFO] [stdout] 
[INFO] [stderr] error: doctest failed, to rerun pass `--doc`
[INFO] running `Command { std: "docker" "inspect" "25517b5720f4994787b5892f46dd044360b7e0db2f56a00a60cc5c72820aa0eb", kill_on_drop: false }`
[INFO] running `Command { std: "docker" "rm" "-f" "25517b5720f4994787b5892f46dd044360b7e0db2f56a00a60cc5c72820aa0eb", kill_on_drop: false }`
[INFO] [stdout] 25517b5720f4994787b5892f46dd044360b7e0db2f56a00a60cc5c72820aa0eb
