[INFO] fetching crate getifaddrs 0.6.2...
[INFO] testing getifaddrs-0.6.2 against 1.99.0-beta.8+cargoflags=--release for beta-release-1.100-2
[INFO] extracting crate getifaddrs 0.6.2 into /workspace/builds/worker-4-tc1/source
[INFO] removed /workspace/builds/worker-4-tc1/source/rust-toolchain.toml
[INFO] started tweaking crates.io crate getifaddrs 0.6.2
[INFO] removed 0 missing examples
[INFO] finished tweaking crates.io crate getifaddrs 0.6.2
[INFO] tweaked toml for crates.io crate getifaddrs 0.6.2 written to /workspace/builds/worker-4-tc1/source/Cargo.toml
[INFO] validating manifest of crates.io crate getifaddrs 0.6.2 on toolchain 1.99.0-beta.8
[INFO] running `Command { std: CARGO_HOME="/workspace/cargo-home" RUSTUP_HOME="/workspace/rustup-home" "/workspace/cargo-home/bin/cargo" "+1.99.0-beta.8" "metadata" "--manifest-path" "Cargo.toml" "--no-deps", kill_on_drop: false }`
[INFO] crate crates.io crate getifaddrs 0.6.2 already has a lockfile, it will not be regenerated
[INFO] running `Command { std: CARGO_HOME="/workspace/cargo-home" RUSTUP_HOME="/workspace/rustup-home" "/workspace/cargo-home/bin/cargo" "+1.99.0-beta.8" "fetch" "--manifest-path" "Cargo.toml", kill_on_drop: false }`
[INFO] running `Command { std: "docker" "create" "-v" "/var/lib/crater-agent-workspace/builds/worker-4-tc1/source:/opt/rustwide/workdir:ro,Z" "-v" "/var/lib/crater-agent-workspace/builds/worker-4-tc1/target:/opt/rustwide/target:rw,Z" "-v" "/var/lib/crater-agent-workspace/cargo-home:/opt/rustwide/cargo-home:ro,Z" "-v" "/var/lib/crater-agent-workspace/rustup-home:/opt/rustwide/rustup-home:ro,Z" "-m" "1610612736" "--network" "none" "ghcr.io/rust-lang/crates-build-env/linux@sha256:77db811e55d90add9212f6832c23229e3de5f1c1f9905e8cb07319ea15df73ac" "sleep" "infinity", kill_on_drop: false }`
[INFO] [stdout] 2c52838228ccbeae0b8744f474b639f5c598a2220b91fe934768a083e1c0a2b3
[INFO] running `Command { std: "docker" "start" "2c52838228ccbeae0b8744f474b639f5c598a2220b91fe934768a083e1c0a2b3", kill_on_drop: false }`
[INFO] running `Command { std: "docker" "inspect" "2c52838228ccbeae0b8744f474b639f5c598a2220b91fe934768a083e1c0a2b3", kill_on_drop: false }`
[INFO] running `Command { std: "docker" "exec" "-e" "SOURCE_DIR=/opt/rustwide/workdir" "-e" "CARGO_HOME=/opt/rustwide/cargo-home" "-e" "RUSTUP_HOME=/opt/rustwide/rustup-home" "-e" "CARGO_TARGET_DIR=/opt/rustwide/target" "-w" "/opt/rustwide/workdir" "--user" "0:0" "2c52838228ccbeae0b8744f474b639f5c598a2220b91fe934768a083e1c0a2b3" "/opt/rustwide/cargo-home/bin/cargo" "+1.99.0-beta.8" "metadata" "--no-deps" "--format-version=1", kill_on_drop: false }`
[INFO] running `Command { std: "docker" "inspect" "2c52838228ccbeae0b8744f474b639f5c598a2220b91fe934768a083e1c0a2b3", kill_on_drop: false }`
[INFO] running `Command { std: "docker" "exec" "-e" "SOURCE_DIR=/opt/rustwide/workdir" "-e" "CARGO_HOME=/opt/rustwide/cargo-home" "-e" "RUSTUP_HOME=/opt/rustwide/rustup-home" "-e" "CARGO_TARGET_DIR=/opt/rustwide/target" "-e" "CARGO_INCREMENTAL=0" "-e" "RUST_BACKTRACE=full" "-e" "RUSTFLAGS=--cap-lints=warn" "-e" "RUSTDOCFLAGS=--cap-lints=warn" "-w" "/opt/rustwide/workdir" "--user" "0:0" "2c52838228ccbeae0b8744f474b639f5c598a2220b91fe934768a083e1c0a2b3" "/opt/rustwide/cargo-home/bin/cargo" "+1.99.0-beta.8" "build" "--frozen" "--message-format=json" "--release", kill_on_drop: false }`
[INFO] [stderr]    Compiling libc v0.2.186
[INFO] [stderr]    Compiling bitflags v2.11.1
[INFO] [stderr]    Compiling getifaddrs v0.6.2 (/opt/rustwide/workdir)
[INFO] [stderr]     Finished `release` profile [optimized] target(s) in 2.65s
[INFO] running `Command { std: "docker" "inspect" "2c52838228ccbeae0b8744f474b639f5c598a2220b91fe934768a083e1c0a2b3", kill_on_drop: false }`
[INFO] running `Command { std: "docker" "exec" "-e" "SOURCE_DIR=/opt/rustwide/workdir" "-e" "CARGO_HOME=/opt/rustwide/cargo-home" "-e" "RUSTUP_HOME=/opt/rustwide/rustup-home" "-e" "CARGO_TARGET_DIR=/opt/rustwide/target" "-e" "CARGO_INCREMENTAL=0" "-e" "RUST_BACKTRACE=full" "-e" "RUSTFLAGS=--cap-lints=warn" "-e" "RUSTDOCFLAGS=--cap-lints=warn" "-w" "/opt/rustwide/workdir" "--user" "0:0" "2c52838228ccbeae0b8744f474b639f5c598a2220b91fe934768a083e1c0a2b3" "/opt/rustwide/cargo-home/bin/cargo" "+1.99.0-beta.8" "test" "--frozen" "--no-run" "--message-format=json" "--release", kill_on_drop: false }`
[INFO] [stderr]    Compiling getifaddrs v0.6.2 (/opt/rustwide/workdir)
[INFO] [stderr]     Finished `release` profile [optimized] target(s) in 1.69s
[INFO] running `Command { std: "docker" "inspect" "2c52838228ccbeae0b8744f474b639f5c598a2220b91fe934768a083e1c0a2b3", kill_on_drop: false }`
[INFO] running `Command { std: "docker" "exec" "-e" "SOURCE_DIR=/opt/rustwide/workdir" "-e" "CARGO_HOME=/opt/rustwide/cargo-home" "-e" "RUSTUP_HOME=/opt/rustwide/rustup-home" "-e" "CARGO_TARGET_DIR=/opt/rustwide/target" "-e" "CARGO_INCREMENTAL=0" "-e" "RUST_BACKTRACE=full" "-e" "RUSTFLAGS=--cap-lints=warn" "-e" "RUSTDOCFLAGS=--cap-lints=warn" "-w" "/opt/rustwide/workdir" "--user" "0:0" "2c52838228ccbeae0b8744f474b639f5c598a2220b91fe934768a083e1c0a2b3" "/opt/rustwide/cargo-home/bin/cargo" "+1.99.0-beta.8" "test" "--frozen" "--release", kill_on_drop: false }`
[INFO] [stderr]     Finished `release` profile [optimized] target(s) in 0.02s
[INFO] [stderr]      Running unittests src/lib.rs (/opt/rustwide/target/release/deps/getifaddrs-6e5c1d29d5527851)
[INFO] [stdout] 
[INFO] [stdout] running 7 tests
[INFO] [stdout] test tests::test_collect ... ok
[INFO] [stdout] test tests::test_filter_address_type ... ok
[INFO] [stdout] test tests::test_interfaces ... FAILED
[INFO] [stdout] test tests::test_filter_loopback ... ok
[INFO] [stdout] test tests::test_filter_address_type_with_mac ... ok
[INFO] [stdout] test tests::test_associated_address ... ok
[INFO] [stdout] test tests::test_filter_name_and_index ... ok
[INFO] [stderr] error: test failed, to rerun pass `--lib`
[INFO] [stdout] 
[INFO] [stdout] failures:
[INFO] [stdout] 
[INFO] [stdout] ---- tests::test_interfaces stdout ----
[INFO] [stdout] Interface {
[INFO] [stdout]     name: "lo",
[INFO] [stdout]     address: V4(
[INFO] [stdout]         NetworkAddress {
[INFO] [stdout]             address: 127.0.0.1,
[INFO] [stdout]             netmask: Some(
[INFO] [stdout]                 255.0.0.0,
[INFO] [stdout]             ),
[INFO] [stdout]             associated_address: Some(
[INFO] [stdout]                 127.0.0.1,
[INFO] [stdout]             ),
[INFO] [stdout]         },
[INFO] [stdout]     ),
[INFO] [stdout]     flags: InterfaceFlags(
[INFO] [stdout]         UP | RUNNING | LOOPBACK,
[INFO] [stdout]     ),
[INFO] [stdout]     index: Some(
[INFO] [stdout]         1,
[INFO] [stdout]     ),
[INFO] [stdout] }
[INFO] [stdout] Interface {
[INFO] [stdout]     name: "lo",
[INFO] [stdout]     address: V6(
[INFO] [stdout]         NetworkAddress {
[INFO] [stdout]             address: ::1,
[INFO] [stdout]             netmask: Some(
[INFO] [stdout]                 ffff:ffff:ffff:ffff:ffff:ffff:ffff:ffff,
[INFO] [stdout]             ),
[INFO] [stdout]             associated_address: None,
[INFO] [stdout]         },
[INFO] [stdout]     ),
[INFO] [stdout]     flags: InterfaceFlags(
[INFO] [stdout]         UP | RUNNING | LOOPBACK,
[INFO] [stdout]     ),
[INFO] [stdout]     index: Some(
[INFO] [stdout]         1,
[INFO] [stdout]     ),
[INFO] [stdout] }
[INFO] [stdout] 
[INFO] [stdout] thread 'tests::test_interfaces' (271) panicked at src/lib.rs:572:9:
[INFO] [stdout] No non-localhost interface found
[INFO] [stdout] stack backtrace:
[INFO] [stdout]    0:     0x62931555ee71 - <<std[70759c8f55707aa4]::sys::backtrace::BacktraceLock>::print::DisplayBacktrace as core[df12db4294e9bfd3]::fmt::Display>::fmt
[INFO] [stdout]    1:     0x62931557363a - core[df12db4294e9bfd3]::fmt::write
[INFO] [stdout]    2:     0x62931556330c - <alloc[2182bb758b4b3781]::vec::Vec<u8> as core[df12db4294e9bfd3]::io::write::Write>::write_fmt
[INFO] [stdout]    3:     0x62931553b3b6 - std[70759c8f55707aa4]::panicking::default_hook::{closure#0}
[INFO] [stdout]    4:     0x629315557529 - std[70759c8f55707aa4]::panicking::default_hook
[INFO] [stdout]    5:     0x6293154f39b0 - test[9d35eded1c95d3be]::test_main_inner::<test[9d35eded1c95d3be]::test_main_static::{closure#0}>::{closure#0}
[INFO] [stdout]    6:     0x6293155576e2 - std[70759c8f55707aa4]::panicking::panic_with_hook
[INFO] [stdout]    7:     0x62931553b494 - std[70759c8f55707aa4]::panicking::panic_handler::{closure#0}
[INFO] [stdout]    8:     0x6293155341e9 - std[70759c8f55707aa4]::sys::backtrace::__rust_end_short_backtrace::<std[70759c8f55707aa4]::panicking::panic_handler::{closure#0}, !>
[INFO] [stdout]    9:     0x62931553c05d - __rustc[8fa7c3cbc660c2b3]::rust_begin_unwind
[INFO] [stdout]   10:     0x629315573d6c - core[df12db4294e9bfd3]::panicking::panic_fmt
[INFO] [stdout]   11:     0x6293154e4416 - getifaddrs[5f2607fd5e3bf2a9]::tests::test_interfaces
[INFO] [stdout]   12:     0x6293154e3cb9 - <getifaddrs[5f2607fd5e3bf2a9]::tests::test_interfaces::{closure#0} as core[df12db4294e9bfd3]::ops::function::FnOnce<()>>::call_once
[INFO] [stdout]   13:     0x6293154e6c9b - test[9d35eded1c95d3be]::__rust_begin_short_backtrace::<core[df12db4294e9bfd3]::result::Result<(), alloc[2182bb758b4b3781]::string::String>, fn() -> core[df12db4294e9bfd3]::result::Result<(), alloc[2182bb758b4b3781]::string::String>>
[INFO] [stdout]   14:     0x6293154f4305 - test[9d35eded1c95d3be]::run_test::{closure#0}
[INFO] [stdout]   15:     0x6293154edbc4 - std[70759c8f55707aa4]::sys::backtrace::__rust_begin_short_backtrace::<test[9d35eded1c95d3be]::run_test::{closure#1}, ()>
[INFO] [stdout]   16:     0x6293154f7462 - <std[70759c8f55707aa4]::thread::lifecycle::spawn_unchecked<test[9d35eded1c95d3be]::run_test::{closure#1}, ()>::{closure#1} as core[df12db4294e9bfd3]::ops::function::FnOnce<()>>::call_once::{shim:vtable#0}
[INFO] [stdout]   17:     0x62931555e749 - <std[70759c8f55707aa4]::sys::thread::unix::Thread>::new::thread_start
[INFO] [stdout]   18:     0x7c3418a32dfa - <unknown>
[INFO] [stdout]   19:     0x7c3418ac63d4 - clone
[INFO] [stdout]   20:                0x0 - <unknown>
[INFO] [stdout] 
[INFO] [stdout] 
[INFO] [stdout] failures:
[INFO] [stdout]     tests::test_interfaces
[INFO] [stdout] 
[INFO] [stdout] test result: FAILED. 6 passed; 1 failed; 0 ignored; 0 measured; 0 filtered out; finished in 0.01s
[INFO] [stdout] 
[INFO] running `Command { std: "docker" "inspect" "2c52838228ccbeae0b8744f474b639f5c598a2220b91fe934768a083e1c0a2b3", kill_on_drop: false }`
[INFO] running `Command { std: "docker" "rm" "-f" "2c52838228ccbeae0b8744f474b639f5c598a2220b91fe934768a083e1c0a2b3", kill_on_drop: false }`
[INFO] [stdout] 2c52838228ccbeae0b8744f474b639f5c598a2220b91fe934768a083e1c0a2b3
