[INFO] fetching crate get_set_macro 1.1.2...
[INFO] testing get_set_macro-1.1.2 against 1.100.0-beta.1+cargoflags=--release for beta-release-1.100-2
[INFO] extracting crate get_set_macro 1.1.2 into /workspace/builds/worker-3-tc2/source
[INFO] started tweaking crates.io crate get_set_macro 1.1.2
[INFO] removed 0 missing tests
[INFO] finished tweaking crates.io crate get_set_macro 1.1.2
[INFO] tweaked toml for crates.io crate get_set_macro 1.1.2 written to /workspace/builds/worker-3-tc2/source/Cargo.toml
[INFO] validating manifest of crates.io crate get_set_macro 1.1.2 on toolchain 1.100.0-beta.1
[INFO] running `Command { std: CARGO_HOME="/workspace/cargo-home" RUSTUP_HOME="/workspace/rustup-home" "/workspace/cargo-home/bin/cargo" "+1.100.0-beta.1" "metadata" "--manifest-path" "Cargo.toml" "--no-deps", kill_on_drop: false }`
[INFO] crate crates.io crate get_set_macro 1.1.2 already has a lockfile, it will not be regenerated
[INFO] running `Command { std: CARGO_HOME="/workspace/cargo-home" RUSTUP_HOME="/workspace/rustup-home" "/workspace/cargo-home/bin/cargo" "+1.100.0-beta.1" "fetch" "--manifest-path" "Cargo.toml", kill_on_drop: false }`
[INFO] [stderr]     Blocking waiting for file lock on package cache
[INFO] [stderr]     Blocking waiting for file lock on package cache
[INFO] running `Command { std: "docker" "create" "-v" "/var/lib/crater-agent-workspace/builds/worker-3-tc2/source:/opt/rustwide/workdir:ro,Z" "-v" "/var/lib/crater-agent-workspace/builds/worker-3-tc2/target:/opt/rustwide/target:rw,Z" "-v" "/var/lib/crater-agent-workspace/cargo-home:/opt/rustwide/cargo-home:ro,Z" "-v" "/var/lib/crater-agent-workspace/rustup-home:/opt/rustwide/rustup-home:ro,Z" "-m" "1610612736" "--network" "none" "ghcr.io/rust-lang/crates-build-env/linux@sha256:77db811e55d90add9212f6832c23229e3de5f1c1f9905e8cb07319ea15df73ac" "sleep" "infinity", kill_on_drop: false }`
[INFO] [stdout] db46853ce70f47fd5ffd3c1ff08446568b09b26faf3cf165fcd8f9a4234dd7ef
[INFO] running `Command { std: "docker" "start" "db46853ce70f47fd5ffd3c1ff08446568b09b26faf3cf165fcd8f9a4234dd7ef", kill_on_drop: false }`
[INFO] running `Command { std: "docker" "inspect" "db46853ce70f47fd5ffd3c1ff08446568b09b26faf3cf165fcd8f9a4234dd7ef", kill_on_drop: false }`
[INFO] running `Command { std: "docker" "exec" "-e" "SOURCE_DIR=/opt/rustwide/workdir" "-e" "CARGO_HOME=/opt/rustwide/cargo-home" "-e" "RUSTUP_HOME=/opt/rustwide/rustup-home" "-e" "CARGO_TARGET_DIR=/opt/rustwide/target" "-w" "/opt/rustwide/workdir" "--user" "0:0" "db46853ce70f47fd5ffd3c1ff08446568b09b26faf3cf165fcd8f9a4234dd7ef" "/opt/rustwide/cargo-home/bin/cargo" "+1.100.0-beta.1" "metadata" "--no-deps" "--format-version=1", kill_on_drop: false }`
[INFO] running `Command { std: "docker" "inspect" "db46853ce70f47fd5ffd3c1ff08446568b09b26faf3cf165fcd8f9a4234dd7ef", kill_on_drop: false }`
[INFO] running `Command { std: "docker" "exec" "-e" "SOURCE_DIR=/opt/rustwide/workdir" "-e" "CARGO_HOME=/opt/rustwide/cargo-home" "-e" "RUSTUP_HOME=/opt/rustwide/rustup-home" "-e" "CARGO_TARGET_DIR=/opt/rustwide/target" "-e" "CARGO_INCREMENTAL=0" "-e" "RUST_BACKTRACE=full" "-e" "RUSTFLAGS=--cap-lints=warn" "-e" "RUSTDOCFLAGS=--cap-lints=warn" "-w" "/opt/rustwide/workdir" "--user" "0:0" "db46853ce70f47fd5ffd3c1ff08446568b09b26faf3cf165fcd8f9a4234dd7ef" "/opt/rustwide/cargo-home/bin/cargo" "+1.100.0-beta.1" "build" "--frozen" "--message-format=json" "--release", kill_on_drop: false }`
[INFO] [stderr]    Compiling syn v2.0.101
[INFO] [stderr]    Compiling get_set_macro v1.1.2 (/opt/rustwide/workdir)
[INFO] [stderr]     Finished `release` profile [optimized] target(s) in 11.09s
[INFO] running `Command { std: "docker" "inspect" "db46853ce70f47fd5ffd3c1ff08446568b09b26faf3cf165fcd8f9a4234dd7ef", kill_on_drop: false }`
[INFO] running `Command { std: "docker" "exec" "-e" "SOURCE_DIR=/opt/rustwide/workdir" "-e" "CARGO_HOME=/opt/rustwide/cargo-home" "-e" "RUSTUP_HOME=/opt/rustwide/rustup-home" "-e" "CARGO_TARGET_DIR=/opt/rustwide/target" "-e" "CARGO_INCREMENTAL=0" "-e" "RUST_BACKTRACE=full" "-e" "RUSTFLAGS=--cap-lints=warn" "-e" "RUSTDOCFLAGS=--cap-lints=warn" "-w" "/opt/rustwide/workdir" "--user" "0:0" "db46853ce70f47fd5ffd3c1ff08446568b09b26faf3cf165fcd8f9a4234dd7ef" "/opt/rustwide/cargo-home/bin/cargo" "+1.100.0-beta.1" "test" "--frozen" "--no-run" "--message-format=json" "--release", kill_on_drop: false }`
[INFO] [stderr]    Compiling serde v1.0.219
[INFO] [stderr]    Compiling serde_json v1.0.140
[INFO] [stderr]    Compiling target-triple v0.1.4
[INFO] [stderr]    Compiling hashbrown v0.15.2
[INFO] [stderr]    Compiling toml_write v0.1.1
[INFO] [stderr]    Compiling winnow v0.7.7
[INFO] [stderr]    Compiling proc-macro2 v1.0.95
[INFO] [stderr]    Compiling memchr v2.7.4
[INFO] [stderr]    Compiling indexmap v2.9.0
[INFO] [stderr]    Compiling unicode-ident v1.0.18
[INFO] [stderr]    Compiling glob v0.3.2
[INFO] [stderr]    Compiling serde_derive v1.0.219
[INFO] [stderr]    Compiling get_set_macro v1.1.2 (/opt/rustwide/workdir)
[INFO] [stderr]    Compiling quote v1.0.40
[INFO] [stderr]    Compiling syn v2.0.101
[INFO] [stderr]    Compiling serde_spanned v0.6.8
[INFO] [stderr]    Compiling toml_datetime v0.6.9
[INFO] [stderr]    Compiling toml_edit v0.22.26
[INFO] [stderr]    Compiling toml v0.8.22
[INFO] [stderr]    Compiling trybuild v1.0.104
[INFO] [stderr]     Finished `release` profile [optimized] target(s) in 48.80s
[INFO] running `Command { std: "docker" "inspect" "db46853ce70f47fd5ffd3c1ff08446568b09b26faf3cf165fcd8f9a4234dd7ef", kill_on_drop: false }`
[INFO] running `Command { std: "docker" "exec" "-e" "SOURCE_DIR=/opt/rustwide/workdir" "-e" "CARGO_HOME=/opt/rustwide/cargo-home" "-e" "RUSTUP_HOME=/opt/rustwide/rustup-home" "-e" "CARGO_TARGET_DIR=/opt/rustwide/target" "-e" "CARGO_INCREMENTAL=0" "-e" "RUST_BACKTRACE=full" "-e" "RUSTFLAGS=--cap-lints=warn" "-e" "RUSTDOCFLAGS=--cap-lints=warn" "-w" "/opt/rustwide/workdir" "--user" "0:0" "db46853ce70f47fd5ffd3c1ff08446568b09b26faf3cf165fcd8f9a4234dd7ef" "/opt/rustwide/cargo-home/bin/cargo" "+1.100.0-beta.1" "test" "--frozen" "--release", kill_on_drop: false }`
[INFO] [stderr]     Finished `release` profile [optimized] target(s) in 0.10s
[INFO] [stderr]      Running unittests src/lib.rs (/opt/rustwide/target/release/build/get_set_macro/21b7c39d3e3f3777/out/get_set_macro-21b7c39d3e3f3777)
[INFO] [stdout] 
[INFO] [stdout] running 0 tests
[INFO] [stdout] 
[INFO] [stdout] test result: ok. 0 passed; 0 failed; 0 ignored; 0 measured; 0 filtered out; finished in 0.00s
[INFO] [stdout] 
[INFO] [stderr]      Running tests/trybuld.rs (/opt/rustwide/target/release/build/get_set_macro/267e85a6c4791ee2/out/trybuld-267e85a6c4791ee2)
[INFO] [stdout] 
[INFO] [stdout] running 1 test
[INFO] [stderr]    Compiling proc-macro2 v1.0.95
[INFO] [stderr]    Compiling unicode-ident v1.0.18
[INFO] [stderr]    Compiling quote v1.0.40
[INFO] [stderr]    Compiling syn v2.0.101
[INFO] [stderr]    Compiling get_set_macro v1.1.2 (/opt/rustwide/workdir)
[INFO] [stderr]    Compiling get_set_macro-tests v0.0.0 (/opt/rustwide/target/tests/trybuild/get_set_macro)
[INFO] [stderr]     Finished `dev` profile [unoptimized + debuginfo] target(s) in 10.74s
[INFO] [stderr] 
[INFO] [stderr] 
[INFO] [stderr] test tests/ui/ok_allsetting.rs [should pass] ... ok
[INFO] [stderr] test tests/ui/ok_default.rs [should pass] ... ok
[INFO] [stderr] test tests/ui/ok_readme.rs [should pass] ... ok
[INFO] [stderr] test tests/ui/fail_allsetting.rs [should fail to compile] ... mismatch
[INFO] [stdout] test ui_tests ... FAILED
[INFO] [stderr] 
[INFO] [stdout] 
[INFO] [stderr] EXPECTED:
[INFO] [stdout] failures:
[INFO] [stderr] ┈┈┈┈┈┈┈┈┈┈┈┈┈┈┈┈┈┈┈┈┈┈┈┈┈┈┈┈┈┈┈┈┈┈┈┈┈┈┈┈┈┈┈┈┈┈┈┈┈┈┈┈┈┈┈┈┈┈┈┈
[INFO] [stdout] 
[INFO] [stderr] error[E0599]: no method named `get_skipped` found for struct `Example` in the current scope
[INFO] [stdout] ---- ui_tests stdout ----
[INFO] [stderr]   --> tests/ui/fail_allsetting.rs:16:13
[INFO] [stdout] 
[INFO] [stderr]    |
[INFO] [stdout] thread 'ui_tests' (818) panicked at /opt/rustwide/cargo-home/registry/src/index.crates.io-1949cf8c6b5b557f/trybuild-1.0.104/src/run.rs:102:13:
[INFO] [stderr] 4  | struct Example {
[INFO] [stdout] 1 of 4 tests failed
[INFO] [stderr]    | -------------- method `get_skipped` not found for this struct
[INFO] [stdout] stack backtrace:
[INFO] [stderr] ...
[INFO] [stdout]    0:     0x5b9d9af38841 - <<std[617be2ca0a6fd877]::sys::backtrace::BacktraceLock>::print::DisplayBacktrace as core[a373ad73a504971]::fmt::Display>::fmt
[INFO] [stderr] 16 |     example.get_skipped();
[INFO] [stdout]    1:     0x5b9d9af4f2ca - core[a373ad73a504971]::fmt::write
[INFO] [stderr]    |             ^^^^^^^^^^^ method not found in `Example`
[INFO] [stdout]    2:     0x5b9d9af3d10c - <alloc[2e1b2a31b91974c5]::vec::Vec<u8> as core[a373ad73a504971]::io::write::Write>::write_fmt
[INFO] [stderr] ┈┈┈┈┈┈┈┈┈┈┈┈┈┈┈┈┈┈┈┈┈┈┈┈┈┈┈┈┈┈┈┈┈┈┈┈┈┈┈┈┈┈┈┈┈┈┈┈┈┈┈┈┈┈┈┈┈┈┈┈
[INFO] [stdout]    3:     0x5b9d9af114f6 - std[617be2ca0a6fd877]::panicking::default_hook::{closure#0}
[INFO] [stderr] 
[INFO] [stdout]    4:     0x5b9d9af2f6f9 - std[617be2ca0a6fd877]::panicking::default_hook
[INFO] [stderr] ACTUAL OUTPUT:
[INFO] [stdout]    5:     0x5b9d9aec8d50 - test[aada8e7e76ba119b]::test_main_inner::{closure#0}
[INFO] [stderr] ┈┈┈┈┈┈┈┈┈┈┈┈┈┈┈┈┈┈┈┈┈┈┈┈┈┈┈┈┈┈┈┈┈┈┈┈┈┈┈┈┈┈┈┈┈┈┈┈┈┈┈┈┈┈┈┈┈┈┈┈
[INFO] [stdout]    6:     0x5b9d9af2f8b2 - std[617be2ca0a6fd877]::panicking::panic_with_hook
[INFO] [stderr] error[E0599]: no method named `get_skipped` found for struct `Example` in the current scope
[INFO] [stdout]    7:     0x5b9d9af115a2 - std[617be2ca0a6fd877]::panicking::panic_handler::{closure#0}
[INFO] [stderr]  --> tests/ui/fail_allsetting.rs:16:13
[INFO] [stdout]    8:     0x5b9d9af09f39 - std[617be2ca0a6fd877]::sys::backtrace::__rust_end_short_backtrace::<std[617be2ca0a6fd877]::panicking::panic_handler::{closure#0}, !>
[INFO] [stderr]   |
[INFO] [stdout]    9:     0x5b9d9af121ad - __rustc[ea4f61d10b84890b]::rust_begin_unwind
[INFO] [stderr]  4 | struct Example {
[INFO] [stdout]   10:     0x5b9d9af4f9fc - core[a373ad73a504971]::panicking::panic_fmt
[INFO] [stderr]    | -------------- method `get_skipped` not found for this struct
[INFO] [stdout]   11:     0x5b9d9adf993a - <trybuild[ca650b826a40b176]::Runner>::run
[INFO] [stderr] ...
[INFO] [stdout]   12:     0x5b9d9adfcab0 - <trybuild[ca650b826a40b176]::TestCases as core[a373ad73a504971]::ops::drop::Drop>::drop
[INFO] [stderr] 16 |     example.get_skipped();
[INFO] [stdout]   13:     0x5b9d9adf4936 - trybuld[5df5da55918023c]::ui_tests
[INFO] [stderr]    |             ^^^^^^^^^^^ method not found in `Example`
[INFO] [stdout]   14:     0x5b9d9adf4b69 - <trybuld[5df5da55918023c]::ui_tests::{closure#0} as core[a373ad73a504971]::ops::function::FnOnce<()>>::call_once
[INFO] [stderr] ┈┈┈┈┈┈┈┈┈┈┈┈┈┈┈┈┈┈┈┈┈┈┈┈┈┈┈┈┈┈┈┈┈┈┈┈┈┈┈┈┈┈┈┈┈┈┈┈┈┈┈┈┈┈┈┈┈┈┈┈
[INFO] [stdout]   15:     0x5b9d9aebc19b - test[aada8e7e76ba119b]::__rust_begin_short_backtrace::<core[a373ad73a504971]::result::Result<(), alloc[2e1b2a31b91974c5]::string::String>, fn() -> core[a373ad73a504971]::result::Result<(), alloc[2e1b2a31b91974c5]::string::String>>
[INFO] [stderr] note: If the actual output is the correct output you can bless it by rerunning
[INFO] [stdout]   16:     0x5b9d9aec9375 - test[aada8e7e76ba119b]::run_test::{closure#0}
[INFO] [stderr]       your test with the environment variable TRYBUILD=overwrite
[INFO] [stdout]   17:     0x5b9d9aec2c64 - std[617be2ca0a6fd877]::sys::backtrace::__rust_begin_short_backtrace::<test[aada8e7e76ba119b]::run_test::{closure#1}, ()>
[INFO] [stderr] 
[INFO] [stdout]   18:     0x5b9d9aecc402 - <std[617be2ca0a6fd877]::thread::lifecycle::spawn_unchecked<test[aada8e7e76ba119b]::run_test::{closure#1}, ()>::{closure#1} as core[a373ad73a504971]::ops::function::FnOnce<()>>::call_once::{shim:vtable#0}
[INFO] [stderr] 
[INFO] [stdout]   19:     0x5b9d9af37a9f - <std[617be2ca0a6fd877]::sys::thread::unix::Thread>::new::thread_start
[INFO] [stderr] 
[INFO] [stdout]   20:     0x7e718ceb6dfa - <unknown>
[INFO] [stderr] error: test failed, to rerun pass `--test trybuld`
[INFO] [stdout]   21:     0x7e718cf4a3d4 - clone
[INFO] [stdout]   22:                0x0 - <unknown>
[INFO] [stdout] 
[INFO] [stdout] 
[INFO] [stdout] failures:
[INFO] [stdout]     ui_tests
[INFO] [stdout] 
[INFO] [stdout] test result: FAILED. 0 passed; 1 failed; 0 ignored; 0 measured; 0 filtered out; finished in 12.46s
[INFO] [stdout] 
[INFO] running `Command { std: "docker" "inspect" "db46853ce70f47fd5ffd3c1ff08446568b09b26faf3cf165fcd8f9a4234dd7ef", kill_on_drop: false }`
[INFO] running `Command { std: "docker" "rm" "-f" "db46853ce70f47fd5ffd3c1ff08446568b09b26faf3cf165fcd8f9a4234dd7ef", kill_on_drop: false }`
[INFO] [stdout] db46853ce70f47fd5ffd3c1ff08446568b09b26faf3cf165fcd8f9a4234dd7ef
