[INFO] fetching crate get_dir 0.5.0...
[INFO] testing get_dir-0.5.0 against 1.99.0-beta.8+cargoflags=--release for beta-release-1.100-2
[INFO] extracting crate get_dir 0.5.0 into /workspace/builds/worker-4-tc1/source
[INFO] started tweaking crates.io crate get_dir 0.5.0
[INFO] finished tweaking crates.io crate get_dir 0.5.0
[INFO] tweaked toml for crates.io crate get_dir 0.5.0 written to /workspace/builds/worker-4-tc1/source/Cargo.toml
[INFO] validating manifest of crates.io crate get_dir 0.5.0 on toolchain 1.99.0-beta.8
[INFO] running `Command { std: CARGO_HOME="/workspace/cargo-home" RUSTUP_HOME="/workspace/rustup-home" "/workspace/cargo-home/bin/cargo" "+1.99.0-beta.8" "metadata" "--manifest-path" "Cargo.toml" "--no-deps", kill_on_drop: false }`
[INFO] crate crates.io crate get_dir 0.5.0 already has a lockfile, it will not be regenerated
[INFO] running `Command { std: CARGO_HOME="/workspace/cargo-home" RUSTUP_HOME="/workspace/rustup-home" "/workspace/cargo-home/bin/cargo" "+1.99.0-beta.8" "fetch" "--manifest-path" "Cargo.toml", kill_on_drop: false }`
[INFO] [stderr]  Downloading crates ...
[INFO] [stderr]   Downloaded async-fs v2.1.3
[INFO] [stderr]   Downloaded value-bag v1.10.0
[INFO] [stderr]   Downloaded async-std v1.13.0
[INFO] [stderr]   Downloaded tokio v1.44.0
[INFO] running `Command { std: "docker" "create" "-v" "/var/lib/crater-agent-workspace/builds/worker-4-tc1/source:/opt/rustwide/workdir:ro,Z" "-v" "/var/lib/crater-agent-workspace/builds/worker-4-tc1/target:/opt/rustwide/target:rw,Z" "-v" "/var/lib/crater-agent-workspace/cargo-home:/opt/rustwide/cargo-home:ro,Z" "-v" "/var/lib/crater-agent-workspace/rustup-home:/opt/rustwide/rustup-home:ro,Z" "-m" "1610612736" "--network" "none" "ghcr.io/rust-lang/crates-build-env/linux@sha256:77db811e55d90add9212f6832c23229e3de5f1c1f9905e8cb07319ea15df73ac" "sleep" "infinity", kill_on_drop: false }`
[INFO] [stdout] cedc765aaebbf29958e040d53ad05ee85f3c4188169ebd7b2eb0ededec4b6dd4
[INFO] running `Command { std: "docker" "start" "cedc765aaebbf29958e040d53ad05ee85f3c4188169ebd7b2eb0ededec4b6dd4", kill_on_drop: false }`
[INFO] running `Command { std: "docker" "inspect" "cedc765aaebbf29958e040d53ad05ee85f3c4188169ebd7b2eb0ededec4b6dd4", kill_on_drop: false }`
[INFO] running `Command { std: "docker" "exec" "-e" "SOURCE_DIR=/opt/rustwide/workdir" "-e" "CARGO_HOME=/opt/rustwide/cargo-home" "-e" "RUSTUP_HOME=/opt/rustwide/rustup-home" "-e" "CARGO_TARGET_DIR=/opt/rustwide/target" "-w" "/opt/rustwide/workdir" "--user" "0:0" "cedc765aaebbf29958e040d53ad05ee85f3c4188169ebd7b2eb0ededec4b6dd4" "/opt/rustwide/cargo-home/bin/cargo" "+1.99.0-beta.8" "metadata" "--no-deps" "--format-version=1", kill_on_drop: false }`
[INFO] running `Command { std: "docker" "inspect" "cedc765aaebbf29958e040d53ad05ee85f3c4188169ebd7b2eb0ededec4b6dd4", kill_on_drop: false }`
[INFO] running `Command { std: "docker" "exec" "-e" "SOURCE_DIR=/opt/rustwide/workdir" "-e" "CARGO_HOME=/opt/rustwide/cargo-home" "-e" "RUSTUP_HOME=/opt/rustwide/rustup-home" "-e" "CARGO_TARGET_DIR=/opt/rustwide/target" "-e" "CARGO_INCREMENTAL=0" "-e" "RUST_BACKTRACE=full" "-e" "RUSTFLAGS=--cap-lints=warn" "-e" "RUSTDOCFLAGS=--cap-lints=warn" "-w" "/opt/rustwide/workdir" "--user" "0:0" "cedc765aaebbf29958e040d53ad05ee85f3c4188169ebd7b2eb0ededec4b6dd4" "/opt/rustwide/cargo-home/bin/cargo" "+1.99.0-beta.8" "build" "--frozen" "--message-format=json" "--release", kill_on_drop: false }`
[INFO] [stderr]    Compiling get_dir v0.5.0 (/opt/rustwide/workdir)
[INFO] [stderr]     Finished `release` profile [optimized] target(s) in 0.50s
[INFO] running `Command { std: "docker" "inspect" "cedc765aaebbf29958e040d53ad05ee85f3c4188169ebd7b2eb0ededec4b6dd4", kill_on_drop: false }`
[INFO] running `Command { std: "docker" "exec" "-e" "SOURCE_DIR=/opt/rustwide/workdir" "-e" "CARGO_HOME=/opt/rustwide/cargo-home" "-e" "RUSTUP_HOME=/opt/rustwide/rustup-home" "-e" "CARGO_TARGET_DIR=/opt/rustwide/target" "-e" "CARGO_INCREMENTAL=0" "-e" "RUST_BACKTRACE=full" "-e" "RUSTFLAGS=--cap-lints=warn" "-e" "RUSTDOCFLAGS=--cap-lints=warn" "-w" "/opt/rustwide/workdir" "--user" "0:0" "cedc765aaebbf29958e040d53ad05ee85f3c4188169ebd7b2eb0ededec4b6dd4" "/opt/rustwide/cargo-home/bin/cargo" "+1.99.0-beta.8" "test" "--frozen" "--no-run" "--message-format=json" "--release", kill_on_drop: false }`
[INFO] [stderr]    Compiling get_dir v0.5.0 (/opt/rustwide/workdir)
[INFO] [stderr]     Finished `release` profile [optimized] target(s) in 0.34s
[INFO] running `Command { std: "docker" "inspect" "cedc765aaebbf29958e040d53ad05ee85f3c4188169ebd7b2eb0ededec4b6dd4", kill_on_drop: false }`
[INFO] running `Command { std: "docker" "exec" "-e" "SOURCE_DIR=/opt/rustwide/workdir" "-e" "CARGO_HOME=/opt/rustwide/cargo-home" "-e" "RUSTUP_HOME=/opt/rustwide/rustup-home" "-e" "CARGO_TARGET_DIR=/opt/rustwide/target" "-e" "CARGO_INCREMENTAL=0" "-e" "RUST_BACKTRACE=full" "-e" "RUSTFLAGS=--cap-lints=warn" "-e" "RUSTDOCFLAGS=--cap-lints=warn" "-w" "/opt/rustwide/workdir" "--user" "0:0" "cedc765aaebbf29958e040d53ad05ee85f3c4188169ebd7b2eb0ededec4b6dd4" "/opt/rustwide/cargo-home/bin/cargo" "+1.99.0-beta.8" "test" "--frozen" "--release", kill_on_drop: false }`
[INFO] [stderr]     Finished `release` profile [optimized] target(s) in 0.04s
[INFO] [stderr]      Running unittests src/lib.rs (/opt/rustwide/target/release/deps/get_dir-3be9888852de09a4)
[INFO] [stdout] 
[INFO] [stdout] running 0 tests
[INFO] [stdout] 
[INFO] [stdout] test result: ok. 0 passed; 0 failed; 0 ignored; 0 measured; 0 filtered out; finished in 0.00s
[INFO] [stdout] 
[INFO] [stderr]    Doc-tests get_dir
[INFO] [stdout] 
[INFO] [stdout] running 13 tests
[INFO] [stdout] test src/lib.rs - (line 49) ... ignored
[INFO] [stdout] test src/util/mod.rs - util::GetDir::depth (line 186) - compile ... ok
[INFO] [stdout] test src/util/mod.rs - util::GetDir::new (line 124) - compile ... ok
[INFO] [stdout] test src/util/mod.rs - util::GetDir::target (line 242) - compile ... ok
[INFO] [stdout] test src/util/mod.rs - util::GetDir (line 93) - compile ... ok
[INFO] [stdout] test src/util/mod.rs - util::GetDir::directory (line 150) - compile ... ok
[INFO] [stdout] test src/structs/target/file.rs - structs::target::file::FileTarget::new (line 15) - compile ... ok
[INFO] [stdout] test src/util/mod.rs - util::GetDir::run_reverse (line 285) - compile ... ok
[INFO] [stdout] test src/util/mod.rs - util::GetDir::targets (line 208) - compile ... ok
[INFO] [stdout] test src/structs/target/dir.rs - structs::target::dir::DirTarget::new (line 15) - compile ... ok
[INFO] [stdout] test src/util/mod.rs - util::GetDir::run (line 268) - compile ... ok
[INFO] [stdout] test src/lib.rs - (line 11) ... ok
[INFO] [stdout] test src/lib.rs - (line 30) ... FAILED
[INFO] [stdout] 
[INFO] [stdout] failures:
[INFO] [stdout] 
[INFO] [stdout] ---- src/lib.rs - (line 30) stdout ----
[INFO] [stdout] Test executable failed (exit status: 101).
[INFO] [stdout] 
[INFO] [stdout] stderr:
[INFO] [stdout] 
[INFO] [stdout] thread 'main' (187) panicked at /tmp/rustdoctest0iiIZA/doctest_bundle_2024.rs:40:6:
[INFO] [stdout] called `Result::unwrap()` on an `Err` value: Kind(NotFound)
[INFO] [stdout] stack backtrace:
[INFO] [stdout]    0:     0x63b821a7a841 - std[70759c8f55707aa4]::backtrace_rs::backtrace::libunwind::trace
[INFO] [stdout]                                at /rustc/dfb0accb7f508ae8be965d8629557221c889dd98/library/std/src/../../backtrace/src/backtrace/libunwind.rs:117:9
[INFO] [stdout]    1:     0x63b821a7a841 - std[70759c8f55707aa4]::backtrace_rs::backtrace::trace_unsynchronized::<std[70759c8f55707aa4]::sys::backtrace::_print_fmt::{closure#1}>
[INFO] [stdout]                                at /rustc/dfb0accb7f508ae8be965d8629557221c889dd98/library/std/src/../../backtrace/src/backtrace/mod.rs:66:14
[INFO] [stdout]    2:     0x63b821a7a841 - std[70759c8f55707aa4]::sys::backtrace::_print_fmt
[INFO] [stdout]                                at /rustc/dfb0accb7f508ae8be965d8629557221c889dd98/library/std/src/sys/backtrace.rs:74:9
[INFO] [stdout]    3:     0x63b821a7a841 - <<std[70759c8f55707aa4]::sys::backtrace::BacktraceLock>::print::DisplayBacktrace as core[df12db4294e9bfd3]::fmt::Display>::fmt
[INFO] [stdout]                                at /rustc/dfb0accb7f508ae8be965d8629557221c889dd98/library/std/src/sys/backtrace.rs:44:26
[INFO] [stdout]    4:     0x63b821a8ee1a - <core[df12db4294e9bfd3]::fmt::rt::Argument>::fmt
[INFO] [stdout]                                at /rustc/dfb0accb7f508ae8be965d8629557221c889dd98/library/core/src/fmt/rt.rs:152:76
[INFO] [stdout]    5:     0x63b821a8ee1a - core[df12db4294e9bfd3]::fmt::write
[INFO] [stdout]    6:     0x63b821a7febc - core[df12db4294e9bfd3]::io::write::default_write_fmt::<std[70759c8f55707aa4]::sys::stdio::unix::Stderr>
[INFO] [stdout]                                at /rustc/dfb0accb7f508ae8be965d8629557221c889dd98/library/core/src/io/write.rs:402:11
[INFO] [stdout]    7:     0x63b821a7febc - <std[70759c8f55707aa4]::sys::stdio::unix::Stderr as core[df12db4294e9bfd3]::io::write::Write>::write_fmt
[INFO] [stdout]                                at /rustc/dfb0accb7f508ae8be965d8629557221c889dd98/library/core/src/io/write.rs:335:13
[INFO] [stdout]    8:     0x63b821a56416 - <std[70759c8f55707aa4]::sys::backtrace::BacktraceLock>::print
[INFO] [stdout]                                at /rustc/dfb0accb7f508ae8be965d8629557221c889dd98/library/std/src/sys/backtrace.rs:47:9
[INFO] [stdout]    9:     0x63b821a56416 - std[70759c8f55707aa4]::panicking::default_hook::{closure#0}
[INFO] [stdout]                                at /rustc/dfb0accb7f508ae8be965d8629557221c889dd98/library/std/src/panicking.rs:292:27
[INFO] [stdout]   10:     0x63b821a72c41 - std[70759c8f55707aa4]::panicking::default_hook
[INFO] [stdout]                                at /rustc/dfb0accb7f508ae8be965d8629557221c889dd98/library/std/src/panicking.rs:319:9
[INFO] [stdout]   11:     0x63b821a72dfb - std[70759c8f55707aa4]::panicking::panic_with_hook
[INFO] [stdout]                                at /rustc/dfb0accb7f508ae8be965d8629557221c889dd98/library/std/src/panicking.rs:815:13
[INFO] [stdout]   12:     0x63b821a564c2 - std[70759c8f55707aa4]::panicking::panic_handler::{closure#0}
[INFO] [stdout]                                at /rustc/dfb0accb7f508ae8be965d8629557221c889dd98/library/std/src/panicking.rs:688:13
[INFO] [stdout]   13:     0x63b821a4f0f9 - std[70759c8f55707aa4]::sys::backtrace::__rust_end_short_backtrace::<std[70759c8f55707aa4]::panicking::panic_handler::{closure#0}, !>
[INFO] [stdout]                                at /rustc/dfb0accb7f508ae8be965d8629557221c889dd98/library/std/src/sys/backtrace.rs:182:18
[INFO] [stdout]   14:     0x63b821a5723d - __rustc[8fa7c3cbc660c2b3]::rust_begin_unwind
[INFO] [stdout]                                at /rustc/dfb0accb7f508ae8be965d8629557221c889dd98/library/std/src/panicking.rs:679:5
[INFO] [stdout]   15:     0x63b821a8f58c - core[df12db4294e9bfd3]::panicking::panic_fmt
[INFO] [stdout]                                at /rustc/dfb0accb7f508ae8be965d8629557221c889dd98/library/core/src/panicking.rs:80:14
[INFO] [stdout]   16:     0x63b821a8f362 - core[df12db4294e9bfd3]::result::unwrap_failed
[INFO] [stdout]                                at /rustc/dfb0accb7f508ae8be965d8629557221c889dd98/library/core/src/result.rs:1871:5
[INFO] [stdout]   17:     0x63b821a00a87 - doctest_bundle_2024[72c4b0461e1faad2]::__doctest_1::main
[INFO] [stdout]   18:     0x63b821a00b2e - doctest_bundle_2024[72c4b0461e1faad2]::__doctest_1::__main_fn
[INFO] [stdout]   19:     0x63b8219fadf1 - doctest_runner_2024[37d7b32fe5ed358d]::__doctest_1::TEST::{closure#0}
[INFO] [stdout]   20:     0x63b8219ff886 - <doctest_runner_2024[37d7b32fe5ed358d]::__doctest_1::TEST::{closure#0} as core[df12db4294e9bfd3]::ops::function::FnOnce<()>>::call_once
[INFO] [stdout]   21:     0x63b8219fb7dd - doctest_runner_2024[37d7b32fe5ed358d]::main
[INFO] [stdout]   22:     0x63b8219ff793 - <fn() -> std[70759c8f55707aa4]::process::ExitCode as core[df12db4294e9bfd3]::ops::function::FnOnce<()>>::call_once
[INFO] [stdout]   23:     0x63b8219fa456 - std[70759c8f55707aa4]::sys::backtrace::__rust_begin_short_backtrace::<fn() -> std[70759c8f55707aa4]::process::ExitCode, std[70759c8f55707aa4]::process::ExitCode>
[INFO] [stdout]   24:     0x63b8219fab89 - std[70759c8f55707aa4]::rt::lang_start::<std[70759c8f55707aa4]::process::ExitCode>::{closure#0}
[INFO] [stdout]   25:     0x63b821a71bc9 - <&dyn core[df12db4294e9bfd3]::ops::function::Fn<(), Output = i32> + core[df12db4294e9bfd3]::panic::unwind_safe::RefUnwindSafe + core[df12db4294e9bfd3]::marker::Sync as core[df12db4294e9bfd3]::ops::function::FnOnce<()>>::call_once
[INFO] [stdout]                                at /rustc/dfb0accb7f508ae8be965d8629557221c889dd98/library/core/src/ops/function.rs:287:21
[INFO] [stdout]   26:     0x63b821a71bc9 - std[70759c8f55707aa4]::panicking::catch_unwind::do_call::<&dyn core[df12db4294e9bfd3]::ops::function::Fn<(), Output = i32> + core[df12db4294e9bfd3]::panic::unwind_safe::RefUnwindSafe + core[df12db4294e9bfd3]::marker::Sync, i32>
[INFO] [stdout]                                at /rustc/dfb0accb7f508ae8be965d8629557221c889dd98/library/std/src/panicking.rs:576:43
[INFO] [stdout]   27:     0x63b821a71bc9 - std[70759c8f55707aa4]::panicking::catch_unwind::<i32, &dyn core[df12db4294e9bfd3]::ops::function::Fn<(), Output = i32> + core[df12db4294e9bfd3]::panic::unwind_safe::RefUnwindSafe + core[df12db4294e9bfd3]::marker::Sync>
[INFO] [stdout]                                at /rustc/dfb0accb7f508ae8be965d8629557221c889dd98/library/std/src/panicking.rs:544:19
[INFO] [stdout]   28:     0x63b821a71bc9 - std[70759c8f55707aa4]::panic::catch_unwind::<&dyn core[df12db4294e9bfd3]::ops::function::Fn<(), Output = i32> + core[df12db4294e9bfd3]::panic::unwind_safe::RefUnwindSafe + core[df12db4294e9bfd3]::marker::Sync, i32>
[INFO] [stdout]                                at /rustc/dfb0accb7f508ae8be965d8629557221c889dd98/library/std/src/panic.rs:359:14
[INFO] [stdout]   29:     0x63b821a71bc9 - std[70759c8f55707aa4]::rt::lang_start_internal::{closure#0}
[INFO] [stdout]                                at /rustc/dfb0accb7f508ae8be965d8629557221c889dd98/library/std/src/rt.rs:175:24
[INFO] [stdout]   30:     0x63b821a71bc9 - std[70759c8f55707aa4]::panicking::catch_unwind::do_call::<std[70759c8f55707aa4]::rt::lang_start_internal::{closure#0}, isize>
[INFO] [stdout]                                at /rustc/dfb0accb7f508ae8be965d8629557221c889dd98/library/std/src/panicking.rs:576:43
[INFO] [stdout]   31:     0x63b821a71bc9 - std[70759c8f55707aa4]::panicking::catch_unwind::<isize, std[70759c8f55707aa4]::rt::lang_start_internal::{closure#0}>
[INFO] [stdout]                                at /rustc/dfb0accb7f508ae8be965d8629557221c889dd98/library/std/src/panicking.rs:544:19
[INFO] [stdout]   32:     0x63b821a71bc9 - std[70759c8f55707aa4]::panic::catch_unwind::<std[70759c8f55707aa4]::rt::lang_start_internal::{closure#0}, isize>
[INFO] [stdout]                                at /rustc/dfb0accb7f508ae8be965d8629557221c889dd98/library/std/src/panic.rs:359:14
[INFO] [stdout]   33:     0x63b821a71bc9 - std[70759c8f55707aa4]::rt::lang_start_internal
[INFO] [stdout]                                at /rustc/dfb0accb7f508ae8be965d8629557221c889dd98/library/std/src/rt.rs:171:5
[INFO] [stdout]   34:     0x63b8219f9731 - std[70759c8f55707aa4]::rt::lang_start::<std[70759c8f55707aa4]::process::ExitCode>
[INFO] [stdout]   35:     0x63b8219ffd35 - main
[INFO] [stdout]   36:     0x77acbd423601 - <unknown>
[INFO] [stdout]   37:     0x77acbd423718 - __libc_start_main
[INFO] [stdout]   38:     0x63b8219f8805 - _start
[INFO] [stdout]   39:                0x0 - <unknown>
[INFO] [stdout] 
[INFO] [stdout] 
[INFO] [stdout] 
[INFO] [stdout] failures:
[INFO] [stdout]     src/lib.rs - (line 30)
[INFO] [stdout] 
[INFO] [stdout] test result: FAILED. 11 passed; 1 failed; 1 ignored; 0 measured; 0 filtered out; finished in 0.04s
[INFO] [stdout] 
[INFO] [stdout] all doctests ran in 0.49s; merged doctests compilation took 0.45s
[INFO] [stderr] error: doctest failed, to rerun pass `--doc`
[INFO] running `Command { std: "docker" "inspect" "cedc765aaebbf29958e040d53ad05ee85f3c4188169ebd7b2eb0ededec4b6dd4", kill_on_drop: false }`
[INFO] running `Command { std: "docker" "rm" "-f" "cedc765aaebbf29958e040d53ad05ee85f3c4188169ebd7b2eb0ededec4b6dd4", kill_on_drop: false }`
[INFO] [stdout] cedc765aaebbf29958e040d53ad05ee85f3c4188169ebd7b2eb0ededec4b6dd4
