[INFO] fetching crate get-cve 1.5.9...
[INFO] testing get-cve-1.5.9 against 1.99.0-beta.8+cargoflags=--release for beta-release-1.100-2
[INFO] extracting crate get-cve 1.5.9 into /workspace/builds/worker-6-tc1/source
[INFO] started tweaking crates.io crate get-cve 1.5.9
[INFO] removed 0 missing examples
[INFO] finished tweaking crates.io crate get-cve 1.5.9
[INFO] tweaked toml for crates.io crate get-cve 1.5.9 written to /workspace/builds/worker-6-tc1/source/Cargo.toml
[INFO] validating manifest of crates.io crate get-cve 1.5.9 on toolchain 1.99.0-beta.8
[INFO] running `Command { std: CARGO_HOME="/workspace/cargo-home" RUSTUP_HOME="/workspace/rustup-home" "/workspace/cargo-home/bin/cargo" "+1.99.0-beta.8" "metadata" "--manifest-path" "Cargo.toml" "--no-deps", kill_on_drop: false }`
[INFO] crate crates.io crate get-cve 1.5.9 already has a lockfile, it will not be regenerated
[INFO] running `Command { std: CARGO_HOME="/workspace/cargo-home" RUSTUP_HOME="/workspace/rustup-home" "/workspace/cargo-home/bin/cargo" "+1.99.0-beta.8" "fetch" "--manifest-path" "Cargo.toml", kill_on_drop: false }`
[INFO] [stderr]     Updating crates.io index
[INFO] [stderr]  Downloading crates ...
[INFO] [stderr]   Downloaded termal_proc v4.2.1
[INFO] [stderr]   Downloaded utmt v0.13.3
[INFO] [stderr]   Downloaded termint v0.9.1
[INFO] [stderr]   Downloaded place_macro_proc v1.1.0
[INFO] [stderr]   Downloaded place_macro v1.1.0
[INFO] [stderr]   Downloaded place_macro_core v1.1.0
[INFO] [stderr]   Downloaded minlin v0.3.1
[INFO] [stderr]   Downloaded litrs v0.5.1
[INFO] [stderr]   Downloaded termal_core v4.2.1
[INFO] [stderr]   Downloaded fenir v3.2.2
[INFO] [stderr]   Downloaded treelog v0.0.6
[INFO] [stderr]   Downloaded ppmd-rust v1.5.0
[INFO] [stderr]   Downloaded lzma-rust2 v0.16.5
[INFO] [stderr]   Downloaded termal v4.2.1
[INFO] [stderr]   Downloaded console v0.16.6
[INFO] [stderr]   Downloaded indicatif v0.18.6
[INFO] [stderr]   Downloaded enable-ansi-support v0.3.1
[INFO] [stderr]   Downloaded lazy-regex v3.6.2
[INFO] [stderr]   Downloaded lazy-regex-proc_macros v3.6.2
[INFO] [stderr]   Downloaded debian-changelog v0.2.25
[INFO] [stderr]   Downloaded ascii_table_rs v1.0.2
[INFO] [stderr]   Downloaded debversion v0.5.4
[INFO] [stderr]   Downloaded build-tools v0.1.3
[INFO] running `Command { std: "docker" "create" "-v" "/var/lib/crater-agent-workspace/builds/worker-6-tc1/source:/opt/rustwide/workdir:ro,Z" "-v" "/var/lib/crater-agent-workspace/builds/worker-6-tc1/target:/opt/rustwide/target:rw,Z" "-v" "/var/lib/crater-agent-workspace/cargo-home:/opt/rustwide/cargo-home:ro,Z" "-v" "/var/lib/crater-agent-workspace/rustup-home:/opt/rustwide/rustup-home:ro,Z" "-m" "1610612736" "--network" "none" "ghcr.io/rust-lang/crates-build-env/linux@sha256:77db811e55d90add9212f6832c23229e3de5f1c1f9905e8cb07319ea15df73ac" "sleep" "infinity", kill_on_drop: false }`
[INFO] [stdout] c860cb30d83e1ec6acd655e715829f68579c793c315c8a86aff94b7ab2d6d5a0
[INFO] running `Command { std: "docker" "start" "c860cb30d83e1ec6acd655e715829f68579c793c315c8a86aff94b7ab2d6d5a0", kill_on_drop: false }`
[INFO] running `Command { std: "docker" "inspect" "c860cb30d83e1ec6acd655e715829f68579c793c315c8a86aff94b7ab2d6d5a0", kill_on_drop: false }`
[INFO] running `Command { std: "docker" "exec" "-e" "SOURCE_DIR=/opt/rustwide/workdir" "-e" "CARGO_HOME=/opt/rustwide/cargo-home" "-e" "RUSTUP_HOME=/opt/rustwide/rustup-home" "-e" "CARGO_TARGET_DIR=/opt/rustwide/target" "-w" "/opt/rustwide/workdir" "--user" "0:0" "c860cb30d83e1ec6acd655e715829f68579c793c315c8a86aff94b7ab2d6d5a0" "/opt/rustwide/cargo-home/bin/cargo" "+1.99.0-beta.8" "metadata" "--no-deps" "--format-version=1", kill_on_drop: false }`
[INFO] running `Command { std: "docker" "inspect" "c860cb30d83e1ec6acd655e715829f68579c793c315c8a86aff94b7ab2d6d5a0", kill_on_drop: false }`
[INFO] running `Command { std: "docker" "exec" "-e" "SOURCE_DIR=/opt/rustwide/workdir" "-e" "CARGO_HOME=/opt/rustwide/cargo-home" "-e" "RUSTUP_HOME=/opt/rustwide/rustup-home" "-e" "CARGO_TARGET_DIR=/opt/rustwide/target" "-e" "CARGO_INCREMENTAL=0" "-e" "RUST_BACKTRACE=full" "-e" "RUSTFLAGS=--cap-lints=warn" "-e" "RUSTDOCFLAGS=--cap-lints=warn" "-w" "/opt/rustwide/workdir" "--user" "0:0" "c860cb30d83e1ec6acd655e715829f68579c793c315c8a86aff94b7ab2d6d5a0" "/opt/rustwide/cargo-home/bin/cargo" "+1.99.0-beta.8" "build" "--frozen" "--message-format=json" "--release", kill_on_drop: false }`
[INFO] [stderr]    Compiling libc v0.2.190
[INFO] [stderr]    Compiling stable_deref_trait v1.2.1
[INFO] [stderr]    Compiling hybrid-array v0.4.15
[INFO] [stderr]    Compiling convert_case v0.8.0
[INFO] [stderr]    Compiling cmov v0.5.4
[INFO] [stderr]    Compiling smallvec v1.16.2
[INFO] [stderr]    Compiling writeable v0.6.4
[INFO] [stderr]    Compiling litrs v0.5.1
[INFO] [stderr]    Compiling litrs v1.0.0
[INFO] [stderr]    Compiling thiserror v2.0.21
[INFO] [stderr]    Compiling litemap v0.8.3
[INFO] [stderr]    Compiling syn v3.0.6
[INFO] [stderr]    Compiling icu_locale_fallback_data v2.3.0
[INFO] [stderr]    Compiling cpufeatures v0.3.1
[INFO] [stderr]    Compiling simd-adler32 v0.3.10
[INFO] [stderr]    Compiling syn v2.0.119
[INFO] [stderr]    Compiling crc32fast v1.5.2
[INFO] [stderr]    Compiling convert_case v0.10.0
[INFO] [stderr]    Compiling minlin v0.3.1
[INFO] [stderr]    Compiling icu_segmenter_data v2.3.0
[INFO] [stderr]    Compiling rustix v1.1.5
[INFO] [stderr]    Compiling zstd-safe v7.3.0
[INFO] [stderr]    Compiling miniz_oxide v0.9.1
[INFO] [stderr]    Compiling place_macro_core v1.1.0
[INFO] [stderr]    Compiling ctutils v0.4.2
[INFO] [stderr]    Compiling httparse v1.10.1
[INFO] [stderr]    Compiling chrono v0.4.45
[INFO] [stderr]    Compiling portable-atomic v1.15.0
[INFO] [stderr]    Compiling getrandom v0.4.3
[INFO] [stderr]    Compiling zlib-rs v0.6.8
[INFO] [stderr]    Compiling serde v1.0.229
[INFO] [stderr]    Compiling crypto-common v0.2.2
[INFO] [stderr]    Compiling block-buffer v0.12.1
[INFO] [stderr]    Compiling place_macro_proc v1.1.0
[INFO] [stderr]    Compiling inout v0.2.2
[INFO] [stderr]    Compiling document-features v0.2.12
[INFO] [stderr]    Compiling http v1.5.0
[INFO] [stderr]    Compiling place_macro v1.1.0
[INFO] [stderr]    Compiling num-integer v0.1.47
[INFO] [stderr]    Compiling libbz2-rs-sys v0.2.5
[INFO] [stderr]    Compiling cpubits v0.1.1
[INFO] [stderr]    Compiling bumpalo v3.20.3
[INFO] [stderr]    Compiling base64 v0.23.1
[INFO] [stderr]    Compiling zopfli v0.8.3
[INFO] [stderr]    Compiling time v0.3.55
[INFO] [stderr]    Compiling compact_str v0.9.1
[INFO] [stderr]    Compiling errno v0.3.14
[INFO] [stderr]    Compiling digest v0.11.3
[INFO] [stderr]    Compiling signal-hook-registry v1.4.8
[INFO] [stderr]    Compiling jobserver v0.1.35
[INFO] [stderr]    Compiling getrandom v0.2.17
[INFO] [stderr]    Compiling signal-hook v0.3.18
[INFO] [stderr]    Compiling mio v1.2.4
[INFO] [stderr]    Compiling parking_lot_core v0.9.12
[INFO] [stderr]    Compiling cc v1.6.0
[INFO] [stderr]    Compiling sha2 v0.11.0
[INFO] [stderr]    Compiling parking_lot v0.12.5
[INFO] [stderr]    Compiling hmac v0.13.0
[INFO] [stderr]    Compiling signal-hook-mio v0.2.5
[INFO] [stderr]    Compiling which v8.0.6
[INFO] [stderr]    Compiling cipher v0.5.2
[INFO] [stderr]    Compiling pbkdf2 v0.13.0
[INFO] [stderr]    Compiling ureq-proto v0.6.4
[INFO] [stderr]    Compiling sha1 v0.11.0
[INFO] [stderr]    Compiling build-tools v0.1.3
[INFO] [stderr]    Compiling console v0.16.6
[INFO] [stderr]    Compiling derive_more-impl v2.1.1
[INFO] [stderr]    Compiling aes v0.9.3
[INFO] [stderr]    Compiling bzip2 v0.6.1
[INFO] [stderr]    Compiling num-bigint v0.4.8
[INFO] [stderr]    Compiling derive_more v2.1.1
[INFO] [stderr]    Compiling crossterm v0.29.0
[INFO] [stderr]    Compiling serde_json v1.0.151
[INFO] [stderr]    Compiling lzma-rust2 v0.16.5
[INFO] [stderr]    Compiling webpki-roots v1.0.9
[INFO] [stderr]    Compiling vte v0.14.1
[INFO] [stderr]    Compiling countme v3.0.1
[INFO] [stderr]    Compiling smawk v0.3.3
[INFO] [stderr]    Compiling constant_time_eq v0.4.2
[INFO] [stderr]    Compiling unit-prefix v0.5.2
[INFO] [stderr]    Compiling fallible-streaming-iterator v0.1.9
[INFO] [stderr]    Compiling text-size v1.1.1
[INFO] [stderr]    Compiling ppmd-rust v1.5.0
[INFO] [stderr]    Compiling utf8-zero v0.8.1
[INFO] [stderr]    Compiling fallible-iterator v0.3.0
[INFO] [stderr]    Compiling deflate64 v0.1.12
[INFO] [stderr]    Compiling ring v0.17.14
[INFO] [stderr]    Compiling zstd-sys v2.1.0+zstd.1.5.7
[INFO] [stderr]    Compiling libsqlite3-sys v0.38.2
[INFO] [stderr]    Compiling flate2 v1.1.10
[INFO] [stderr]    Compiling typed-path v0.12.3
[INFO] [stderr]    Compiling hashbrown v0.14.5
[INFO] [stderr]    Compiling indicatif v0.18.6
[INFO] [stderr]    Compiling strip-ansi-escapes v0.2.1
[INFO] [stderr]    Compiling csv v1.4.0
[INFO] [stderr]    Compiling get-cve v1.5.9 (/opt/rustwide/workdir)
[INFO] [stderr]    Compiling whoami v1.6.1
[INFO] [stderr]    Compiling enable-ansi-support v0.3.1
[INFO] [stderr]    Compiling ascii_table_rs v1.0.2
[INFO] [stderr]    Compiling glob v0.3.4
[INFO] [stderr]    Compiling rowan v0.16.1
[INFO] [stderr]    Compiling treelog v0.0.6
[INFO] [stderr]    Compiling synstructure v0.14.0
[INFO] [stderr]    Compiling zerofrom-derive v0.1.8
[INFO] [stderr]    Compiling yoke-derive v0.8.4
[INFO] [stderr]    Compiling zerovec-derive v0.11.6
[INFO] [stderr]    Compiling displaydoc v0.2.7
[INFO] [stderr]    Compiling thiserror-impl v2.0.21
[INFO] [stderr]    Compiling lazy-regex-proc_macros v3.6.2
[INFO] [stderr]    Compiling zerotrie v0.2.5
[INFO] [stderr]    Compiling lazy-regex v3.6.2
[INFO] [stderr]    Compiling debversion v0.5.4
[INFO] [stderr]    Compiling zerofrom v0.1.8
[INFO] [stderr]    Compiling yoke v0.8.3
[INFO] [stderr]    Compiling zerovec v0.11.8
[INFO] [stderr]    Compiling termal_core v4.2.1
[INFO] [stderr]    Compiling termal_proc v4.2.1
[INFO] [stderr]    Compiling termal v4.2.1
[INFO] [stderr]    Compiling termint v0.9.1
[INFO] [stderr]    Compiling tinystr v0.8.4
[INFO] [stderr]    Compiling potential_utf v0.1.6
[INFO] [stderr]    Compiling icu_collections v2.3.0
[INFO] [stderr]    Compiling icu_locale_core v2.3.0
[INFO] [stderr]    Compiling icu_provider v2.3.1
[INFO] [stderr]    Compiling icu_locale_fallback v2.3.0
[INFO] [stderr]    Compiling icu_segmenter v2.3.0
[INFO] [stderr]    Compiling rustls v0.23.45
[INFO] [stderr]    Compiling textwrap v0.16.4
[INFO] [stderr]    Compiling debian-changelog v0.2.25
[INFO] [stderr]    Compiling rustls-webpki v0.103.15
[INFO] [stderr]    Compiling ureq v3.4.2
[INFO] [stderr]    Compiling zstd v0.13.3
[INFO] [stderr]    Compiling zip v8.6.0
[INFO] [stderr]    Compiling rusqlite v0.40.2
[INFO] [stderr]    Compiling fenir v3.2.2
[INFO] [stderr]     Finished `release` profile [optimized] target(s) in 3m 28s
[INFO] running `Command { std: "docker" "inspect" "c860cb30d83e1ec6acd655e715829f68579c793c315c8a86aff94b7ab2d6d5a0", kill_on_drop: false }`
[INFO] running `Command { std: "docker" "exec" "-e" "SOURCE_DIR=/opt/rustwide/workdir" "-e" "CARGO_HOME=/opt/rustwide/cargo-home" "-e" "RUSTUP_HOME=/opt/rustwide/rustup-home" "-e" "CARGO_TARGET_DIR=/opt/rustwide/target" "-e" "CARGO_INCREMENTAL=0" "-e" "RUST_BACKTRACE=full" "-e" "RUSTFLAGS=--cap-lints=warn" "-e" "RUSTDOCFLAGS=--cap-lints=warn" "-w" "/opt/rustwide/workdir" "--user" "0:0" "c860cb30d83e1ec6acd655e715829f68579c793c315c8a86aff94b7ab2d6d5a0" "/opt/rustwide/cargo-home/bin/cargo" "+1.99.0-beta.8" "test" "--frozen" "--no-run" "--message-format=json" "--release", kill_on_drop: false }`
[INFO] [stderr]    Compiling getrandom v0.4.3
[INFO] [stderr]    Compiling chacha20 v0.10.2
[INFO] [stderr]    Compiling zip v8.6.0
[INFO] [stderr]    Compiling rand v0.10.3
[INFO] [stderr]    Compiling utmt v0.13.3
[INFO] [stderr]    Compiling fenir v3.2.2
[INFO] [stderr]    Compiling get-cve v1.5.9 (/opt/rustwide/workdir)
[INFO] [stderr]     Finished `release` profile [optimized] target(s) in 12.92s
[INFO] running `Command { std: "docker" "inspect" "c860cb30d83e1ec6acd655e715829f68579c793c315c8a86aff94b7ab2d6d5a0", kill_on_drop: false }`
[INFO] running `Command { std: "docker" "exec" "-e" "SOURCE_DIR=/opt/rustwide/workdir" "-e" "CARGO_HOME=/opt/rustwide/cargo-home" "-e" "RUSTUP_HOME=/opt/rustwide/rustup-home" "-e" "CARGO_TARGET_DIR=/opt/rustwide/target" "-e" "CARGO_INCREMENTAL=0" "-e" "RUST_BACKTRACE=full" "-e" "RUSTFLAGS=--cap-lints=warn" "-e" "RUSTDOCFLAGS=--cap-lints=warn" "-w" "/opt/rustwide/workdir" "--user" "0:0" "c860cb30d83e1ec6acd655e715829f68579c793c315c8a86aff94b7ab2d6d5a0" "/opt/rustwide/cargo-home/bin/cargo" "+1.99.0-beta.8" "test" "--frozen" "--release", kill_on_drop: false }`
[INFO] [stderr]     Finished `release` profile [optimized] target(s) in 0.22s
[INFO] [stderr]      Running unittests src/lib.rs (/opt/rustwide/target/release/deps/get_cve-62aca4c33e819369)
[INFO] [stdout] 
[INFO] [stdout] running 7 tests
[INFO] [stdout] test tests::extract_description_es_lang_valid ... FAILED
[INFO] [stdout] test tests::extract_description_default_lang_valid ... FAILED
[INFO] [stdout] test tests::extract_description_invalid_default ... FAILED
[INFO] [stdout] test tests::extract_cwe_invalid_cve_empty ... ok
[INFO] [stdout] test tests::extract_cwe_valid_cve_non_empty ... FAILED
[INFO] [stdout] test tests::cve_from_cwe_result_valid_cwe_not_empty ... FAILED
[INFO] [stdout] test tests::create_cve_from_value ... ok
[INFO] [stdout] 
[INFO] [stdout] failures:
[INFO] [stdout] 
[INFO] [stdout] ---- tests::extract_description_es_lang_valid stdout ----
[INFO] [stdout] 
[INFO] [stdout] thread 'tests::extract_description_es_lang_valid' (3047) panicked at src/lib.rs:1846:9:
[INFO] [stdout] assertion failed: extract_description(&result,
[INFO] [stdout]             Option::from("es")).to_string().contains("Se encontró una condición de ejecución del controlador de señales en el servidor de OpenSSH")
[INFO] [stdout] stack backtrace:
[INFO] [stdout]    0:     0x5607e1cc5131 - <<std[70759c8f55707aa4]::sys::backtrace::BacktraceLock>::print::DisplayBacktrace as core[df12db4294e9bfd3]::fmt::Display>::fmt
[INFO] [stdout]    1:     0x5607e1cdc76a - core[df12db4294e9bfd3]::fmt::write
[INFO] [stdout]    2:     0x5607e1cc990c - <alloc[2182bb758b4b3781]::vec::Vec<u8> as core[df12db4294e9bfd3]::io::write::Write>::write_fmt
[INFO] [stdout]    3:     0x5607e1c9f936 - std[70759c8f55707aa4]::panicking::default_hook::{closure#0}
[INFO] [stdout]    4:     0x5607e1cbc9f9 - std[70759c8f55707aa4]::panicking::default_hook
[INFO] [stdout]    5:     0x5607e1ae2e70 - test[9d35eded1c95d3be]::test_main_inner::<test[9d35eded1c95d3be]::test_main_static::{closure#0}>::{closure#0}
[INFO] [stdout]    6:     0x5607e1cbcbb2 - std[70759c8f55707aa4]::panicking::panic_with_hook
[INFO] [stdout]    7:     0x5607e1c9fa14 - std[70759c8f55707aa4]::panicking::panic_handler::{closure#0}
[INFO] [stdout]    8:     0x5607e1c98529 - std[70759c8f55707aa4]::sys::backtrace::__rust_end_short_backtrace::<std[70759c8f55707aa4]::panicking::panic_handler::{closure#0}, !>
[INFO] [stdout]    9:     0x5607e1ca07cd - __rustc[8fa7c3cbc660c2b3]::rust_begin_unwind
[INFO] [stdout]   10:     0x5607e1cdce9c - core[df12db4294e9bfd3]::panicking::panic_fmt
[INFO] [stdout]   11:     0x5607e1cdce62 - core[df12db4294e9bfd3]::panicking::panic
[INFO] [stdout]   12:     0x5607e1ad3fdb - get_cve[44acfbef8fb3b04d]::tests::extract_description_es_lang_valid
[INFO] [stdout]   13:     0x5607e1ad6069 - <get_cve[44acfbef8fb3b04d]::tests::extract_description_es_lang_valid::{closure#0} as core[df12db4294e9bfd3]::ops::function::FnOnce<()>>::call_once
[INFO] [stdout]   14:     0x5607e1ad615b - test[9d35eded1c95d3be]::__rust_begin_short_backtrace::<core[df12db4294e9bfd3]::result::Result<(), alloc[2182bb758b4b3781]::string::String>, fn() -> core[df12db4294e9bfd3]::result::Result<(), alloc[2182bb758b4b3781]::string::String>>
[INFO] [stdout]   15:     0x5607e1ae37c5 - test[9d35eded1c95d3be]::run_test::{closure#0}
[INFO] [stdout]   16:     0x5607e1add084 - std[70759c8f55707aa4]::sys::backtrace::__rust_begin_short_backtrace::<test[9d35eded1c95d3be]::run_test::{closure#1}, ()>
[INFO] [stdout]   17:     0x5607e1ae6922 - <std[70759c8f55707aa4]::thread::lifecycle::spawn_unchecked<test[9d35eded1c95d3be]::run_test::{closure#1}, ()>::{closure#1} as core[df12db4294e9bfd3]::ops::function::FnOnce<()>>::call_once::{shim:vtable#0}
[INFO] [stdout]   18:     0x5607e1cc3e59 - <std[70759c8f55707aa4]::sys::thread::unix::Thread>::new::thread_start
[INFO] [stdout]   19:     0x79d9b0dafdfa - <unknown>
[INFO] [stdout]   20:     0x79d9b0e433d4 - clone
[INFO] [stdout]   21:                0x0 - <unknown>
[INFO] [stdout] 
[INFO] [stdout] ---- tests::extract_description_default_lang_valid stdout ----
[INFO] [stdout] 
[INFO] [stdout] thread 'tests::extract_description_default_lang_valid' (3046) panicked at src/lib.rs:1824:9:
[INFO] [stdout] assertion failed: extract_description(&result,
[INFO] [stdout]             option).to_string().contains("A security regression (CVE-2006-5051) was discovered ")
[INFO] [stdout] stack backtrace:
[INFO] [stdout]    0:     0x5607e1cc5131 - <<std[70759c8f55707aa4]::sys::backtrace::BacktraceLock>::print::DisplayBacktrace as core[df12db4294e9bfd3]::fmt::Display>::fmt
[INFO] [stdout]    1:     0x5607e1cdc76a - core[df12db4294e9bfd3]::fmt::write
[INFO] [stdout]    2:     0x5607e1cc990c - <alloc[2182bb758b4b3781]::vec::Vec<u8> as core[df12db4294e9bfd3]::io::write::Write>::write_fmt
[INFO] [stdout]    3:     0x5607e1c9f936 - std[70759c8f55707aa4]::panicking::default_hook::{closure#0}
[INFO] [stdout]    4:     0x5607e1cbc9f9 - std[70759c8f55707aa4]::panicking::default_hook
[INFO] [stdout]    5:     0x5607e1ae2e70 - test[9d35eded1c95d3be]::test_main_inner::<test[9d35eded1c95d3be]::test_main_static::{closure#0}>::{closure#0}
[INFO] [stdout]    6:     0x5607e1cbcbb2 - std[70759c8f55707aa4]::panicking::panic_with_hook
[INFO] [stdout]    7:     0x5607e1c9fa14 - std[70759c8f55707aa4]::panicking::panic_handler::{closure#0}
[INFO] [stdout]    8:     0x5607e1c98529 - std[70759c8f55707aa4]::sys::backtrace::__rust_end_short_backtrace::<std[70759c8f55707aa4]::panicking::panic_handler::{closure#0}, !>
[INFO] [stderr] error: test failed, to rerun pass `--lib`
[INFO] [stdout]    9:     0x5607e1ca07cd - __rustc[8fa7c3cbc660c2b3]::rust_begin_unwind
[INFO] [stdout]   10:     0x5607e1cdce9c - core[df12db4294e9bfd3]::panicking::panic_fmt
[INFO] [stdout]   11:     0x5607e1cdce62 - core[df12db4294e9bfd3]::panicking::panic
[INFO] [stdout]   12:     0x5607e1ad3a2a - get_cve[44acfbef8fb3b04d]::tests::assert_default_description
[INFO] [stdout]   13:     0x5607e1ad4109 - get_cve[44acfbef8fb3b04d]::tests::extract_description_default_lang_valid
[INFO] [stdout]   14:     0x5607e1ad60a9 - <get_cve[44acfbef8fb3b04d]::tests::extract_description_default_lang_valid::{closure#0} as core[df12db4294e9bfd3]::ops::function::FnOnce<()>>::call_once
[INFO] [stdout]   15:     0x5607e1ad615b - test[9d35eded1c95d3be]::__rust_begin_short_backtrace::<core[df12db4294e9bfd3]::result::Result<(), alloc[2182bb758b4b3781]::string::String>, fn() -> core[df12db4294e9bfd3]::result::Result<(), alloc[2182bb758b4b3781]::string::String>>
[INFO] [stdout]   16:     0x5607e1ae37c5 - test[9d35eded1c95d3be]::run_test::{closure#0}
[INFO] [stdout]   17:     0x5607e1add084 - std[70759c8f55707aa4]::sys::backtrace::__rust_begin_short_backtrace::<test[9d35eded1c95d3be]::run_test::{closure#1}, ()>
[INFO] [stdout]   18:     0x5607e1ae6922 - <std[70759c8f55707aa4]::thread::lifecycle::spawn_unchecked<test[9d35eded1c95d3be]::run_test::{closure#1}, ()>::{closure#1} as core[df12db4294e9bfd3]::ops::function::FnOnce<()>>::call_once::{shim:vtable#0}
[INFO] [stdout]   19:     0x5607e1cc3e59 - <std[70759c8f55707aa4]::sys::thread::unix::Thread>::new::thread_start
[INFO] [stdout]   20:     0x79d9b0dafdfa - <unknown>
[INFO] [stdout]   21:     0x79d9b0e433d4 - clone
[INFO] [stdout]   22:                0x0 - <unknown>
[INFO] [stdout] 
[INFO] [stdout] ---- tests::extract_description_invalid_default stdout ----
[INFO] [stdout] 
[INFO] [stdout] thread 'tests::extract_description_invalid_default' (3048) panicked at src/lib.rs:1824:9:
[INFO] [stdout] assertion failed: extract_description(&result,
[INFO] [stdout]             option).to_string().contains("A security regression (CVE-2006-5051) was discovered ")
[INFO] [stdout] stack backtrace:
[INFO] [stdout]    0:     0x5607e1cc5131 - <<std[70759c8f55707aa4]::sys::backtrace::BacktraceLock>::print::DisplayBacktrace as core[df12db4294e9bfd3]::fmt::Display>::fmt
[INFO] [stdout]    1:     0x5607e1cdc76a - core[df12db4294e9bfd3]::fmt::write
[INFO] [stdout]    2:     0x5607e1cc990c - <alloc[2182bb758b4b3781]::vec::Vec<u8> as core[df12db4294e9bfd3]::io::write::Write>::write_fmt
[INFO] [stdout]    3:     0x5607e1c9f936 - std[70759c8f55707aa4]::panicking::default_hook::{closure#0}
[INFO] [stdout]    4:     0x5607e1cbc9f9 - std[70759c8f55707aa4]::panicking::default_hook
[INFO] [stdout]    5:     0x5607e1ae2e70 - test[9d35eded1c95d3be]::test_main_inner::<test[9d35eded1c95d3be]::test_main_static::{closure#0}>::{closure#0}
[INFO] [stdout]    6:     0x5607e1cbcbb2 - std[70759c8f55707aa4]::panicking::panic_with_hook
[INFO] [stdout]    7:     0x5607e1c9fa14 - std[70759c8f55707aa4]::panicking::panic_handler::{closure#0}
[INFO] [stdout]    8:     0x5607e1c98529 - std[70759c8f55707aa4]::sys::backtrace::__rust_end_short_backtrace::<std[70759c8f55707aa4]::panicking::panic_handler::{closure#0}, !>
[INFO] [stdout]    9:     0x5607e1ca07cd - __rustc[8fa7c3cbc660c2b3]::rust_begin_unwind
[INFO] [stdout]   10:     0x5607e1cdce9c - core[df12db4294e9bfd3]::panicking::panic_fmt
[INFO] [stdout]   11:     0x5607e1cdce62 - core[df12db4294e9bfd3]::panicking::panic
[INFO] [stdout]   12:     0x5607e1ad3a2a - get_cve[44acfbef8fb3b04d]::tests::assert_default_description
[INFO] [stdout]   13:     0x5607e1ad408e - get_cve[44acfbef8fb3b04d]::tests::extract_description_invalid_default
[INFO] [stdout]   14:     0x5607e1ad6089 - <get_cve[44acfbef8fb3b04d]::tests::extract_description_invalid_default::{closure#0} as core[df12db4294e9bfd3]::ops::function::FnOnce<()>>::call_once
[INFO] [stdout]   15:     0x5607e1ad615b - test[9d35eded1c95d3be]::__rust_begin_short_backtrace::<core[df12db4294e9bfd3]::result::Result<(), alloc[2182bb758b4b3781]::string::String>, fn() -> core[df12db4294e9bfd3]::result::Result<(), alloc[2182bb758b4b3781]::string::String>>
[INFO] [stdout]   16:     0x5607e1ae37c5 - test[9d35eded1c95d3be]::run_test::{closure#0}
[INFO] [stdout]   17:     0x5607e1add084 - std[70759c8f55707aa4]::sys::backtrace::__rust_begin_short_backtrace::<test[9d35eded1c95d3be]::run_test::{closure#1}, ()>
[INFO] [stdout]   18:     0x5607e1ae6922 - <std[70759c8f55707aa4]::thread::lifecycle::spawn_unchecked<test[9d35eded1c95d3be]::run_test::{closure#1}, ()>::{closure#1} as core[df12db4294e9bfd3]::ops::function::FnOnce<()>>::call_once::{shim:vtable#0}
[INFO] [stdout]   19:     0x5607e1cc3e59 - <std[70759c8f55707aa4]::sys::thread::unix::Thread>::new::thread_start
[INFO] [stdout]   20:     0x79d9b0dafdfa - <unknown>
[INFO] [stdout]   21:     0x79d9b0e433d4 - clone
[INFO] [stdout]   22:                0x0 - <unknown>
[INFO] [stdout] 
[INFO] [stdout] ---- tests::extract_cwe_valid_cve_non_empty stdout ----
[INFO] [stdout] 
[INFO] [stdout] thread 'tests::extract_cwe_valid_cve_non_empty' (3045) panicked at src/lib.rs:1855:9:
[INFO] [stdout] assertion failed: !extract_cwe(&result).is_empty()
[INFO] [stdout] stack backtrace:
[INFO] [stdout]    0:     0x5607e1cc5131 - <<std[70759c8f55707aa4]::sys::backtrace::BacktraceLock>::print::DisplayBacktrace as core[df12db4294e9bfd3]::fmt::Display>::fmt
[INFO] [stdout]    1:     0x5607e1cdc76a - core[df12db4294e9bfd3]::fmt::write
[INFO] [stdout]    2:     0x5607e1cc990c - <alloc[2182bb758b4b3781]::vec::Vec<u8> as core[df12db4294e9bfd3]::io::write::Write>::write_fmt
[INFO] [stdout]    3:     0x5607e1c9f936 - std[70759c8f55707aa4]::panicking::default_hook::{closure#0}
[INFO] [stdout]    4:     0x5607e1cbc9f9 - std[70759c8f55707aa4]::panicking::default_hook
[INFO] [stdout]    5:     0x5607e1ae2e70 - test[9d35eded1c95d3be]::test_main_inner::<test[9d35eded1c95d3be]::test_main_static::{closure#0}>::{closure#0}
[INFO] [stdout]    6:     0x5607e1cbcbb2 - std[70759c8f55707aa4]::panicking::panic_with_hook
[INFO] [stdout]    7:     0x5607e1c9fa14 - std[70759c8f55707aa4]::panicking::panic_handler::{closure#0}
[INFO] [stdout]    8:     0x5607e1c98529 - std[70759c8f55707aa4]::sys::backtrace::__rust_end_short_backtrace::<std[70759c8f55707aa4]::panicking::panic_handler::{closure#0}, !>
[INFO] [stdout]    9:     0x5607e1ca07cd - __rustc[8fa7c3cbc660c2b3]::rust_begin_unwind
[INFO] [stdout]   10:     0x5607e1cdce9c - core[df12db4294e9bfd3]::panicking::panic_fmt
[INFO] [stdout]   11:     0x5607e1cdce62 - core[df12db4294e9bfd3]::panicking::panic
[INFO] [stdout]   12:     0x5607e1ad3e2f - get_cve[44acfbef8fb3b04d]::tests::extract_cwe_valid_cve_non_empty
[INFO] [stdout]   13:     0x5607e1ad6049 - <get_cve[44acfbef8fb3b04d]::tests::extract_cwe_valid_cve_non_empty::{closure#0} as core[df12db4294e9bfd3]::ops::function::FnOnce<()>>::call_once
[INFO] [stdout]   14:     0x5607e1ad615b - test[9d35eded1c95d3be]::__rust_begin_short_backtrace::<core[df12db4294e9bfd3]::result::Result<(), alloc[2182bb758b4b3781]::string::String>, fn() -> core[df12db4294e9bfd3]::result::Result<(), alloc[2182bb758b4b3781]::string::String>>
[INFO] [stdout]   15:     0x5607e1ae37c5 - test[9d35eded1c95d3be]::run_test::{closure#0}
[INFO] [stdout]   16:     0x5607e1add084 - std[70759c8f55707aa4]::sys::backtrace::__rust_begin_short_backtrace::<test[9d35eded1c95d3be]::run_test::{closure#1}, ()>
[INFO] [stdout]   17:     0x5607e1ae6922 - <std[70759c8f55707aa4]::thread::lifecycle::spawn_unchecked<test[9d35eded1c95d3be]::run_test::{closure#1}, ()>::{closure#1} as core[df12db4294e9bfd3]::ops::function::FnOnce<()>>::call_once::{shim:vtable#0}
[INFO] [stdout]   18:     0x5607e1cc3e59 - <std[70759c8f55707aa4]::sys::thread::unix::Thread>::new::thread_start
[INFO] [stdout]   19:     0x79d9b0dafdfa - <unknown>
[INFO] [stdout]   20:     0x79d9b0e433d4 - clone
[INFO] [stdout]   21:                0x0 - <unknown>
[INFO] [stdout] 
[INFO] [stdout] ---- tests::cve_from_cwe_result_valid_cwe_not_empty stdout ----
[INFO] [stdout] 
[INFO] [stdout] thread 'tests::cve_from_cwe_result_valid_cwe_not_empty' (3043) panicked at src/lib.rs:1888:9:
[INFO] [stdout] assertion failed: !cve_from_cwe(&result).is_empty()
[INFO] [stdout] stack backtrace:
[INFO] [stdout]    0:     0x5607e1cc5131 - <<std[70759c8f55707aa4]::sys::backtrace::BacktraceLock>::print::DisplayBacktrace as core[df12db4294e9bfd3]::fmt::Display>::fmt
[INFO] [stdout]    1:     0x5607e1cdc76a - core[df12db4294e9bfd3]::fmt::write
[INFO] [stdout]    2:     0x5607e1cc990c - <alloc[2182bb758b4b3781]::vec::Vec<u8> as core[df12db4294e9bfd3]::io::write::Write>::write_fmt
[INFO] [stdout]    3:     0x5607e1c9f936 - std[70759c8f55707aa4]::panicking::default_hook::{closure#0}
[INFO] [stdout]    4:     0x5607e1cbc9f9 - std[70759c8f55707aa4]::panicking::default_hook
[INFO] [stdout]    5:     0x5607e1ae2e70 - test[9d35eded1c95d3be]::test_main_inner::<test[9d35eded1c95d3be]::test_main_static::{closure#0}>::{closure#0}
[INFO] [stdout]    6:     0x5607e1cbcbb2 - std[70759c8f55707aa4]::panicking::panic_with_hook
[INFO] [stdout]    7:     0x5607e1c9fa14 - std[70759c8f55707aa4]::panicking::panic_handler::{closure#0}
[INFO] [stdout]    8:     0x5607e1c98529 - std[70759c8f55707aa4]::sys::backtrace::__rust_end_short_backtrace::<std[70759c8f55707aa4]::panicking::panic_handler::{closure#0}, !>
[INFO] [stdout]    9:     0x5607e1ca07cd - __rustc[8fa7c3cbc660c2b3]::rust_begin_unwind
[INFO] [stdout]   10:     0x5607e1cdce9c - core[df12db4294e9bfd3]::panicking::panic_fmt
[INFO] [stdout]   11:     0x5607e1cdce62 - core[df12db4294e9bfd3]::panicking::panic
[INFO] [stdout]   12:     0x5607e1ad41f2 - get_cve[44acfbef8fb3b04d]::tests::cve_from_cwe_result_valid_cwe_not_empty
[INFO] [stdout]   13:     0x5607e1ad60c9 - <get_cve[44acfbef8fb3b04d]::tests::cve_from_cwe_result_valid_cwe_not_empty::{closure#0} as core[df12db4294e9bfd3]::ops::function::FnOnce<()>>::call_once
[INFO] [stdout]   14:     0x5607e1ad615b - test[9d35eded1c95d3be]::__rust_begin_short_backtrace::<core[df12db4294e9bfd3]::result::Result<(), alloc[2182bb758b4b3781]::string::String>, fn() -> core[df12db4294e9bfd3]::result::Result<(), alloc[2182bb758b4b3781]::string::String>>
[INFO] [stdout]   15:     0x5607e1ae37c5 - test[9d35eded1c95d3be]::run_test::{closure#0}
[INFO] [stdout]   16:     0x5607e1add084 - std[70759c8f55707aa4]::sys::backtrace::__rust_begin_short_backtrace::<test[9d35eded1c95d3be]::run_test::{closure#1}, ()>
[INFO] [stdout]   17:     0x5607e1ae6922 - <std[70759c8f55707aa4]::thread::lifecycle::spawn_unchecked<test[9d35eded1c95d3be]::run_test::{closure#1}, ()>::{closure#1} as core[df12db4294e9bfd3]::ops::function::FnOnce<()>>::call_once::{shim:vtable#0}
[INFO] [stdout]   18:     0x5607e1cc3e59 - <std[70759c8f55707aa4]::sys::thread::unix::Thread>::new::thread_start
[INFO] [stdout]   19:     0x79d9b0dafdfa - <unknown>
[INFO] [stdout]   20:     0x79d9b0e433d4 - clone
[INFO] [stdout]   21:                0x0 - <unknown>
[INFO] [stdout] 
[INFO] [stdout] 
[INFO] [stdout] failures:
[INFO] [stdout]     tests::cve_from_cwe_result_valid_cwe_not_empty
[INFO] [stdout]     tests::extract_cwe_valid_cve_non_empty
[INFO] [stdout]     tests::extract_description_default_lang_valid
[INFO] [stdout]     tests::extract_description_es_lang_valid
[INFO] [stdout]     tests::extract_description_invalid_default
[INFO] [stdout] 
[INFO] [stdout] test result: FAILED. 2 passed; 5 failed; 0 ignored; 0 measured; 0 filtered out; finished in 0.04s
[INFO] [stdout] 
[INFO] running `Command { std: "docker" "inspect" "c860cb30d83e1ec6acd655e715829f68579c793c315c8a86aff94b7ab2d6d5a0", kill_on_drop: false }`
[INFO] running `Command { std: "docker" "rm" "-f" "c860cb30d83e1ec6acd655e715829f68579c793c315c8a86aff94b7ab2d6d5a0", kill_on_drop: false }`
[INFO] [stdout] c860cb30d83e1ec6acd655e715829f68579c793c315c8a86aff94b7ab2d6d5a0
