[INFO] fetching crate get-cpe 0.6.8...
[INFO] testing get-cpe-0.6.8 against 1.99.0-beta.8+cargoflags=--release for beta-release-1.100-2
[INFO] extracting crate get-cpe 0.6.8 into /workspace/builds/worker-4-tc1/source
[INFO] started tweaking crates.io crate get-cpe 0.6.8
[INFO] removed 0 missing examples
[INFO] finished tweaking crates.io crate get-cpe 0.6.8
[INFO] tweaked toml for crates.io crate get-cpe 0.6.8 written to /workspace/builds/worker-4-tc1/source/Cargo.toml
[INFO] validating manifest of crates.io crate get-cpe 0.6.8 on toolchain 1.99.0-beta.8
[INFO] running `Command { std: CARGO_HOME="/workspace/cargo-home" RUSTUP_HOME="/workspace/rustup-home" "/workspace/cargo-home/bin/cargo" "+1.99.0-beta.8" "metadata" "--manifest-path" "Cargo.toml" "--no-deps", kill_on_drop: false }`
[INFO] crate crates.io crate get-cpe 0.6.8 already has a lockfile, it will not be regenerated
[INFO] running `Command { std: CARGO_HOME="/workspace/cargo-home" RUSTUP_HOME="/workspace/rustup-home" "/workspace/cargo-home/bin/cargo" "+1.99.0-beta.8" "fetch" "--manifest-path" "Cargo.toml", kill_on_drop: false }`
[INFO] [stderr]     Updating crates.io index
[INFO] [stderr]  Downloading crates ...
[INFO] [stderr]   Downloaded termal_proc v4.2.1
[INFO] [stderr]   Downloaded place_macro v1.1.0
[INFO] [stderr]   Downloaded termint v0.9.1
[INFO] [stderr]   Downloaded place_macro_proc v1.1.0
[INFO] [stderr]   Downloaded minlin v0.3.1
[INFO] [stderr]   Downloaded place_macro_core v1.1.0
[INFO] [stderr]   Downloaded ppmd-rust v1.5.0
[INFO] [stderr]   Downloaded litrs v0.5.1
[INFO] [stderr]   Downloaded fenir v3.2.2
[INFO] [stderr]   Downloaded termal_core v4.2.1
[INFO] [stderr]   Downloaded lzma-rust2 v0.16.5
[INFO] [stderr]   Downloaded enable-ansi-support v0.3.1
[INFO] [stderr]   Downloaded build-tools v0.1.3
[INFO] [stderr]   Downloaded termal v4.2.1
[INFO] running `Command { std: "docker" "create" "-v" "/var/lib/crater-agent-workspace/builds/worker-4-tc1/source:/opt/rustwide/workdir:ro,Z" "-v" "/var/lib/crater-agent-workspace/builds/worker-4-tc1/target:/opt/rustwide/target:rw,Z" "-v" "/var/lib/crater-agent-workspace/cargo-home:/opt/rustwide/cargo-home:ro,Z" "-v" "/var/lib/crater-agent-workspace/rustup-home:/opt/rustwide/rustup-home:ro,Z" "-m" "1610612736" "--network" "none" "ghcr.io/rust-lang/crates-build-env/linux@sha256:77db811e55d90add9212f6832c23229e3de5f1c1f9905e8cb07319ea15df73ac" "sleep" "infinity", kill_on_drop: false }`
[INFO] [stdout] 22611e1a2494ccb05035f0a7fd4f0f7e76eb494d2155e329341d34894595ec14
[INFO] running `Command { std: "docker" "start" "22611e1a2494ccb05035f0a7fd4f0f7e76eb494d2155e329341d34894595ec14", kill_on_drop: false }`
[INFO] running `Command { std: "docker" "inspect" "22611e1a2494ccb05035f0a7fd4f0f7e76eb494d2155e329341d34894595ec14", kill_on_drop: false }`
[INFO] running `Command { std: "docker" "exec" "-e" "SOURCE_DIR=/opt/rustwide/workdir" "-e" "CARGO_HOME=/opt/rustwide/cargo-home" "-e" "RUSTUP_HOME=/opt/rustwide/rustup-home" "-e" "CARGO_TARGET_DIR=/opt/rustwide/target" "-w" "/opt/rustwide/workdir" "--user" "0:0" "22611e1a2494ccb05035f0a7fd4f0f7e76eb494d2155e329341d34894595ec14" "/opt/rustwide/cargo-home/bin/cargo" "+1.99.0-beta.8" "metadata" "--no-deps" "--format-version=1", kill_on_drop: false }`
[INFO] running `Command { std: "docker" "inspect" "22611e1a2494ccb05035f0a7fd4f0f7e76eb494d2155e329341d34894595ec14", kill_on_drop: false }`
[INFO] running `Command { std: "docker" "exec" "-e" "SOURCE_DIR=/opt/rustwide/workdir" "-e" "CARGO_HOME=/opt/rustwide/cargo-home" "-e" "RUSTUP_HOME=/opt/rustwide/rustup-home" "-e" "CARGO_TARGET_DIR=/opt/rustwide/target" "-e" "CARGO_INCREMENTAL=0" "-e" "RUST_BACKTRACE=full" "-e" "RUSTFLAGS=--cap-lints=warn" "-e" "RUSTDOCFLAGS=--cap-lints=warn" "-w" "/opt/rustwide/workdir" "--user" "0:0" "22611e1a2494ccb05035f0a7fd4f0f7e76eb494d2155e329341d34894595ec14" "/opt/rustwide/cargo-home/bin/cargo" "+1.99.0-beta.8" "build" "--frozen" "--message-format=json" "--release", kill_on_drop: false }`
[INFO] [stderr]    Compiling convert_case v0.8.0
[INFO] [stderr]    Compiling serde_core v1.0.229
[INFO] [stderr]    Compiling crc32fast v1.5.2
[INFO] [stderr]    Compiling thiserror v2.0.21
[INFO] [stderr]    Compiling simd-adler32 v0.3.10
[INFO] [stderr]    Compiling block-buffer v0.12.1
[INFO] [stderr]    Compiling ring v0.17.14
[INFO] [stderr]    Compiling zstd-sys v2.1.0+zstd.1.5.7
[INFO] [stderr]    Compiling errno v0.3.14
[INFO] [stderr]    Compiling smallvec v1.16.2
[INFO] [stderr]    Compiling litrs v0.5.1
[INFO] [stderr]    Compiling litrs v1.0.0
[INFO] [stderr]    Compiling hashbrown v0.17.1
[INFO] [stderr]    Compiling getrandom v0.2.17
[INFO] [stderr]    Compiling syn v3.0.6
[INFO] [stderr]    Compiling syn v2.0.119
[INFO] [stderr]    Compiling adler2 v2.0.1
[INFO] [stderr]    Compiling digest v0.11.3
[INFO] [stderr]    Compiling rustix v1.1.5
[INFO] [stderr]    Compiling signal-hook-registry v1.4.8
[INFO] [stderr]    Compiling httparse v1.10.1
[INFO] [stderr]    Compiling minlin v0.3.1
[INFO] [stderr]    Compiling base64 v0.22.1
[INFO] [stderr]    Compiling place_macro_core v1.1.0
[INFO] [stderr]    Compiling zstd-safe v7.3.0
[INFO] [stderr]    Compiling libsqlite3-sys v0.38.2
[INFO] [stderr]    Compiling parking_lot_core v0.9.12
[INFO] [stderr]    Compiling signal-hook v0.3.18
[INFO] [stderr]    Compiling miniz_oxide v0.9.1
[INFO] [stderr]    Compiling inout v0.2.2
[INFO] [stderr]    Compiling mio v1.2.4
[INFO] [stderr]    Compiling portable-atomic v1.15.0
[INFO] [stderr]    Compiling serde v1.0.229
[INFO] [stderr]    Compiling zlib-rs v0.6.8
[INFO] [stderr]    Compiling rustls v0.23.45
[INFO] [stderr]    Compiling getrandom v0.4.3
[INFO] [stderr]    Compiling place_macro_proc v1.1.0
[INFO] [stderr]    Compiling parking_lot v0.12.5
[INFO] [stderr]    Compiling http v1.5.0
[INFO] [stderr]    Compiling document-features v0.2.12
[INFO] [stderr]    Compiling cipher v0.5.2
[INFO] [stderr]    Compiling place_macro v1.1.0
[INFO] [stderr]    Compiling sha2 v0.11.0
[INFO] [stderr]    Compiling signal-hook-mio v0.2.5
[INFO] [stderr]    Compiling hmac v0.13.0
[INFO] [stderr]    Compiling which v8.0.6
[INFO] [stderr]    Compiling bumpalo v3.20.3
[INFO] [stderr]    Compiling base64 v0.23.1
[INFO] [stderr]    Compiling deranged v0.5.8
[INFO] [stderr]    Compiling libbz2-rs-sys v0.2.5
[INFO] [stderr]    Compiling cpubits v0.1.1
[INFO] [stderr]    Compiling time-core v0.1.9
[INFO] [stderr]    Compiling compact_str v0.9.1
[INFO] [stderr]    Compiling indexmap v2.14.2
[INFO] [stderr]    Compiling zopfli v0.8.3
[INFO] [stderr]    Compiling thiserror-impl v2.0.21
[INFO] [stderr]    Compiling lzma-rust2 v0.16.5
[INFO] [stderr]    Compiling aes v0.9.3
[INFO] [stderr]    Compiling bzip2 v0.6.1
[INFO] [stderr]    Compiling ureq-proto v0.6.4
[INFO] [stderr]    Compiling derive_more-impl v2.1.1
[INFO] [stderr]    Compiling build-tools v0.1.3
[INFO] [stderr]    Compiling pbkdf2 v0.13.0
[INFO] [stderr]    Compiling chrono v0.4.45
[INFO] [stderr]    Compiling flate2 v1.1.10
[INFO] [stderr]    Compiling termal_core v4.2.1
[INFO] [stderr]    Compiling time v0.3.55
[INFO] [stderr]    Compiling hashlink v0.12.2
[INFO] [stderr]    Compiling derive_more v2.1.1
[INFO] [stderr]    Compiling crossterm v0.29.0
[INFO] [stderr]    Compiling console v0.16.6
[INFO] [stderr]    Compiling termal_proc v4.2.1
[INFO] [stderr]    Compiling termal v4.2.1
[INFO] [stderr]    Compiling sha1 v0.11.0
[INFO] [stderr]    Compiling webpki-roots v1.0.9
[INFO] [stderr]    Compiling ppmd-rust v1.5.0
[INFO] [stderr]    Compiling constant_time_eq v0.4.2
[INFO] [stderr]    Compiling utf8-zero v0.8.1
[INFO] [stderr]    Compiling serde_json v1.0.151
[INFO] [stderr]    Compiling unit-prefix v0.5.2
[INFO] [stderr]    Compiling deflate64 v0.1.12
[INFO] [stderr]    Compiling typed-path v0.12.3
[INFO] [stderr]    Compiling indicatif v0.18.6
[INFO] [stderr]    Compiling csv v1.4.0
[INFO] [stderr]    Compiling get-cpe v0.6.8 (/opt/rustwide/workdir)
[INFO] [stderr]    Compiling termint v0.9.1
[INFO] [stderr]    Compiling enable-ansi-support v0.3.1
[INFO] [stderr]    Compiling rustls-webpki v0.103.15
[INFO] [stderr]    Compiling ureq v3.4.2
[INFO] [stderr]    Compiling zstd v0.13.3
[INFO] [stderr]    Compiling zip v8.6.0
[INFO] [stderr]    Compiling rusqlite v0.40.2
[INFO] [stderr]    Compiling fenir v3.2.2
[INFO] [stderr]     Finished `release` profile [optimized] target(s) in 3m 01s
[INFO] running `Command { std: "docker" "inspect" "22611e1a2494ccb05035f0a7fd4f0f7e76eb494d2155e329341d34894595ec14", kill_on_drop: false }`
[INFO] running `Command { std: "docker" "exec" "-e" "SOURCE_DIR=/opt/rustwide/workdir" "-e" "CARGO_HOME=/opt/rustwide/cargo-home" "-e" "RUSTUP_HOME=/opt/rustwide/rustup-home" "-e" "CARGO_TARGET_DIR=/opt/rustwide/target" "-e" "CARGO_INCREMENTAL=0" "-e" "RUST_BACKTRACE=full" "-e" "RUSTFLAGS=--cap-lints=warn" "-e" "RUSTDOCFLAGS=--cap-lints=warn" "-w" "/opt/rustwide/workdir" "--user" "0:0" "22611e1a2494ccb05035f0a7fd4f0f7e76eb494d2155e329341d34894595ec14" "/opt/rustwide/cargo-home/bin/cargo" "+1.99.0-beta.8" "test" "--frozen" "--no-run" "--message-format=json" "--release", kill_on_drop: false }`
[INFO] [stderr]    Compiling syn v2.0.119
[INFO] [stderr]    Compiling serde_derive v1.0.229
[INFO] [stderr]    Compiling zerocopy v0.8.59
[INFO] [stderr]    Compiling serde_json v1.0.151
[INFO] [stderr]    Compiling either v1.18.0
[INFO] [stderr]    Compiling chrono v0.4.45
[INFO] [stderr]    Compiling alloca v0.4.0
[INFO] [stderr]    Compiling clap_builder v4.6.7
[INFO] [stderr]    Compiling csv v1.4.0
[INFO] [stderr]    Compiling page_size v0.6.0
[INFO] [stderr]    Compiling itertools v0.13.0
[INFO] [stderr]    Compiling rayon v1.12.0
[INFO] [stderr]    Compiling rusqlite v0.40.2
[INFO] [stderr]    Compiling criterion-plot v0.8.2
[INFO] [stderr]    Compiling derive_more-impl v2.1.1
[INFO] [stderr]    Compiling zerocopy-derive v0.8.59
[INFO] [stderr]    Compiling serde v1.0.229
[INFO] [stderr]    Compiling clap v4.6.7
[INFO] [stderr]    Compiling derive_more v2.1.1
[INFO] [stderr]    Compiling crossterm v0.29.0
[INFO] [stderr]    Compiling ureq v3.4.2
[INFO] [stderr]    Compiling tinytemplate v1.2.1
[INFO] [stderr]    Compiling termint v0.9.1
[INFO] [stderr]    Compiling fenir v3.2.2
[INFO] [stderr]    Compiling get-cpe v0.6.8 (/opt/rustwide/workdir)
[INFO] [stderr]    Compiling half v2.7.1
[INFO] [stderr]    Compiling ciborium-ll v0.2.2
[INFO] [stderr]    Compiling ciborium v0.2.2
[INFO] [stderr]    Compiling criterion v0.8.2
[INFO] [stderr]     Finished `release` profile [optimized] target(s) in 59.44s
[INFO] running `Command { std: "docker" "inspect" "22611e1a2494ccb05035f0a7fd4f0f7e76eb494d2155e329341d34894595ec14", kill_on_drop: false }`
[INFO] running `Command { std: "docker" "exec" "-e" "SOURCE_DIR=/opt/rustwide/workdir" "-e" "CARGO_HOME=/opt/rustwide/cargo-home" "-e" "RUSTUP_HOME=/opt/rustwide/rustup-home" "-e" "CARGO_TARGET_DIR=/opt/rustwide/target" "-e" "CARGO_INCREMENTAL=0" "-e" "RUST_BACKTRACE=full" "-e" "RUSTFLAGS=--cap-lints=warn" "-e" "RUSTDOCFLAGS=--cap-lints=warn" "-w" "/opt/rustwide/workdir" "--user" "0:0" "22611e1a2494ccb05035f0a7fd4f0f7e76eb494d2155e329341d34894595ec14" "/opt/rustwide/cargo-home/bin/cargo" "+1.99.0-beta.8" "test" "--frozen" "--release", kill_on_drop: false }`
[INFO] [stderr]     Finished `release` profile [optimized] target(s) in 0.27s
[INFO] [stderr]      Running unittests src/lib.rs (/opt/rustwide/target/release/deps/get_cpe-4e3ead8495727def)
[INFO] [stdout] 
[INFO] [stdout] running 24 tests
[INFO] [stdout] test tests::cpe_language_value_valid ... ok
[INFO] [stdout] test tests::cpe_new_os_representation ... ok
[INFO] [stdout] test tests::cpe_edition_value_valid ... ok
[INFO] [stdout] test tests::cpe_new_application_name_valid ... ok
[INFO] [stdout] test tests::cpe_os_name_valid ... ok
[INFO] [stdout] test tests::cpe_new_hardware_representation ... ok
[INFO] [stdout] test tests::cpe_product_name_valid ... ok
[INFO] [stdout] test tests::cpe_parse_from_string_valid ... ok
[INFO] [stdout] test tests::cpe_new_application_representation ... ok
[INFO] [stdout] test tests::cpe_target_sw_valid ... ok
[INFO] [stdout] test tests::cpe_update_value_valid ... ok
[INFO] [stdout] test tests::cpe_vendor_name_valid ... ok
[INFO] [stdout] test tests::cpe_sw_edition_value_valid ... ok
[INFO] [stdout] test tests::cpe_target_hw_valid ... ok
[INFO] [stdout] test tests::cpe_new_default ... ok
[INFO] [stdout] test tests::cpe_version_value_valid ... ok
[INFO] [stdout] test tests::cpe_parse_from_simple_string_valid ... ok
[INFO] [stdout] test tests::cpe_other_valid ... ok
[INFO] [stdout] test tests::cpe_query_cpe_name ... ok
[INFO] [stdout] test tests::cpe_query_bad_values_invalid ... ok
[INFO] [stdout] test tests::cpe_query_execute_valid ... ok
[INFO] [stdout] test tests::cpe_search_with_one_word_only_valid ... FAILED
[INFO] [stdout] test tests::cpe_search_with_invalid_words_not_valid ... ok
[INFO] [stdout] test tests::cpe_search_with_multiple_words_valid ... FAILED
[INFO] [stdout] 
[INFO] [stdout] failures:
[INFO] [stdout] 
[INFO] [stdout] ---- tests::cpe_search_with_one_word_only_valid stdout ----
[INFO] [stdout] 
[INFO] [stdout] thread 'tests::cpe_search_with_one_word_only_valid' (2890) panicked at src/lib.rs:550:9:
[INFO] [stdout] assertion `left != right` failed
[INFO] [stdout]   left: Null
[INFO] [stdout]  right: Null
[INFO] [stdout] stack backtrace:
[INFO] [stdout]    0:     0x613d1044c251 - <<std[70759c8f55707aa4]::sys::backtrace::BacktraceLock>::print::DisplayBacktrace as core[df12db4294e9bfd3]::fmt::Display>::fmt
[INFO] [stdout]    1:     0x613d1046388a - core[df12db4294e9bfd3]::fmt::write
[INFO] [stdout]    2:     0x613d10450a2c - <alloc[2182bb758b4b3781]::vec::Vec<u8> as core[df12db4294e9bfd3]::io::write::Write>::write_fmt
[INFO] [stdout]    3:     0x613d10426a56 - std[70759c8f55707aa4]::panicking::default_hook::{closure#0}
[INFO] [stdout]    4:     0x613d10443b19 - std[70759c8f55707aa4]::panicking::default_hook
[INFO] [stdout]    5:     0x613d10273470 - test[9d35eded1c95d3be]::test_main_inner::<test[9d35eded1c95d3be]::test_main_static::{closure#0}>::{closure#0}
[INFO] [stdout]    6:     0x613d10443cd2 - std[70759c8f55707aa4]::panicking::panic_with_hook
[INFO] [stdout]    7:     0x613d10426b02 - std[70759c8f55707aa4]::panicking::panic_handler::{closure#0}
[INFO] [stdout]    8:     0x613d1041f649 - std[70759c8f55707aa4]::sys::backtrace::__rust_end_short_backtrace::<std[70759c8f55707aa4]::panicking::panic_handler::{closure#0}, !>
[INFO] [stdout]    9:     0x613d104278ed - __rustc[8fa7c3cbc660c2b3]::rust_begin_unwind
[INFO] [stdout]   10:     0x613d10463fbc - core[df12db4294e9bfd3]::panicking::panic_fmt
[INFO] [stdout]   11:     0x613d10463ed3 - core[df12db4294e9bfd3]::panicking::assert_failed_inner
[INFO] [stdout]   12:     0x613d1026373f - core[df12db4294e9bfd3]::panicking::assert_failed::<serde_json[5b8b3bf8db7af21f]::value::Value, serde_json[5b8b3bf8db7af21f]::value::Value>
[INFO] [stderr] error: test failed, to rerun pass `--lib`
[INFO] [stdout]   13:     0x613d10266561 - <get_cpe[adb154639433b292]::tests::cpe_search_with_one_word_only_valid::{closure#0} as core[df12db4294e9bfd3]::ops::function::FnOnce<()>>::call_once
[INFO] [stdout]   14:     0x613d1026675b - test[9d35eded1c95d3be]::__rust_begin_short_backtrace::<core[df12db4294e9bfd3]::result::Result<(), alloc[2182bb758b4b3781]::string::String>, fn() -> core[df12db4294e9bfd3]::result::Result<(), alloc[2182bb758b4b3781]::string::String>>
[INFO] [stdout]   15:     0x613d10273dc5 - test[9d35eded1c95d3be]::run_test::{closure#0}
[INFO] [stdout]   16:     0x613d1026d684 - std[70759c8f55707aa4]::sys::backtrace::__rust_begin_short_backtrace::<test[9d35eded1c95d3be]::run_test::{closure#1}, ()>
[INFO] [stdout]   17:     0x613d10276f22 - <std[70759c8f55707aa4]::thread::lifecycle::spawn_unchecked<test[9d35eded1c95d3be]::run_test::{closure#1}, ()>::{closure#1} as core[df12db4294e9bfd3]::ops::function::FnOnce<()>>::call_once::{shim:vtable#0}
[INFO] [stdout]   18:     0x613d1044af79 - <std[70759c8f55707aa4]::sys::thread::unix::Thread>::new::thread_start
[INFO] [stdout]   19:     0x70c7734a6dfa - <unknown>
[INFO] [stdout]   20:     0x70c77353a3d4 - clone
[INFO] [stdout]   21:                0x0 - <unknown>
[INFO] [stdout] 
[INFO] [stdout] ---- tests::cpe_search_with_multiple_words_valid stdout ----
[INFO] [stdout] 
[INFO] [stdout] thread 'tests::cpe_search_with_multiple_words_valid' (2889) panicked at src/lib.rs:559:9:
[INFO] [stdout] assertion `left != right` failed
[INFO] [stdout]   left: Null
[INFO] [stdout]  right: Null
[INFO] [stdout] stack backtrace:
[INFO] [stdout]    0:     0x613d1044c251 - <<std[70759c8f55707aa4]::sys::backtrace::BacktraceLock>::print::DisplayBacktrace as core[df12db4294e9bfd3]::fmt::Display>::fmt
[INFO] [stdout]    1:     0x613d1046388a - core[df12db4294e9bfd3]::fmt::write
[INFO] [stdout]    2:     0x613d10450a2c - <alloc[2182bb758b4b3781]::vec::Vec<u8> as core[df12db4294e9bfd3]::io::write::Write>::write_fmt
[INFO] [stdout]    3:     0x613d10426a56 - std[70759c8f55707aa4]::panicking::default_hook::{closure#0}
[INFO] [stdout]    4:     0x613d10443b19 - std[70759c8f55707aa4]::panicking::default_hook
[INFO] [stdout]    5:     0x613d10273470 - test[9d35eded1c95d3be]::test_main_inner::<test[9d35eded1c95d3be]::test_main_static::{closure#0}>::{closure#0}
[INFO] [stdout]    6:     0x613d10443cd2 - std[70759c8f55707aa4]::panicking::panic_with_hook
[INFO] [stdout]    7:     0x613d10426b02 - std[70759c8f55707aa4]::panicking::panic_handler::{closure#0}
[INFO] [stdout]    8:     0x613d1041f649 - std[70759c8f55707aa4]::sys::backtrace::__rust_end_short_backtrace::<std[70759c8f55707aa4]::panicking::panic_handler::{closure#0}, !>
[INFO] [stdout]    9:     0x613d104278ed - __rustc[8fa7c3cbc660c2b3]::rust_begin_unwind
[INFO] [stdout]   10:     0x613d10463fbc - core[df12db4294e9bfd3]::panicking::panic_fmt
[INFO] [stdout]   11:     0x613d10463ed3 - core[df12db4294e9bfd3]::panicking::assert_failed_inner
[INFO] [stdout]   12:     0x613d1026373f - core[df12db4294e9bfd3]::panicking::assert_failed::<serde_json[5b8b3bf8db7af21f]::value::Value, serde_json[5b8b3bf8db7af21f]::value::Value>
[INFO] [stdout]   13:     0x613d10266621 - <get_cpe[adb154639433b292]::tests::cpe_search_with_multiple_words_valid::{closure#0} as core[df12db4294e9bfd3]::ops::function::FnOnce<()>>::call_once
[INFO] [stdout]   14:     0x613d1026675b - test[9d35eded1c95d3be]::__rust_begin_short_backtrace::<core[df12db4294e9bfd3]::result::Result<(), alloc[2182bb758b4b3781]::string::String>, fn() -> core[df12db4294e9bfd3]::result::Result<(), alloc[2182bb758b4b3781]::string::String>>
[INFO] [stdout]   15:     0x613d10273dc5 - test[9d35eded1c95d3be]::run_test::{closure#0}
[INFO] [stdout]   16:     0x613d1026d684 - std[70759c8f55707aa4]::sys::backtrace::__rust_begin_short_backtrace::<test[9d35eded1c95d3be]::run_test::{closure#1}, ()>
[INFO] [stdout]   17:     0x613d10276f22 - <std[70759c8f55707aa4]::thread::lifecycle::spawn_unchecked<test[9d35eded1c95d3be]::run_test::{closure#1}, ()>::{closure#1} as core[df12db4294e9bfd3]::ops::function::FnOnce<()>>::call_once::{shim:vtable#0}
[INFO] [stdout]   18:     0x613d1044af79 - <std[70759c8f55707aa4]::sys::thread::unix::Thread>::new::thread_start
[INFO] [stdout]   19:     0x70c7734a6dfa - <unknown>
[INFO] [stdout]   20:     0x70c77353a3d4 - clone
[INFO] [stdout]   21:                0x0 - <unknown>
[INFO] [stdout] 
[INFO] [stdout] 
[INFO] [stdout] failures:
[INFO] [stdout]     tests::cpe_search_with_multiple_words_valid
[INFO] [stdout]     tests::cpe_search_with_one_word_only_valid
[INFO] [stdout] 
[INFO] [stdout] test result: FAILED. 22 passed; 2 failed; 0 ignored; 0 measured; 0 filtered out; finished in 0.05s
[INFO] [stdout] 
[INFO] running `Command { std: "docker" "inspect" "22611e1a2494ccb05035f0a7fd4f0f7e76eb494d2155e329341d34894595ec14", kill_on_drop: false }`
[INFO] running `Command { std: "docker" "rm" "-f" "22611e1a2494ccb05035f0a7fd4f0f7e76eb494d2155e329341d34894595ec14", kill_on_drop: false }`
[INFO] [stdout] 22611e1a2494ccb05035f0a7fd4f0f7e76eb494d2155e329341d34894595ec14
