[INFO] fetching crate get-blessed 0.2.1...
[INFO] testing get-blessed-0.2.1 against 1.100.0-beta.1+cargoflags=--release for beta-release-1.100-2
[INFO] extracting crate get-blessed 0.2.1 into /workspace/builds/worker-6-tc2/source
[INFO] started tweaking crates.io crate get-blessed 0.2.1
[INFO] finished tweaking crates.io crate get-blessed 0.2.1
[INFO] tweaked toml for crates.io crate get-blessed 0.2.1 written to /workspace/builds/worker-6-tc2/source/Cargo.toml
[INFO] validating manifest of crates.io crate get-blessed 0.2.1 on toolchain 1.100.0-beta.1
[INFO] running `Command { std: CARGO_HOME="/workspace/cargo-home" RUSTUP_HOME="/workspace/rustup-home" "/workspace/cargo-home/bin/cargo" "+1.100.0-beta.1" "metadata" "--manifest-path" "Cargo.toml" "--no-deps", kill_on_drop: false }`
[INFO] crate crates.io crate get-blessed 0.2.1 already has a lockfile, it will not be regenerated
[INFO] running `Command { std: CARGO_HOME="/workspace/cargo-home" RUSTUP_HOME="/workspace/rustup-home" "/workspace/cargo-home/bin/cargo" "+1.100.0-beta.1" "fetch" "--manifest-path" "Cargo.toml", kill_on_drop: false }`
[INFO] [stderr] warning: `package.homepage` is redundant with `package.repository`
[INFO] [stderr]   --> Cargo.toml:52:12
[INFO] [stderr]    |
[INFO] [stderr] 52 | homepage = "https://github.com/josueBarretogit/get_blessed_rs"
[INFO] [stderr]    |            ^^^^^^^^^^^^^^^^^^^^^^^^^^^^^^^^^^^^^^^^^^^^^^^^^^^
[INFO] [stderr] ...
[INFO] [stderr] 57 | repository = "https://github.com/josueBarretogit/get_blessed_rs"
[INFO] [stderr]    |              ---------------------------------------------------
[INFO] [stderr]    |
[INFO] [stderr]    = note: `cargo::redundant_homepage` is set to `warn` by default
[INFO] [stderr] help: consider removing `package.homepage`
[INFO] [stderr] warning: `get-blessed` (manifest) generated 1 warning
[INFO] running `Command { std: "docker" "create" "-v" "/var/lib/crater-agent-workspace/builds/worker-6-tc2/source:/opt/rustwide/workdir:ro,Z" "-v" "/var/lib/crater-agent-workspace/builds/worker-6-tc2/target:/opt/rustwide/target:rw,Z" "-v" "/var/lib/crater-agent-workspace/cargo-home:/opt/rustwide/cargo-home:ro,Z" "-v" "/var/lib/crater-agent-workspace/rustup-home:/opt/rustwide/rustup-home:ro,Z" "-m" "1610612736" "--network" "none" "ghcr.io/rust-lang/crates-build-env/linux@sha256:77db811e55d90add9212f6832c23229e3de5f1c1f9905e8cb07319ea15df73ac" "sleep" "infinity", kill_on_drop: false }`
[INFO] [stdout] a4feb0b64659c41f1629cf7616a1d0122083d26bfaabf8d3ba0cb02e093f2260
[INFO] running `Command { std: "docker" "start" "a4feb0b64659c41f1629cf7616a1d0122083d26bfaabf8d3ba0cb02e093f2260", kill_on_drop: false }`
[INFO] running `Command { std: "docker" "inspect" "a4feb0b64659c41f1629cf7616a1d0122083d26bfaabf8d3ba0cb02e093f2260", kill_on_drop: false }`
[INFO] running `Command { std: "docker" "exec" "-e" "SOURCE_DIR=/opt/rustwide/workdir" "-e" "CARGO_HOME=/opt/rustwide/cargo-home" "-e" "RUSTUP_HOME=/opt/rustwide/rustup-home" "-e" "CARGO_TARGET_DIR=/opt/rustwide/target" "-w" "/opt/rustwide/workdir" "--user" "0:0" "a4feb0b64659c41f1629cf7616a1d0122083d26bfaabf8d3ba0cb02e093f2260" "/opt/rustwide/cargo-home/bin/cargo" "+1.100.0-beta.1" "metadata" "--no-deps" "--format-version=1", kill_on_drop: false }`
[INFO] running `Command { std: "docker" "inspect" "a4feb0b64659c41f1629cf7616a1d0122083d26bfaabf8d3ba0cb02e093f2260", kill_on_drop: false }`
[INFO] running `Command { std: "docker" "exec" "-e" "SOURCE_DIR=/opt/rustwide/workdir" "-e" "CARGO_HOME=/opt/rustwide/cargo-home" "-e" "RUSTUP_HOME=/opt/rustwide/rustup-home" "-e" "CARGO_TARGET_DIR=/opt/rustwide/target" "-e" "CARGO_INCREMENTAL=0" "-e" "RUST_BACKTRACE=full" "-e" "RUSTFLAGS=--cap-lints=warn" "-e" "RUSTDOCFLAGS=--cap-lints=warn" "-w" "/opt/rustwide/workdir" "--user" "0:0" "a4feb0b64659c41f1629cf7616a1d0122083d26bfaabf8d3ba0cb02e093f2260" "/opt/rustwide/cargo-home/bin/cargo" "+1.100.0-beta.1" "build" "--frozen" "--message-format=json" "--release", kill_on_drop: false }`
[INFO] [stderr] warning: `package.homepage` is redundant with `package.repository`
[INFO] [stderr]   --> Cargo.toml:52:12
[INFO] [stderr]    |
[INFO] [stderr] 52 | homepage = "https://github.com/josueBarretogit/get_blessed_rs"
[INFO] [stderr]    |            ^^^^^^^^^^^^^^^^^^^^^^^^^^^^^^^^^^^^^^^^^^^^^^^^^^^
[INFO] [stderr] ...
[INFO] [stderr] 57 | repository = "https://github.com/josueBarretogit/get_blessed_rs"
[INFO] [stderr]    |              ---------------------------------------------------
[INFO] [stderr]    |
[INFO] [stderr]    = note: `cargo::redundant_homepage` is set to `warn` by default
[INFO] [stderr] help: consider removing `package.homepage`
[INFO] [stderr] warning: `get-blessed` (manifest) generated 1 warning
[INFO] [stderr]    Compiling proc-macro2 v1.0.83
[INFO] [stderr]    Compiling libc v0.2.155
[INFO] [stderr]    Compiling autocfg v1.3.0
[INFO] [stderr]    Compiling log v0.4.21
[INFO] [stderr]    Compiling pin-project-lite v0.2.14
[INFO] [stderr]    Compiling itoa v1.0.11
[INFO] [stderr]    Compiling cc v1.0.98
[INFO] [stderr]    Compiling zerocopy v0.7.34
[INFO] [stderr]    Compiling bytes v1.6.0
[INFO] [stderr]    Compiling allocator-api2 v0.2.18
[INFO] [stderr]    Compiling memchr v2.7.2
[INFO] [stderr]    Compiling ahash v0.8.11
[INFO] [stderr]    Compiling tracing-core v0.1.32
[INFO] [stderr]    Compiling pkg-config v0.3.30
[INFO] [stderr]    Compiling smallvec v1.13.2
[INFO] [stderr]    Compiling bitflags v2.5.0
[INFO] [stderr]    Compiling futures-channel v0.3.30
[INFO] [stderr]    Compiling futures-io v0.3.30
[INFO] [stderr]    Compiling rustversion v1.0.17
[INFO] [stderr]    Compiling serde v1.0.202
[INFO] [stderr]    Compiling ryu v1.0.18
[INFO] [stderr]    Compiling signal-hook v0.3.17
[INFO] [stderr]    Compiling parking_lot_core v0.9.10
[INFO] [stderr]    Compiling tracing v0.1.40
[INFO] [stderr]    Compiling openssl v0.10.64
[INFO] [stderr]    Compiling slab v0.4.9
[INFO] [stderr]    Compiling lock_api v0.4.12
[INFO] [stderr]    Compiling native-tls v0.2.11
[INFO] [stderr]    Compiling tinyvec v1.6.1
[INFO] [stderr]    Compiling httparse v1.8.0
[INFO] [stderr]    Compiling http v1.1.0
[INFO] [stderr]    Compiling lazy_static v1.4.0
[INFO] [stderr]    Compiling tower-layer v0.3.2
[INFO] [stderr]    Compiling either v1.12.0
[INFO] [stderr]    Compiling tower-service v0.3.2
[INFO] [stderr]    Compiling openssl-probe v0.1.5
[INFO] [stderr]    Compiling form_urlencoded v1.2.1
[INFO] [stderr]    Compiling deranged v0.3.11
[INFO] [stderr]    Compiling mio v0.8.11
[INFO] [stderr]    Compiling hashbrown v0.14.5
[INFO] [stderr]    Compiling num_cpus v1.16.0
[INFO] [stderr]    Compiling socket2 v0.5.7
[INFO] [stderr]    Compiling signal-hook-registry v1.4.2
[INFO] [stderr]    Compiling quote v1.0.36
[INFO] [stderr]    Compiling itertools v0.12.1
[INFO] [stderr]    Compiling castaway v0.2.2
[INFO] [stderr]    Compiling getrandom v0.2.15
[INFO] [stderr]    Compiling syn v2.0.66
[INFO] [stderr]    Compiling sharded-slab v0.1.7
[INFO] [stderr]    Compiling parking_lot v0.12.2
[INFO] [stderr]    Compiling num-traits v0.2.19
[INFO] [stderr]    Compiling thread_local v1.1.8
[INFO] [stderr]    Compiling unicode-width v0.1.13
[INFO] [stderr]    Compiling time-core v0.1.2
[INFO] [stderr]    Compiling signal-hook-mio v0.2.3
[INFO] [stderr]    Compiling num_threads v0.1.7
[INFO] [stderr]    Compiling http-body v1.0.0
[INFO] [stderr]    Compiling indexmap v2.2.6
[INFO] [stderr]    Compiling serde_json v1.0.117
[INFO] [stderr]    Compiling compact_str v0.7.1
[INFO] [stderr]    Compiling http-body-util v0.1.1
[INFO] [stderr]    Compiling time v0.3.36
[INFO] [stderr]    Compiling lru v0.12.3
[INFO] [stderr]    Compiling openssl-sys v0.9.102
[INFO] [stderr]    Compiling backtrace v0.3.71
[INFO] [stderr]    Compiling crossterm v0.27.0
[INFO] [stderr]    Compiling unicode-normalization v0.1.23
[INFO] [stderr]    Compiling rand_core v0.6.4
[INFO] [stderr]    Compiling rustls-pki-types v1.7.0
[INFO] [stderr]    Compiling tracing-subscriber v0.3.18
[INFO] [stderr]    Compiling unicode-segmentation v1.11.0
[INFO] [stderr]    Compiling rand_chacha v0.3.1
[INFO] [stderr]    Compiling miniz_oxide v0.7.3
[INFO] [stderr]    Compiling rustls-pemfile v2.1.2
[INFO] [stderr]    Compiling idna v0.5.0
[INFO] [stderr]    Compiling object v0.32.2
[INFO] [stderr]    Compiling is-docker v0.2.0
[INFO] [stderr]    Compiling encoding_rs v0.8.34
[INFO] [stderr]    Compiling url v2.5.0
[INFO] [stderr]    Compiling owo-colors v3.5.0
[INFO] [stderr]    Compiling indenter v0.3.3
[INFO] [stderr]    Compiling rustc-demangle v0.1.24
[INFO] [stderr]    Compiling sync_wrapper v0.1.2
[INFO] [stderr]    Compiling ipnet v2.9.0
[INFO] [stderr]    Compiling eyre v0.6.12
[INFO] [stderr]    Compiling is-wsl v0.4.0
[INFO] [stderr]    Compiling tracing-error v0.2.0
[INFO] [stderr]    Compiling rand v0.8.5
[INFO] [stderr]    Compiling pathdiff v0.2.1
[INFO] [stderr]    Compiling open v5.1.3
[INFO] [stderr]    Compiling type_utilities v0.1.2
[INFO] [stderr]    Compiling unicode-truncate v1.0.0
[INFO] [stderr]    Compiling color-spantrace v0.2.1
[INFO] [stderr]    Compiling tokio-macros v2.2.0
[INFO] [stderr]    Compiling futures-macro v0.3.30
[INFO] [stderr]    Compiling serde_derive v1.0.202
[INFO] [stderr]    Compiling openssl-macros v0.1.1
[INFO] [stderr]    Compiling pin-project-internal v1.1.5
[INFO] [stderr]    Compiling strum_macros v0.26.4
[INFO] [stderr]    Compiling stability v0.2.0
[INFO] [stderr]    Compiling tokio v1.37.0
[INFO] [stderr]    Compiling futures-util v0.3.30
[INFO] [stderr]    Compiling pin-project v1.1.5
[INFO] [stderr]    Compiling color-eyre v0.6.3
[INFO] [stderr]    Compiling strum v0.26.2
[INFO] [stderr]    Compiling ratatui v0.26.3
[INFO] [stderr]    Compiling futures-executor v0.3.30
[INFO] [stderr]    Compiling futures v0.3.30
[INFO] [stderr]    Compiling throbber-widgets-tui v0.5.0
[INFO] [stderr]    Compiling tui-widget-list v0.9.0
[INFO] [stderr]    Compiling tokio-util v0.7.11
[INFO] [stderr]    Compiling tower v0.4.13
[INFO] [stderr]    Compiling tokio-native-tls v0.3.1
[INFO] [stderr]    Compiling h2 v0.4.5
[INFO] [stderr]    Compiling serde_urlencoded v0.7.1
[INFO] [stderr]    Compiling serde_path_to_error v0.1.16
[INFO] [stderr]    Compiling chrono v0.4.38
[INFO] [stderr]    Compiling hyper v1.3.1
[INFO] [stderr]    Compiling hyper-util v0.1.3
[INFO] [stderr]    Compiling hyper-tls v0.6.0
[INFO] [stderr]    Compiling reqwest v0.12.4
[INFO] [stderr]    Compiling crates_io_api v0.11.0
[INFO] [stderr]    Compiling get-blessed v0.2.1 (/opt/rustwide/workdir)
[INFO] [stdout] warning: unused import: `type_utilities::bool::methods::Toggle`
[INFO] [stdout]   --> src/view/app.rs:13:5
[INFO] [stdout]    |
[INFO] [stdout] 13 | use type_utilities::bool::methods::Toggle;
[INFO] [stdout]    |     ^^^^^^^^^^^^^^^^^^^^^^^^^^^^^^^^^^^^^
[INFO] [stdout]    |
[INFO] [stdout]    = note: `#[warn(unused_imports)]` (part of `#[warn(unused)]`) on by default
[INFO] [stdout] 
[INFO] [stdout] 
[INFO] [stdout] warning: field `index_current_crate` is never read
[INFO] [stdout]    --> src/view/widgets.rs:139:9
[INFO] [stdout]     |
[INFO] [stdout] 138 | pub struct FeaturesWidgetList {
[INFO] [stdout]     |            ------------------ field in this struct
[INFO] [stdout] 139 |     pub index_current_crate: usize,
[INFO] [stdout]     |         ^^^^^^^^^^^^^^^^^^^
[INFO] [stdout]     |
[INFO] [stdout]     = note: `FeaturesWidgetList` has derived impls for the traits `Clone` and `Debug`, but these are intentionally ignored during dead code analysis
[INFO] [stdout]     = note: `#[warn(dead_code)]` (part of `#[warn(unused)]`) on by default
[INFO] [stdout] 
[INFO] [stdout] 
[INFO] [stderr]     Finished `release` profile [optimized] target(s) in 1m 39s
[INFO] running `Command { std: "docker" "inspect" "a4feb0b64659c41f1629cf7616a1d0122083d26bfaabf8d3ba0cb02e093f2260", kill_on_drop: false }`
[INFO] running `Command { std: "docker" "exec" "-e" "SOURCE_DIR=/opt/rustwide/workdir" "-e" "CARGO_HOME=/opt/rustwide/cargo-home" "-e" "RUSTUP_HOME=/opt/rustwide/rustup-home" "-e" "CARGO_TARGET_DIR=/opt/rustwide/target" "-e" "CARGO_INCREMENTAL=0" "-e" "RUST_BACKTRACE=full" "-e" "RUSTFLAGS=--cap-lints=warn" "-e" "RUSTDOCFLAGS=--cap-lints=warn" "-w" "/opt/rustwide/workdir" "--user" "0:0" "a4feb0b64659c41f1629cf7616a1d0122083d26bfaabf8d3ba0cb02e093f2260" "/opt/rustwide/cargo-home/bin/cargo" "+1.100.0-beta.1" "test" "--frozen" "--no-run" "--message-format=json" "--release", kill_on_drop: false }`
[INFO] [stderr] warning: `package.homepage` is redundant with `package.repository`
[INFO] [stderr]   --> Cargo.toml:52:12
[INFO] [stderr]    |
[INFO] [stderr] 52 | homepage = "https://github.com/josueBarretogit/get_blessed_rs"
[INFO] [stderr]    |            ^^^^^^^^^^^^^^^^^^^^^^^^^^^^^^^^^^^^^^^^^^^^^^^^^^^
[INFO] [stderr] ...
[INFO] [stderr] 57 | repository = "https://github.com/josueBarretogit/get_blessed_rs"
[INFO] [stderr]    |              ---------------------------------------------------
[INFO] [stderr]    |
[INFO] [stderr]    = note: `cargo::redundant_homepage` is set to `warn` by default
[INFO] [stderr] help: consider removing `package.homepage`
[INFO] [stderr] warning: `get-blessed` (manifest) generated 1 warning
[INFO] [stderr]    Compiling get-blessed v0.2.1 (/opt/rustwide/workdir)
[INFO] [stdout] warning: unused import: `type_utilities::bool::methods::Toggle`
[INFO] [stdout]   --> src/view/app.rs:13:5
[INFO] [stdout]    |
[INFO] [stdout] 13 | use type_utilities::bool::methods::Toggle;
[INFO] [stdout]    |     ^^^^^^^^^^^^^^^^^^^^^^^^^^^^^^^^^^^^^
[INFO] [stdout]    |
[INFO] [stdout]    = note: `#[warn(unused_imports)]` (part of `#[warn(unused)]`) on by default
[INFO] [stdout] 
[INFO] [stdout] 
[INFO] [stdout] warning: field `index_current_crate` is never read
[INFO] [stdout]    --> src/view/widgets.rs:139:9
[INFO] [stdout]     |
[INFO] [stdout] 138 | pub struct FeaturesWidgetList {
[INFO] [stdout]     |            ------------------ field in this struct
[INFO] [stdout] 139 |     pub index_current_crate: usize,
[INFO] [stdout]     |         ^^^^^^^^^^^^^^^^^^^
[INFO] [stdout]     |
[INFO] [stdout]     = note: `FeaturesWidgetList` has derived impls for the traits `Clone` and `Debug`, but these are intentionally ignored during dead code analysis
[INFO] [stdout]     = note: `#[warn(dead_code)]` (part of `#[warn(unused)]`) on by default
[INFO] [stdout] 
[INFO] [stdout] 
[INFO] [stderr]     Finished `release` profile [optimized] target(s) in 4.88s
[INFO] running `Command { std: "docker" "inspect" "a4feb0b64659c41f1629cf7616a1d0122083d26bfaabf8d3ba0cb02e093f2260", kill_on_drop: false }`
[INFO] running `Command { std: "docker" "exec" "-e" "SOURCE_DIR=/opt/rustwide/workdir" "-e" "CARGO_HOME=/opt/rustwide/cargo-home" "-e" "RUSTUP_HOME=/opt/rustwide/rustup-home" "-e" "CARGO_TARGET_DIR=/opt/rustwide/target" "-e" "CARGO_INCREMENTAL=0" "-e" "RUST_BACKTRACE=full" "-e" "RUSTFLAGS=--cap-lints=warn" "-e" "RUSTDOCFLAGS=--cap-lints=warn" "-w" "/opt/rustwide/workdir" "--user" "0:0" "a4feb0b64659c41f1629cf7616a1d0122083d26bfaabf8d3ba0cb02e093f2260" "/opt/rustwide/cargo-home/bin/cargo" "+1.100.0-beta.1" "test" "--frozen" "--release", kill_on_drop: false }`
[INFO] [stderr] warning: `package.homepage` is redundant with `package.repository`
[INFO] [stderr]   --> Cargo.toml:52:12
[INFO] [stderr]    |
[INFO] [stderr] 52 | homepage = "https://github.com/josueBarretogit/get_blessed_rs"
[INFO] [stderr]    |            ^^^^^^^^^^^^^^^^^^^^^^^^^^^^^^^^^^^^^^^^^^^^^^^^^^^
[INFO] [stderr] ...
[INFO] [stderr] 57 | repository = "https://github.com/josueBarretogit/get_blessed_rs"
[INFO] [stderr]    |              ---------------------------------------------------
[INFO] [stderr]    |
[INFO] [stderr]    = note: `cargo::redundant_homepage` is set to `warn` by default
[INFO] [stderr] help: consider removing `package.homepage`
[INFO] [stderr] warning: `get-blessed` (manifest) generated 1 warning
[INFO] [stderr] warning: unused import: `type_utilities::bool::methods::Toggle`
[INFO] [stderr]   --> src/view/app.rs:13:5
[INFO] [stderr]    |
[INFO] [stderr] 13 | use type_utilities::bool::methods::Toggle;
[INFO] [stderr]    |     ^^^^^^^^^^^^^^^^^^^^^^^^^^^^^^^^^^^^^
[INFO] [stderr]    |
[INFO] [stderr]    = note: `#[warn(unused_imports)]` (part of `#[warn(unused)]`) on by default
[INFO] [stderr] 
[INFO] [stderr] warning: field `index_current_crate` is never read
[INFO] [stderr]    --> src/view/widgets.rs:139:9
[INFO] [stderr]     |
[INFO] [stderr] 138 | pub struct FeaturesWidgetList {
[INFO] [stderr]     |            ------------------ field in this struct
[INFO] [stderr] 139 |     pub index_current_crate: usize,
[INFO] [stderr]     |         ^^^^^^^^^^^^^^^^^^^
[INFO] [stderr]     |
[INFO] [stderr]     = note: `FeaturesWidgetList` has derived impls for the traits `Clone` and `Debug`, but these are intentionally ignored during dead code analysis
[INFO] [stderr]     = note: `#[warn(dead_code)]` (part of `#[warn(unused)]`) on by default
[INFO] [stderr] 
[INFO] [stderr] warning: `get-blessed` (bin "get-blessed" test) generated 2 warnings
[INFO] [stderr]     Finished `release` profile [optimized] target(s) in 0.20s
[INFO] [stderr]      Running unittests src/main.rs (/opt/rustwide/target/release/build/get-blessed/9a4b9b403c6e7e49/out/get_blessed-9a4b9b403c6e7e49)
[INFO] [stdout] 
[INFO] [stdout] running 10 tests
[INFO] [stdout] test content_parser::test::graphics_has_expected_data ... FAILED
[INFO] [stdout] test content_parser::test::general_crates_has_expected_data ... FAILED
[INFO] [stdout] test content_parser::test::common_crates_has_expected_data ... FAILED
[INFO] [stdout] test content_parser::test::ffi_section_has_expected_data ... FAILED
[INFO] [stdout] test content_parser::test::databases_has_expected_data ... FAILED
[INFO] [stdout] test content_parser::test::math_section_has_expected_data ... FAILED
[INFO] [stdout] test content_parser::test::cli_has_expected_data ... FAILED
[INFO] [stdout] test content_parser::test::networking_has_expected_data ... FAILED
[INFO] [stdout] test content_parser::test::concurrency_has_expected_data ... FAILED
[INFO] [stdout] test content_parser::test::cryptography_has_expected_data ... FAILED
[INFO] [stdout] 
[INFO] [stdout] failures:
[INFO] [stdout] 
[INFO] [stdout] ---- content_parser::test::graphics_has_expected_data stdout ----
[INFO] [stdout] 
[INFO] [stdout] thread 'content_parser::test::graphics_has_expected_data' (2411) panicked at src/content_parser/jsoncontentparser.rs:25:48:
[INFO] [stdout] called `Result::unwrap()` on an `Err` value: reqwest::Error { kind: Request, url: Url { scheme: "https", cannot_be_a_base: false, username: "", password: None, host: Some(Domain("raw.githubusercontent.com")), port: None, path: "/nicoburns/blessed-rs/main/data/crates.json", query: None, fragment: None }, source: Error { kind: Connect, source: Some(ConnectError("dns error", Custom { kind: Uncategorized, error: "failed to lookup address information: Temporary failure in name resolution" })) } }
[INFO] [stdout] stack backtrace:
[INFO] [stdout]    0:     0x56beabf39481 - <<std[617be2ca0a6fd877]::sys::backtrace::BacktraceLock>::print::DisplayBacktrace as core[a373ad73a504971]::fmt::Display>::fmt
[INFO] [stdout]    1:     0x56beabf5048a - core[a373ad73a504971]::fmt::write
[INFO] [stdout]    2:     0x56beabf3dccc - <alloc[2e1b2a31b91974c5]::vec::Vec<u8> as core[a373ad73a504971]::io::write::Write>::write_fmt
[INFO] [stdout]    3:     0x56beabf144e6 - std[617be2ca0a6fd877]::panicking::default_hook::{closure#0}
[INFO] [stdout]    4:     0x56beabf31389 - std[617be2ca0a6fd877]::panicking::default_hook
[INFO] [stdout]    5:     0x56beabea6160 - test[aada8e7e76ba119b]::test_main_inner::{closure#0}
[INFO] [stdout]    6:     0x56beabf316b2 - std[617be2ca0a6fd877]::panicking::panic_with_hook
[INFO] [stdout]    7:     0x56beabf14592 - std[617be2ca0a6fd877]::panicking::panic_handler::{closure#0}
[INFO] [stdout]    8:     0x56beabf0cf89 - std[617be2ca0a6fd877]::sys::backtrace::__rust_end_short_backtrace::<std[617be2ca0a6fd877]::panicking::panic_handler::{closure#0}, !>
[INFO] [stdout]    9:     0x56beabf1542d - __rustc[ea4f61d10b84890b]::rust_begin_unwind
[INFO] [stdout]   10:     0x56beabf50bec - core[a373ad73a504971]::panicking::panic_fmt
[INFO] [stdout]   11:     0x56beabf509c2 - core[a373ad73a504971]::result::unwrap_failed
[INFO] [stdout]   12:     0x56beabd6c238 - get_blessed[a898ad7f3bb6b3f2]::content_parser::test::setup_json_content_parser::{closure#0}
[INFO] [stdout]   13:     0x56beabd6ccbe - get_blessed[a898ad7f3bb6b3f2]::content_parser::test::graphics_has_expected_data::{closure#0}
[INFO] [stdout]   14:     0x56beabd72df3 - <tokio[ab2565eb710fc4f1]::runtime::scheduler::current_thread::Context>::enter::<core[a373ad73a504971]::task::poll::Poll<()>, <tokio[ab2565eb710fc4f1]::runtime::scheduler::current_thread::CoreGuard>::block_on<core[a373ad73a504971]::pin::Pin<&mut core[a373ad73a504971]::pin::Pin<&mut dyn core[a373ad73a504971]::future::future::Future<Output = ()>>>>::{closure#0}::{closure#0}>
[INFO] [stdout]   15:     0x56beabd6f982 - <tokio[ab2565eb710fc4f1]::runtime::context::scoped::Scoped<tokio[ab2565eb710fc4f1]::runtime::scheduler::Context>>::set::<<tokio[ab2565eb710fc4f1]::runtime::scheduler::current_thread::CoreGuard>::enter<<tokio[ab2565eb710fc4f1]::runtime::scheduler::current_thread::CoreGuard>::block_on<core[a373ad73a504971]::pin::Pin<&mut core[a373ad73a504971]::pin::Pin<&mut dyn core[a373ad73a504971]::future::future::Future<Output = ()>>>>::{closure#0}, core[a373ad73a504971]::option::Option<()>>::{closure#0}, (alloc[2e1b2a31b91974c5]::boxed::Box<tokio[ab2565eb710fc4f1]::runtime::scheduler::current_thread::Core>, core[a373ad73a504971]::option::Option<()>)>
[INFO] [stdout]   16:     0x56beabd72837 - <tokio[ab2565eb710fc4f1]::runtime::runtime::Runtime>::block_on::<core[a373ad73a504971]::pin::Pin<&mut dyn core[a373ad73a504971]::future::future::Future<Output = ()>>>
[INFO] [stdout]   17:     0x56beabd6e2ee - <get_blessed[a898ad7f3bb6b3f2]::content_parser::test::graphics_has_expected_data::{closure#0} as core[a373ad73a504971]::ops::function::FnOnce<()>>::call_once
[INFO] [stdout]   18:     0x56beabe995ab - test[aada8e7e76ba119b]::__rust_begin_short_backtrace::<core[a373ad73a504971]::result::Result<(), alloc[2e1b2a31b91974c5]::string::String>, fn() -> core[a373ad73a504971]::result::Result<(), alloc[2e1b2a31b91974c5]::string::String>>
[INFO] [stdout]   19:     0x56beabea6785 - test[aada8e7e76ba119b]::run_test::{closure#0}
[INFO] [stdout]   20:     0x56beabea0074 - std[617be2ca0a6fd877]::sys::backtrace::__rust_begin_short_backtrace::<test[aada8e7e76ba119b]::run_test::{closure#1}, ()>
[INFO] [stdout]   21:     0x56beabea9812 - <std[617be2ca0a6fd877]::thread::lifecycle::spawn_unchecked<test[aada8e7e76ba119b]::run_test::{closure#1}, ()>::{closure#1} as core[a373ad73a504971]::ops::function::FnOnce<()>>::call_once::{shim:vtable#0}
[INFO] [stdout]   22:     0x56beabf3892f - <std[617be2ca0a6fd877]::sys::thread::unix::Thread>::new::thread_start
[INFO] [stdout]   23:     0x719fc6a5cdfa - <unknown>
[INFO] [stdout]   24:     0x719fc6af03d4 - clone
[INFO] [stdout]   25:                0x0 - <unknown>
[INFO] [stdout] 
[INFO] [stdout] ---- content_parser::test::general_crates_has_expected_data stdout ----
[INFO] [stdout] 
[INFO] [stdout] thread 'content_parser::test::general_crates_has_expected_data' (2410) panicked at src/content_parser/jsoncontentparser.rs:25:48:
[INFO] [stdout] called `Result::unwrap()` on an `Err` value: reqwest::Error { kind: Request, url: Url { scheme: "https", cannot_be_a_base: false, username: "", password: None, host: Some(Domain("raw.githubusercontent.com")), port: None, path: "/nicoburns/blessed-rs/main/data/crates.json", query: None, fragment: None }, source: Error { kind: Connect, source: Some(ConnectError("dns error", Custom { kind: Uncategorized, error: "failed to lookup address information: Temporary failure in name resolution" })) } }
[INFO] [stdout] stack backtrace:
[INFO] [stdout]    0:     0x56beabf39481 - <<std[617be2ca0a6fd877]::sys::backtrace::BacktraceLock>::print::DisplayBacktrace as core[a373ad73a504971]::fmt::Display>::fmt
[INFO] [stdout]    1:     0x56beabf5048a - core[a373ad73a504971]::fmt::write
[INFO] [stdout]    2:     0x56beabf3dccc - <alloc[2e1b2a31b91974c5]::vec::Vec<u8> as core[a373ad73a504971]::io::write::Write>::write_fmt
[INFO] [stdout]    3:     0x56beabf144e6 - std[617be2ca0a6fd877]::panicking::default_hook::{closure#0}
[INFO] [stdout]    4:     0x56beabf31389 - std[617be2ca0a6fd877]::panicking::default_hook
[INFO] [stdout]    5:     0x56beabea6160 - test[aada8e7e76ba119b]::test_main_inner::{closure#0}
[INFO] [stdout]    6:     0x56beabf316b2 - std[617be2ca0a6fd877]::panicking::panic_with_hook
[INFO] [stdout]    7:     0x56beabf14592 - std[617be2ca0a6fd877]::panicking::panic_handler::{closure#0}
[INFO] [stdout]    8:     0x56beabf0cf89 - std[617be2ca0a6fd877]::sys::backtrace::__rust_end_short_backtrace::<std[617be2ca0a6fd877]::panicking::panic_handler::{closure#0}, !>
[INFO] [stdout]    9:     0x56beabf1542d - __rustc[ea4f61d10b84890b]::rust_begin_unwind
[INFO] [stdout]   10:     0x56beabf50bec - core[a373ad73a504971]::panicking::panic_fmt
[INFO] [stdout]   11:     0x56beabf509c2 - core[a373ad73a504971]::result::unwrap_failed
[INFO] [stdout]   12:     0x56beabd6c238 - get_blessed[a898ad7f3bb6b3f2]::content_parser::test::setup_json_content_parser::{closure#0}
[INFO] [stdout]   13:     0x56beabd6dede - get_blessed[a898ad7f3bb6b3f2]::content_parser::test::general_crates_has_expected_data::{closure#0}
[INFO] [stdout]   14:     0x56beabd72df3 - <tokio[ab2565eb710fc4f1]::runtime::scheduler::current_thread::Context>::enter::<core[a373ad73a504971]::task::poll::Poll<()>, <tokio[ab2565eb710fc4f1]::runtime::scheduler::current_thread::CoreGuard>::block_on<core[a373ad73a504971]::pin::Pin<&mut core[a373ad73a504971]::pin::Pin<&mut dyn core[a373ad73a504971]::future::future::Future<Output = ()>>>>::{closure#0}::{closure#0}>
[INFO] [stdout]   15:     0x56beabd6f982 - <tokio[ab2565eb710fc4f1]::runtime::context::scoped::Scoped<tokio[ab2565eb710fc4f1]::runtime::scheduler::Context>>::set::<<tokio[ab2565eb710fc4f1]::runtime::scheduler::current_thread::CoreGuard>::enter<<tokio[ab2565eb710fc4f1]::runtime::scheduler::current_thread::CoreGuard>::block_on<core[a373ad73a504971]::pin::Pin<&mut core[a373ad73a504971]::pin::Pin<&mut dyn core[a373ad73a504971]::future::future::Future<Output = ()>>>>::{closure#0}, core[a373ad73a504971]::option::Option<()>>::{closure#0}, (alloc[2e1b2a31b91974c5]::boxed::Box<tokio[ab2565eb710fc4f1]::runtime::scheduler::current_thread::Core>, core[a373ad73a504971]::option::Option<()>)>
[INFO] [stdout]   16:     0x56beabd72837 - <tokio[ab2565eb710fc4f1]::runtime::runtime::Runtime>::block_on::<core[a373ad73a504971]::pin::Pin<&mut dyn core[a373ad73a504971]::future::future::Future<Output = ()>>>
[INFO] [stdout]   17:     0x56beabd6ee6e - <get_blessed[a898ad7f3bb6b3f2]::content_parser::test::general_crates_has_expected_data::{closure#0} as core[a373ad73a504971]::ops::function::FnOnce<()>>::call_once
[INFO] [stdout]   18:     0x56beabe995ab - test[aada8e7e76ba119b]::__rust_begin_short_backtrace::<core[a373ad73a504971]::result::Result<(), alloc[2e1b2a31b91974c5]::string::String>, fn() -> core[a373ad73a504971]::result::Result<(), alloc[2e1b2a31b91974c5]::string::String>>
[INFO] [stdout]   19:     0x56beabea6785 - test[aada8e7e76ba119b]::run_test::{closure#0}
[INFO] [stdout]   20:     0x56beabea0074 - std[617be2ca0a6fd877]::sys::backtrace::__rust_begin_short_backtrace::<test[aada8e7e76ba119b]::run_test::{closure#1}, ()>
[INFO] [stdout]   21:     0x56beabea9812 - <std[617be2ca0a6fd877]::thread::lifecycle::spawn_unchecked<test[aada8e7e76ba119b]::run_test::{closure#1}, ()>::{closure#1} as core[a373ad73a504971]::ops::function::FnOnce<()>>::call_once::{shim:vtable#0}
[INFO] [stdout]   22:     0x56beabf3892f - <std[617be2ca0a6fd877]::sys::thread::unix::Thread>::new::thread_start
[INFO] [stdout]   23:     0x719fc6a5cdfa - <unknown>
[INFO] [stdout]   24:     0x719fc6af03d4 - clone
[INFO] [stdout]   25:                0x0 - <unknown>
[INFO] [stdout] 
[INFO] [stdout] ---- content_parser::test::common_crates_has_expected_data stdout ----
[INFO] [stdout] 
[INFO] [stdout] thread 'content_parser::test::common_crates_has_expected_data' (2405) panicked at src/content_parser/jsoncontentparser.rs:25:48:
[INFO] [stdout] called `Result::unwrap()` on an `Err` value: reqwest::Error { kind: Request, url: Url { scheme: "https", cannot_be_a_base: false, username: "", password: None, host: Some(Domain("raw.githubusercontent.com")), port: None, path: "/nicoburns/blessed-rs/main/data/crates.json", query: None, fragment: None }, source: Error { kind: Connect, source: Some(ConnectError("dns error", Custom { kind: Uncategorized, error: "failed to lookup address information: Temporary failure in name resolution" })) } }
[INFO] [stdout] stack backtrace:
[INFO] [stdout]    0:     0x56beabf39481 - <<std[617be2ca0a6fd877]::sys::backtrace::BacktraceLock>::print::DisplayBacktrace as core[a373ad73a504971]::fmt::Display>::fmt
[INFO] [stdout]    1:     0x56beabf5048a - core[a373ad73a504971]::fmt::write
[INFO] [stdout]    2:     0x56beabf3dccc - <alloc[2e1b2a31b91974c5]::vec::Vec<u8> as core[a373ad73a504971]::io::write::Write>::write_fmt
[INFO] [stdout]    3:     0x56beabf144e6 - std[617be2ca0a6fd877]::panicking::default_hook::{closure#0}
[INFO] [stdout]    4:     0x56beabf31389 - std[617be2ca0a6fd877]::panicking::default_hook
[INFO] [stdout]    5:     0x56beabea6160 - test[aada8e7e76ba119b]::test_main_inner::{closure#0}
[INFO] [stdout]    6:     0x56beabf316b2 - std[617be2ca0a6fd877]::panicking::panic_with_hook
[INFO] [stdout]    7:     0x56beabf14592 - std[617be2ca0a6fd877]::panicking::panic_handler::{closure#0}
[INFO] [stdout]    8:     0x56beabf0cf89 - std[617be2ca0a6fd877]::sys::backtrace::__rust_end_short_backtrace::<std[617be2ca0a6fd877]::panicking::panic_handler::{closure#0}, !>
[INFO] [stdout]    9:     0x56beabf1542d - __rustc[ea4f61d10b84890b]::rust_begin_unwind
[INFO] [stdout]   10:     0x56beabf50bec - core[a373ad73a504971]::panicking::panic_fmt
[INFO] [stdout]   11:     0x56beabf509c2 - core[a373ad73a504971]::result::unwrap_failed
[INFO] [stdout]   12:     0x56beabd6c238 - get_blessed[a898ad7f3bb6b3f2]::content_parser::test::setup_json_content_parser::{closure#0}
[INFO] [stdout]   13:     0x56beabd6dc9e - get_blessed[a898ad7f3bb6b3f2]::content_parser::test::common_crates_has_expected_data::{closure#0}
[INFO] [stdout]   14:     0x56beabd72df3 - <tokio[ab2565eb710fc4f1]::runtime::scheduler::current_thread::Context>::enter::<core[a373ad73a504971]::task::poll::Poll<()>, <tokio[ab2565eb710fc4f1]::runtime::scheduler::current_thread::CoreGuard>::block_on<core[a373ad73a504971]::pin::Pin<&mut core[a373ad73a504971]::pin::Pin<&mut dyn core[a373ad73a504971]::future::future::Future<Output = ()>>>>::{closure#0}::{closure#0}>
[INFO] [stdout]   15:     0x56beabd6f982 - <tokio[ab2565eb710fc4f1]::runtime::context::scoped::Scoped<tokio[ab2565eb710fc4f1]::runtime::scheduler::Context>>::set::<<tokio[ab2565eb710fc4f1]::runtime::scheduler::current_thread::CoreGuard>::enter<<tokio[ab2565eb710fc4f1]::runtime::scheduler::current_thread::CoreGuard>::block_on<core[a373ad73a504971]::pin::Pin<&mut core[a373ad73a504971]::pin::Pin<&mut dyn core[a373ad73a504971]::future::future::Future<Output = ()>>>>::{closure#0}, core[a373ad73a504971]::option::Option<()>>::{closure#0}, (alloc[2e1b2a31b91974c5]::boxed::Box<tokio[ab2565eb710fc4f1]::runtime::scheduler::current_thread::Core>, core[a373ad73a504971]::option::Option<()>)>
[INFO] [stdout]   16:     0x56beabd72837 - <tokio[ab2565eb710fc4f1]::runtime::runtime::Runtime>::block_on::<core[a373ad73a504971]::pin::Pin<&mut dyn core[a373ad73a504971]::future::future::Future<Output = ()>>>
[INFO] [stdout]   17:     0x56beabd6ecfe - <get_blessed[a898ad7f3bb6b3f2]::content_parser::test::common_crates_has_expected_data::{closure#0} as core[a373ad73a504971]::ops::function::FnOnce<()>>::call_once
[INFO] [stdout]   18:     0x56beabe995ab - test[aada8e7e76ba119b]::__rust_begin_short_backtrace::<core[a373ad73a504971]::result::Result<(), alloc[2e1b2a31b91974c5]::string::String>, fn() -> core[a373ad73a504971]::result::Result<(), alloc[2e1b2a31b91974c5]::string::String>>
[INFO] [stdout]   19:     0x56beabea6785 - test[aada8e7e76ba119b]::run_test::{closure#0}
[INFO] [stdout]   20:     0x56beabea0074 - std[617be2ca0a6fd877]::sys::backtrace::__rust_begin_short_backtrace::<test[aada8e7e76ba119b]::run_test::{closure#1}, ()>
[INFO] [stdout]   21:     0x56beabea9812 - <std[617be2ca0a6fd877]::thread::lifecycle::spawn_unchecked<test[aada8e7e76ba119b]::run_test::{closure#1}, ()>::{closure#1} as core[a373ad73a504971]::ops::function::FnOnce<()>>::call_once::{shim:vtable#0}
[INFO] [stdout]   22:     0x56beabf3892f - <std[617be2ca0a6fd877]::sys::thread::unix::Thread>::new::thread_start
[INFO] [stdout]   23:     0x719fc6a5cdfa - <unknown>
[INFO] [stdout]   24:     0x719fc6af03d4 - clone
[INFO] [stdout]   25:                0x0 - <unknown>
[INFO] [stdout] 
[INFO] [stdout] ---- content_parser::test::ffi_section_has_expected_data stdout ----
[INFO] [stdout] 
[INFO] [stdout] thread 'content_parser::test::ffi_section_has_expected_data' (2409) panicked at src/content_parser/jsoncontentparser.rs:25:48:
[INFO] [stdout] called `Result::unwrap()` on an `Err` value: reqwest::Error { kind: Request, url: Url { scheme: "https", cannot_be_a_base: false, username: "", password: None, host: Some(Domain("raw.githubusercontent.com")), port: None, path: "/nicoburns/blessed-rs/main/data/crates.json", query: None, fragment: None }, source: Error { kind: Connect, source: Some(ConnectError("dns error", Custom { kind: Uncategorized, error: "failed to lookup address information: Temporary failure in name resolution" })) } }
[INFO] [stdout] stack backtrace:
[INFO] [stdout]    0:     0x56beabf39481 - <<std[617be2ca0a6fd877]::sys::backtrace::BacktraceLock>::print::DisplayBacktrace as core[a373ad73a504971]::fmt::Display>::fmt
[INFO] [stdout]    1:     0x56beabf5048a - core[a373ad73a504971]::fmt::write
[INFO] [stdout]    2:     0x56beabf3dccc - <alloc[2e1b2a31b91974c5]::vec::Vec<u8> as core[a373ad73a504971]::io::write::Write>::write_fmt
[INFO] [stdout]    3:     0x56beabf144e6 - std[617be2ca0a6fd877]::panicking::default_hook::{closure#0}
[INFO] [stdout]    4:     0x56beabf31389 - std[617be2ca0a6fd877]::panicking::default_hook
[INFO] [stdout]    5:     0x56beabea6160 - test[aada8e7e76ba119b]::test_main_inner::{closure#0}
[INFO] [stdout]    6:     0x56beabf316b2 - std[617be2ca0a6fd877]::panicking::panic_with_hook
[INFO] [stdout]    7:     0x56beabf14592 - std[617be2ca0a6fd877]::panicking::panic_handler::{closure#0}
[INFO] [stdout]    8:     0x56beabf0cf89 - std[617be2ca0a6fd877]::sys::backtrace::__rust_end_short_backtrace::<std[617be2ca0a6fd877]::panicking::panic_handler::{closure#0}, !>
[INFO] [stdout]    9:     0x56beabf1542d - __rustc[ea4f61d10b84890b]::rust_begin_unwind
[INFO] [stdout]   10:     0x56beabf50bec - core[a373ad73a504971]::panicking::panic_fmt
[INFO] [stdout]   11:     0x56beabf509c2 - core[a373ad73a504971]::result::unwrap_failed
[INFO] [stdout]   12:     0x56beabd6c238 - get_blessed[a898ad7f3bb6b3f2]::content_parser::test::setup_json_content_parser::{closure#0}
[INFO] [stdout]   13:     0x56beabd6d5ce - get_blessed[a898ad7f3bb6b3f2]::content_parser::test::ffi_section_has_expected_data::{closure#0}
[INFO] [stdout]   14:     0x56beabd72df3 - <tokio[ab2565eb710fc4f1]::runtime::scheduler::current_thread::Context>::enter::<core[a373ad73a504971]::task::poll::Poll<()>, <tokio[ab2565eb710fc4f1]::runtime::scheduler::current_thread::CoreGuard>::block_on<core[a373ad73a504971]::pin::Pin<&mut core[a373ad73a504971]::pin::Pin<&mut dyn core[a373ad73a504971]::future::future::Future<Output = ()>>>>::{closure#0}::{closure#0}>
[INFO] [stdout]   15:     0x56beabd6f982 - <tokio[ab2565eb710fc4f1]::runtime::context::scoped::Scoped<tokio[ab2565eb710fc4f1]::runtime::scheduler::Context>>::set::<<tokio[ab2565eb710fc4f1]::runtime::scheduler::current_thread::CoreGuard>::enter<<tokio[ab2565eb710fc4f1]::runtime::scheduler::current_thread::CoreGuard>::block_on<core[a373ad73a504971]::pin::Pin<&mut core[a373ad73a504971]::pin::Pin<&mut dyn core[a373ad73a504971]::future::future::Future<Output = ()>>>>::{closure#0}, core[a373ad73a504971]::option::Option<()>>::{closure#0}, (alloc[2e1b2a31b91974c5]::boxed::Box<tokio[ab2565eb710fc4f1]::runtime::scheduler::current_thread::Core>, core[a373ad73a504971]::option::Option<()>)>
[INFO] [stdout]   16:     0x56beabd72837 - <tokio[ab2565eb710fc4f1]::runtime::runtime::Runtime>::block_on::<core[a373ad73a504971]::pin::Pin<&mut dyn core[a373ad73a504971]::future::future::Future<Output = ()>>>
[INFO] [stdout]   17:     0x56beabd6e8ae - <get_blessed[a898ad7f3bb6b3f2]::content_parser::test::ffi_section_has_expected_data::{closure#0} as core[a373ad73a504971]::ops::function::FnOnce<()>>::call_once
[INFO] [stdout]   18:     0x56beabe995ab - test[aada8e7e76ba119b]::__rust_begin_short_backtrace::<core[a373ad73a504971]::result::Result<(), alloc[2e1b2a31b91974c5]::string::String>, fn() -> core[a373ad73a504971]::result::Result<(), alloc[2e1b2a31b91974c5]::string::String>>
[INFO] [stdout]   19:     0x56beabea6785 - test[aada8e7e76ba119b]::run_test::{closure#0}
[INFO] [stdout]   20:     0x56beabea0074 - std[617be2ca0a6fd877]::sys::backtrace::__rust_begin_short_backtrace::<test[aada8e7e76ba119b]::run_test::{closure#1}, ()>
[INFO] [stdout]   21:     0x56beabea9812 - <std[617be2ca0a6fd877]::thread::lifecycle::spawn_unchecked<test[aada8e7e76ba119b]::run_test::{closure#1}, ()>::{closure#1} as core[a373ad73a504971]::ops::function::FnOnce<()>>::call_once::{shim:vtable#0}
[INFO] [stdout]   22:     0x56beabf3892f - <std[617be2ca0a6fd877]::sys::thread::unix::Thread>::new::thread_start
[INFO] [stdout]   23:     0x719fc6a5cdfa - <unknown>
[INFO] [stdout]   24:     0x719fc6af03d4 - clone
[INFO] [stdout]   25:                0x0 - <unknown>
[INFO] [stdout] 
[INFO] [stdout] ---- content_parser::test::databases_has_expected_data stdout ----
[INFO] [stdout] 
[INFO] [stdout] thread 'content_parser::test::databases_has_expected_data' (2408) panicked at src/content_parser/jsoncontentparser.rs:25:48:
[INFO] [stdout] called `Result::unwrap()` on an `Err` value: reqwest::Error { kind: Request, url: Url { scheme: "https", cannot_be_a_base: false, username: "", password: None, host: Some(Domain("raw.githubusercontent.com")), port: None, path: "/nicoburns/blessed-rs/main/data/crates.json", query: None, fragment: None }, source: Error { kind: Connect, source: Some(ConnectError("dns error", Custom { kind: Uncategorized, error: "failed to lookup address information: Temporary failure in name resolution" })) } }
[INFO] [stdout] stack backtrace:
[INFO] [stdout]    0:     0x56beabf39481 - <<std[617be2ca0a6fd877]::sys::backtrace::BacktraceLock>::print::DisplayBacktrace as core[a373ad73a504971]::fmt::Display>::fmt
[INFO] [stdout]    1:     0x56beabf5048a - core[a373ad73a504971]::fmt::write
[INFO] [stdout]    2:     0x56beabf3dccc - <alloc[2e1b2a31b91974c5]::vec::Vec<u8> as core[a373ad73a504971]::io::write::Write>::write_fmt
[INFO] [stdout]    3:     0x56beabf144e6 - std[617be2ca0a6fd877]::panicking::default_hook::{closure#0}
[INFO] [stdout]    4:     0x56beabf31389 - std[617be2ca0a6fd877]::panicking::default_hook
[INFO] [stdout]    5:     0x56beabea6160 - test[aada8e7e76ba119b]::test_main_inner::{closure#0}
[INFO] [stdout]    6:     0x56beabf316b2 - std[617be2ca0a6fd877]::panicking::panic_with_hook
[INFO] [stdout]    7:     0x56beabf14592 - std[617be2ca0a6fd877]::panicking::panic_handler::{closure#0}
[INFO] [stdout]    8:     0x56beabf0cf89 - std[617be2ca0a6fd877]::sys::backtrace::__rust_end_short_backtrace::<std[617be2ca0a6fd877]::panicking::panic_handler::{closure#0}, !>
[INFO] [stdout]    9:     0x56beabf1542d - __rustc[ea4f61d10b84890b]::rust_begin_unwind
[INFO] [stdout]   10:     0x56beabf50bec - core[a373ad73a504971]::panicking::panic_fmt
[INFO] [stdout]   11:     0x56beabf509c2 - core[a373ad73a504971]::result::unwrap_failed
[INFO] [stdout]   12:     0x56beabd6c238 - get_blessed[a898ad7f3bb6b3f2]::content_parser::test::setup_json_content_parser::{closure#0}
[INFO] [stdout]   13:     0x56beabd6cefe - get_blessed[a898ad7f3bb6b3f2]::content_parser::test::databases_has_expected_data::{closure#0}
[INFO] [stdout]   14:     0x56beabd72df3 - <tokio[ab2565eb710fc4f1]::runtime::scheduler::current_thread::Context>::enter::<core[a373ad73a504971]::task::poll::Poll<()>, <tokio[ab2565eb710fc4f1]::runtime::scheduler::current_thread::CoreGuard>::block_on<core[a373ad73a504971]::pin::Pin<&mut core[a373ad73a504971]::pin::Pin<&mut dyn core[a373ad73a504971]::future::future::Future<Output = ()>>>>::{closure#0}::{closure#0}>
[INFO] [stdout]   15:     0x56beabd6f982 - <tokio[ab2565eb710fc4f1]::runtime::context::scoped::Scoped<tokio[ab2565eb710fc4f1]::runtime::scheduler::Context>>::set::<<tokio[ab2565eb710fc4f1]::runtime::scheduler::current_thread::CoreGuard>::enter<<tokio[ab2565eb710fc4f1]::runtime::scheduler::current_thread::CoreGuard>::block_on<core[a373ad73a504971]::pin::Pin<&mut core[a373ad73a504971]::pin::Pin<&mut dyn core[a373ad73a504971]::future::future::Future<Output = ()>>>>::{closure#0}, core[a373ad73a504971]::option::Option<()>>::{closure#0}, (alloc[2e1b2a31b91974c5]::boxed::Box<tokio[ab2565eb710fc4f1]::runtime::scheduler::current_thread::Core>, core[a373ad73a504971]::option::Option<()>)>
[INFO] [stdout]   16:     0x56beabd72837 - <tokio[ab2565eb710fc4f1]::runtime::runtime::Runtime>::block_on::<core[a373ad73a504971]::pin::Pin<&mut dyn core[a373ad73a504971]::future::future::Future<Output = ()>>>
[INFO] [stdout]   17:     0x56beabd6e45e - <get_blessed[a898ad7f3bb6b3f2]::content_parser::test::databases_has_expected_data::{closure#0} as core[a373ad73a504971]::ops::function::FnOnce<()>>::call_once
[INFO] [stdout]   18:     0x56beabe995ab - test[aada8e7e76ba119b]::__rust_begin_short_backtrace::<core[a373ad73a504971]::result::Result<(), alloc[2e1b2a31b91974c5]::string::String>, fn() -> core[a373ad73a504971]::result::Result<(), alloc[2e1b2a31b91974c5]::string::String>>
[INFO] [stdout]   19:     0x56beabea6785 - test[aada8e7e76ba119b]::run_test::{closure#0}
[INFO] [stdout]   20:     0x56beabea0074 - std[617be2ca0a6fd877]::sys::backtrace::__rust_begin_short_backtrace::<test[aada8e7e76ba119b]::run_test::{closure#1}, ()>
[INFO] [stdout]   21:     0x56beabea9812 - <std[617be2ca0a6fd877]::thread::lifecycle::spawn_unchecked<test[aada8e7e76ba119b]::run_test::{closure#1}, ()>::{closure#1} as core[a373ad73a504971]::ops::function::FnOnce<()>>::call_once::{shim:vtable#0}
[INFO] [stdout]   22:     0x56beabf3892f - <std[617be2ca0a6fd877]::sys::thread::unix::Thread>::new::thread_start
[INFO] [stdout]   23:     0x719fc6a5cdfa - <unknown>
[INFO] [stdout]   24:     0x719fc6af03d4 - clone
[INFO] [stdout]   25:                0x0 - <unknown>
[INFO] [stdout] 
[INFO] [stdout] ---- content_parser::test::math_section_has_expected_data stdout ----
[INFO] [stdout] 
[INFO] [stdout] thread 'content_parser::test::math_section_has_expected_data' (2412) panicked at src/content_parser/jsoncontentparser.rs:25:48:
[INFO] [stdout] called `Result::unwrap()` on an `Err` value: reqwest::Error { kind: Request, url: Url { scheme: "https", cannot_be_a_base: false, username: "", password: None, host: Some(Domain("raw.githubusercontent.com")), port: None, path: "/nicoburns/blessed-rs/main/data/crates.json", query: None, fragment: None }, source: Error { kind: Connect, source: Some(ConnectError("dns error", Custom { kind: Uncategorized, error: "failed to lookup address information: Temporary failure in name resolution" })) } }
[INFO] [stdout] stack backtrace:
[INFO] [stdout]    0:     0x56beabf39481 - <<std[617be2ca0a6fd877]::sys::backtrace::BacktraceLock>::print::DisplayBacktrace as core[a373ad73a504971]::fmt::Display>::fmt
[INFO] [stdout]    1:     0x56beabf5048a - core[a373ad73a504971]::fmt::write
[INFO] [stdout]    2:     0x56beabf3dccc - <alloc[2e1b2a31b91974c5]::vec::Vec<u8> as core[a373ad73a504971]::io::write::Write>::write_fmt
[INFO] [stdout]    3:     0x56beabf144e6 - std[617be2ca0a6fd877]::panicking::default_hook::{closure#0}
[INFO] [stdout]    4:     0x56beabf31389 - std[617be2ca0a6fd877]::panicking::default_hook
[INFO] [stdout]    5:     0x56beabea6160 - test[aada8e7e76ba119b]::test_main_inner::{closure#0}
[INFO] [stdout]    6:     0x56beabf316b2 - std[617be2ca0a6fd877]::panicking::panic_with_hook
[INFO] [stdout]    7:     0x56beabf14592 - std[617be2ca0a6fd877]::panicking::panic_handler::{closure#0}
[INFO] [stdout]    8:     0x56beabf0cf89 - std[617be2ca0a6fd877]::sys::backtrace::__rust_end_short_backtrace::<std[617be2ca0a6fd877]::panicking::panic_handler::{closure#0}, !>
[INFO] [stdout]    9:     0x56beabf1542d - __rustc[ea4f61d10b84890b]::rust_begin_unwind
[INFO] [stdout]   10:     0x56beabf50bec - core[a373ad73a504971]::panicking::panic_fmt
[INFO] [stdout]   11:     0x56beabf509c2 - core[a373ad73a504971]::result::unwrap_failed
[INFO] [stdout]   12:     0x56beabd6c238 - get_blessed[a898ad7f3bb6b3f2]::content_parser::test::setup_json_content_parser::{closure#0}
[INFO] [stdout]   13:     0x56beabd6da4e - get_blessed[a898ad7f3bb6b3f2]::content_parser::test::math_section_has_expected_data::{closure#0}
[INFO] [stdout]   14:     0x56beabd72df3 - <tokio[ab2565eb710fc4f1]::runtime::scheduler::current_thread::Context>::enter::<core[a373ad73a504971]::task::poll::Poll<()>, <tokio[ab2565eb710fc4f1]::runtime::scheduler::current_thread::CoreGuard>::block_on<core[a373ad73a504971]::pin::Pin<&mut core[a373ad73a504971]::pin::Pin<&mut dyn core[a373ad73a504971]::future::future::Future<Output = ()>>>>::{closure#0}::{closure#0}>
[INFO] [stdout]   15:     0x56beabd6f982 - <tokio[ab2565eb710fc4f1]::runtime::context::scoped::Scoped<tokio[ab2565eb710fc4f1]::runtime::scheduler::Context>>::set::<<tokio[ab2565eb710fc4f1]::runtime::scheduler::current_thread::CoreGuard>::enter<<tokio[ab2565eb710fc4f1]::runtime::scheduler::current_thread::CoreGuard>::block_on<core[a373ad73a504971]::pin::Pin<&mut core[a373ad73a504971]::pin::Pin<&mut dyn core[a373ad73a504971]::future::future::Future<Output = ()>>>>::{closure#0}, core[a373ad73a504971]::option::Option<()>>::{closure#0}, (alloc[2e1b2a31b91974c5]::boxed::Box<tokio[ab2565eb710fc4f1]::runtime::scheduler::current_thread::Core>, core[a373ad73a504971]::option::Option<()>)>
[INFO] [stdout]   16:     0x56beabd72837 - <tokio[ab2565eb710fc4f1]::runtime::runtime::Runtime>::block_on::<core[a373ad73a504971]::pin::Pin<&mut dyn core[a373ad73a504971]::future::future::Future<Output = ()>>>
[INFO] [stdout]   17:     0x56beabd6eb8e - <get_blessed[a898ad7f3bb6b3f2]::content_parser::test::math_section_has_expected_data::{closure#0} as core[a373ad73a504971]::ops::function::FnOnce<()>>::call_once
[INFO] [stdout]   18:     0x56beabe995ab - test[aada8e7e76ba119b]::__rust_begin_short_backtrace::<core[a373ad73a504971]::result::Result<(), alloc[2e1b2a31b91974c5]::string::String>, fn() -> core[a373ad73a504971]::result::Result<(), alloc[2e1b2a31b91974c5]::string::String>>
[INFO] [stdout]   19:     0x56beabea6785 - test[aada8e7e76ba119b]::run_test::{closure#0}
[INFO] [stdout]   20:     0x56beabea0074 - std[617be2ca0a6fd877]::sys::backtrace::__rust_begin_short_backtrace::<test[aada8e7e76ba119b]::run_test::{closure#1}, ()>
[INFO] [stdout]   21:     0x56beabea9812 - <std[617be2ca0a6fd877]::thread::lifecycle::spawn_unchecked<test[aada8e7e76ba119b]::run_test::{closure#1}, ()>::{closure#1} as core[a373ad73a504971]::ops::function::FnOnce<()>>::call_once::{shim:vtable#0}
[INFO] [stdout]   22:     0x56beabf3892f - <std[617be2ca0a6fd877]::sys::thread::unix::Thread>::new::thread_start
[INFO] [stdout]   23:     0x719fc6a5cdfa - <unknown>
[INFO] [stdout]   24:     0x719fc6af03d4 - clone
[INFO] [stdout]   25:                0x0 - <unknown>
[INFO] [stdout] 
[INFO] [stdout] ---- content_parser::test::cli_has_expected_data stdout ----
[INFO] [stdout] 
[INFO] [stdout] thread 'content_parser::test::cli_has_expected_data' (2404) panicked at src/content_parser/jsoncontentparser.rs:25:48:
[INFO] [stdout] called `Result::unwrap()` on an `Err` value: reqwest::Error { kind: Request, url: Url { scheme: "https", cannot_be_a_base: false, username: "", password: None, host: Some(Domain("raw.githubusercontent.com")), port: None, path: "/nicoburns/blessed-rs/main/data/crates.json", query: None, fragment: None }, source: Error { kind: Connect, source: Some(ConnectError("dns error", Custom { kind: Uncategorized, error: "failed to lookup address information: Temporary failure in name resolution" })) } }
[INFO] [stdout] stack backtrace:
[INFO] [stdout]    0:     0x56beabf39481 - <<std[617be2ca0a6fd877]::sys::backtrace::BacktraceLock>::print::DisplayBacktrace as core[a373ad73a504971]::fmt::Display>::fmt
[INFO] [stdout]    1:     0x56beabf5048a - core[a373ad73a504971]::fmt::write
[INFO] [stdout]    2:     0x56beabf3dccc - <alloc[2e1b2a31b91974c5]::vec::Vec<u8> as core[a373ad73a504971]::io::write::Write>::write_fmt
[INFO] [stdout]    3:     0x56beabf144e6 - std[617be2ca0a6fd877]::panicking::default_hook::{closure#0}
[INFO] [stdout]    4:     0x56beabf31389 - std[617be2ca0a6fd877]::panicking::default_hook
[INFO] [stdout]    5:     0x56beabea6160 - test[aada8e7e76ba119b]::test_main_inner::{closure#0}
[INFO] [stdout]    6:     0x56beabf316b2 - std[617be2ca0a6fd877]::panicking::panic_with_hook
[INFO] [stdout]    7:     0x56beabf14592 - std[617be2ca0a6fd877]::panicking::panic_handler::{closure#0}
[INFO] [stdout]    8:     0x56beabf0cf89 - std[617be2ca0a6fd877]::sys::backtrace::__rust_end_short_backtrace::<std[617be2ca0a6fd877]::panicking::panic_handler::{closure#0}, !>
[INFO] [stdout]    9:     0x56beabf1542d - __rustc[ea4f61d10b84890b]::rust_begin_unwind
[INFO] [stdout]   10:     0x56beabf50bec - core[a373ad73a504971]::panicking::panic_fmt
[INFO] [stdout]   11:     0x56beabf509c2 - core[a373ad73a504971]::result::unwrap_failed
[INFO] [stdout]   12:     0x56beabd6c238 - get_blessed[a898ad7f3bb6b3f2]::content_parser::test::setup_json_content_parser::{closure#0}
[INFO] [stdout]   13:     0x56beabd6ca7e - get_blessed[a898ad7f3bb6b3f2]::content_parser::test::cli_has_expected_data::{closure#0}
[INFO] [stdout]   14:     0x56beabd72df3 - <tokio[ab2565eb710fc4f1]::runtime::scheduler::current_thread::Context>::enter::<core[a373ad73a504971]::task::poll::Poll<()>, <tokio[ab2565eb710fc4f1]::runtime::scheduler::current_thread::CoreGuard>::block_on<core[a373ad73a504971]::pin::Pin<&mut core[a373ad73a504971]::pin::Pin<&mut dyn core[a373ad73a504971]::future::future::Future<Output = ()>>>>::{closure#0}::{closure#0}>
[INFO] [stdout]   15:     0x56beabd6f982 - <tokio[ab2565eb710fc4f1]::runtime::context::scoped::Scoped<tokio[ab2565eb710fc4f1]::runtime::scheduler::Context>>::set::<<tokio[ab2565eb710fc4f1]::runtime::scheduler::current_thread::CoreGuard>::enter<<tokio[ab2565eb710fc4f1]::runtime::scheduler::current_thread::CoreGuard>::block_on<core[a373ad73a504971]::pin::Pin<&mut core[a373ad73a504971]::pin::Pin<&mut dyn core[a373ad73a504971]::future::future::Future<Output = ()>>>>::{closure#0}, core[a373ad73a504971]::option::Option<()>>::{closure#0}, (alloc[2e1b2a31b91974c5]::boxed::Box<tokio[ab2565eb710fc4f1]::runtime::scheduler::current_thread::Core>, core[a373ad73a504971]::option::Option<()>)>
[INFO] [stdout]   16:     0x56beabd72837 - <tokio[ab2565eb710fc4f1]::runtime::runtime::Runtime>::block_on::<core[a373ad73a504971]::pin::Pin<&mut dyn core[a373ad73a504971]::future::future::Future<Output = ()>>>
[INFO] [stdout]   17:     0x56beabd6e17e - <get_blessed[a898ad7f3bb6b3f2]::content_parser::test::cli_has_expected_data::{closure#0} as core[a373ad73a504971]::ops::function::FnOnce<()>>::call_once
[INFO] [stdout]   18:     0x56beabe995ab - test[aada8e7e76ba119b]::__rust_begin_short_backtrace::<core[a373ad73a504971]::result::Result<(), alloc[2e1b2a31b91974c5]::string::String>, fn() -> core[a373ad73a504971]::result::Result<(), alloc[2e1b2a31b91974c5]::string::String>>
[INFO] [stdout]   19:     0x56beabea6785 - test[aada8e7e76ba119b]::run_test::{closure#0}
[INFO] [stdout]   20:     0x56beabea0074 - std[617be2ca0a6fd877]::sys::backtrace::__rust_begin_short_backtrace::<test[aada8e7e76ba119b]::run_test::{closure#1}, ()>
[INFO] [stdout]   21:     0x56beabea9812 - <std[617be2ca0a6fd877]::thread::lifecycle::spawn_unchecked<test[aada8e7e76ba119b]::run_test::{closure#1}, ()>::{closure#1} as core[a373ad73a504971]::ops::function::FnOnce<()>>::call_once::{shim:vtable#0}
[INFO] [stdout]   22:     0x56beabf3892f - <std[617be2ca0a6fd877]::sys::thread::unix::Thread>::new::thread_start
[INFO] [stdout]   23:     0x719fc6a5cdfa - <unknown>
[INFO] [stdout]   24:     0x719fc6af03d4 - clone
[INFO] [stdout]   25:                0x0 - <unknown>
[INFO] [stdout] 
[INFO] [stdout] ---- content_parser::test::networking_has_expected_data stdout ----
[INFO] [stdout] 
[INFO] [stdout] thread 'content_parser::test::networking_has_expected_data' (2413) panicked at src/content_parser/jsoncontentparser.rs:25:48:
[INFO] [stdout] called `Result::unwrap()` on an `Err` value: reqwest::Error { kind: Request, url: Url { scheme: "https", cannot_be_a_base: false, username: "", password: None, host: Some(Domain("raw.githubusercontent.com")), port: None, path: "/nicoburns/blessed-rs/main/data/crates.json", query: None, fragment: None }, source: Error { kind: Connect, source: Some(ConnectError("dns error", Custom { kind: Uncategorized, error: "failed to lookup address information: Temporary failure in name resolution" })) } }
[INFO] [stdout] stack backtrace:
[INFO] [stdout]    0:     0x56beabf39481 - <<std[617be2ca0a6fd877]::sys::backtrace::BacktraceLock>::print::DisplayBacktrace as core[a373ad73a504971]::fmt::Display>::fmt
[INFO] [stdout]    1:     0x56beabf5048a - core[a373ad73a504971]::fmt::write
[INFO] [stdout]    2:     0x56beabf3dccc - <alloc[2e1b2a31b91974c5]::vec::Vec<u8> as core[a373ad73a504971]::io::write::Write>::write_fmt
[INFO] [stdout]    3:     0x56beabf144e6 - std[617be2ca0a6fd877]::panicking::default_hook::{closure#0}
[INFO] [stdout]    4:     0x56beabf31389 - std[617be2ca0a6fd877]::panicking::default_hook
[INFO] [stdout]    5:     0x56beabea6160 - test[aada8e7e76ba119b]::test_main_inner::{closure#0}
[INFO] [stdout]    6:     0x56beabf316b2 - std[617be2ca0a6fd877]::panicking::panic_with_hook
[INFO] [stdout]    7:     0x56beabf14592 - std[617be2ca0a6fd877]::panicking::panic_handler::{closure#0}
[INFO] [stdout]    8:     0x56beabf0cf89 - std[617be2ca0a6fd877]::sys::backtrace::__rust_end_short_backtrace::<std[617be2ca0a6fd877]::panicking::panic_handler::{closure#0}, !>
[INFO] [stdout]    9:     0x56beabf1542d - __rustc[ea4f61d10b84890b]::rust_begin_unwind
[INFO] [stdout]   10:     0x56beabf50bec - core[a373ad73a504971]::panicking::panic_fmt
[INFO] [stdout]   11:     0x56beabf509c2 - core[a373ad73a504971]::result::unwrap_failed
[INFO] [stdout]   12:     0x56beabd6c238 - get_blessed[a898ad7f3bb6b3f2]::content_parser::test::setup_json_content_parser::{closure#0}
[INFO] [stdout]   13:     0x56beabd6d13e - get_blessed[a898ad7f3bb6b3f2]::content_parser::test::networking_has_expected_data::{closure#0}
[INFO] [stdout]   14:     0x56beabd72df3 - <tokio[ab2565eb710fc4f1]::runtime::scheduler::current_thread::Context>::enter::<core[a373ad73a504971]::task::poll::Poll<()>, <tokio[ab2565eb710fc4f1]::runtime::scheduler::current_thread::CoreGuard>::block_on<core[a373ad73a504971]::pin::Pin<&mut core[a373ad73a504971]::pin::Pin<&mut dyn core[a373ad73a504971]::future::future::Future<Output = ()>>>>::{closure#0}::{closure#0}>
[INFO] [stdout]   15:     0x56beabd6f982 - <tokio[ab2565eb710fc4f1]::runtime::context::scoped::Scoped<tokio[ab2565eb710fc4f1]::runtime::scheduler::Context>>::set::<<tokio[ab2565eb710fc4f1]::runtime::scheduler::current_thread::CoreGuard>::enter<<tokio[ab2565eb710fc4f1]::runtime::scheduler::current_thread::CoreGuard>::block_on<core[a373ad73a504971]::pin::Pin<&mut core[a373ad73a504971]::pin::Pin<&mut dyn core[a373ad73a504971]::future::future::Future<Output = ()>>>>::{closure#0}, core[a373ad73a504971]::option::Option<()>>::{closure#0}, (alloc[2e1b2a31b91974c5]::boxed::Box<tokio[ab2565eb710fc4f1]::runtime::scheduler::current_thread::Core>, core[a373ad73a504971]::option::Option<()>)>
[INFO] [stdout]   16:     0x56beabd72837 - <tokio[ab2565eb710fc4f1]::runtime::runtime::Runtime>::block_on::<core[a373ad73a504971]::pin::Pin<&mut dyn core[a373ad73a504971]::future::future::Future<Output = ()>>>
[INFO] [stdout]   17:     0x56beabd6e5ce - <get_blessed[a898ad7f3bb6b3f2]::content_parser::test::networking_has_expected_data::{closure#0} as core[a373ad73a504971]::ops::function::FnOnce<()>>::call_once
[INFO] [stdout]   18:     0x56beabe995ab - test[aada8e7e76ba119b]::__rust_begin_short_backtrace::<core[a373ad73a504971]::result::Result<(), alloc[2e1b2a31b91974c5]::string::String>, fn() -> core[a373ad73a504971]::result::Result<(), alloc[2e1b2a31b91974c5]::string::String>>
[INFO] [stdout]   19:     0x56beabea6785 - test[aada8e7e76ba119b]::run_test::{closure#0}
[INFO] [stdout]   20:     0x56beabea0074 - std[617be2ca0a6fd877]::sys::backtrace::__rust_begin_short_backtrace::<test[aada8e7e76ba119b]::run_test::{closure#1}, ()>
[INFO] [stdout]   21:     0x56beabea9812 - <std[617be2ca0a6fd877]::thread::lifecycle::spawn_unchecked<test[aada8e7e76ba119b]::run_test::{closure#1}, ()>::{closure#1} as core[a373ad73a504971]::ops::function::FnOnce<()>>::call_once::{shim:vtable#0}
[INFO] [stdout]   22:     0x56beabf3892f - <std[617be2ca0a6fd877]::sys::thread::unix::Thread>::new::thread_start
[INFO] [stdout]   23:     0x719fc6a5cdfa - <unknown>
[INFO] [stdout]   24:     0x719fc6af03d4 - clone
[INFO] [stdout]   25:                0x0 - <unknown>
[INFO] [stdout] 
[INFO] [stdout] ---- content_parser::test::concurrency_has_expected_data stdout ----
[INFO] [stdout] 
[INFO] [stdout] thread 'content_parser::test::concurrency_has_expected_data' (2406) panicked at src/content_parser/jsoncontentparser.rs:25:48:
[INFO] [stdout] called `Result::unwrap()` on an `Err` value: reqwest::Error { kind: Request, url: Url { scheme: "https", cannot_be_a_base: false, username: "", password: None, host: Some(Domain("raw.githubusercontent.com")), port: None, path: "/nicoburns/blessed-rs/main/data/crates.json", query: None, fragment: None }, source: Error { kind: Connect, source: Some(ConnectError("dns error", Custom { kind: Uncategorized, error: "failed to lookup address information: Temporary failure in name resolution" })) } }
[INFO] [stdout] stack backtrace:
[INFO] [stdout]    0:     0x56beabf39481 - <<std[617be2ca0a6fd877]::sys::backtrace::BacktraceLock>::print::DisplayBacktrace as core[a373ad73a504971]::fmt::Display>::fmt
[INFO] [stdout]    1:     0x56beabf5048a - core[a373ad73a504971]::fmt::write
[INFO] [stdout]    2:     0x56beabf3dccc - <alloc[2e1b2a31b91974c5]::vec::Vec<u8> as core[a373ad73a504971]::io::write::Write>::write_fmt
[INFO] [stdout]    3:     0x56beabf144e6 - std[617be2ca0a6fd877]::panicking::default_hook::{closure#0}
[INFO] [stdout]    4:     0x56beabf31389 - std[617be2ca0a6fd877]::panicking::default_hook
[INFO] [stdout]    5:     0x56beabea6160 - test[aada8e7e76ba119b]::test_main_inner::{closure#0}
[INFO] [stdout]    6:     0x56beabf316b2 - std[617be2ca0a6fd877]::panicking::panic_with_hook
[INFO] [stdout]    7:     0x56beabf14592 - std[617be2ca0a6fd877]::panicking::panic_handler::{closure#0}
[INFO] [stdout]    8:     0x56beabf0cf89 - std[617be2ca0a6fd877]::sys::backtrace::__rust_end_short_backtrace::<std[617be2ca0a6fd877]::panicking::panic_handler::{closure#0}, !>
[INFO] [stdout]    9:     0x56beabf1542d - __rustc[ea4f61d10b84890b]::rust_begin_unwind
[INFO] [stdout]   10:     0x56beabf50bec - core[a373ad73a504971]::panicking::panic_fmt
[INFO] [stdout]   11:     0x56beabf509c2 - core[a373ad73a504971]::result::unwrap_failed
[INFO] [stdout]   12:     0x56beabd6c238 - get_blessed[a898ad7f3bb6b3f2]::content_parser::test::setup_json_content_parser::{closure#0}
[INFO] [stdout]   13:     0x56beabd6d37e - get_blessed[a898ad7f3bb6b3f2]::content_parser::test::concurrency_has_expected_data::{closure#0}
[INFO] [stdout]   14:     0x56beabd72df3 - <tokio[ab2565eb710fc4f1]::runtime::scheduler::current_thread::Context>::enter::<core[a373ad73a504971]::task::poll::Poll<()>, <tokio[ab2565eb710fc4f1]::runtime::scheduler::current_thread::CoreGuard>::block_on<core[a373ad73a504971]::pin::Pin<&mut core[a373ad73a504971]::pin::Pin<&mut dyn core[a373ad73a504971]::future::future::Future<Output = ()>>>>::{closure#0}::{closure#0}>
[INFO] [stdout]   15:     0x56beabd6f982 - <tokio[ab2565eb710fc4f1]::runtime::context::scoped::Scoped<tokio[ab2565eb710fc4f1]::runtime::scheduler::Context>>::set::<<tokio[ab2565eb710fc4f1]::runtime::scheduler::current_thread::CoreGuard>::enter<<tokio[ab2565eb710fc4f1]::runtime::scheduler::current_thread::CoreGuard>::block_on<core[a373ad73a504971]::pin::Pin<&mut core[a373ad73a504971]::pin::Pin<&mut dyn core[a373ad73a504971]::future::future::Future<Output = ()>>>>::{closure#0}, core[a373ad73a504971]::option::Option<()>>::{closure#0}, (alloc[2e1b2a31b91974c5]::boxed::Box<tokio[ab2565eb710fc4f1]::runtime::scheduler::current_thread::Core>, core[a373ad73a504971]::option::Option<()>)>
[INFO] [stdout]   16:     0x56beabd72837 - <tokio[ab2565eb710fc4f1]::runtime::runtime::Runtime>::block_on::<core[a373ad73a504971]::pin::Pin<&mut dyn core[a373ad73a504971]::future::future::Future<Output = ()>>>
[INFO] [stdout]   17:     0x56beabd6e73e - <get_blessed[a898ad7f3bb6b3f2]::content_parser::test::concurrency_has_expected_data::{closure#0} as core[a373ad73a504971]::ops::function::FnOnce<()>>::call_once
[INFO] [stdout]   18:     0x56beabe995ab - test[aada8e7e76ba119b]::__rust_begin_short_backtrace::<core[a373ad73a504971]::result::Result<(), alloc[2e1b2a31b91974c5]::string::String>, fn() -> core[a373ad73a504971]::result::Result<(), alloc[2e1b2a31b91974c5]::string::String>>
[INFO] [stdout]   19:     0x56beabea6785 - test[aada8e7e76ba119b]::run_test::{closure#0}
[INFO] [stdout]   20:     0x56beabea0074 - std[617be2ca0a6fd877]::sys::backtrace::__rust_begin_short_backtrace::<test[aada8e7e76ba119b]::run_test::{closure#1}, ()>
[INFO] [stdout]   21:     0x56beabea9812 - <std[617be2ca0a6fd877]::thread::lifecycle::spawn_unchecked<test[aada8e7e76ba119b]::run_test::{closure#1}, ()>::{closure#1} as core[a373ad73a504971]::ops::function::FnOnce<()>>::call_once::{shim:vtable#0}
[INFO] [stdout]   22:     0x56beabf3892f - <std[617be2ca0a6fd877]::sys::thread::unix::Thread>::new::thread_start
[INFO] [stdout]   23:     0x719fc6a5cdfa - <unknown>
[INFO] [stdout]   24:     0x719fc6af03d4 - clone
[INFO] [stdout]   25:                0x0 - <unknown>
[INFO] [stdout] 
[INFO] [stdout] ---- content_parser::test::cryptography_has_expected_data stdout ----
[INFO] [stdout] 
[INFO] [stdout] thread 'content_parser::test::cryptography_has_expected_data' (2407) panicked at src/content_parser/jsoncontentparser.rs:25:48:
[INFO] [stdout] called `Result::unwrap()` on an `Err` value: reqwest::Error { kind: Request, url: Url { scheme: "https", cannot_be_a_base: false, username: "", password: None, host: Some(Domain("raw.githubusercontent.com")), port: None, path: "/nicoburns/blessed-rs/main/data/crates.json", query: None, fragment: None }, source: Error { kind: Connect, source: Some(ConnectError("dns error", Custom { kind: Uncategorized, error: "failed to lookup address information: Temporary failure in name resolution" })) } }
[INFO] [stdout] stack backtrace:
[INFO] [stdout]    0:     0x56beabf39481 - <<std[617be2ca0a6fd877]::sys::backtrace::BacktraceLock>::print::DisplayBacktrace as core[a373ad73a504971]::fmt::Display>::fmt
[INFO] [stdout]    1:     0x56beabf5048a - core[a373ad73a504971]::fmt::write
[INFO] [stdout]    2:     0x56beabf3dccc - <alloc[2e1b2a31b91974c5]::vec::Vec<u8> as core[a373ad73a504971]::io::write::Write>::write_fmt
[INFO] [stdout]    3:     0x56beabf144e6 - std[617be2ca0a6fd877]::panicking::default_hook::{closure#0}
[INFO] [stdout]    4:     0x56beabf31389 - std[617be2ca0a6fd877]::panicking::default_hook
[INFO] [stdout]    5:     0x56beabea6160 - test[aada8e7e76ba119b]::test_main_inner::{closure#0}
[INFO] [stdout]    6:     0x56beabf316b2 - std[617be2ca0a6fd877]::panicking::panic_with_hook
[INFO] [stdout]    7:     0x56beabf14592 - std[617be2ca0a6fd877]::panicking::panic_handler::{closure#0}
[INFO] [stdout]    8:     0x56beabf0cf89 - std[617be2ca0a6fd877]::sys::backtrace::__rust_end_short_backtrace::<std[617be2ca0a6fd877]::panicking::panic_handler::{closure#0}, !>
[INFO] [stdout]    9:     0x56beabf1542d - __rustc[ea4f61d10b84890b]::rust_begin_unwind
[INFO] [stdout]   10:     0x56beabf50bec - core[a373ad73a504971]::panicking::panic_fmt
[INFO] [stdout]   11:     0x56beabf509c2 - core[a373ad73a504971]::result::unwrap_failed
[INFO] [stdout]   12:     0x56beabd6c238 - get_blessed[a898ad7f3bb6b3f2]::content_parser::test::setup_json_content_parser::{closure#0}
[INFO] [stdout]   13:     0x56beabd6d80e - get_blessed[a898ad7f3bb6b3f2]::content_parser::test::cryptography_has_expected_data::{closure#0}
[INFO] [stdout]   14:     0x56beabd72df3 - <tokio[ab2565eb710fc4f1]::runtime::scheduler::current_thread::Context>::enter::<core[a373ad73a504971]::task::poll::Poll<()>, <tokio[ab2565eb710fc4f1]::runtime::scheduler::current_thread::CoreGuard>::block_on<core[a373ad73a504971]::pin::Pin<&mut core[a373ad73a504971]::pin::Pin<&mut dyn core[a373ad73a504971]::future::future::Future<Output = ()>>>>::{closure#0}::{closure#0}>
[INFO] [stdout]   15:     0x56beabd6f982 - <tokio[ab2565eb710fc4f1]::runtime::context::scoped::Scoped<tokio[ab2565eb710fc4f1]::runtime::scheduler::Context>>::set::<<tokio[ab2565eb710fc4f1]::runtime::scheduler::current_thread::CoreGuard>::enter<<tokio[ab2565eb710fc4f1]::runtime::scheduler::current_thread::CoreGuard>::block_on<core[a373ad73a504971]::pin::Pin<&mut core[a373ad73a504971]::pin::Pin<&mut dyn core[a373ad73a504971]::future::future::Future<Output = ()>>>>::{closure#0}, core[a373ad73a504971]::option::Option<()>>::{closure#0}, (alloc[2e1b2a31b91974c5]::boxed::Box<tokio[ab2565eb710fc4f1]::runtime::scheduler::current_thread::Core>, core[a373ad73a504971]::option::Option<()>)>
[INFO] [stdout]   16:     0x56beabd72837 - <tokio[ab2565eb710fc4f1]::runtime::runtime::Runtime>::block_on::<core[a373ad73a504971]::pin::Pin<&mut dyn core[a373ad73a504971]::future::future::Future<Output = ()>>>
[INFO] [stdout]   17:     0x56beabd6ea1e - <get_blessed[a898ad7f3bb6b3f2]::content_parser::test::cryptography_has_expected_data::{closure#0} as core[a373ad73a504971]::ops::function::FnOnce<()>>::call_once
[INFO] [stdout]   18:     0x56beabe995ab - test[aada8e7e76ba119b]::__rust_begin_short_backtrace::<core[a373ad73a504971]::result::Result<(), alloc[2e1b2a31b91974c5]::string::String>, fn() -> core[a373ad73a504971]::result::Result<(), alloc[2e1b2a31b91974c5]::string::String>>
[INFO] [stdout]   19:     0x56beabea6785 - test[aada8e7e76ba119b]::run_test::{closure#0}
[INFO] [stdout]   20:     0x56beabea0074 - std[617be2ca0a6fd877]::sys::backtrace::__rust_begin_short_backtrace::<test[aada8e7e76ba119b]::run_test::{closure#1}, ()>
[INFO] [stdout]   21:     0x56beabea9812 - <std[617be2ca0a6fd877]::thread::lifecycle::spawn_unchecked<test[aada8e7e76ba119b]::run_test::{closure#1}, ()>::{closure#1} as core[a373ad73a504971]::ops::function::FnOnce<()>>::call_once::{shim:vtable#0}
[INFO] [stdout]   22:     0x56beabf3892f - <std[617be2ca0a6fd877]::sys::thread::unix::Thread>::new::thread_start
[INFO] [stdout]   23:     0x719fc6a5cdfa - <unknown>
[INFO] [stdout]   24:     0x719fc6af03d4 - clone
[INFO] [stdout]   25:                0x0 - <unknown>
[INFO] [stdout] 
[INFO] [stdout] 
[INFO] [stdout] failures:
[INFO] [stdout]     content_parser::test::cli_has_expected_data
[INFO] [stdout]     content_parser::test::common_crates_has_expected_data
[INFO] [stdout]     content_parser::test::concurrency_has_expected_data
[INFO] [stdout]     content_parser::test::cryptography_has_expected_data
[INFO] [stdout]     content_parser::test::databases_has_expected_data
[INFO] [stdout]     content_parser::test::ffi_section_has_expected_data
[INFO] [stdout]     content_parser::test::general_crates_has_expected_data
[INFO] [stdout]     content_parser::test::graphics_has_expected_data
[INFO] [stdout]     content_parser::test::math_section_has_expected_data
[INFO] [stdout]     content_parser::test::networking_has_expected_data
[INFO] [stdout] 
[INFO] [stdout] test result: FAILED. 0 passed; 10 failed; 0 ignored; 0 measured; 0 filtered out; finished in 0.09s
[INFO] [stdout] 
[INFO] [stderr] error: test failed, to rerun pass `--bin get-blessed`
[INFO] running `Command { std: "docker" "inspect" "a4feb0b64659c41f1629cf7616a1d0122083d26bfaabf8d3ba0cb02e093f2260", kill_on_drop: false }`
[INFO] running `Command { std: "docker" "rm" "-f" "a4feb0b64659c41f1629cf7616a1d0122083d26bfaabf8d3ba0cb02e093f2260", kill_on_drop: false }`
[INFO] [stdout] a4feb0b64659c41f1629cf7616a1d0122083d26bfaabf8d3ba0cb02e093f2260
