[INFO] fetching crate gert 0.2.6...
[INFO] testing gert-0.2.6 against 1.99.0-beta.8+cargoflags=--release for beta-release-1.100-2
[INFO] extracting crate gert 0.2.6 into /workspace/builds/worker-3-tc1/source
[INFO] removed /workspace/builds/worker-3-tc1/source/.cargo/config
[INFO] started tweaking crates.io crate gert 0.2.6
[INFO] finished tweaking crates.io crate gert 0.2.6
[INFO] tweaked toml for crates.io crate gert 0.2.6 written to /workspace/builds/worker-3-tc1/source/Cargo.toml
[INFO] validating manifest of crates.io crate gert 0.2.6 on toolchain 1.99.0-beta.8
[INFO] running `Command { std: CARGO_HOME="/workspace/cargo-home" RUSTUP_HOME="/workspace/rustup-home" "/workspace/cargo-home/bin/cargo" "+1.99.0-beta.8" "metadata" "--manifest-path" "Cargo.toml" "--no-deps", kill_on_drop: false }`
[INFO] crate crates.io crate gert 0.2.6 already has a lockfile, it will not be regenerated
[INFO] running `Command { std: CARGO_HOME="/workspace/cargo-home" RUSTUP_HOME="/workspace/rustup-home" "/workspace/cargo-home/bin/cargo" "+1.99.0-beta.8" "fetch" "--manifest-path" "Cargo.toml", kill_on_drop: false }`
[INFO] [stderr]     Updating crates.io index
[INFO] [stderr]  Downloading crates ...
[INFO] [stderr]   Downloaded zip v0.6.3
[INFO] [stderr]   Downloaded cc v1.0.74
[INFO] [stderr]   Downloaded parking_lot_core v0.9.4
[INFO] [stderr]   Downloaded futures-sink v0.3.25
[INFO] [stderr]   Downloaded openssl-macros v0.1.0
[INFO] [stderr]   Downloaded time-core v0.1.0
[INFO] [stderr]   Downloaded cipher v0.3.0
[INFO] [stderr]   Downloaded http-body v0.4.5
[INFO] [stderr]   Downloaded base64ct v1.5.3
[INFO] [stderr]   Downloaded signal-hook-registry v1.4.0
[INFO] [stderr]   Downloaded pin-project-lite v0.2.9
[INFO] [stderr]   Downloaded winreg v0.10.1
[INFO] [stderr]   Downloaded sha1 v0.10.5
[INFO] [stderr]   Downloaded tower-service v0.3.2
[INFO] [stderr]   Downloaded subtle v2.4.1
[INFO] [stderr]   Downloaded which v4.3.0
[INFO] [stderr]   Downloaded tokio-macros v1.8.0
[INFO] [stderr]   Downloaded futures-macro v0.3.25
[INFO] [stderr]   Downloaded futures-io v0.3.25
[INFO] [stderr]   Downloaded dotenvs v0.1.0
[INFO] [stderr]   Downloaded predicates-tree v1.0.9
[INFO] [stderr]   Downloaded predicates-core v1.0.6
[INFO] [stderr]   Downloaded digest v0.10.5
[INFO] [stderr]   Downloaded parking_lot v0.12.1
[INFO] [stderr]   Downloaded lock_api v0.4.9
[INFO] [stderr]   Downloaded futures-core v0.3.25
[INFO] [stderr]   Downloaded slab v0.4.7
[INFO] [stderr]   Downloaded futures-task v0.3.25
[INFO] [stderr]   Downloaded cookie_store v0.16.1
[INFO] [stderr]   Downloaded futures-executor v0.3.25
[INFO] [stderr]   Downloaded assert_cmd v2.0.12
[INFO] [stderr]   Downloaded termtree v0.4.1
[INFO] [stderr]   Downloaded predicates v3.0.4
[INFO] [stderr]   Downloaded anstyle v1.0.4
[INFO] [stderr]   Downloaded time-macros v0.2.5
[INFO] [stderr]   Downloaded typenum v1.15.0
[INFO] [stderr]   Downloaded smallvec v1.10.0
[INFO] [stderr]   Downloaded wasm-bindgen-futures v0.4.33
[INFO] [stderr]   Downloaded httparse v1.8.0
[INFO] [stderr]   Downloaded ipnet v2.5.0
[INFO] [stderr]   Downloaded indexmap v1.9.1
[INFO] [stderr]   Downloaded futures-channel v0.3.25
[INFO] [stderr]   Downloaded cookie v0.16.1
[INFO] [stderr]   Downloaded env_logger v0.8.4
[INFO] [stderr]   Downloaded time v0.3.16
[INFO] [stderr]   Downloaded miniz_oxide v0.5.4
[INFO] [stderr]   Downloaded bzip2 v0.4.3
[INFO] [stderr]   Downloaded socket2 v0.4.7
[INFO] [stderr]   Downloaded bytes v1.2.1
[INFO] [stderr]   Downloaded native-tls v0.2.11
[INFO] [stderr]   Downloaded schannel v0.1.20
[INFO] [stderr]   Downloaded openssl-sys v0.9.77
[INFO] [stderr]   Downloaded tracing v0.1.37
[INFO] [stderr]   Downloaded tracing-core v0.1.30
[INFO] [stderr]   Downloaded futures v0.3.25
[INFO] [stderr]   Downloaded serde_derive v1.0.147
[INFO] [stderr]   Downloaded flate2 v1.0.24
[INFO] [stderr]   Downloaded security-framework v2.7.0
[INFO] [stderr]   Downloaded serde v1.0.147
[INFO] [stderr]   Downloaded xml-rs v0.8.19
[INFO] [stderr]   Downloaded memchr v2.6.4
[INFO] [stderr]   Downloaded tokio-util v0.7.4
[INFO] [stderr]   Downloaded mio v0.8.5
[INFO] [stderr]   Downloaded http v0.2.8
[INFO] [stderr]   Downloaded aho-corasick v0.7.19
[INFO] [stderr]   Downloaded aes v0.7.5
[INFO] [stderr]   Downloaded serde_json v1.0.87
[INFO] [stderr]   Downloaded reqwest v0.11.12
[INFO] [stderr]   Downloaded futures-util v0.3.25
[INFO] [stderr]   Downloaded h2 v0.3.15
[INFO] [stderr]   Downloaded hyper v0.14.22
[INFO] [stderr]   Downloaded openssl v0.10.42
[INFO] [stderr]   Downloaded windows_x86_64_gnullvm v0.42.0
[INFO] [stderr]   Downloaded windows_aarch64_gnullvm v0.42.0
[INFO] [stderr]   Downloaded bstr v1.8.0
[INFO] [stderr]   Downloaded libc v0.2.137
[INFO] [stderr]   Downloaded tokio v1.21.2
[INFO] [stderr]   Downloaded regex-automata v0.4.3
[INFO] [stderr]   Downloaded zstd-sys v2.0.1+zstd.1.5.2
[INFO] [stderr]   Downloaded windows_x86_64_msvc v0.36.1
[INFO] [stderr]   Downloaded windows_aarch64_msvc v0.36.1
[INFO] [stderr]   Downloaded bzip2-sys v0.1.11+1.0.8
[INFO] [stderr]   Downloaded windows_x86_64_msvc v0.42.0
[INFO] [stderr]   Downloaded windows_aarch64_msvc v0.42.0
[INFO] [stderr]   Downloaded windows_x86_64_gnu v0.42.0
[INFO] [stderr]   Downloaded windows_i686_gnu v0.42.0
[INFO] [stderr]   Downloaded windows_i686_msvc v0.36.1
[INFO] [stderr]   Downloaded windows_i686_msvc v0.42.0
[INFO] [stderr]   Downloaded windows_x86_64_gnu v0.36.1
[INFO] [stderr]   Downloaded windows_i686_gnu v0.36.1
[INFO] [stderr]   Downloaded encoding_rs v0.8.31
[INFO] [stderr]   Downloaded windows-sys v0.42.0
[INFO] [stderr]   Downloaded windows-sys v0.36.1
[INFO] running `Command { std: "docker" "create" "-v" "/var/lib/crater-agent-workspace/builds/worker-3-tc1/source:/opt/rustwide/workdir:ro,Z" "-v" "/var/lib/crater-agent-workspace/builds/worker-3-tc1/target:/opt/rustwide/target:rw,Z" "-v" "/var/lib/crater-agent-workspace/cargo-home:/opt/rustwide/cargo-home:ro,Z" "-v" "/var/lib/crater-agent-workspace/rustup-home:/opt/rustwide/rustup-home:ro,Z" "-m" "1610612736" "--network" "none" "ghcr.io/rust-lang/crates-build-env/linux@sha256:77db811e55d90add9212f6832c23229e3de5f1c1f9905e8cb07319ea15df73ac" "sleep" "infinity", kill_on_drop: false }`
[INFO] [stdout] 949d77f80140d3238449f6edc79a7c9c53bfa9f5b9c46a43812641183fbae1c0
[INFO] running `Command { std: "docker" "start" "949d77f80140d3238449f6edc79a7c9c53bfa9f5b9c46a43812641183fbae1c0", kill_on_drop: false }`
[INFO] running `Command { std: "docker" "inspect" "949d77f80140d3238449f6edc79a7c9c53bfa9f5b9c46a43812641183fbae1c0", kill_on_drop: false }`
[INFO] running `Command { std: "docker" "exec" "-e" "SOURCE_DIR=/opt/rustwide/workdir" "-e" "CARGO_HOME=/opt/rustwide/cargo-home" "-e" "RUSTUP_HOME=/opt/rustwide/rustup-home" "-e" "CARGO_TARGET_DIR=/opt/rustwide/target" "-w" "/opt/rustwide/workdir" "--user" "0:0" "949d77f80140d3238449f6edc79a7c9c53bfa9f5b9c46a43812641183fbae1c0" "/opt/rustwide/cargo-home/bin/cargo" "+1.99.0-beta.8" "metadata" "--no-deps" "--format-version=1", kill_on_drop: false }`
[INFO] running `Command { std: "docker" "inspect" "949d77f80140d3238449f6edc79a7c9c53bfa9f5b9c46a43812641183fbae1c0", kill_on_drop: false }`
[INFO] running `Command { std: "docker" "exec" "-e" "SOURCE_DIR=/opt/rustwide/workdir" "-e" "CARGO_HOME=/opt/rustwide/cargo-home" "-e" "RUSTUP_HOME=/opt/rustwide/rustup-home" "-e" "CARGO_TARGET_DIR=/opt/rustwide/target" "-e" "CARGO_INCREMENTAL=0" "-e" "RUST_BACKTRACE=full" "-e" "RUSTFLAGS=--cap-lints=warn" "-e" "RUSTDOCFLAGS=--cap-lints=warn" "-w" "/opt/rustwide/workdir" "--user" "0:0" "949d77f80140d3238449f6edc79a7c9c53bfa9f5b9c46a43812641183fbae1c0" "/opt/rustwide/cargo-home/bin/cargo" "+1.99.0-beta.8" "build" "--frozen" "--message-format=json" "--release", kill_on_drop: false }`
[INFO] [stderr]    Compiling libc v0.2.137
[INFO] [stderr]    Compiling proc-macro2 v1.0.47
[INFO] [stderr]    Compiling unicode-ident v1.0.5
[INFO] [stderr]    Compiling quote v1.0.21
[INFO] [stderr]    Compiling syn v1.0.103
[INFO] [stderr]    Compiling memchr v2.6.4
[INFO] [stderr]    Compiling log v0.4.17
[INFO] [stderr]    Compiling typenum v1.15.0
[INFO] [stderr]    Compiling itoa v1.0.4
[INFO] [stderr]    Compiling pin-project-lite v0.2.9
[INFO] [stderr]    Compiling futures-core v0.3.25
[INFO] [stderr]    Compiling lock_api v0.4.9
[INFO] [stderr]    Compiling generic-array v0.14.6
[INFO] [stderr]    Compiling parking_lot_core v0.9.4
[INFO] [stderr]    Compiling slab v0.4.7
[INFO] [stderr]    Compiling bytes v1.2.1
[INFO] [stderr]    Compiling futures-sink v0.3.25
[INFO] [stderr]    Compiling scopeguard v1.1.0
[INFO] [stderr]    Compiling futures-channel v0.3.25
[INFO] [stderr]    Compiling smallvec v1.10.0
[INFO] [stderr]    Compiling futures-task v0.3.25
[INFO] [stderr]    Compiling tokio v1.21.2
[INFO] [stderr]    Compiling futures-util v0.3.25
[INFO] [stderr]    Compiling serde_derive v1.0.147
[INFO] [stderr]    Compiling subtle v2.4.1
[INFO] [stderr]    Compiling futures-io v0.3.25
[INFO] [stderr]    Compiling tracing-core v0.1.30
[INFO] [stderr]    Compiling indexmap v1.9.1
[INFO] [stderr]    Compiling time-core v0.1.0
[INFO] [stderr]    Compiling openssl v0.10.42
[INFO] [stderr]    Compiling serde v1.0.147
[INFO] [stderr]    Compiling http v0.2.8
[INFO] [stderr]    Compiling native-tls v0.2.11
[INFO] [stderr]    Compiling time-macros v0.2.5
[INFO] [stderr]    Compiling cpufeatures v0.2.5
[INFO] [stderr]    Compiling httparse v1.8.0
[INFO] [stderr]    Compiling hashbrown v0.12.3
[INFO] [stderr]    Compiling num_threads v0.1.6
[INFO] [stderr]    Compiling cookie v0.16.1
[INFO] [stderr]    Compiling crc32fast v1.3.2
[INFO] [stderr]    Compiling serde_json v1.0.87
[INFO] [stderr]    Compiling zstd-safe v5.0.2+zstd.1.5.2
[INFO] [stderr]    Compiling ryu v1.0.11
[INFO] [stderr]    Compiling want v0.3.0
[INFO] [stderr]    Compiling rand_core v0.6.4
[INFO] [stderr]    Compiling base64ct v1.5.3
[INFO] [stderr]    Compiling proc-macro-hack v0.5.19
[INFO] [stderr]    Compiling encoding_rs v0.8.31
[INFO] [stderr]    Compiling tower-service v0.3.2
[INFO] [stderr]    Compiling publicsuffix v2.2.3
[INFO] [stderr]    Compiling aho-corasick v0.7.19
[INFO] [stderr]    Compiling idna v0.2.3
[INFO] [stderr]    Compiling jobserver v0.1.25
[INFO] [stderr]    Compiling socket2 v0.4.7
[INFO] [stderr]    Compiling mio v0.8.5
[INFO] [stderr]    Compiling signal-hook-registry v1.4.0
[INFO] [stderr]    Compiling num_cpus v1.14.0
[INFO] [stderr]    Compiling cc v1.0.74
[INFO] [stderr]    Compiling parking_lot v0.12.1
[INFO] [stderr]    Compiling tracing v0.1.37
[INFO] [stderr]    Compiling time v0.3.16
[INFO] [stderr]    Compiling password-hash v0.4.2
[INFO] [stderr]    Compiling atty v0.2.14
[INFO] [stderr]    Compiling miniz_oxide v0.5.4
[INFO] [stderr]    Compiling http-body v0.4.5
[INFO] [stderr]    Compiling block-buffer v0.10.3
[INFO] [stderr]    Compiling crypto-common v0.1.6
[INFO] [stderr]    Compiling cipher v0.3.0
[INFO] [stderr]    Compiling digest v0.10.5
[INFO] [stderr]    Compiling anyhow v1.0.66
[INFO] [stderr]    Compiling openssl-sys v0.9.77
[INFO] [stderr]    Compiling zstd-sys v2.0.1+zstd.1.5.2
[INFO] [stderr]    Compiling bzip2-sys v0.1.11+1.0.8
[INFO] [stderr]    Compiling opaque-debug v0.3.0
[INFO] [stderr]    Compiling thiserror v1.0.37
[INFO] [stderr]    Compiling unicode-width v0.1.10
[INFO] [stderr]    Compiling hmac v0.12.1
[INFO] [stderr]    Compiling sha2 v0.10.6
[INFO] [stderr]    Compiling sha1 v0.10.5
[INFO] [stderr]    Compiling nom v7.1.3
[INFO] [stderr]    Compiling textwrap v0.11.0
[INFO] [stderr]    Compiling bzip2 v0.4.3
[INFO] [stderr]    Compiling regex v1.7.0
[INFO] [stderr]    Compiling flate2 v1.0.24
[INFO] [stderr]    Compiling pbkdf2 v0.11.0
[INFO] [stderr]    Compiling aes v0.7.5
[INFO] [stderr]    Compiling mime v0.3.16
[INFO] [stderr]    Compiling humantime v2.1.0
[INFO] [stderr]    Compiling byteorder v1.4.3
[INFO] [stderr]    Compiling constant_time_eq v0.1.5
[INFO] [stderr]    Compiling termcolor v1.1.3
[INFO] [stderr]    Compiling ipnet v2.5.0
[INFO] [stderr]    Compiling either v1.8.0
[INFO] [stderr]    Compiling fastrand v1.8.0
[INFO] [stderr]    Compiling base64 v0.13.1
[INFO] [stderr]    Compiling which v4.3.0
[INFO] [stderr]    Compiling tempfile v3.3.0
[INFO] [stderr]    Compiling clap v2.34.0
[INFO] [stderr]    Compiling xml-rs v0.8.19
[INFO] [stderr]    Compiling md5 v0.7.0
[INFO] [stderr]    Compiling env_logger v0.8.4
[INFO] [stderr]    Compiling dotenvs v0.1.0
[INFO] [stderr]    Compiling futures-macro v0.3.25
[INFO] [stderr]    Compiling tokio-macros v1.8.0
[INFO] [stderr]    Compiling openssl-macros v0.1.0
[INFO] [stderr]    Compiling thiserror-impl v1.0.37
[INFO] [stderr]    Compiling futures-executor v0.3.25
[INFO] [stderr]    Compiling futures v0.3.25
[INFO] [stderr]    Compiling tokio-util v0.7.4
[INFO] [stderr]    Compiling tokio-native-tls v0.3.0
[INFO] [stderr]    Compiling h2 v0.3.15
[INFO] [stderr]    Compiling serde_urlencoded v0.7.1
[INFO] [stderr]    Compiling cookie_store v0.16.1
[INFO] [stderr]    Compiling hyper v0.14.22
[INFO] [stderr]    Compiling hyper-tls v0.5.0
[INFO] [stderr]    Compiling reqwest v0.11.12
[INFO] [stderr]    Compiling zstd v0.11.2+zstd.1.5.2
[INFO] [stderr]    Compiling zip v0.6.3
[INFO] [stderr]    Compiling gert v0.2.6 (/opt/rustwide/workdir)
[INFO] [stdout] warning: field `kind` is never read
[INFO] [stdout]   --> src/structs.rs:48:9
[INFO] [stdout]    |
[INFO] [stdout] 46 | pub struct Listing {
[INFO] [stdout]    |            ------- field in this struct
[INFO] [stdout] 47 |     /// The kind of object this is. eg: Comment, Account, Subreddit, etc.
[INFO] [stdout] 48 |     pub kind: String,
[INFO] [stdout]    |         ^^^^
[INFO] [stdout]    |
[INFO] [stdout]    = note: `Listing` has a derived impl for the trait `Debug`, but this is intentionally ignored during dead code analysis
[INFO] [stdout]    = note: `#[warn(dead_code)]` (part of `#[warn(unused)]`) on by default
[INFO] [stdout] 
[INFO] [stdout] 
[INFO] [stdout] warning: field `1` is never read
[INFO] [stdout]   --> src/structs.rs:63:31
[INFO] [stdout]    |
[INFO] [stdout] 61 | struct ListingsFutureCompat<'a>(
[INFO] [stdout]    |        -------------------- field in this struct
[INFO] [stdout] 62 |     Listing,
[INFO] [stdout] 63 |     #[serde(default, borrow)] Option<&'a serde_json::value::RawValue>,
[INFO] [stdout]    |                               ^^^^^^^^^^^^^^^^^^^^^^^^^^^^^^^^^^^^^^^
[INFO] [stdout]    |
[INFO] [stdout]    = help: consider removing this field
[INFO] [stdout]    = note: `ListingsFutureCompat` has a derived impl for the trait `Debug`, but this is intentionally ignored during dead code analysis
[INFO] [stdout] 
[INFO] [stdout] 
[INFO] [stdout] warning: fields `modhash` and `before` are never read
[INFO] [stdout]   --> src/structs.rs:81:9
[INFO] [stdout]    |
[INFO] [stdout] 78 | pub struct ListingData {
[INFO] [stdout]    |            ----------- fields in this struct
[INFO] [stdout] ...
[INFO] [stdout] 81 |     pub modhash: Option<String>,
[INFO] [stdout]    |         ^^^^^^^
[INFO] [stdout] 82 |     pub before: Option<String>,
[INFO] [stdout]    |         ^^^^^^
[INFO] [stdout]    |
[INFO] [stdout]    = note: `ListingData` has a derived impl for the trait `Debug`, but this is intentionally ignored during dead code analysis
[INFO] [stdout] 
[INFO] [stdout] 
[INFO] [stdout] warning: field `kind` is never read
[INFO] [stdout]   --> src/structs.rs:91:9
[INFO] [stdout]    |
[INFO] [stdout] 89 | pub struct Post {
[INFO] [stdout]    |            ---- field in this struct
[INFO] [stdout] 90 |     /// The kind of object this is. eg: Comment, Account, Subreddit, etc.
[INFO] [stdout] 91 |     pub kind: String,
[INFO] [stdout]    |         ^^^^
[INFO] [stdout]    |
[INFO] [stdout]    = note: `Post` has derived impls for the traits `Clone` and `Debug`, but these are intentionally ignored during dead code analysis
[INFO] [stdout] 
[INFO] [stdout] 
[INFO] [stdout] warning: multiple fields are never read
[INFO] [stdout]    --> src/structs.rs:101:9
[INFO] [stdout]     |
[INFO] [stdout]  98 | pub struct PostData {
[INFO] [stdout]     |            -------- fields in this struct
[INFO] [stdout] ...
[INFO] [stdout] 101 |     pub id: String,
[INFO] [stdout]     |         ^^
[INFO] [stdout] ...
[INFO] [stdout] 108 |     pub thumbnail: Option<String>,
[INFO] [stdout]     |         ^^^^^^^^^
[INFO] [stdout] 109 |     /// The Reddit ID for the subreddit where this was posted, **including the leading `t5_`**.
[INFO] [stdout] 110 |     pub subreddit_id: String,
[INFO] [stdout]     |         ^^^^^^^^^^^^
[INFO] [stdout] 111 |     /// True if the logged-in user has saved this submission.
[INFO] [stdout] 112 |     pub saved: bool,
[INFO] [stdout]     |         ^^^^^
[INFO] [stdout] 113 |     /// The permanent, long link for this submission.
[INFO] [stdout] 114 |     pub permalink: String,
[INFO] [stdout]     |         ^^^^^^^^^
[INFO] [stdout] ...
[INFO] [stdout] 126 |     pub created: Value,
[INFO] [stdout]     |         ^^^^^^^
[INFO] [stdout] ...
[INFO] [stdout] 132 |     pub created_utc: Value,
[INFO] [stdout]     |         ^^^^^^^^^^^
[INFO] [stdout] ...
[INFO] [stdout] 138 |     pub is_video: Option<bool>,
[INFO] [stdout]     |         ^^^^^^^^
[INFO] [stdout]     |
[INFO] [stdout]     = note: `PostData` has derived impls for the traits `Clone` and `Debug`, but these are intentionally ignored during dead code analysis
[INFO] [stdout] 
[INFO] [stdout] 
[INFO] [stdout] warning: fields `status`, `e`, and `id` are never read
[INFO] [stdout]    --> src/structs.rs:147:9
[INFO] [stdout]     |
[INFO] [stdout] 146 | pub struct MediaMetadata {
[INFO] [stdout]     |            ------------- fields in this struct
[INFO] [stdout] 147 |     pub status: String,
[INFO] [stdout]     |         ^^^^^^
[INFO] [stdout] 148 |     pub e: String,
[INFO] [stdout]     |         ^
[INFO] [stdout] 149 |     pub m: String,
[INFO] [stdout] 150 |     pub id: String,
[INFO] [stdout]     |         ^^
[INFO] [stdout]     |
[INFO] [stdout]     = note: `MediaMetadata` has derived impls for the traits `Clone` and `Debug`, but these are intentionally ignored during dead code analysis
[INFO] [stdout] 
[INFO] [stdout] 
[INFO] [stdout] warning: field `is_gif` is never read
[INFO] [stdout]    --> src/structs.rs:161:9
[INFO] [stdout]     |
[INFO] [stdout] 159 | pub struct RedditVideo {
[INFO] [stdout]     |            ----------- field in this struct
[INFO] [stdout] 160 |     pub fallback_url: String,
[INFO] [stdout] 161 |     pub is_gif: bool,
[INFO] [stdout]     |         ^^^^^^
[INFO] [stdout]     |
[INFO] [stdout]     = note: `RedditVideo` has derived impls for the traits `Clone` and `Debug`, but these are intentionally ignored during dead code analysis
[INFO] [stdout] 
[INFO] [stdout] 
[INFO] [stdout] warning: struct `GfyItem` is never constructed
[INFO] [stdout]    --> src/structs.rs:180:12
[INFO] [stdout]     |
[INFO] [stdout] 180 | pub struct GfyItem {
[INFO] [stdout]     |            ^^^^^^^
[INFO] [stdout] 
[INFO] [stdout] 
[INFO] [stdout] warning: struct `Summary` is never constructed
[INFO] [stdout]    --> src/structs.rs:197:12
[INFO] [stdout]     |
[INFO] [stdout] 197 | pub struct Summary {
[INFO] [stdout]     |            ^^^^^^^
[INFO] [stdout] 
[INFO] [stdout] 
[INFO] [stdout] warning: fields `addr`, `agent`, `session`, and `rtfm` are never read
[INFO] [stdout]    --> src/structs.rs:294:9
[INFO] [stdout]     |
[INFO] [stdout] 292 | pub struct TokenResponse {
[INFO] [stdout]     |            ------------- fields in this struct
[INFO] [stdout] 293 |     pub token: String,
[INFO] [stdout] 294 |     pub addr: String,
[INFO] [stdout]     |         ^^^^
[INFO] [stdout] 295 |     pub agent: String,
[INFO] [stdout]     |         ^^^^^
[INFO] [stdout] 296 |     pub session: String,
[INFO] [stdout]     |         ^^^^^^^
[INFO] [stdout] 297 |     pub rtfm: String,
[INFO] [stdout]     |         ^^^^
[INFO] [stdout]     |
[INFO] [stdout]     = note: `TokenResponse` has derived impls for the traits `Clone` and `Debug`, but these are intentionally ignored during dead code analysis
[INFO] [stdout] 
[INFO] [stdout] 
[INFO] [stdout] warning: fields `sd`, `poster`, `thumbnail`, and `vthumbnail` are never read
[INFO] [stdout]    --> src/structs.rs:302:9
[INFO] [stdout]     |
[INFO] [stdout] 301 | pub struct MediaInfo {
[INFO] [stdout]     |            --------- fields in this struct
[INFO] [stdout] 302 |     pub sd: String,
[INFO] [stdout]     |         ^^
[INFO] [stdout] 303 |     pub hd: String,
[INFO] [stdout] 304 |     pub poster: String,
[INFO] [stdout]     |         ^^^^^^
[INFO] [stdout] 305 |     pub thumbnail: String,
[INFO] [stdout]     |         ^^^^^^^^^
[INFO] [stdout] 306 |     pub vthumbnail: String,
[INFO] [stdout]     |         ^^^^^^^^^^
[INFO] [stdout]     |
[INFO] [stdout]     = note: `MediaInfo` has derived impls for the traits `Clone` and `Debug`, but these are intentionally ignored during dead code analysis
[INFO] [stdout] 
[INFO] [stdout] 
[INFO] [stdout] warning: field `id` is never read
[INFO] [stdout]    --> src/structs.rs:310:9
[INFO] [stdout]     |
[INFO] [stdout] 309 | pub struct InnerGif {
[INFO] [stdout]     |            -------- field in this struct
[INFO] [stdout] 310 |     pub id: String,
[INFO] [stdout]     |         ^^
[INFO] [stdout]     |
[INFO] [stdout]     = note: `InnerGif` has derived impls for the traits `Clone` and `Debug`, but these are intentionally ignored during dead code analysis
[INFO] [stdout] 
[INFO] [stdout] 
[INFO] [stdout] warning: call to `.borrow()` on a reference in this situation does nothing
[INFO] [stdout]   --> src/user.rs:93:34
[INFO] [stdout]    |
[INFO] [stdout] 93 |             processed += response.borrow().data.dist;
[INFO] [stdout]    |                                  ^^^^^^^^^
[INFO] [stdout]    |
[INFO] [stdout]    = note: the type `Listing` does not implement `Borrow`, so calling `borrow` on `&Listing` copies the reference, which does not do anything and can be removed
[INFO] [stdout]    = note: `#[warn(noop_method_call)]` on by default
[INFO] [stdout] help: remove this redundant call
[INFO] [stdout]    |
[INFO] [stdout] 93 -             processed += response.borrow().data.dist;
[INFO] [stdout] 93 +             processed += response.data.dist;
[INFO] [stdout]    |
[INFO] [stdout] help: if you meant to clone `Listing`, implement `Clone` for it
[INFO] [stdout]   --> src/structs.rs:46:1
[INFO] [stdout]    |
[INFO] [stdout] 46 + #[derive(Clone)]
[INFO] [stdout] 47 | pub struct Listing {
[INFO] [stdout]    |
[INFO] [stdout] 
[INFO] [stdout] 
[INFO] [stdout] warning: call to `.borrow()` on a reference in this situation does nothing
[INFO] [stdout]   --> src/user.rs:97:24
[INFO] [stdout]    |
[INFO] [stdout] 97 |             if response.borrow().data.after.as_ref().is_none() {
[INFO] [stdout]    |                        ^^^^^^^^^
[INFO] [stdout]    |
[INFO] [stdout]    = note: the type `Listing` does not implement `Borrow`, so calling `borrow` on `&Listing` copies the reference, which does not do anything and can be removed
[INFO] [stdout] help: remove this redundant call
[INFO] [stdout]    |
[INFO] [stdout] 97 -             if response.borrow().data.after.as_ref().is_none() {
[INFO] [stdout] 97 +             if response.data.after.as_ref().is_none() {
[INFO] [stdout]    |
[INFO] [stdout] help: if you meant to clone `Listing`, implement `Clone` for it
[INFO] [stdout]   --> src/structs.rs:46:1
[INFO] [stdout]    |
[INFO] [stdout] 46 + #[derive(Clone)]
[INFO] [stdout] 47 | pub struct Listing {
[INFO] [stdout]    |
[INFO] [stdout] 
[INFO] [stdout] 
[INFO] [stdout] warning: call to `.borrow()` on a reference in this situation does nothing
[INFO] [stdout]    --> src/user.rs:102:55
[INFO] [stdout]     |
[INFO] [stdout] 102 |                 debug!("Processing till: {}", response.borrow().data.after.as_ref().unwrap());
[INFO] [stdout]     |                                                       ^^^^^^^^^
[INFO] [stdout]     |
[INFO] [stdout]     = note: the type `Listing` does not implement `Borrow`, so calling `borrow` on `&Listing` copies the reference, which does not do anything and can be removed
[INFO] [stdout] help: remove this redundant call
[INFO] [stdout]     |
[INFO] [stdout] 102 -                 debug!("Processing till: {}", response.borrow().data.after.as_ref().unwrap());
[INFO] [stdout] 102 +                 debug!("Processing till: {}", response.data.after.as_ref().unwrap());
[INFO] [stdout]     |
[INFO] [stdout] help: if you meant to clone `Listing`, implement `Clone` for it
[INFO] [stdout]    --> src/structs.rs:46:1
[INFO] [stdout]     |
[INFO] [stdout]  46 + #[derive(Clone)]
[INFO] [stdout]  47 | pub struct Listing {
[INFO] [stdout]     |
[INFO] [stdout] 
[INFO] [stdout] 
[INFO] [stdout] warning: call to `.borrow()` on a reference in this situation does nothing
[INFO] [stdout]    --> src/user.rs:103:33
[INFO] [stdout]     |
[INFO] [stdout] 103 |                 after = response.borrow().data.after.clone();
[INFO] [stdout]     |                                 ^^^^^^^^^
[INFO] [stdout]     |
[INFO] [stdout]     = note: the type `Listing` does not implement `Borrow`, so calling `borrow` on `&Listing` copies the reference, which does not do anything and can be removed
[INFO] [stdout] help: remove this redundant call
[INFO] [stdout]     |
[INFO] [stdout] 103 -                 after = response.borrow().data.after.clone();
[INFO] [stdout] 103 +                 after = response.data.after.clone();
[INFO] [stdout]     |
[INFO] [stdout] help: if you meant to clone `Listing`, implement `Clone` for it
[INFO] [stdout]    --> src/structs.rs:46:1
[INFO] [stdout]     |
[INFO] [stdout]  46 + #[derive(Clone)]
[INFO] [stdout]  47 | pub struct Listing {
[INFO] [stdout]     |
[INFO] [stdout] 
[INFO] [stdout] 
[INFO] [stderr]     Finished `release` profile [optimized] target(s) in 1m 45s
[INFO] [stderr] warning: the following packages contain code that will be rejected by a future version of Rust: openssl v0.10.42
[INFO] [stderr] note: to see what the problems were, use the option `--future-incompat-report`, or run `cargo report future-incompatibilities --id 1`
[INFO] running `Command { std: "docker" "inspect" "949d77f80140d3238449f6edc79a7c9c53bfa9f5b9c46a43812641183fbae1c0", kill_on_drop: false }`
[INFO] running `Command { std: "docker" "exec" "-e" "SOURCE_DIR=/opt/rustwide/workdir" "-e" "CARGO_HOME=/opt/rustwide/cargo-home" "-e" "RUSTUP_HOME=/opt/rustwide/rustup-home" "-e" "CARGO_TARGET_DIR=/opt/rustwide/target" "-e" "CARGO_INCREMENTAL=0" "-e" "RUST_BACKTRACE=full" "-e" "RUSTFLAGS=--cap-lints=warn" "-e" "RUSTDOCFLAGS=--cap-lints=warn" "-w" "/opt/rustwide/workdir" "--user" "0:0" "949d77f80140d3238449f6edc79a7c9c53bfa9f5b9c46a43812641183fbae1c0" "/opt/rustwide/cargo-home/bin/cargo" "+1.99.0-beta.8" "test" "--frozen" "--no-run" "--message-format=json" "--release", kill_on_drop: false }`
[INFO] [stderr]    Compiling predicates-core v1.0.6
[INFO] [stderr]    Compiling itertools v0.11.0
[INFO] [stderr]    Compiling termtree v0.4.1
[INFO] [stderr]    Compiling anstyle v1.0.4
[INFO] [stderr]    Compiling regex-automata v0.4.3
[INFO] [stderr]    Compiling wait-timeout v0.2.0
[INFO] [stdout] warning: field `kind` is never read
[INFO] [stdout]   --> src/structs.rs:48:9
[INFO] [stdout]    |
[INFO] [stdout] 46 | pub struct Listing {
[INFO] [stdout]    |            ------- field in this struct
[INFO] [stdout] 47 |     /// The kind of object this is. eg: Comment, Account, Subreddit, etc.
[INFO] [stdout] 48 |     pub kind: String,
[INFO] [stdout]    |         ^^^^
[INFO] [stdout]    |
[INFO] [stdout]    = note: `Listing` has a derived impl for the trait `Debug`, but this is intentionally ignored during dead code analysis
[INFO] [stdout]    = note: `#[warn(dead_code)]` (part of `#[warn(unused)]`) on by default
[INFO] [stdout] 
[INFO] [stdout] 
[INFO] [stdout] warning: field `1` is never read
[INFO] [stdout]   --> src/structs.rs:63:31
[INFO] [stdout]    |
[INFO] [stdout] 61 | struct ListingsFutureCompat<'a>(
[INFO] [stdout]    |        -------------------- field in this struct
[INFO] [stdout] 62 |     Listing,
[INFO] [stdout] 63 |     #[serde(default, borrow)] Option<&'a serde_json::value::RawValue>,
[INFO] [stdout]    |                               ^^^^^^^^^^^^^^^^^^^^^^^^^^^^^^^^^^^^^^^
[INFO] [stdout]    |
[INFO] [stdout]    = help: consider removing this field
[INFO] [stdout]    = note: `ListingsFutureCompat` has a derived impl for the trait `Debug`, but this is intentionally ignored during dead code analysis
[INFO] [stdout] 
[INFO] [stdout] 
[INFO] [stdout] warning: fields `modhash` and `before` are never read
[INFO] [stdout]   --> src/structs.rs:81:9
[INFO] [stdout]    |
[INFO] [stdout] 78 | pub struct ListingData {
[INFO] [stdout]    |            ----------- fields in this struct
[INFO] [stdout] ...
[INFO] [stdout] 81 |     pub modhash: Option<String>,
[INFO] [stdout]    |         ^^^^^^^
[INFO] [stdout] 82 |     pub before: Option<String>,
[INFO] [stdout]    |         ^^^^^^
[INFO] [stdout]    |
[INFO] [stdout]    = note: `ListingData` has a derived impl for the trait `Debug`, but this is intentionally ignored during dead code analysis
[INFO] [stdout] 
[INFO] [stdout] 
[INFO] [stdout] warning: field `kind` is never read
[INFO] [stdout]   --> src/structs.rs:91:9
[INFO] [stdout]    |
[INFO] [stdout] 89 | pub struct Post {
[INFO] [stdout]    |            ---- field in this struct
[INFO] [stdout] 90 |     /// The kind of object this is. eg: Comment, Account, Subreddit, etc.
[INFO] [stdout] 91 |     pub kind: String,
[INFO] [stdout]    |         ^^^^
[INFO] [stdout]    |
[INFO] [stdout]    = note: `Post` has derived impls for the traits `Clone` and `Debug`, but these are intentionally ignored during dead code analysis
[INFO] [stdout] 
[INFO] [stdout] 
[INFO] [stdout] warning: multiple fields are never read
[INFO] [stdout]    --> src/structs.rs:101:9
[INFO] [stdout]     |
[INFO] [stdout]  98 | pub struct PostData {
[INFO] [stdout]     |            -------- fields in this struct
[INFO] [stdout] ...
[INFO] [stdout] 101 |     pub id: String,
[INFO] [stdout]     |         ^^
[INFO] [stdout] ...
[INFO] [stdout] 108 |     pub thumbnail: Option<String>,
[INFO] [stdout]     |         ^^^^^^^^^
[INFO] [stdout] 109 |     /// The Reddit ID for the subreddit where this was posted, **including the leading `t5_`**.
[INFO] [stdout] 110 |     pub subreddit_id: String,
[INFO] [stdout]     |         ^^^^^^^^^^^^
[INFO] [stdout] 111 |     /// True if the logged-in user has saved this submission.
[INFO] [stdout] 112 |     pub saved: bool,
[INFO] [stdout]     |         ^^^^^
[INFO] [stdout] 113 |     /// The permanent, long link for this submission.
[INFO] [stdout] 114 |     pub permalink: String,
[INFO] [stdout]     |         ^^^^^^^^^
[INFO] [stdout] ...
[INFO] [stdout] 126 |     pub created: Value,
[INFO] [stdout]     |         ^^^^^^^
[INFO] [stdout] ...
[INFO] [stdout] 132 |     pub created_utc: Value,
[INFO] [stdout]     |         ^^^^^^^^^^^
[INFO] [stdout] ...
[INFO] [stdout] 138 |     pub is_video: Option<bool>,
[INFO] [stdout]     |         ^^^^^^^^
[INFO] [stdout]     |
[INFO] [stdout]     = note: `PostData` has derived impls for the traits `Clone` and `Debug`, but these are intentionally ignored during dead code analysis
[INFO] [stdout] 
[INFO] [stdout] 
[INFO] [stdout] warning: fields `status`, `e`, and `id` are never read
[INFO] [stdout]    --> src/structs.rs:147:9
[INFO] [stdout]     |
[INFO] [stdout] 146 | pub struct MediaMetadata {
[INFO] [stdout]     |            ------------- fields in this struct
[INFO] [stdout] 147 |     pub status: String,
[INFO] [stdout]     |         ^^^^^^
[INFO] [stdout] 148 |     pub e: String,
[INFO] [stdout]     |         ^
[INFO] [stdout] 149 |     pub m: String,
[INFO] [stdout] 150 |     pub id: String,
[INFO] [stdout]     |         ^^
[INFO] [stdout]     |
[INFO] [stdout]     = note: `MediaMetadata` has derived impls for the traits `Clone` and `Debug`, but these are intentionally ignored during dead code analysis
[INFO] [stdout] 
[INFO] [stdout] 
[INFO] [stdout] warning: field `is_gif` is never read
[INFO] [stdout]    --> src/structs.rs:161:9
[INFO] [stdout]     |
[INFO] [stdout] 159 | pub struct RedditVideo {
[INFO] [stdout]     |            ----------- field in this struct
[INFO] [stdout] 160 |     pub fallback_url: String,
[INFO] [stdout] 161 |     pub is_gif: bool,
[INFO] [stdout]     |         ^^^^^^
[INFO] [stdout]     |
[INFO] [stdout]     = note: `RedditVideo` has derived impls for the traits `Clone` and `Debug`, but these are intentionally ignored during dead code analysis
[INFO] [stdout] 
[INFO] [stdout] 
[INFO] [stdout] warning: struct `GfyItem` is never constructed
[INFO] [stdout]    --> src/structs.rs:180:12
[INFO] [stdout]     |
[INFO] [stdout] 180 | pub struct GfyItem {
[INFO] [stdout]     |            ^^^^^^^
[INFO] [stdout] 
[INFO] [stdout] 
[INFO] [stdout] warning: struct `Summary` is never constructed
[INFO] [stdout]    --> src/structs.rs:197:12
[INFO] [stdout]     |
[INFO] [stdout] 197 | pub struct Summary {
[INFO] [stdout]     |            ^^^^^^^
[INFO] [stdout] 
[INFO] [stdout] 
[INFO] [stdout] warning: fields `addr`, `agent`, `session`, and `rtfm` are never read
[INFO] [stdout]    --> src/structs.rs:294:9
[INFO] [stdout]     |
[INFO] [stdout] 292 | pub struct TokenResponse {
[INFO] [stdout]     |            ------------- fields in this struct
[INFO] [stdout] 293 |     pub token: String,
[INFO] [stdout] 294 |     pub addr: String,
[INFO] [stdout]     |         ^^^^
[INFO] [stdout] 295 |     pub agent: String,
[INFO] [stdout]     |         ^^^^^
[INFO] [stdout] 296 |     pub session: String,
[INFO] [stdout]     |         ^^^^^^^
[INFO] [stdout] 297 |     pub rtfm: String,
[INFO] [stdout]     |         ^^^^
[INFO] [stdout]     |
[INFO] [stdout]     = note: `TokenResponse` has derived impls for the traits `Clone` and `Debug`, but these are intentionally ignored during dead code analysis
[INFO] [stdout] 
[INFO] [stdout] 
[INFO] [stdout] warning: fields `sd`, `poster`, `thumbnail`, and `vthumbnail` are never read
[INFO] [stdout]    --> src/structs.rs:302:9
[INFO] [stdout]     |
[INFO] [stdout] 301 | pub struct MediaInfo {
[INFO] [stdout]     |            --------- fields in this struct
[INFO] [stdout] 302 |     pub sd: String,
[INFO] [stdout]     |         ^^
[INFO] [stdout] 303 |     pub hd: String,
[INFO] [stdout] 304 |     pub poster: String,
[INFO] [stdout]     |         ^^^^^^
[INFO] [stdout] 305 |     pub thumbnail: String,
[INFO] [stdout]     |         ^^^^^^^^^
[INFO] [stdout] 306 |     pub vthumbnail: String,
[INFO] [stdout]     |         ^^^^^^^^^^
[INFO] [stdout]     |
[INFO] [stdout]     = note: `MediaInfo` has derived impls for the traits `Clone` and `Debug`, but these are intentionally ignored during dead code analysis
[INFO] [stdout] 
[INFO] [stdout] 
[INFO] [stdout] warning: field `id` is never read
[INFO] [stdout]    --> src/structs.rs:310:9
[INFO] [stdout]     |
[INFO] [stdout] 309 | pub struct InnerGif {
[INFO] [stdout]     |            -------- field in this struct
[INFO] [stdout] 310 |     pub id: String,
[INFO] [stdout]     |         ^^
[INFO] [stdout]     |
[INFO] [stdout]     = note: `InnerGif` has derived impls for the traits `Clone` and `Debug`, but these are intentionally ignored during dead code analysis
[INFO] [stdout] 
[INFO] [stdout] 
[INFO] [stdout] warning: call to `.borrow()` on a reference in this situation does nothing
[INFO] [stdout]   --> src/user.rs:93:34
[INFO] [stdout]    |
[INFO] [stdout] 93 |             processed += response.borrow().data.dist;
[INFO] [stdout]    |                                  ^^^^^^^^^
[INFO] [stdout]    |
[INFO] [stdout]    = note: the type `Listing` does not implement `Borrow`, so calling `borrow` on `&Listing` copies the reference, which does not do anything and can be removed
[INFO] [stdout]    = note: `#[warn(noop_method_call)]` on by default
[INFO] [stdout] help: remove this redundant call
[INFO] [stdout]    |
[INFO] [stdout] 93 -             processed += response.borrow().data.dist;
[INFO] [stdout] 93 +             processed += response.data.dist;
[INFO] [stdout]    |
[INFO] [stdout] help: if you meant to clone `Listing`, implement `Clone` for it
[INFO] [stdout]   --> src/structs.rs:46:1
[INFO] [stdout]    |
[INFO] [stdout] 46 + #[derive(Clone)]
[INFO] [stdout] 47 | pub struct Listing {
[INFO] [stdout]    |
[INFO] [stdout] 
[INFO] [stdout] 
[INFO] [stdout] warning: call to `.borrow()` on a reference in this situation does nothing
[INFO] [stdout]   --> src/user.rs:97:24
[INFO] [stdout]    |
[INFO] [stdout] 97 |             if response.borrow().data.after.as_ref().is_none() {
[INFO] [stdout]    |                        ^^^^^^^^^
[INFO] [stdout]    |
[INFO] [stdout]    = note: the type `Listing` does not implement `Borrow`, so calling `borrow` on `&Listing` copies the reference, which does not do anything and can be removed
[INFO] [stdout] help: remove this redundant call
[INFO] [stdout]    |
[INFO] [stdout] 97 -             if response.borrow().data.after.as_ref().is_none() {
[INFO] [stdout] 97 +             if response.data.after.as_ref().is_none() {
[INFO] [stdout]    |
[INFO] [stdout] help: if you meant to clone `Listing`, implement `Clone` for it
[INFO] [stdout]   --> src/structs.rs:46:1
[INFO] [stdout]    |
[INFO] [stdout] 46 + #[derive(Clone)]
[INFO] [stdout] 47 | pub struct Listing {
[INFO] [stdout]    |
[INFO] [stdout] 
[INFO] [stdout] 
[INFO] [stdout] warning: call to `.borrow()` on a reference in this situation does nothing
[INFO] [stdout]    --> src/user.rs:102:55
[INFO] [stdout]     |
[INFO] [stdout] 102 |                 debug!("Processing till: {}", response.borrow().data.after.as_ref().unwrap());
[INFO] [stdout]     |                                                       ^^^^^^^^^
[INFO] [stdout]     |
[INFO] [stdout]     = note: the type `Listing` does not implement `Borrow`, so calling `borrow` on `&Listing` copies the reference, which does not do anything and can be removed
[INFO] [stdout] help: remove this redundant call
[INFO] [stdout]     |
[INFO] [stdout] 102 -                 debug!("Processing till: {}", response.borrow().data.after.as_ref().unwrap());
[INFO] [stdout] 102 +                 debug!("Processing till: {}", response.data.after.as_ref().unwrap());
[INFO] [stdout]     |
[INFO] [stdout] help: if you meant to clone `Listing`, implement `Clone` for it
[INFO] [stdout]    --> src/structs.rs:46:1
[INFO] [stdout]     |
[INFO] [stdout]  46 + #[derive(Clone)]
[INFO] [stdout]  47 | pub struct Listing {
[INFO] [stdout]     |
[INFO] [stdout] 
[INFO] [stdout] 
[INFO] [stdout] warning: call to `.borrow()` on a reference in this situation does nothing
[INFO] [stdout]    --> src/user.rs:103:33
[INFO] [stdout]     |
[INFO] [stdout] 103 |                 after = response.borrow().data.after.clone();
[INFO] [stdout]     |                                 ^^^^^^^^^
[INFO] [stdout]     |
[INFO] [stdout]     = note: the type `Listing` does not implement `Borrow`, so calling `borrow` on `&Listing` copies the reference, which does not do anything and can be removed
[INFO] [stdout] help: remove this redundant call
[INFO] [stdout]     |
[INFO] [stdout] 103 -                 after = response.borrow().data.after.clone();
[INFO] [stdout] 103 +                 after = response.data.after.clone();
[INFO] [stdout]     |
[INFO] [stdout] help: if you meant to clone `Listing`, implement `Clone` for it
[INFO] [stdout]    --> src/structs.rs:46:1
[INFO] [stdout]     |
[INFO] [stdout]  46 + #[derive(Clone)]
[INFO] [stdout]  47 | pub struct Listing {
[INFO] [stdout]     |
[INFO] [stdout] 
[INFO] [stdout] 
[INFO] [stderr]    Compiling predicates-tree v1.0.9
[INFO] [stderr]    Compiling bstr v1.8.0
[INFO] [stderr]    Compiling predicates v3.0.4
[INFO] [stderr]    Compiling assert_cmd v2.0.12
[INFO] [stderr]    Compiling gert v0.2.6 (/opt/rustwide/workdir)
[INFO] [stdout] warning: field `kind` is never read
[INFO] [stdout]   --> src/structs.rs:48:9
[INFO] [stdout]    |
[INFO] [stdout] 46 | pub struct Listing {
[INFO] [stdout]    |            ------- field in this struct
[INFO] [stdout] 47 |     /// The kind of object this is. eg: Comment, Account, Subreddit, etc.
[INFO] [stdout] 48 |     pub kind: String,
[INFO] [stdout]    |         ^^^^
[INFO] [stdout]    |
[INFO] [stdout]    = note: `Listing` has a derived impl for the trait `Debug`, but this is intentionally ignored during dead code analysis
[INFO] [stdout]    = note: `#[warn(dead_code)]` (part of `#[warn(unused)]`) on by default
[INFO] [stdout] 
[INFO] [stdout] 
[INFO] [stdout] warning: field `1` is never read
[INFO] [stdout]   --> src/structs.rs:63:31
[INFO] [stdout]    |
[INFO] [stdout] 61 | struct ListingsFutureCompat<'a>(
[INFO] [stdout]    |        -------------------- field in this struct
[INFO] [stdout] 62 |     Listing,
[INFO] [stdout] 63 |     #[serde(default, borrow)] Option<&'a serde_json::value::RawValue>,
[INFO] [stdout]    |                               ^^^^^^^^^^^^^^^^^^^^^^^^^^^^^^^^^^^^^^^
[INFO] [stdout]    |
[INFO] [stdout]    = help: consider removing this field
[INFO] [stdout]    = note: `ListingsFutureCompat` has a derived impl for the trait `Debug`, but this is intentionally ignored during dead code analysis
[INFO] [stdout] 
[INFO] [stdout] 
[INFO] [stdout] warning: fields `modhash` and `before` are never read
[INFO] [stdout]   --> src/structs.rs:81:9
[INFO] [stdout]    |
[INFO] [stdout] 78 | pub struct ListingData {
[INFO] [stdout]    |            ----------- fields in this struct
[INFO] [stdout] ...
[INFO] [stdout] 81 |     pub modhash: Option<String>,
[INFO] [stdout]    |         ^^^^^^^
[INFO] [stdout] 82 |     pub before: Option<String>,
[INFO] [stdout]    |         ^^^^^^
[INFO] [stdout]    |
[INFO] [stdout]    = note: `ListingData` has a derived impl for the trait `Debug`, but this is intentionally ignored during dead code analysis
[INFO] [stdout] 
[INFO] [stdout] 
[INFO] [stdout] warning: field `kind` is never read
[INFO] [stdout]   --> src/structs.rs:91:9
[INFO] [stdout]    |
[INFO] [stdout] 89 | pub struct Post {
[INFO] [stdout]    |            ---- field in this struct
[INFO] [stdout] 90 |     /// The kind of object this is. eg: Comment, Account, Subreddit, etc.
[INFO] [stdout] 91 |     pub kind: String,
[INFO] [stdout]    |         ^^^^
[INFO] [stdout]    |
[INFO] [stdout]    = note: `Post` has derived impls for the traits `Clone` and `Debug`, but these are intentionally ignored during dead code analysis
[INFO] [stdout] 
[INFO] [stdout] 
[INFO] [stdout] warning: multiple fields are never read
[INFO] [stdout]    --> src/structs.rs:101:9
[INFO] [stdout]     |
[INFO] [stdout]  98 | pub struct PostData {
[INFO] [stdout]     |            -------- fields in this struct
[INFO] [stdout] ...
[INFO] [stdout] 101 |     pub id: String,
[INFO] [stdout]     |         ^^
[INFO] [stdout] ...
[INFO] [stdout] 108 |     pub thumbnail: Option<String>,
[INFO] [stdout]     |         ^^^^^^^^^
[INFO] [stdout] 109 |     /// The Reddit ID for the subreddit where this was posted, **including the leading `t5_`**.
[INFO] [stdout] 110 |     pub subreddit_id: String,
[INFO] [stdout]     |         ^^^^^^^^^^^^
[INFO] [stdout] 111 |     /// True if the logged-in user has saved this submission.
[INFO] [stdout] 112 |     pub saved: bool,
[INFO] [stdout]     |         ^^^^^
[INFO] [stdout] 113 |     /// The permanent, long link for this submission.
[INFO] [stdout] 114 |     pub permalink: String,
[INFO] [stdout]     |         ^^^^^^^^^
[INFO] [stdout] ...
[INFO] [stdout] 126 |     pub created: Value,
[INFO] [stdout]     |         ^^^^^^^
[INFO] [stdout] ...
[INFO] [stdout] 132 |     pub created_utc: Value,
[INFO] [stdout]     |         ^^^^^^^^^^^
[INFO] [stdout] ...
[INFO] [stdout] 138 |     pub is_video: Option<bool>,
[INFO] [stdout]     |         ^^^^^^^^
[INFO] [stdout]     |
[INFO] [stdout]     = note: `PostData` has derived impls for the traits `Clone` and `Debug`, but these are intentionally ignored during dead code analysis
[INFO] [stdout] 
[INFO] [stdout] 
[INFO] [stdout] warning: fields `status`, `e`, and `id` are never read
[INFO] [stdout]    --> src/structs.rs:147:9
[INFO] [stdout]     |
[INFO] [stdout] 146 | pub struct MediaMetadata {
[INFO] [stdout]     |            ------------- fields in this struct
[INFO] [stdout] 147 |     pub status: String,
[INFO] [stdout]     |         ^^^^^^
[INFO] [stdout] 148 |     pub e: String,
[INFO] [stdout]     |         ^
[INFO] [stdout] 149 |     pub m: String,
[INFO] [stdout] 150 |     pub id: String,
[INFO] [stdout]     |         ^^
[INFO] [stdout]     |
[INFO] [stdout]     = note: `MediaMetadata` has derived impls for the traits `Clone` and `Debug`, but these are intentionally ignored during dead code analysis
[INFO] [stdout] 
[INFO] [stdout] 
[INFO] [stdout] warning: field `is_gif` is never read
[INFO] [stdout]    --> src/structs.rs:161:9
[INFO] [stdout]     |
[INFO] [stdout] 159 | pub struct RedditVideo {
[INFO] [stdout]     |            ----------- field in this struct
[INFO] [stdout] 160 |     pub fallback_url: String,
[INFO] [stdout] 161 |     pub is_gif: bool,
[INFO] [stdout]     |         ^^^^^^
[INFO] [stdout]     |
[INFO] [stdout]     = note: `RedditVideo` has derived impls for the traits `Clone` and `Debug`, but these are intentionally ignored during dead code analysis
[INFO] [stdout] 
[INFO] [stdout] 
[INFO] [stdout] warning: struct `GfyItem` is never constructed
[INFO] [stdout]    --> src/structs.rs:180:12
[INFO] [stdout]     |
[INFO] [stdout] 180 | pub struct GfyItem {
[INFO] [stdout]     |            ^^^^^^^
[INFO] [stdout] 
[INFO] [stdout] 
[INFO] [stdout] warning: struct `Summary` is never constructed
[INFO] [stdout]    --> src/structs.rs:197:12
[INFO] [stdout]     |
[INFO] [stdout] 197 | pub struct Summary {
[INFO] [stdout]     |            ^^^^^^^
[INFO] [stdout] 
[INFO] [stdout] 
[INFO] [stdout] warning: fields `addr`, `agent`, `session`, and `rtfm` are never read
[INFO] [stdout]    --> src/structs.rs:294:9
[INFO] [stdout]     |
[INFO] [stdout] 292 | pub struct TokenResponse {
[INFO] [stdout]     |            ------------- fields in this struct
[INFO] [stdout] 293 |     pub token: String,
[INFO] [stdout] 294 |     pub addr: String,
[INFO] [stdout]     |         ^^^^
[INFO] [stdout] 295 |     pub agent: String,
[INFO] [stdout]     |         ^^^^^
[INFO] [stdout] 296 |     pub session: String,
[INFO] [stdout]     |         ^^^^^^^
[INFO] [stdout] 297 |     pub rtfm: String,
[INFO] [stdout]     |         ^^^^
[INFO] [stdout]     |
[INFO] [stdout]     = note: `TokenResponse` has derived impls for the traits `Clone` and `Debug`, but these are intentionally ignored during dead code analysis
[INFO] [stdout] 
[INFO] [stdout] 
[INFO] [stdout] warning: fields `sd`, `poster`, `thumbnail`, and `vthumbnail` are never read
[INFO] [stdout]    --> src/structs.rs:302:9
[INFO] [stdout]     |
[INFO] [stdout] 301 | pub struct MediaInfo {
[INFO] [stdout]     |            --------- fields in this struct
[INFO] [stdout] 302 |     pub sd: String,
[INFO] [stdout]     |         ^^
[INFO] [stdout] 303 |     pub hd: String,
[INFO] [stdout] 304 |     pub poster: String,
[INFO] [stdout]     |         ^^^^^^
[INFO] [stdout] 305 |     pub thumbnail: String,
[INFO] [stdout]     |         ^^^^^^^^^
[INFO] [stdout] 306 |     pub vthumbnail: String,
[INFO] [stdout]     |         ^^^^^^^^^^
[INFO] [stdout]     |
[INFO] [stdout]     = note: `MediaInfo` has derived impls for the traits `Clone` and `Debug`, but these are intentionally ignored during dead code analysis
[INFO] [stdout] 
[INFO] [stdout] 
[INFO] [stdout] warning: field `id` is never read
[INFO] [stdout]    --> src/structs.rs:310:9
[INFO] [stdout]     |
[INFO] [stdout] 309 | pub struct InnerGif {
[INFO] [stdout]     |            -------- field in this struct
[INFO] [stdout] 310 |     pub id: String,
[INFO] [stdout]     |         ^^
[INFO] [stdout]     |
[INFO] [stdout]     = note: `InnerGif` has derived impls for the traits `Clone` and `Debug`, but these are intentionally ignored during dead code analysis
[INFO] [stdout] 
[INFO] [stdout] 
[INFO] [stdout] warning: call to `.borrow()` on a reference in this situation does nothing
[INFO] [stdout]   --> src/user.rs:93:34
[INFO] [stdout]    |
[INFO] [stdout] 93 |             processed += response.borrow().data.dist;
[INFO] [stdout]    |                                  ^^^^^^^^^
[INFO] [stdout]    |
[INFO] [stdout]    = note: the type `Listing` does not implement `Borrow`, so calling `borrow` on `&Listing` copies the reference, which does not do anything and can be removed
[INFO] [stdout]    = note: `#[warn(noop_method_call)]` on by default
[INFO] [stdout] help: remove this redundant call
[INFO] [stdout]    |
[INFO] [stdout] 93 -             processed += response.borrow().data.dist;
[INFO] [stdout] 93 +             processed += response.data.dist;
[INFO] [stdout]    |
[INFO] [stdout] help: if you meant to clone `Listing`, implement `Clone` for it
[INFO] [stdout]   --> src/structs.rs:46:1
[INFO] [stdout]    |
[INFO] [stdout] 46 + #[derive(Clone)]
[INFO] [stdout] 47 | pub struct Listing {
[INFO] [stdout]    |
[INFO] [stdout] 
[INFO] [stdout] 
[INFO] [stdout] warning: call to `.borrow()` on a reference in this situation does nothing
[INFO] [stdout]   --> src/user.rs:97:24
[INFO] [stdout]    |
[INFO] [stdout] 97 |             if response.borrow().data.after.as_ref().is_none() {
[INFO] [stdout]    |                        ^^^^^^^^^
[INFO] [stdout]    |
[INFO] [stdout]    = note: the type `Listing` does not implement `Borrow`, so calling `borrow` on `&Listing` copies the reference, which does not do anything and can be removed
[INFO] [stdout] help: remove this redundant call
[INFO] [stdout]    |
[INFO] [stdout] 97 -             if response.borrow().data.after.as_ref().is_none() {
[INFO] [stdout] 97 +             if response.data.after.as_ref().is_none() {
[INFO] [stdout]    |
[INFO] [stdout] help: if you meant to clone `Listing`, implement `Clone` for it
[INFO] [stdout]   --> src/structs.rs:46:1
[INFO] [stdout]    |
[INFO] [stdout] 46 + #[derive(Clone)]
[INFO] [stdout] 47 | pub struct Listing {
[INFO] [stdout]    |
[INFO] [stdout] 
[INFO] [stdout] 
[INFO] [stdout] warning: call to `.borrow()` on a reference in this situation does nothing
[INFO] [stdout]    --> src/user.rs:102:55
[INFO] [stdout]     |
[INFO] [stdout] 102 |                 debug!("Processing till: {}", response.borrow().data.after.as_ref().unwrap());
[INFO] [stdout]     |                                                       ^^^^^^^^^
[INFO] [stdout]     |
[INFO] [stdout]     = note: the type `Listing` does not implement `Borrow`, so calling `borrow` on `&Listing` copies the reference, which does not do anything and can be removed
[INFO] [stdout] help: remove this redundant call
[INFO] [stdout]     |
[INFO] [stdout] 102 -                 debug!("Processing till: {}", response.borrow().data.after.as_ref().unwrap());
[INFO] [stdout] 102 +                 debug!("Processing till: {}", response.data.after.as_ref().unwrap());
[INFO] [stdout]     |
[INFO] [stdout] help: if you meant to clone `Listing`, implement `Clone` for it
[INFO] [stdout]    --> src/structs.rs:46:1
[INFO] [stdout]     |
[INFO] [stdout]  46 + #[derive(Clone)]
[INFO] [stdout]  47 | pub struct Listing {
[INFO] [stdout]     |
[INFO] [stdout] 
[INFO] [stdout] 
[INFO] [stdout] warning: call to `.borrow()` on a reference in this situation does nothing
[INFO] [stdout]    --> src/user.rs:103:33
[INFO] [stdout]     |
[INFO] [stdout] 103 |                 after = response.borrow().data.after.clone();
[INFO] [stdout]     |                                 ^^^^^^^^^
[INFO] [stdout]     |
[INFO] [stdout]     = note: the type `Listing` does not implement `Borrow`, so calling `borrow` on `&Listing` copies the reference, which does not do anything and can be removed
[INFO] [stdout] help: remove this redundant call
[INFO] [stdout]     |
[INFO] [stdout] 103 -                 after = response.borrow().data.after.clone();
[INFO] [stdout] 103 +                 after = response.data.after.clone();
[INFO] [stdout]     |
[INFO] [stdout] help: if you meant to clone `Listing`, implement `Clone` for it
[INFO] [stdout]    --> src/structs.rs:46:1
[INFO] [stdout]     |
[INFO] [stdout]  46 + #[derive(Clone)]
[INFO] [stdout]  47 | pub struct Listing {
[INFO] [stdout]     |
[INFO] [stdout] 
[INFO] [stdout] 
[INFO] [stderr]     Finished `release` profile [optimized] target(s) in 7.10s
[INFO] [stderr] warning: the following packages contain code that will be rejected by a future version of Rust: openssl v0.10.42
[INFO] [stderr] note: to see what the problems were, use the option `--future-incompat-report`, or run `cargo report future-incompatibilities --id 1`
[INFO] running `Command { std: "docker" "inspect" "949d77f80140d3238449f6edc79a7c9c53bfa9f5b9c46a43812641183fbae1c0", kill_on_drop: false }`
[INFO] running `Command { std: "docker" "exec" "-e" "SOURCE_DIR=/opt/rustwide/workdir" "-e" "CARGO_HOME=/opt/rustwide/cargo-home" "-e" "RUSTUP_HOME=/opt/rustwide/rustup-home" "-e" "CARGO_TARGET_DIR=/opt/rustwide/target" "-e" "CARGO_INCREMENTAL=0" "-e" "RUST_BACKTRACE=full" "-e" "RUSTFLAGS=--cap-lints=warn" "-e" "RUSTDOCFLAGS=--cap-lints=warn" "-w" "/opt/rustwide/workdir" "--user" "0:0" "949d77f80140d3238449f6edc79a7c9c53bfa9f5b9c46a43812641183fbae1c0" "/opt/rustwide/cargo-home/bin/cargo" "+1.99.0-beta.8" "test" "--frozen" "--release", kill_on_drop: false }`
[INFO] [stderr] warning: field `kind` is never read
[INFO] [stderr]   --> src/structs.rs:48:9
[INFO] [stderr]    |
[INFO] [stderr] 46 | pub struct Listing {
[INFO] [stderr]    |            ------- field in this struct
[INFO] [stderr] 47 |     /// The kind of object this is. eg: Comment, Account, Subreddit, etc.
[INFO] [stderr] 48 |     pub kind: String,
[INFO] [stderr]    |         ^^^^
[INFO] [stderr]    |
[INFO] [stderr]    = note: `Listing` has a derived impl for the trait `Debug`, but this is intentionally ignored during dead code analysis
[INFO] [stderr]    = note: `#[warn(dead_code)]` (part of `#[warn(unused)]`) on by default
[INFO] [stderr] 
[INFO] [stderr] warning: field `1` is never read
[INFO] [stderr]   --> src/structs.rs:63:31
[INFO] [stderr]    |
[INFO] [stderr] 61 | struct ListingsFutureCompat<'a>(
[INFO] [stderr]    |        -------------------- field in this struct
[INFO] [stderr] 62 |     Listing,
[INFO] [stderr] 63 |     #[serde(default, borrow)] Option<&'a serde_json::value::RawValue>,
[INFO] [stderr]    |                               ^^^^^^^^^^^^^^^^^^^^^^^^^^^^^^^^^^^^^^^
[INFO] [stderr]    |
[INFO] [stderr]    = help: consider removing this field
[INFO] [stderr]    = note: `ListingsFutureCompat` has a derived impl for the trait `Debug`, but this is intentionally ignored during dead code analysis
[INFO] [stderr] 
[INFO] [stderr] warning: fields `modhash` and `before` are never read
[INFO] [stderr]   --> src/structs.rs:81:9
[INFO] [stderr]    |
[INFO] [stderr] 78 | pub struct ListingData {
[INFO] [stderr]    |            ----------- fields in this struct
[INFO] [stderr] ...
[INFO] [stderr] 81 |     pub modhash: Option<String>,
[INFO] [stderr]    |         ^^^^^^^
[INFO] [stderr] 82 |     pub before: Option<String>,
[INFO] [stderr]    |         ^^^^^^
[INFO] [stderr]    |
[INFO] [stderr]    = note: `ListingData` has a derived impl for the trait `Debug`, but this is intentionally ignored during dead code analysis
[INFO] [stderr] 
[INFO] [stderr] warning: field `kind` is never read
[INFO] [stderr]   --> src/structs.rs:91:9
[INFO] [stderr]    |
[INFO] [stderr] 89 | pub struct Post {
[INFO] [stderr]    |            ---- field in this struct
[INFO] [stderr] 90 |     /// The kind of object this is. eg: Comment, Account, Subreddit, etc.
[INFO] [stderr] 91 |     pub kind: String,
[INFO] [stderr]    |         ^^^^
[INFO] [stderr]    |
[INFO] [stderr]    = note: `Post` has derived impls for the traits `Clone` and `Debug`, but these are intentionally ignored during dead code analysis
[INFO] [stderr] 
[INFO] [stderr] warning: multiple fields are never read
[INFO] [stderr]    --> src/structs.rs:101:9
[INFO] [stderr]     |
[INFO] [stderr]  98 | pub struct PostData {
[INFO] [stderr]     |            -------- fields in this struct
[INFO] [stderr] ...
[INFO] [stderr] 101 |     pub id: String,
[INFO] [stderr]     |         ^^
[INFO] [stderr] ...
[INFO] [stderr] 108 |     pub thumbnail: Option<String>,
[INFO] [stderr]     |         ^^^^^^^^^
[INFO] [stderr] 109 |     /// The Reddit ID for the subreddit where this was posted, **including the leading `t5_`**.
[INFO] [stderr] 110 |     pub subreddit_id: String,
[INFO] [stderr]     |         ^^^^^^^^^^^^
[INFO] [stderr] 111 |     /// True if the logged-in user has saved this submission.
[INFO] [stderr] 112 |     pub saved: bool,
[INFO] [stderr]     |         ^^^^^
[INFO] [stderr] 113 |     /// The permanent, long link for this submission.
[INFO] [stderr] 114 |     pub permalink: String,
[INFO] [stderr]     |         ^^^^^^^^^
[INFO] [stderr] ...
[INFO] [stderr] 126 |     pub created: Value,
[INFO] [stderr]     |         ^^^^^^^
[INFO] [stderr] ...
[INFO] [stderr] 132 |     pub created_utc: Value,
[INFO] [stderr]     |         ^^^^^^^^^^^
[INFO] [stderr] ...
[INFO] [stderr] 138 |     pub is_video: Option<bool>,
[INFO] [stderr]     |         ^^^^^^^^
[INFO] [stderr]     |
[INFO] [stderr]     = note: `PostData` has derived impls for the traits `Clone` and `Debug`, but these are intentionally ignored during dead code analysis
[INFO] [stderr] 
[INFO] [stderr] warning: fields `status`, `e`, and `id` are never read
[INFO] [stderr]    --> src/structs.rs:147:9
[INFO] [stderr]     |
[INFO] [stderr] 146 | pub struct MediaMetadata {
[INFO] [stderr]     |            ------------- fields in this struct
[INFO] [stderr] 147 |     pub status: String,
[INFO] [stderr]     |         ^^^^^^
[INFO] [stderr] 148 |     pub e: String,
[INFO] [stderr]     |         ^
[INFO] [stderr] 149 |     pub m: String,
[INFO] [stderr] 150 |     pub id: String,
[INFO] [stderr]     |         ^^
[INFO] [stderr]     |
[INFO] [stderr]     = note: `MediaMetadata` has derived impls for the traits `Clone` and `Debug`, but these are intentionally ignored during dead code analysis
[INFO] [stderr] 
[INFO] [stderr] warning: field `is_gif` is never read
[INFO] [stderr]    --> src/structs.rs:161:9
[INFO] [stderr]     |
[INFO] [stderr] 159 | pub struct RedditVideo {
[INFO] [stderr]     |            ----------- field in this struct
[INFO] [stderr] 160 |     pub fallback_url: String,
[INFO] [stderr] 161 |     pub is_gif: bool,
[INFO] [stderr]     |         ^^^^^^
[INFO] [stderr]     |
[INFO] [stderr]     = note: `RedditVideo` has derived impls for the traits `Clone` and `Debug`, but these are intentionally ignored during dead code analysis
[INFO] [stderr] 
[INFO] [stderr] warning: struct `GfyItem` is never constructed
[INFO] [stderr]    --> src/structs.rs:180:12
[INFO] [stderr]     |
[INFO] [stderr] 180 | pub struct GfyItem {
[INFO] [stderr]     |            ^^^^^^^
[INFO] [stderr] 
[INFO] [stderr] warning: struct `Summary` is never constructed
[INFO] [stderr]    --> src/structs.rs:197:12
[INFO] [stderr]     |
[INFO] [stderr] 197 | pub struct Summary {
[INFO] [stderr]     |            ^^^^^^^
[INFO] [stderr] 
[INFO] [stderr] warning: fields `addr`, `agent`, `session`, and `rtfm` are never read
[INFO] [stderr]    --> src/structs.rs:294:9
[INFO] [stderr]     |
[INFO] [stderr] 292 | pub struct TokenResponse {
[INFO] [stderr]     |            ------------- fields in this struct
[INFO] [stderr] 293 |     pub token: String,
[INFO] [stderr] 294 |     pub addr: String,
[INFO] [stderr]     |         ^^^^
[INFO] [stderr] 295 |     pub agent: String,
[INFO] [stderr]     |         ^^^^^
[INFO] [stderr] 296 |     pub session: String,
[INFO] [stderr]     |         ^^^^^^^
[INFO] [stderr] 297 |     pub rtfm: String,
[INFO] [stderr]     |         ^^^^
[INFO] [stderr]     |
[INFO] [stderr]     = note: `TokenResponse` has derived impls for the traits `Clone` and `Debug`, but these are intentionally ignored during dead code analysis
[INFO] [stderr] 
[INFO] [stderr] warning: fields `sd`, `poster`, `thumbnail`, and `vthumbnail` are never read
[INFO] [stderr]    --> src/structs.rs:302:9
[INFO] [stderr]     |
[INFO] [stderr] 301 | pub struct MediaInfo {
[INFO] [stderr]     |            --------- fields in this struct
[INFO] [stderr] 302 |     pub sd: String,
[INFO] [stderr]     |         ^^
[INFO] [stderr] 303 |     pub hd: String,
[INFO] [stderr] 304 |     pub poster: String,
[INFO] [stderr]     |         ^^^^^^
[INFO] [stderr] 305 |     pub thumbnail: String,
[INFO] [stderr]     |         ^^^^^^^^^
[INFO] [stderr] 306 |     pub vthumbnail: String,
[INFO] [stderr]     |         ^^^^^^^^^^
[INFO] [stderr]     |
[INFO] [stderr]     = note: `MediaInfo` has derived impls for the traits `Clone` and `Debug`, but these are intentionally ignored during dead code analysis
[INFO] [stderr] 
[INFO] [stderr] warning: field `id` is never read
[INFO] [stderr]    --> src/structs.rs:310:9
[INFO] [stderr]     |
[INFO] [stderr] 309 | pub struct InnerGif {
[INFO] [stderr]     |            -------- field in this struct
[INFO] [stderr] 310 |     pub id: String,
[INFO] [stderr]     |         ^^
[INFO] [stderr]     |
[INFO] [stderr]     = note: `InnerGif` has derived impls for the traits `Clone` and `Debug`, but these are intentionally ignored during dead code analysis
[INFO] [stderr] 
[INFO] [stderr] warning: call to `.borrow()` on a reference in this situation does nothing
[INFO] [stderr]   --> src/user.rs:93:34
[INFO] [stderr]    |
[INFO] [stderr] 93 |             processed += response.borrow().data.dist;
[INFO] [stderr]    |                                  ^^^^^^^^^
[INFO] [stderr]    |
[INFO] [stderr]    = note: the type `Listing` does not implement `Borrow`, so calling `borrow` on `&Listing` copies the reference, which does not do anything and can be removed
[INFO] [stderr]    = note: `#[warn(noop_method_call)]` on by default
[INFO] [stderr] help: remove this redundant call
[INFO] [stderr]    |
[INFO] [stderr] 93 -             processed += response.borrow().data.dist;
[INFO] [stderr] 93 +             processed += response.data.dist;
[INFO] [stderr]    |
[INFO] [stderr] help: if you meant to clone `Listing`, implement `Clone` for it
[INFO] [stderr]   --> src/structs.rs:46:1
[INFO] [stderr]    |
[INFO] [stderr] 46 + #[derive(Clone)]
[INFO] [stderr] 47 | pub struct Listing {
[INFO] [stderr]    |
[INFO] [stderr] 
[INFO] [stderr] warning: call to `.borrow()` on a reference in this situation does nothing
[INFO] [stderr]   --> src/user.rs:97:24
[INFO] [stderr]    |
[INFO] [stderr] 97 |             if response.borrow().data.after.as_ref().is_none() {
[INFO] [stderr]    |                        ^^^^^^^^^
[INFO] [stderr]    |
[INFO] [stderr]    = note: the type `Listing` does not implement `Borrow`, so calling `borrow` on `&Listing` copies the reference, which does not do anything and can be removed
[INFO] [stderr] help: remove this redundant call
[INFO] [stderr]    |
[INFO] [stderr] 97 -             if response.borrow().data.after.as_ref().is_none() {
[INFO] [stderr] 97 +             if response.data.after.as_ref().is_none() {
[INFO] [stderr]    |
[INFO] [stderr] help: if you meant to clone `Listing`, implement `Clone` for it
[INFO] [stderr]   --> src/structs.rs:46:1
[INFO] [stderr]    |
[INFO] [stderr] 46 + #[derive(Clone)]
[INFO] [stderr] 47 | pub struct Listing {
[INFO] [stderr]    |
[INFO] [stderr] 
[INFO] [stderr] warning: call to `.borrow()` on a reference in this situation does nothing
[INFO] [stderr]    --> src/user.rs:102:55
[INFO] [stderr]     |
[INFO] [stderr] 102 |                 debug!("Processing till: {}", response.borrow().data.after.as_ref().unwrap());
[INFO] [stderr]     |                                                       ^^^^^^^^^
[INFO] [stderr]     |
[INFO] [stderr]     = note: the type `Listing` does not implement `Borrow`, so calling `borrow` on `&Listing` copies the reference, which does not do anything and can be removed
[INFO] [stderr] help: remove this redundant call
[INFO] [stderr]     |
[INFO] [stderr] 102 -                 debug!("Processing till: {}", response.borrow().data.after.as_ref().unwrap());
[INFO] [stderr] 102 +                 debug!("Processing till: {}", response.data.after.as_ref().unwrap());
[INFO] [stderr]     |
[INFO] [stderr] help: if you meant to clone `Listing`, implement `Clone` for it
[INFO] [stderr]    --> src/structs.rs:46:1
[INFO] [stderr]     |
[INFO] [stderr]  46 + #[derive(Clone)]
[INFO] [stderr]  47 | pub struct Listing {
[INFO] [stderr]     |
[INFO] [stderr] 
[INFO] [stderr] warning: call to `.borrow()` on a reference in this situation does nothing
[INFO] [stderr]    --> src/user.rs:103:33
[INFO] [stderr]     |
[INFO] [stderr] 103 |                 after = response.borrow().data.after.clone();
[INFO] [stderr]     |                                 ^^^^^^^^^
[INFO] [stderr]     |
[INFO] [stderr]     = note: the type `Listing` does not implement `Borrow`, so calling `borrow` on `&Listing` copies the reference, which does not do anything and can be removed
[INFO] [stderr] help: remove this redundant call
[INFO] [stderr]     |
[INFO] [stderr] 103 -                 after = response.borrow().data.after.clone();
[INFO] [stderr] 103 +                 after = response.data.after.clone();
[INFO] [stderr]     |
[INFO] [stderr] help: if you meant to clone `Listing`, implement `Clone` for it
[INFO] [stderr]    --> src/structs.rs:46:1
[INFO] [stderr]     |
[INFO] [stderr]  46 + #[derive(Clone)]
[INFO] [stderr]  47 | pub struct Listing {
[INFO] [stderr]     |
[INFO] [stderr] 
[INFO] [stderr] warning: `gert` (bin "gert") generated 16 warnings (run `cargo fix --bin "gert" -p gert` to apply 4 suggestions)
[INFO] [stderr] warning: `gert` (bin "gert" test) generated 16 warnings (16 duplicates)
[INFO] [stderr]     Finished `release` profile [optimized] target(s) in 0.22s
[INFO] [stderr] warning: the following packages contain code that will be rejected by a future version of Rust: openssl v0.10.42
[INFO] [stderr] note: to see what the problems were, use the option `--future-incompat-report`, or run `cargo report future-incompatibilities --id 1`
[INFO] [stderr]      Running unittests src/main.rs (/opt/rustwide/target/release/deps/gert-0c90f46b9b63680e)
[INFO] [stdout] 
[INFO] [stdout] running 0 tests
[INFO] [stdout] 
[INFO] [stdout] test result: ok. 0 passed; 0 failed; 0 ignored; 0 measured; 0 filtered out; finished in 0.00s
[INFO] [stderr]      Running tests/cli_tests.rs (/opt/rustwide/target/release/deps/cli_tests-0982691957ed9281)
[INFO] [stdout] 
[INFO] [stdout] 
[INFO] [stdout] running 8 tests
[INFO] [stdout] test test_streamable ... FAILED
[INFO] [stdout] test test_imgur_unknown ... FAILED
[INFO] [stdout] test test_audio_video_stitch ... FAILED
[INFO] [stdout] test test_gallery ... FAILED
[INFO] [stdout] test test_gif_to_mp4 ... FAILED
[INFO] [stdout] test test_imgur_collection ... FAILED
[INFO] [stdout] test test_redgif ... FAILED
[INFO] [stdout] test test_giphy ... FAILED
[INFO] [stdout] 
[INFO] [stdout] failures:
[INFO] [stdout] 
[INFO] [stdout] ---- test_streamable stdout ----
[INFO] [stdout] 
[INFO] [stdout] thread 'test_streamable' (3155) panicked at tests/cli_tests.rs:210:30:
[INFO] [stdout] called `Result::unwrap()` on an `Err` value: Os { code: 30, kind: ReadOnlyFilesystem, message: "Read-only file system" }
[INFO] [stdout] stack backtrace:
[INFO] [stdout]    0:     0x6448daa4ffe1 - <<std[70759c8f55707aa4]::sys::backtrace::BacktraceLock>::print::DisplayBacktrace as core[df12db4294e9bfd3]::fmt::Display>::fmt
[INFO] [stdout]    1:     0x6448daa6457a - core[df12db4294e9bfd3]::fmt::write
[INFO] [stdout]    2:     0x6448daa546bc - <alloc[2182bb758b4b3781]::vec::Vec<u8> as core[df12db4294e9bfd3]::io::write::Write>::write_fmt
[INFO] [stdout]    3:     0x6448daa2b446 - std[70759c8f55707aa4]::panicking::default_hook::{closure#0}
[INFO] [stdout]    4:     0x6448daa485b9 - std[70759c8f55707aa4]::panicking::default_hook
[INFO] [stdout]    5:     0x6448da9bb260 - test[9d35eded1c95d3be]::test_main_inner::<test[9d35eded1c95d3be]::test_main_static::{closure#0}>::{closure#0}
[INFO] [stdout]    6:     0x6448daa48772 - std[70759c8f55707aa4]::panicking::panic_with_hook
[INFO] [stdout]    7:     0x6448daa2b4f2 - std[70759c8f55707aa4]::panicking::panic_handler::{closure#0}
[INFO] [stdout]    8:     0x6448daa24129 - std[70759c8f55707aa4]::sys::backtrace::__rust_end_short_backtrace::<std[70759c8f55707aa4]::panicking::panic_handler::{closure#0}, !>
[INFO] [stdout]    9:     0x6448daa2c0ed - __rustc[8fa7c3cbc660c2b3]::rust_begin_unwind
[INFO] [stdout]   10:     0x6448daa64cdc - core[df12db4294e9bfd3]::panicking::panic_fmt
[INFO] [stdout]   11:     0x6448daa64ab2 - core[df12db4294e9bfd3]::result::unwrap_failed
[INFO] [stdout]   12:     0x6448da9a5b43 - cli_tests[893738e0e5252b1d]::run_test_case::{closure#0}
[INFO] [stdout]   13:     0x6448da9a6d3c - <core[df12db4294e9bfd3]::pin::Pin<&mut cli_tests[893738e0e5252b1d]::test_streamable::{closure#0}> as core[df12db4294e9bfd3]::future::future::Future>::poll
[INFO] [stdout]   14:     0x6448da9a91a0 - <tokio[caf4c572bd5467be]::runtime::scheduler::current_thread::Context>::enter::<core[df12db4294e9bfd3]::task::poll::Poll<()>, <tokio[caf4c572bd5467be]::runtime::scheduler::current_thread::CoreGuard>::block_on<core[df12db4294e9bfd3]::pin::Pin<&mut cli_tests[893738e0e5252b1d]::test_streamable::{closure#0}>>::{closure#0}::{closure#0}>
[INFO] [stdout]   15:     0x6448da9aac78 - <tokio[caf4c572bd5467be]::macros::scoped_tls::ScopedKey<tokio[caf4c572bd5467be]::runtime::scheduler::current_thread::Context>>::set::<<tokio[caf4c572bd5467be]::runtime::scheduler::current_thread::CoreGuard>::enter<<tokio[caf4c572bd5467be]::runtime::scheduler::current_thread::CoreGuard>::block_on<core[df12db4294e9bfd3]::pin::Pin<&mut cli_tests[893738e0e5252b1d]::test_streamable::{closure#0}>>::{closure#0}, core[df12db4294e9bfd3]::option::Option<()>>::{closure#0}, (alloc[2182bb758b4b3781]::boxed::Box<tokio[caf4c572bd5467be]::runtime::scheduler::current_thread::Core>, core[df12db4294e9bfd3]::option::Option<()>)>
[INFO] [stdout]   16:     0x6448da9a8105 - <tokio[caf4c572bd5467be]::runtime::scheduler::current_thread::CurrentThread>::block_on::<cli_tests[893738e0e5252b1d]::test_streamable::{closure#0}>
[INFO] [stdout]   17:     0x6448da9ac330 - <tokio[caf4c572bd5467be]::runtime::Runtime>::block_on::<cli_tests[893738e0e5252b1d]::test_streamable::{closure#0}>
[INFO] [stdout]   18:     0x6448da9a4238 - <cli_tests[893738e0e5252b1d]::test_streamable::{closure#0} as core[df12db4294e9bfd3]::ops::function::FnOnce<()>>::call_once
[INFO] [stdout]   19:     0x6448da9ae54b - test[9d35eded1c95d3be]::__rust_begin_short_backtrace::<core[df12db4294e9bfd3]::result::Result<(), alloc[2182bb758b4b3781]::string::String>, fn() -> core[df12db4294e9bfd3]::result::Result<(), alloc[2182bb758b4b3781]::string::String>>
[INFO] [stdout]   20:     0x6448da9bbbb5 - test[9d35eded1c95d3be]::run_test::{closure#0}
[INFO] [stdout]   21:     0x6448da9b5474 - std[70759c8f55707aa4]::sys::backtrace::__rust_begin_short_backtrace::<test[9d35eded1c95d3be]::run_test::{closure#1}, ()>
[INFO] [stdout]   22:     0x6448da9bed12 - <std[70759c8f55707aa4]::thread::lifecycle::spawn_unchecked<test[9d35eded1c95d3be]::run_test::{closure#1}, ()>::{closure#1} as core[df12db4294e9bfd3]::ops::function::FnOnce<()>>::call_once::{shim:vtable#0}
[INFO] [stdout]   23:     0x6448daa4f8b9 - <std[70759c8f55707aa4]::sys::thread::unix::Thread>::new::thread_start
[INFO] [stdout]   24:     0x7dc543a80dfa - <unknown>
[INFO] [stdout]   25:     0x7dc543b143d4 - clone
[INFO] [stdout]   26:                0x0 - <unknown>
[INFO] [stdout] 
[INFO] [stdout] ---- test_imgur_unknown stdout ----
[INFO] [stdout] 
[INFO] [stdout] thread 'test_imgur_unknown' (3153) panicked at tests/cli_tests.rs:210:30:
[INFO] [stdout] called `Result::unwrap()` on an `Err` value: Os { code: 30, kind: ReadOnlyFilesystem, message: "Read-only file system" }
[INFO] [stdout] stack backtrace:
[INFO] [stdout]    0:     0x6448daa4ffe1 - <<std[70759c8f55707aa4]::sys::backtrace::BacktraceLock>::print::DisplayBacktrace as core[df12db4294e9bfd3]::fmt::Display>::fmt
[INFO] [stdout]    1:     0x6448daa6457a - core[df12db4294e9bfd3]::fmt::write
[INFO] [stdout]    2:     0x6448daa546bc - <alloc[2182bb758b4b3781]::vec::Vec<u8> as core[df12db4294e9bfd3]::io::write::Write>::write_fmt
[INFO] [stdout]    3:     0x6448daa2b446 - std[70759c8f55707aa4]::panicking::default_hook::{closure#0}
[INFO] [stdout]    4:     0x6448daa485b9 - std[70759c8f55707aa4]::panicking::default_hook
[INFO] [stdout]    5:     0x6448da9bb260 - test[9d35eded1c95d3be]::test_main_inner::<test[9d35eded1c95d3be]::test_main_static::{closure#0}>::{closure#0}
[INFO] [stdout]    6:     0x6448daa48772 - std[70759c8f55707aa4]::panicking::panic_with_hook
[INFO] [stdout]    7:     0x6448daa2b4f2 - std[70759c8f55707aa4]::panicking::panic_handler::{closure#0}
[INFO] [stdout]    8:     0x6448daa24129 - std[70759c8f55707aa4]::sys::backtrace::__rust_end_short_backtrace::<std[70759c8f55707aa4]::panicking::panic_handler::{closure#0}, !>
[INFO] [stdout]    9:     0x6448daa2c0ed - __rustc[8fa7c3cbc660c2b3]::rust_begin_unwind
[INFO] [stdout]   10:     0x6448daa64cdc - core[df12db4294e9bfd3]::panicking::panic_fmt
[INFO] [stdout]   11:     0x6448daa64ab2 - core[df12db4294e9bfd3]::result::unwrap_failed
[INFO] [stdout]   12:     0x6448da9a5b43 - cli_tests[893738e0e5252b1d]::run_test_case::{closure#0}
[INFO] [stdout]   13:     0x6448da9a6e6c - <core[df12db4294e9bfd3]::pin::Pin<&mut cli_tests[893738e0e5252b1d]::test_imgur_unknown::{closure#0}> as core[df12db4294e9bfd3]::future::future::Future>::poll
[INFO] [stdout]   14:     0x6448da9a92d0 - <tokio[caf4c572bd5467be]::runtime::scheduler::current_thread::Context>::enter::<core[df12db4294e9bfd3]::task::poll::Poll<()>, <tokio[caf4c572bd5467be]::runtime::scheduler::current_thread::CoreGuard>::block_on<core[df12db4294e9bfd3]::pin::Pin<&mut cli_tests[893738e0e5252b1d]::test_imgur_unknown::{closure#0}>>::{closure#0}::{closure#0}>
[INFO] [stdout]   15:     0x6448da9aaf88 - <tokio[caf4c572bd5467be]::macros::scoped_tls::ScopedKey<tokio[caf4c572bd5467be]::runtime::scheduler::current_thread::Context>>::set::<<tokio[caf4c572bd5467be]::runtime::scheduler::current_thread::CoreGuard>::enter<<tokio[caf4c572bd5467be]::runtime::scheduler::current_thread::CoreGuard>::block_on<core[df12db4294e9bfd3]::pin::Pin<&mut cli_tests[893738e0e5252b1d]::test_imgur_unknown::{closure#0}>>::{closure#0}, core[df12db4294e9bfd3]::option::Option<()>>::{closure#0}, (alloc[2182bb758b4b3781]::boxed::Box<tokio[caf4c572bd5467be]::runtime::scheduler::current_thread::Core>, core[df12db4294e9bfd3]::option::Option<()>)>
[INFO] [stdout]   16:     0x6448da9a8455 - <tokio[caf4c572bd5467be]::runtime::scheduler::current_thread::CurrentThread>::block_on::<cli_tests[893738e0e5252b1d]::test_imgur_unknown::{closure#0}>
[INFO] [stdout]   17:     0x6448da9ac430 - <tokio[caf4c572bd5467be]::runtime::Runtime>::block_on::<cli_tests[893738e0e5252b1d]::test_imgur_unknown::{closure#0}>
[INFO] [stdout]   18:     0x6448da9a43e8 - <cli_tests[893738e0e5252b1d]::test_imgur_unknown::{closure#0} as core[df12db4294e9bfd3]::ops::function::FnOnce<()>>::call_once
[INFO] [stdout]   19:     0x6448da9ae54b - test[9d35eded1c95d3be]::__rust_begin_short_backtrace::<core[df12db4294e9bfd3]::result::Result<(), alloc[2182bb758b4b3781]::string::String>, fn() -> core[df12db4294e9bfd3]::result::Result<(), alloc[2182bb758b4b3781]::string::String>>
[INFO] [stdout]   20:     0x6448da9bbbb5 - test[9d35eded1c95d3be]::run_test::{closure#0}
[INFO] [stdout]   21:     0x6448da9b5474 - std[70759c8f55707aa4]::sys::backtrace::__rust_begin_short_backtrace::<test[9d35eded1c95d3be]::run_test::{closure#1}, ()>
[INFO] [stdout]   22:     0x6448da9bed12 - <std[70759c8f55707aa4]::thread::lifecycle::spawn_unchecked<test[9d35eded1c95d3be]::run_test::{closure#1}, ()>::{closure#1} as core[df12db4294e9bfd3]::ops::function::FnOnce<()>>::call_once::{shim:vtable#0}
[INFO] [stdout]   23:     0x6448daa4f8b9 - <std[70759c8f55707aa4]::sys::thread::unix::Thread>::new::thread_start
[INFO] [stdout]   24:     0x7dc543a80dfa - <unknown>
[INFO] [stdout]   25:     0x7dc543b143d4 - clone
[INFO] [stdout]   26:                0x0 - <unknown>
[INFO] [stdout] 
[INFO] [stdout] ---- test_audio_video_stitch stdout ----
[INFO] [stdout] 
[INFO] [stdout] thread 'test_audio_video_stitch' (3148) panicked at tests/cli_tests.rs:210:30:
[INFO] [stdout] called `Result::unwrap()` on an `Err` value: Os { code: 30, kind: ReadOnlyFilesystem, message: "Read-only file system" }
[INFO] [stdout] stack backtrace:
[INFO] [stdout]    0:     0x6448daa4ffe1 - <<std[70759c8f55707aa4]::sys::backtrace::BacktraceLock>::print::DisplayBacktrace as core[df12db4294e9bfd3]::fmt::Display>::fmt
[INFO] [stdout]    1:     0x6448daa6457a - core[df12db4294e9bfd3]::fmt::write
[INFO] [stdout]    2:     0x6448daa546bc - <alloc[2182bb758b4b3781]::vec::Vec<u8> as core[df12db4294e9bfd3]::io::write::Write>::write_fmt
[INFO] [stdout]    3:     0x6448daa2b446 - std[70759c8f55707aa4]::panicking::default_hook::{closure#0}
[INFO] [stdout]    4:     0x6448daa485b9 - std[70759c8f55707aa4]::panicking::default_hook
[INFO] [stdout]    5:     0x6448da9bb260 - test[9d35eded1c95d3be]::test_main_inner::<test[9d35eded1c95d3be]::test_main_static::{closure#0}>::{closure#0}
[INFO] [stdout]    6:     0x6448daa48772 - std[70759c8f55707aa4]::panicking::panic_with_hook
[INFO] [stdout]    7:     0x6448daa2b4f2 - std[70759c8f55707aa4]::panicking::panic_handler::{closure#0}
[INFO] [stdout]    8:     0x6448daa24129 - std[70759c8f55707aa4]::sys::backtrace::__rust_end_short_backtrace::<std[70759c8f55707aa4]::panicking::panic_handler::{closure#0}, !>
[INFO] [stdout]    9:     0x6448daa2c0ed - __rustc[8fa7c3cbc660c2b3]::rust_begin_unwind
[INFO] [stdout]   10:     0x6448daa64cdc - core[df12db4294e9bfd3]::panicking::panic_fmt
[INFO] [stdout]   11:     0x6448daa64ab2 - core[df12db4294e9bfd3]::result::unwrap_failed
[INFO] [stdout]   12:     0x6448da9a5b43 - cli_tests[893738e0e5252b1d]::run_test_case::{closure#0}
[INFO] [stdout]   13:     0x6448da9a70fc - <core[df12db4294e9bfd3]::pin::Pin<&mut cli_tests[893738e0e5252b1d]::test_audio_video_stitch::{closure#0}> as core[df12db4294e9bfd3]::future::future::Future>::poll
[INFO] [stdout]   14:     0x6448da9a9530 - <tokio[caf4c572bd5467be]::runtime::scheduler::current_thread::Context>::enter::<core[df12db4294e9bfd3]::task::poll::Poll<()>, <tokio[caf4c572bd5467be]::runtime::scheduler::current_thread::CoreGuard>::block_on<core[df12db4294e9bfd3]::pin::Pin<&mut cli_tests[893738e0e5252b1d]::test_audio_video_stitch::{closure#0}>>::{closure#0}::{closure#0}>
[INFO] [stdout]   15:     0x6448da9ab5a8 - <tokio[caf4c572bd5467be]::macros::scoped_tls::ScopedKey<tokio[caf4c572bd5467be]::runtime::scheduler::current_thread::Context>>::set::<<tokio[caf4c572bd5467be]::runtime::scheduler::current_thread::CoreGuard>::enter<<tokio[caf4c572bd5467be]::runtime::scheduler::current_thread::CoreGuard>::block_on<core[df12db4294e9bfd3]::pin::Pin<&mut cli_tests[893738e0e5252b1d]::test_audio_video_stitch::{closure#0}>>::{closure#0}, core[df12db4294e9bfd3]::option::Option<()>>::{closure#0}, (alloc[2182bb758b4b3781]::boxed::Box<tokio[caf4c572bd5467be]::runtime::scheduler::current_thread::Core>, core[df12db4294e9bfd3]::option::Option<()>)>
[INFO] [stdout]   16:     0x6448da9a8af5 - <tokio[caf4c572bd5467be]::runtime::scheduler::current_thread::CurrentThread>::block_on::<cli_tests[893738e0e5252b1d]::test_audio_video_stitch::{closure#0}>
[INFO] [stdout]   17:     0x6448da9ac630 - <tokio[caf4c572bd5467be]::runtime::Runtime>::block_on::<cli_tests[893738e0e5252b1d]::test_audio_video_stitch::{closure#0}>
[INFO] [stdout]   18:     0x6448da9a4748 - <cli_tests[893738e0e5252b1d]::test_audio_video_stitch::{closure#0} as core[df12db4294e9bfd3]::ops::function::FnOnce<()>>::call_once
[INFO] [stdout]   19:     0x6448da9ae54b - test[9d35eded1c95d3be]::__rust_begin_short_backtrace::<core[df12db4294e9bfd3]::result::Result<(), alloc[2182bb758b4b3781]::string::String>, fn() -> core[df12db4294e9bfd3]::result::Result<(), alloc[2182bb758b4b3781]::string::String>>
[INFO] [stdout]   20:     0x6448da9bbbb5 - test[9d35eded1c95d3be]::run_test::{closure#0}
[INFO] [stdout]   21:     0x6448da9b5474 - std[70759c8f55707aa4]::sys::backtrace::__rust_begin_short_backtrace::<test[9d35eded1c95d3be]::run_test::{closure#1}, ()>
[INFO] [stdout]   22:     0x6448da9bed12 - <std[70759c8f55707aa4]::thread::lifecycle::spawn_unchecked<test[9d35eded1c95d3be]::run_test::{closure#1}, ()>::{closure#1} as core[df12db4294e9bfd3]::ops::function::FnOnce<()>>::call_once::{shim:vtable#0}
[INFO] [stdout]   23:     0x6448daa4f8b9 - <std[70759c8f55707aa4]::sys::thread::unix::Thread>::new::thread_start
[INFO] [stdout]   24:     0x7dc543a80dfa - <unknown>
[INFO] [stdout]   25:     0x7dc543b143d4 - clone
[INFO] [stdout]   26:                0x0 - <unknown>
[INFO] [stdout] 
[INFO] [stdout] ---- test_gallery stdout ----
[INFO] [stdout] 
[INFO] [stdout] thread 'test_gallery' (3149) panicked at tests/cli_tests.rs:210:30:
[INFO] [stdout] called `Result::unwrap()` on an `Err` value: Os { code: 30, kind: ReadOnlyFilesystem, message: "Read-only file system" }
[INFO] [stdout] stack backtrace:
[INFO] [stdout]    0:     0x6448daa4ffe1 - <<std[70759c8f55707aa4]::sys::backtrace::BacktraceLock>::print::DisplayBacktrace as core[df12db4294e9bfd3]::fmt::Display>::fmt
[INFO] [stdout]    1:     0x6448daa6457a - core[df12db4294e9bfd3]::fmt::write
[INFO] [stdout]    2:     0x6448daa546bc - <alloc[2182bb758b4b3781]::vec::Vec<u8> as core[df12db4294e9bfd3]::io::write::Write>::write_fmt
[INFO] [stdout]    3:     0x6448daa2b446 - std[70759c8f55707aa4]::panicking::default_hook::{closure#0}
[INFO] [stdout]    4:     0x6448daa485b9 - std[70759c8f55707aa4]::panicking::default_hook
[INFO] [stdout]    5:     0x6448da9bb260 - test[9d35eded1c95d3be]::test_main_inner::<test[9d35eded1c95d3be]::test_main_static::{closure#0}>::{closure#0}
[INFO] [stdout]    6:     0x6448daa48772 - std[70759c8f55707aa4]::panicking::panic_with_hook
[INFO] [stdout]    7:     0x6448daa2b4f2 - std[70759c8f55707aa4]::panicking::panic_handler::{closure#0}
[INFO] [stdout]    8:     0x6448daa24129 - std[70759c8f55707aa4]::sys::backtrace::__rust_end_short_backtrace::<std[70759c8f55707aa4]::panicking::panic_handler::{closure#0}, !>
[INFO] [stdout]    9:     0x6448daa2c0ed - __rustc[8fa7c3cbc660c2b3]::rust_begin_unwind
[INFO] [stdout]   10:     0x6448daa64cdc - core[df12db4294e9bfd3]::panicking::panic_fmt
[INFO] [stdout]   11:     0x6448daa64ab2 - core[df12db4294e9bfd3]::result::unwrap_failed
[INFO] [stdout]   12:     0x6448da9a5b43 - cli_tests[893738e0e5252b1d]::run_test_case::{closure#0}
[INFO] [stdout]   13:     0x6448da9a6ad9 - <core[df12db4294e9bfd3]::pin::Pin<&mut cli_tests[893738e0e5252b1d]::test_gallery::{closure#0}> as core[df12db4294e9bfd3]::future::future::Future>::poll
[INFO] [stdout]   14:     0x6448da9a8f40 - <tokio[caf4c572bd5467be]::runtime::scheduler::current_thread::Context>::enter::<core[df12db4294e9bfd3]::task::poll::Poll<()>, <tokio[caf4c572bd5467be]::runtime::scheduler::current_thread::CoreGuard>::block_on<core[df12db4294e9bfd3]::pin::Pin<&mut cli_tests[893738e0e5252b1d]::test_gallery::{closure#0}>>::{closure#0}::{closure#0}>
[INFO] [stdout]   15:     0x6448da9aa658 - <tokio[caf4c572bd5467be]::macros::scoped_tls::ScopedKey<tokio[caf4c572bd5467be]::runtime::scheduler::current_thread::Context>>::set::<<tokio[caf4c572bd5467be]::runtime::scheduler::current_thread::CoreGuard>::enter<<tokio[caf4c572bd5467be]::runtime::scheduler::current_thread::CoreGuard>::block_on<core[df12db4294e9bfd3]::pin::Pin<&mut cli_tests[893738e0e5252b1d]::test_gallery::{closure#0}>>::{closure#0}, core[df12db4294e9bfd3]::option::Option<()>>::{closure#0}, (alloc[2182bb758b4b3781]::boxed::Box<tokio[caf4c572bd5467be]::runtime::scheduler::current_thread::Core>, core[df12db4294e9bfd3]::option::Option<()>)>
[INFO] [stdout]   16:     0x6448da9a7a65 - <tokio[caf4c572bd5467be]::runtime::scheduler::current_thread::CurrentThread>::block_on::<cli_tests[893738e0e5252b1d]::test_gallery::{closure#0}>
[INFO] [stdout]   17:     0x6448da9ac130 - <tokio[caf4c572bd5467be]::runtime::Runtime>::block_on::<cli_tests[893738e0e5252b1d]::test_gallery::{closure#0}>
[INFO] [stdout]   18:     0x6448da9a3ed8 - <cli_tests[893738e0e5252b1d]::test_gallery::{closure#0} as core[df12db4294e9bfd3]::ops::function::FnOnce<()>>::call_once
[INFO] [stdout]   19:     0x6448da9ae54b - test[9d35eded1c95d3be]::__rust_begin_short_backtrace::<core[df12db4294e9bfd3]::result::Result<(), alloc[2182bb758b4b3781]::string::String>, fn() -> core[df12db4294e9bfd3]::result::Result<(), alloc[2182bb758b4b3781]::string::String>>
[INFO] [stdout]   20:     0x6448da9bbbb5 - test[9d35eded1c95d3be]::run_test::{closure#0}
[INFO] [stdout]   21:     0x6448da9b5474 - std[70759c8f55707aa4]::sys::backtrace::__rust_begin_short_backtrace::<test[9d35eded1c95d3be]::run_test::{closure#1}, ()>
[INFO] [stdout]   22:     0x6448da9bed12 - <std[70759c8f55707aa4]::thread::lifecycle::spawn_unchecked<test[9d35eded1c95d3be]::run_test::{closure#1}, ()>::{closure#1} as core[df12db4294e9bfd3]::ops::function::FnOnce<()>>::call_once::{shim:vtable#0}
[INFO] [stdout]   23:     0x6448daa4f8b9 - <std[70759c8f55707aa4]::sys::thread::unix::Thread>::new::thread_start
[INFO] [stdout]   24:     0x7dc543a80dfa - <unknown>
[INFO] [stdout]   25:     0x7dc543b143d4 - clone
[INFO] [stdout]   26:                0x0 - <unknown>
[INFO] [stdout] 
[INFO] [stdout] ---- test_gif_to_mp4 stdout ----
[INFO] [stdout] 
[INFO] [stdout] thread 'test_gif_to_mp4' (3150) panicked at tests/cli_tests.rs:210:30:
[INFO] [stdout] called `Result::unwrap()` on an `Err` value: Os { code: 30, kind: ReadOnlyFilesystem, message: "Read-only file system" }
[INFO] [stdout] stack backtrace:
[INFO] [stdout]    0:     0x6448daa4ffe1 - <<std[70759c8f55707aa4]::sys::backtrace::BacktraceLock>::print::DisplayBacktrace as core[df12db4294e9bfd3]::fmt::Display>::fmt
[INFO] [stdout]    1:     0x6448daa6457a - core[df12db4294e9bfd3]::fmt::write
[INFO] [stdout]    2:     0x6448daa546bc - <alloc[2182bb758b4b3781]::vec::Vec<u8> as core[df12db4294e9bfd3]::io::write::Write>::write_fmt
[INFO] [stdout]    3:     0x6448daa2b446 - std[70759c8f55707aa4]::panicking::default_hook::{closure#0}
[INFO] [stdout]    4:     0x6448daa485b9 - std[70759c8f55707aa4]::panicking::default_hook
[INFO] [stdout]    5:     0x6448da9bb260 - test[9d35eded1c95d3be]::test_main_inner::<test[9d35eded1c95d3be]::test_main_static::{closure#0}>::{closure#0}
[INFO] [stdout]    6:     0x6448daa48772 - std[70759c8f55707aa4]::panicking::panic_with_hook
[INFO] [stdout]    7:     0x6448daa2b4f2 - std[70759c8f55707aa4]::panicking::panic_handler::{closure#0}
[INFO] [stdout]    8:     0x6448daa24129 - std[70759c8f55707aa4]::sys::backtrace::__rust_end_short_backtrace::<std[70759c8f55707aa4]::panicking::panic_handler::{closure#0}, !>
[INFO] [stdout]    9:     0x6448daa2c0ed - __rustc[8fa7c3cbc660c2b3]::rust_begin_unwind
[INFO] [stdout]   10:     0x6448daa64cdc - core[df12db4294e9bfd3]::panicking::panic_fmt
[INFO] [stdout]   11:     0x6448daa64ab2 - core[df12db4294e9bfd3]::result::unwrap_failed
[INFO] [stdout]   12:     0x6448da9a5b43 - cli_tests[893738e0e5252b1d]::run_test_case::{closure#0}
[INFO] [stdout]   13:     0x6448da9a6c0c - <core[df12db4294e9bfd3]::pin::Pin<&mut cli_tests[893738e0e5252b1d]::test_gif_to_mp4::{closure#0}> as core[df12db4294e9bfd3]::future::future::Future>::poll
[INFO] [stdout]   14:     0x6448da9a9070 - <tokio[caf4c572bd5467be]::runtime::scheduler::current_thread::Context>::enter::<core[df12db4294e9bfd3]::task::poll::Poll<()>, <tokio[caf4c572bd5467be]::runtime::scheduler::current_thread::CoreGuard>::block_on<core[df12db4294e9bfd3]::pin::Pin<&mut cli_tests[893738e0e5252b1d]::test_gif_to_mp4::{closure#0}>>::{closure#0}::{closure#0}>
[INFO] [stdout]   15:     0x6448da9aa968 - <tokio[caf4c572bd5467be]::macros::scoped_tls::ScopedKey<tokio[caf4c572bd5467be]::runtime::scheduler::current_thread::Context>>::set::<<tokio[caf4c572bd5467be]::runtime::scheduler::current_thread::CoreGuard>::enter<<tokio[caf4c572bd5467be]::runtime::scheduler::current_thread::CoreGuard>::block_on<core[df12db4294e9bfd3]::pin::Pin<&mut cli_tests[893738e0e5252b1d]::test_gif_to_mp4::{closure#0}>>::{closure#0}, core[df12db4294e9bfd3]::option::Option<()>>::{closure#0}, (alloc[2182bb758b4b3781]::boxed::Box<tokio[caf4c572bd5467be]::runtime::scheduler::current_thread::Core>, core[df12db4294e9bfd3]::option::Option<()>)>
[INFO] [stdout]   16:     0x6448da9a7db5 - <tokio[caf4c572bd5467be]::runtime::scheduler::current_thread::CurrentThread>::block_on::<cli_tests[893738e0e5252b1d]::test_gif_to_mp4::{closure#0}>
[INFO] [stdout]   17:     0x6448da9ac230 - <tokio[caf4c572bd5467be]::runtime::Runtime>::block_on::<cli_tests[893738e0e5252b1d]::test_gif_to_mp4::{closure#0}>
[INFO] [stdout]   18:     0x6448da9a4088 - <cli_tests[893738e0e5252b1d]::test_gif_to_mp4::{closure#0} as core[df12db4294e9bfd3]::ops::function::FnOnce<()>>::call_once
[INFO] [stdout]   19:     0x6448da9ae54b - test[9d35eded1c95d3be]::__rust_begin_short_backtrace::<core[df12db4294e9bfd3]::result::Result<(), alloc[2182bb758b4b3781]::string::String>, fn() -> core[df12db4294e9bfd3]::result::Result<(), alloc[2182bb758b4b3781]::string::String>>
[INFO] [stdout]   20:     0x6448da9bbbb5 - test[9d35eded1c95d3be]::run_test::{closure#0}
[INFO] [stdout]   21:     0x6448da9b5474 - std[70759c8f55707aa4]::sys::backtrace::__rust_begin_short_backtrace::<test[9d35eded1c95d3be]::run_test::{closure#1}, ()>
[INFO] [stdout]   22:     0x6448da9bed12 - <std[70759c8f55707aa4]::thread::lifecycle::spawn_unchecked<test[9d35eded1c95d3be]::run_test::{closure#1}, ()>::{closure#1} as core[df12db4294e9bfd3]::ops::function::FnOnce<()>>::call_once::{shim:vtable#0}
[INFO] [stdout]   23:     0x6448daa4f8b9 - <std[70759c8f55707aa4]::sys::thread::unix::Thread>::new::thread_start
[INFO] [stdout]   24:     0x7dc543a80dfa - <unknown>
[INFO] [stdout]   25:     0x7dc543b143d4 - clone
[INFO] [stdout]   26:                0x0 - <unknown>
[INFO] [stdout] 
[INFO] [stdout] ---- test_imgur_collection stdout ----
[INFO] [stdout] 
[INFO] [stdout] thread 'test_imgur_collection' (3152) panicked at tests/cli_tests.rs:210:30:
[INFO] [stdout] called `Result::unwrap()` on an `Err` value: Os { code: 30, kind: ReadOnlyFilesystem, message: "Read-only file system" }
[INFO] [stdout] stack backtrace:
[INFO] [stdout]    0:     0x6448daa4ffe1 - <<std[70759c8f55707aa4]::sys::backtrace::BacktraceLock>::print::DisplayBacktrace as core[df12db4294e9bfd3]::fmt::Display>::fmt
[INFO] [stdout]    1:     0x6448daa6457a - core[df12db4294e9bfd3]::fmt::write
[INFO] [stdout]    2:     0x6448daa546bc - <alloc[2182bb758b4b3781]::vec::Vec<u8> as core[df12db4294e9bfd3]::io::write::Write>::write_fmt
[INFO] [stdout]    3:     0x6448daa2b446 - std[70759c8f55707aa4]::panicking::default_hook::{closure#0}
[INFO] [stdout]    4:     0x6448daa485b9 - std[70759c8f55707aa4]::panicking::default_hook
[INFO] [stdout]    5:     0x6448da9bb260 - test[9d35eded1c95d3be]::test_main_inner::<test[9d35eded1c95d3be]::test_main_static::{closure#0}>::{closure#0}
[INFO] [stdout]    6:     0x6448daa48772 - std[70759c8f55707aa4]::panicking::panic_with_hook
[INFO] [stdout]    7:     0x6448daa2b4f2 - std[70759c8f55707aa4]::panicking::panic_handler::{closure#0}
[INFO] [stdout]    8:     0x6448daa24129 - std[70759c8f55707aa4]::sys::backtrace::__rust_end_short_backtrace::<std[70759c8f55707aa4]::panicking::panic_handler::{closure#0}, !>
[INFO] [stdout]    9:     0x6448daa2c0ed - __rustc[8fa7c3cbc660c2b3]::rust_begin_unwind
[INFO] [stdout]   10:     0x6448daa64cdc - core[df12db4294e9bfd3]::panicking::panic_fmt
[INFO] [stdout]   11:     0x6448daa64ab2 - core[df12db4294e9bfd3]::result::unwrap_failed
[INFO] [stdout]   12:     0x6448da9a5b43 - cli_tests[893738e0e5252b1d]::run_test_case::{closure#0}
[INFO] [stdout]   13:     0x6448da9a6fcf - <core[df12db4294e9bfd3]::pin::Pin<&mut cli_tests[893738e0e5252b1d]::test_imgur_collection::{closure#0}> as core[df12db4294e9bfd3]::future::future::Future>::poll
[INFO] [stdout]   14:     0x6448da9a9400 - <tokio[caf4c572bd5467be]::runtime::scheduler::current_thread::Context>::enter::<core[df12db4294e9bfd3]::task::poll::Poll<()>, <tokio[caf4c572bd5467be]::runtime::scheduler::current_thread::CoreGuard>::block_on<core[df12db4294e9bfd3]::pin::Pin<&mut cli_tests[893738e0e5252b1d]::test_imgur_collection::{closure#0}>>::{closure#0}::{closure#0}>
[INFO] [stdout]   15:     0x6448da9ab298 - <tokio[caf4c572bd5467be]::macros::scoped_tls::ScopedKey<tokio[caf4c572bd5467be]::runtime::scheduler::current_thread::Context>>::set::<<tokio[caf4c572bd5467be]::runtime::scheduler::current_thread::CoreGuard>::enter<<tokio[caf4c572bd5467be]::runtime::scheduler::current_thread::CoreGuard>::block_on<core[df12db4294e9bfd3]::pin::Pin<&mut cli_tests[893738e0e5252b1d]::test_imgur_collection::{closure#0}>>::{closure#0}, core[df12db4294e9bfd3]::option::Option<()>>::{closure#0}, (alloc[2182bb758b4b3781]::boxed::Box<tokio[caf4c572bd5467be]::runtime::scheduler::current_thread::Core>, core[df12db4294e9bfd3]::option::Option<()>)>
[INFO] [stdout]   16:     0x6448da9a87a5 - <tokio[caf4c572bd5467be]::runtime::scheduler::current_thread::CurrentThread>::block_on::<cli_tests[893738e0e5252b1d]::test_imgur_collection::{closure#0}>
[INFO] [stdout]   17:     0x6448da9ac530 - <tokio[caf4c572bd5467be]::runtime::Runtime>::block_on::<cli_tests[893738e0e5252b1d]::test_imgur_collection::{closure#0}>
[INFO] [stdout]   18:     0x6448da9a4598 - <cli_tests[893738e0e5252b1d]::test_imgur_collection::{closure#0} as core[df12db4294e9bfd3]::ops::function::FnOnce<()>>::call_once
[INFO] [stdout]   19:     0x6448da9ae54b - test[9d35eded1c95d3be]::__rust_begin_short_backtrace::<core[df12db4294e9bfd3]::result::Result<(), alloc[2182bb758b4b3781]::string::String>, fn() -> core[df12db4294e9bfd3]::result::Result<(), alloc[2182bb758b4b3781]::string::String>>
[INFO] [stdout]   20:     0x6448da9bbbb5 - test[9d35eded1c95d3be]::run_test::{closure#0}
[INFO] [stdout]   21:     0x6448da9b5474 - std[70759c8f55707aa4]::sys::backtrace::__rust_begin_short_backtrace::<test[9d35eded1c95d3be]::run_test::{closure#1}, ()>
[INFO] [stdout]   22:     0x6448da9bed12 - <std[70759c8f55707aa4]::thread::lifecycle::spawn_unchecked<test[9d35eded1c95d3be]::run_test::{closure#1}, ()>::{closure#1} as core[df12db4294e9bfd3]::ops::function::FnOnce<()>>::call_once::{shim:vtable#0}
[INFO] [stderr] error: test failed, to rerun pass `--test cli_tests`
[INFO] [stdout]   23:     0x6448daa4f8b9 - <std[70759c8f55707aa4]::sys::thread::unix::Thread>::new::thread_start
[INFO] [stdout]   24:     0x7dc543a80dfa - <unknown>
[INFO] [stdout]   25:     0x7dc543b143d4 - clone
[INFO] [stdout]   26:                0x0 - <unknown>
[INFO] [stdout] 
[INFO] [stdout] ---- test_redgif stdout ----
[INFO] [stdout] 
[INFO] [stdout] thread 'test_redgif' (3154) panicked at tests/cli_tests.rs:210:30:
[INFO] [stdout] called `Result::unwrap()` on an `Err` value: Os { code: 30, kind: ReadOnlyFilesystem, message: "Read-only file system" }
[INFO] [stdout] stack backtrace:
[INFO] [stdout]    0:     0x6448daa4ffe1 - <<std[70759c8f55707aa4]::sys::backtrace::BacktraceLock>::print::DisplayBacktrace as core[df12db4294e9bfd3]::fmt::Display>::fmt
[INFO] [stdout]    1:     0x6448daa6457a - core[df12db4294e9bfd3]::fmt::write
[INFO] [stdout]    2:     0x6448daa546bc - <alloc[2182bb758b4b3781]::vec::Vec<u8> as core[df12db4294e9bfd3]::io::write::Write>::write_fmt
[INFO] [stdout]    3:     0x6448daa2b446 - std[70759c8f55707aa4]::panicking::default_hook::{closure#0}
[INFO] [stdout]    4:     0x6448daa485b9 - std[70759c8f55707aa4]::panicking::default_hook
[INFO] [stdout]    5:     0x6448da9bb260 - test[9d35eded1c95d3be]::test_main_inner::<test[9d35eded1c95d3be]::test_main_static::{closure#0}>::{closure#0}
[INFO] [stdout]    6:     0x6448daa48772 - std[70759c8f55707aa4]::panicking::panic_with_hook
[INFO] [stdout]    7:     0x6448daa2b4f2 - std[70759c8f55707aa4]::panicking::panic_handler::{closure#0}
[INFO] [stdout]    8:     0x6448daa24129 - std[70759c8f55707aa4]::sys::backtrace::__rust_end_short_backtrace::<std[70759c8f55707aa4]::panicking::panic_handler::{closure#0}, !>
[INFO] [stdout]    9:     0x6448daa2c0ed - __rustc[8fa7c3cbc660c2b3]::rust_begin_unwind
[INFO] [stdout]   10:     0x6448daa64cdc - core[df12db4294e9bfd3]::panicking::panic_fmt
[INFO] [stdout]   11:     0x6448daa64ab2 - core[df12db4294e9bfd3]::result::unwrap_failed
[INFO] [stdout]   12:     0x6448da9a5b43 - cli_tests[893738e0e5252b1d]::run_test_case::{closure#0}
[INFO] [stdout]   13:     0x6448da9a685c - <core[df12db4294e9bfd3]::pin::Pin<&mut cli_tests[893738e0e5252b1d]::test_redgif::{closure#0}> as core[df12db4294e9bfd3]::future::future::Future>::poll
[INFO] [stdout]   14:     0x6448da9a8e10 - <tokio[caf4c572bd5467be]::runtime::scheduler::current_thread::Context>::enter::<core[df12db4294e9bfd3]::task::poll::Poll<()>, <tokio[caf4c572bd5467be]::runtime::scheduler::current_thread::CoreGuard>::block_on<core[df12db4294e9bfd3]::pin::Pin<&mut cli_tests[893738e0e5252b1d]::test_redgif::{closure#0}>>::{closure#0}::{closure#0}>
[INFO] [stdout]   15:     0x6448da9aa348 - <tokio[caf4c572bd5467be]::macros::scoped_tls::ScopedKey<tokio[caf4c572bd5467be]::runtime::scheduler::current_thread::Context>>::set::<<tokio[caf4c572bd5467be]::runtime::scheduler::current_thread::CoreGuard>::enter<<tokio[caf4c572bd5467be]::runtime::scheduler::current_thread::CoreGuard>::block_on<core[df12db4294e9bfd3]::pin::Pin<&mut cli_tests[893738e0e5252b1d]::test_redgif::{closure#0}>>::{closure#0}, core[df12db4294e9bfd3]::option::Option<()>>::{closure#0}, (alloc[2182bb758b4b3781]::boxed::Box<tokio[caf4c572bd5467be]::runtime::scheduler::current_thread::Core>, core[df12db4294e9bfd3]::option::Option<()>)>
[INFO] [stdout]   16:     0x6448da9a7715 - <tokio[caf4c572bd5467be]::runtime::scheduler::current_thread::CurrentThread>::block_on::<cli_tests[893738e0e5252b1d]::test_redgif::{closure#0}>
[INFO] [stdout]   17:     0x6448da9ac030 - <tokio[caf4c572bd5467be]::runtime::Runtime>::block_on::<cli_tests[893738e0e5252b1d]::test_redgif::{closure#0}>
[INFO] [stdout]   18:     0x6448da9a3d28 - <cli_tests[893738e0e5252b1d]::test_redgif::{closure#0} as core[df12db4294e9bfd3]::ops::function::FnOnce<()>>::call_once
[INFO] [stdout]   19:     0x6448da9ae54b - test[9d35eded1c95d3be]::__rust_begin_short_backtrace::<core[df12db4294e9bfd3]::result::Result<(), alloc[2182bb758b4b3781]::string::String>, fn() -> core[df12db4294e9bfd3]::result::Result<(), alloc[2182bb758b4b3781]::string::String>>
[INFO] [stdout]   20:     0x6448da9bbbb5 - test[9d35eded1c95d3be]::run_test::{closure#0}
[INFO] [stdout]   21:     0x6448da9b5474 - std[70759c8f55707aa4]::sys::backtrace::__rust_begin_short_backtrace::<test[9d35eded1c95d3be]::run_test::{closure#1}, ()>
[INFO] [stdout]   22:     0x6448da9bed12 - <std[70759c8f55707aa4]::thread::lifecycle::spawn_unchecked<test[9d35eded1c95d3be]::run_test::{closure#1}, ()>::{closure#1} as core[df12db4294e9bfd3]::ops::function::FnOnce<()>>::call_once::{shim:vtable#0}
[INFO] [stdout]   23:     0x6448daa4f8b9 - <std[70759c8f55707aa4]::sys::thread::unix::Thread>::new::thread_start
[INFO] [stdout]   24:     0x7dc543a80dfa - <unknown>
[INFO] [stdout]   25:     0x7dc543b143d4 - clone
[INFO] [stdout]   26:                0x0 - <unknown>
[INFO] [stdout] 
[INFO] [stdout] ---- test_giphy stdout ----
[INFO] [stdout] 
[INFO] [stdout] thread 'test_giphy' (3151) panicked at tests/cli_tests.rs:210:30:
[INFO] [stdout] called `Result::unwrap()` on an `Err` value: Os { code: 30, kind: ReadOnlyFilesystem, message: "Read-only file system" }
[INFO] [stdout] stack backtrace:
[INFO] [stdout]    0:     0x6448daa4ffe1 - <<std[70759c8f55707aa4]::sys::backtrace::BacktraceLock>::print::DisplayBacktrace as core[df12db4294e9bfd3]::fmt::Display>::fmt
[INFO] [stdout]    1:     0x6448daa6457a - core[df12db4294e9bfd3]::fmt::write
[INFO] [stdout]    2:     0x6448daa546bc - <alloc[2182bb758b4b3781]::vec::Vec<u8> as core[df12db4294e9bfd3]::io::write::Write>::write_fmt
[INFO] [stdout]    3:     0x6448daa2b446 - std[70759c8f55707aa4]::panicking::default_hook::{closure#0}
[INFO] [stdout]    4:     0x6448daa485b9 - std[70759c8f55707aa4]::panicking::default_hook
[INFO] [stdout]    5:     0x6448da9bb260 - test[9d35eded1c95d3be]::test_main_inner::<test[9d35eded1c95d3be]::test_main_static::{closure#0}>::{closure#0}
[INFO] [stdout]    6:     0x6448daa48772 - std[70759c8f55707aa4]::panicking::panic_with_hook
[INFO] [stdout]    7:     0x6448daa2b4f2 - std[70759c8f55707aa4]::panicking::panic_handler::{closure#0}
[INFO] [stdout]    8:     0x6448daa24129 - std[70759c8f55707aa4]::sys::backtrace::__rust_end_short_backtrace::<std[70759c8f55707aa4]::panicking::panic_handler::{closure#0}, !>
[INFO] [stdout]    9:     0x6448daa2c0ed - __rustc[8fa7c3cbc660c2b3]::rust_begin_unwind
[INFO] [stdout]   10:     0x6448daa64cdc - core[df12db4294e9bfd3]::panicking::panic_fmt
[INFO] [stdout]   11:     0x6448daa64ab2 - core[df12db4294e9bfd3]::result::unwrap_failed
[INFO] [stdout]   12:     0x6448da9a5b43 - cli_tests[893738e0e5252b1d]::run_test_case::{closure#0}
[INFO] [stdout]   13:     0x6448da9a672c - <core[df12db4294e9bfd3]::pin::Pin<&mut cli_tests[893738e0e5252b1d]::test_giphy::{closure#0}> as core[df12db4294e9bfd3]::future::future::Future>::poll
[INFO] [stdout]   14:     0x6448da9a8ce0 - <tokio[caf4c572bd5467be]::runtime::scheduler::current_thread::Context>::enter::<core[df12db4294e9bfd3]::task::poll::Poll<()>, <tokio[caf4c572bd5467be]::runtime::scheduler::current_thread::CoreGuard>::block_on<core[df12db4294e9bfd3]::pin::Pin<&mut cli_tests[893738e0e5252b1d]::test_giphy::{closure#0}>>::{closure#0}::{closure#0}>
[INFO] [stdout]   15:     0x6448da9aa038 - <tokio[caf4c572bd5467be]::macros::scoped_tls::ScopedKey<tokio[caf4c572bd5467be]::runtime::scheduler::current_thread::Context>>::set::<<tokio[caf4c572bd5467be]::runtime::scheduler::current_thread::CoreGuard>::enter<<tokio[caf4c572bd5467be]::runtime::scheduler::current_thread::CoreGuard>::block_on<core[df12db4294e9bfd3]::pin::Pin<&mut cli_tests[893738e0e5252b1d]::test_giphy::{closure#0}>>::{closure#0}, core[df12db4294e9bfd3]::option::Option<()>>::{closure#0}, (alloc[2182bb758b4b3781]::boxed::Box<tokio[caf4c572bd5467be]::runtime::scheduler::current_thread::Core>, core[df12db4294e9bfd3]::option::Option<()>)>
[INFO] [stdout]   16:     0x6448da9a73c5 - <tokio[caf4c572bd5467be]::runtime::scheduler::current_thread::CurrentThread>::block_on::<cli_tests[893738e0e5252b1d]::test_giphy::{closure#0}>
[INFO] [stdout]   17:     0x6448da9abf30 - <tokio[caf4c572bd5467be]::runtime::Runtime>::block_on::<cli_tests[893738e0e5252b1d]::test_giphy::{closure#0}>
[INFO] [stdout]   18:     0x6448da9a3b78 - <cli_tests[893738e0e5252b1d]::test_giphy::{closure#0} as core[df12db4294e9bfd3]::ops::function::FnOnce<()>>::call_once
[INFO] [stdout]   19:     0x6448da9ae54b - test[9d35eded1c95d3be]::__rust_begin_short_backtrace::<core[df12db4294e9bfd3]::result::Result<(), alloc[2182bb758b4b3781]::string::String>, fn() -> core[df12db4294e9bfd3]::result::Result<(), alloc[2182bb758b4b3781]::string::String>>
[INFO] [stdout]   20:     0x6448da9bbbb5 - test[9d35eded1c95d3be]::run_test::{closure#0}
[INFO] [stdout]   21:     0x6448da9b5474 - std[70759c8f55707aa4]::sys::backtrace::__rust_begin_short_backtrace::<test[9d35eded1c95d3be]::run_test::{closure#1}, ()>
[INFO] [stdout]   22:     0x6448da9bed12 - <std[70759c8f55707aa4]::thread::lifecycle::spawn_unchecked<test[9d35eded1c95d3be]::run_test::{closure#1}, ()>::{closure#1} as core[df12db4294e9bfd3]::ops::function::FnOnce<()>>::call_once::{shim:vtable#0}
[INFO] [stdout]   23:     0x6448daa4f8b9 - <std[70759c8f55707aa4]::sys::thread::unix::Thread>::new::thread_start
[INFO] [stdout]   24:     0x7dc543a80dfa - <unknown>
[INFO] [stdout]   25:     0x7dc543b143d4 - clone
[INFO] [stdout]   26:                0x0 - <unknown>
[INFO] [stdout] 
[INFO] [stdout] 
[INFO] [stdout] failures:
[INFO] [stdout]     test_audio_video_stitch
[INFO] [stdout]     test_gallery
[INFO] [stdout]     test_gif_to_mp4
[INFO] [stdout]     test_giphy
[INFO] [stdout]     test_imgur_collection
[INFO] [stdout]     test_imgur_unknown
[INFO] [stdout]     test_redgif
[INFO] [stdout]     test_streamable
[INFO] [stdout] 
[INFO] [stdout] test result: FAILED. 0 passed; 8 failed; 0 ignored; 0 measured; 0 filtered out; finished in 0.01s
[INFO] [stdout] 
[INFO] running `Command { std: "docker" "inspect" "949d77f80140d3238449f6edc79a7c9c53bfa9f5b9c46a43812641183fbae1c0", kill_on_drop: false }`
[INFO] running `Command { std: "docker" "rm" "-f" "949d77f80140d3238449f6edc79a7c9c53bfa9f5b9c46a43812641183fbae1c0", kill_on_drop: false }`
[INFO] [stdout] 949d77f80140d3238449f6edc79a7c9c53bfa9f5b9c46a43812641183fbae1c0
