[INFO] fetching crate gerencianet 0.1.7...
[INFO] testing gerencianet-0.1.7 against 1.100.0-beta.1+cargoflags=--release for beta-release-1.100-2
[INFO] extracting crate gerencianet 0.1.7 into /workspace/builds/worker-1-tc2/source
[INFO] started tweaking crates.io crate gerencianet 0.1.7
[INFO] finished tweaking crates.io crate gerencianet 0.1.7
[INFO] tweaked toml for crates.io crate gerencianet 0.1.7 written to /workspace/builds/worker-1-tc2/source/Cargo.toml
[INFO] validating manifest of crates.io crate gerencianet 0.1.7 on toolchain 1.100.0-beta.1
[INFO] running `Command { std: CARGO_HOME="/workspace/cargo-home" RUSTUP_HOME="/workspace/rustup-home" "/workspace/cargo-home/bin/cargo" "+1.100.0-beta.1" "metadata" "--manifest-path" "Cargo.toml" "--no-deps", kill_on_drop: false }`
[INFO] running `Command { std: CARGO_HOME="/workspace/cargo-home" RUSTUP_HOME="/workspace/rustup-home" "/workspace/cargo-home/bin/cargo" "+1.100.0-beta.1" "generate-lockfile" "--manifest-path" "Cargo.toml", kill_on_drop: false }`
[INFO] [stderr]     Updating crates.io index
[INFO] [stderr]      Locking 167 packages to highest compatible versions
[INFO] [stderr]       Adding base64 v0.21.7 (available: v0.23.1)
[INFO] [stderr]       Adding rand v0.8.8 (available: v0.10.3)
[INFO] [stderr]       Adding reqwest v0.11.27 (available: v0.13.5)
[INFO] running `Command { std: CARGO_HOME="/workspace/cargo-home" RUSTUP_HOME="/workspace/rustup-home" "/workspace/cargo-home/bin/cargo" "+1.100.0-beta.1" "fetch" "--manifest-path" "Cargo.toml", kill_on_drop: false }`
[INFO] running `Command { std: "docker" "create" "-v" "/var/lib/crater-agent-workspace/builds/worker-1-tc2/source:/opt/rustwide/workdir:ro,Z" "-v" "/var/lib/crater-agent-workspace/builds/worker-1-tc2/target:/opt/rustwide/target:rw,Z" "-v" "/var/lib/crater-agent-workspace/cargo-home:/opt/rustwide/cargo-home:ro,Z" "-v" "/var/lib/crater-agent-workspace/rustup-home:/opt/rustwide/rustup-home:ro,Z" "-m" "1610612736" "--network" "none" "ghcr.io/rust-lang/crates-build-env/linux@sha256:77db811e55d90add9212f6832c23229e3de5f1c1f9905e8cb07319ea15df73ac" "sleep" "infinity", kill_on_drop: false }`
[INFO] [stdout] d398482f402985e3ac019916f3e33b270f5851a6705e3694bef9512d8f893e89
[INFO] running `Command { std: "docker" "start" "d398482f402985e3ac019916f3e33b270f5851a6705e3694bef9512d8f893e89", kill_on_drop: false }`
[INFO] running `Command { std: "docker" "inspect" "d398482f402985e3ac019916f3e33b270f5851a6705e3694bef9512d8f893e89", kill_on_drop: false }`
[INFO] running `Command { std: "docker" "exec" "-e" "SOURCE_DIR=/opt/rustwide/workdir" "-e" "CARGO_HOME=/opt/rustwide/cargo-home" "-e" "RUSTUP_HOME=/opt/rustwide/rustup-home" "-e" "CARGO_TARGET_DIR=/opt/rustwide/target" "-w" "/opt/rustwide/workdir" "--user" "0:0" "d398482f402985e3ac019916f3e33b270f5851a6705e3694bef9512d8f893e89" "/opt/rustwide/cargo-home/bin/cargo" "+1.100.0-beta.1" "metadata" "--no-deps" "--format-version=1", kill_on_drop: false }`
[INFO] running `Command { std: "docker" "inspect" "d398482f402985e3ac019916f3e33b270f5851a6705e3694bef9512d8f893e89", kill_on_drop: false }`
[INFO] running `Command { std: "docker" "exec" "-e" "SOURCE_DIR=/opt/rustwide/workdir" "-e" "CARGO_HOME=/opt/rustwide/cargo-home" "-e" "RUSTUP_HOME=/opt/rustwide/rustup-home" "-e" "CARGO_TARGET_DIR=/opt/rustwide/target" "-e" "CARGO_INCREMENTAL=0" "-e" "RUST_BACKTRACE=full" "-e" "RUSTFLAGS=--cap-lints=warn" "-e" "RUSTDOCFLAGS=--cap-lints=warn" "-w" "/opt/rustwide/workdir" "--user" "0:0" "d398482f402985e3ac019916f3e33b270f5851a6705e3694bef9512d8f893e89" "/opt/rustwide/cargo-home/bin/cargo" "+1.100.0-beta.1" "build" "--frozen" "--message-format=json" "--release", kill_on_drop: false }`
[INFO] [stderr]    Compiling openssl-macros v0.1.1
[INFO] [stderr]    Compiling http v0.2.12
[INFO] [stderr]    Compiling futures-util v0.3.34
[INFO] [stderr]    Compiling tokio v1.53.3
[INFO] [stderr]    Compiling serde v1.0.229
[INFO] [stderr]    Compiling zerocopy v0.8.63
[INFO] [stderr]    Compiling getrandom v0.2.17
[INFO] [stderr]    Compiling socket2 v0.5.10
[INFO] [stderr]    Compiling icu_normalizer v2.3.0
[INFO] [stderr]    Compiling rand_core v0.6.4
[INFO] [stderr]    Compiling openssl v0.10.81
[INFO] [stderr]    Compiling idna_adapter v1.2.2
[INFO] [stderr]    Compiling idna v1.1.0
[INFO] [stderr]    Compiling url v2.5.8
[INFO] [stderr]    Compiling serde_urlencoded v0.7.1
[INFO] [stderr]    Compiling http-body v0.4.6
[INFO] [stderr]    Compiling native-tls v0.2.18
[INFO] [stderr]    Compiling tokio-util v0.7.20
[INFO] [stderr]    Compiling tokio-native-tls v0.3.1
[INFO] [stderr]    Compiling ppv-lite86 v0.2.21
[INFO] [stderr]    Compiling h2 v0.3.27
[INFO] [stderr]    Compiling rand_chacha v0.3.1
[INFO] [stderr]    Compiling rand v0.8.8
[INFO] [stderr]    Compiling hyper v0.14.32
[INFO] [stderr]    Compiling hyper-tls v0.5.0
[INFO] [stderr]    Compiling reqwest v0.11.27
[INFO] [stderr]    Compiling gerencianet v0.1.7 (/opt/rustwide/workdir)
[INFO] [stderr]     Finished `release` profile [optimized] target(s) in 38.93s
[INFO] running `Command { std: "docker" "inspect" "d398482f402985e3ac019916f3e33b270f5851a6705e3694bef9512d8f893e89", kill_on_drop: false }`
[INFO] running `Command { std: "docker" "exec" "-e" "SOURCE_DIR=/opt/rustwide/workdir" "-e" "CARGO_HOME=/opt/rustwide/cargo-home" "-e" "RUSTUP_HOME=/opt/rustwide/rustup-home" "-e" "CARGO_TARGET_DIR=/opt/rustwide/target" "-e" "CARGO_INCREMENTAL=0" "-e" "RUST_BACKTRACE=full" "-e" "RUSTFLAGS=--cap-lints=warn" "-e" "RUSTDOCFLAGS=--cap-lints=warn" "-w" "/opt/rustwide/workdir" "--user" "0:0" "d398482f402985e3ac019916f3e33b270f5851a6705e3694bef9512d8f893e89" "/opt/rustwide/cargo-home/bin/cargo" "+1.100.0-beta.1" "test" "--frozen" "--no-run" "--message-format=json" "--release", kill_on_drop: false }`
[INFO] [stderr]    Compiling gerencianet v0.1.7 (/opt/rustwide/workdir)
[INFO] [stderr]     Finished `release` profile [optimized] target(s) in 3.82s
[INFO] running `Command { std: "docker" "inspect" "d398482f402985e3ac019916f3e33b270f5851a6705e3694bef9512d8f893e89", kill_on_drop: false }`
[INFO] running `Command { std: "docker" "exec" "-e" "SOURCE_DIR=/opt/rustwide/workdir" "-e" "CARGO_HOME=/opt/rustwide/cargo-home" "-e" "RUSTUP_HOME=/opt/rustwide/rustup-home" "-e" "CARGO_TARGET_DIR=/opt/rustwide/target" "-e" "CARGO_INCREMENTAL=0" "-e" "RUST_BACKTRACE=full" "-e" "RUSTFLAGS=--cap-lints=warn" "-e" "RUSTDOCFLAGS=--cap-lints=warn" "-w" "/opt/rustwide/workdir" "--user" "0:0" "d398482f402985e3ac019916f3e33b270f5851a6705e3694bef9512d8f893e89" "/opt/rustwide/cargo-home/bin/cargo" "+1.100.0-beta.1" "test" "--frozen" "--release", kill_on_drop: false }`
[INFO] [stderr]     Finished `release` profile [optimized] target(s) in 0.14s
[INFO] [stderr]      Running unittests src/lib.rs (/opt/rustwide/target/release/build/gerencianet/420ce26e31530bb1/out/gerencianet-420ce26e31530bb1)
[INFO] [stdout] 
[INFO] [stdout] running 8 tests
[INFO] [stdout] test test_cancel ... FAILED
[INFO] [stdout] test test_list_charges ... FAILED
[INFO] [stdout] test test_get_charge_not_found ... FAILED
[INFO] [stdout] test test_webhook ... FAILED
[INFO] [stdout] test test_get_charge_ok ... FAILED
[INFO] [stdout] test test_refresh_token ... FAILED
[INFO] [stdout] test test_qr_code ... FAILED
[INFO] [stdout] test test_create_charge ... FAILED
[INFO] [stderr] error: test failed, to rerun pass `--lib`
[INFO] [stdout] 
[INFO] [stdout] failures:
[INFO] [stdout] 
[INFO] [stdout] ---- test_cancel stdout ----
[INFO] [stdout] 
[INFO] [stdout] thread 'test_cancel' (635) panicked at src/lib.rs:679:10:
[INFO] [stdout] GERENCIANET_CLIENT_ID env variable is not set: NotPresent
[INFO] [stdout] stack backtrace:
[INFO] [stdout]    0:     0x606e742e7411 - <<std[617be2ca0a6fd877]::sys::backtrace::BacktraceLock>::print::DisplayBacktrace as core[a373ad73a504971]::fmt::Display>::fmt
[INFO] [stdout]    1:     0x606e742fd0fa - core[a373ad73a504971]::fmt::write
[INFO] [stdout]    2:     0x606e742ebc3c - <alloc[2e1b2a31b91974c5]::vec::Vec<u8> as core[a373ad73a504971]::io::write::Write>::write_fmt
[INFO] [stdout]    3:     0x606e742c2756 - std[617be2ca0a6fd877]::panicking::default_hook::{closure#0}
[INFO] [stdout]    4:     0x606e742df409 - std[617be2ca0a6fd877]::panicking::default_hook
[INFO] [stdout]    5:     0x606e74139150 - test[aada8e7e76ba119b]::test_main_inner::{closure#0}
[INFO] [stdout]    6:     0x606e742df732 - std[617be2ca0a6fd877]::panicking::panic_with_hook
[INFO] [stdout]    7:     0x606e742c2802 - std[617be2ca0a6fd877]::panicking::panic_handler::{closure#0}
[INFO] [stdout]    8:     0x606e742bb439 - std[617be2ca0a6fd877]::sys::backtrace::__rust_end_short_backtrace::<std[617be2ca0a6fd877]::panicking::panic_handler::{closure#0}, !>
[INFO] [stdout]    9:     0x606e742c35fd - __rustc[ea4f61d10b84890b]::rust_begin_unwind
[INFO] [stdout]   10:     0x606e742fd85c - core[a373ad73a504971]::panicking::panic_fmt
[INFO] [stdout]   11:     0x606e742fd632 - core[a373ad73a504971]::result::unwrap_failed
[INFO] [stdout]   12:     0x606e74111061 - gerencianet[5073fb352da89c33]::test_cancel::{closure#0}
[INFO] [stdout]   13:     0x606e741213c3 - <tokio[1b57d2dd3b45f6f4]::runtime::scheduler::current_thread::Context>::enter::<core[a373ad73a504971]::task::poll::Poll<()>, <tokio[1b57d2dd3b45f6f4]::runtime::scheduler::current_thread::CoreGuard>::block_on<core[a373ad73a504971]::pin::Pin<&mut core[a373ad73a504971]::pin::Pin<&mut dyn core[a373ad73a504971]::future::future::Future<Output = ()>>>>::{closure#0}::{closure#0}>
[INFO] [stdout]   14:     0x606e74125f9c - <tokio[1b57d2dd3b45f6f4]::runtime::context::scoped::Scoped<tokio[1b57d2dd3b45f6f4]::runtime::scheduler::Context>>::set::<<tokio[1b57d2dd3b45f6f4]::runtime::scheduler::current_thread::CoreGuard>::enter<<tokio[1b57d2dd3b45f6f4]::runtime::scheduler::current_thread::CoreGuard>::block_on<core[a373ad73a504971]::pin::Pin<&mut core[a373ad73a504971]::pin::Pin<&mut dyn core[a373ad73a504971]::future::future::Future<Output = ()>>>>::{closure#0}, core[a373ad73a504971]::option::Option<()>>::{closure#0}, (alloc[2e1b2a31b91974c5]::boxed::Box<tokio[1b57d2dd3b45f6f4]::runtime::scheduler::current_thread::Core>, core[a373ad73a504971]::option::Option<()>)>
[INFO] [stdout]   15:     0x606e741217b5 - <tokio[1b57d2dd3b45f6f4]::runtime::scheduler::current_thread::CoreGuard>::block_on::<core[a373ad73a504971]::pin::Pin<&mut core[a373ad73a504971]::pin::Pin<&mut dyn core[a373ad73a504971]::future::future::Future<Output = ()>>>>
[INFO] [stdout]   16:     0x606e74124b70 - tokio[1b57d2dd3b45f6f4]::runtime::context::runtime::enter_runtime::<<tokio[1b57d2dd3b45f6f4]::runtime::scheduler::current_thread::CurrentThread>::block_on<core[a373ad73a504971]::pin::Pin<&mut dyn core[a373ad73a504971]::future::future::Future<Output = ()>>>::{closure#0}, ()>
[INFO] [stdout]   17:     0x606e74125e8b - <tokio[1b57d2dd3b45f6f4]::runtime::runtime::Runtime>::block_on::<core[a373ad73a504971]::pin::Pin<&mut dyn core[a373ad73a504971]::future::future::Future<Output = ()>>>
[INFO] [stdout]   18:     0x606e7411cebb - <gerencianet[5073fb352da89c33]::test_cancel::{closure#0} as core[a373ad73a504971]::ops::function::FnOnce<()>>::call_once
[INFO] [stdout]   19:     0x606e7412c59b - test[aada8e7e76ba119b]::__rust_begin_short_backtrace::<core[a373ad73a504971]::result::Result<(), alloc[2e1b2a31b91974c5]::string::String>, fn() -> core[a373ad73a504971]::result::Result<(), alloc[2e1b2a31b91974c5]::string::String>>
[INFO] [stdout]   20:     0x606e74139775 - test[aada8e7e76ba119b]::run_test::{closure#0}
[INFO] [stdout]   21:     0x606e74133064 - std[617be2ca0a6fd877]::sys::backtrace::__rust_begin_short_backtrace::<test[aada8e7e76ba119b]::run_test::{closure#1}, ()>
[INFO] [stdout]   22:     0x606e7413c802 - <std[617be2ca0a6fd877]::thread::lifecycle::spawn_unchecked<test[aada8e7e76ba119b]::run_test::{closure#1}, ()>::{closure#1} as core[a373ad73a504971]::ops::function::FnOnce<()>>::call_once::{shim:vtable#0}
[INFO] [stdout]   23:     0x606e742e68bf - <std[617be2ca0a6fd877]::sys::thread::unix::Thread>::new::thread_start
[INFO] [stdout]   24:     0x746c0d13fdfa - <unknown>
[INFO] [stdout]   25:     0x746c0d1d33d4 - clone
[INFO] [stdout]   26:                0x0 - <unknown>
[INFO] [stdout] 
[INFO] [stdout] ---- test_list_charges stdout ----
[INFO] [stdout] 
[INFO] [stdout] thread 'test_list_charges' (639) panicked at src/lib.rs:516:10:
[INFO] [stdout] GERENCIANET_CLIENT_ID env variable is not set: NotPresent
[INFO] [stdout] stack backtrace:
[INFO] [stdout]    0:     0x606e742e7411 - <<std[617be2ca0a6fd877]::sys::backtrace::BacktraceLock>::print::DisplayBacktrace as core[a373ad73a504971]::fmt::Display>::fmt
[INFO] [stdout]    1:     0x606e742fd0fa - core[a373ad73a504971]::fmt::write
[INFO] [stdout]    2:     0x606e742ebc3c - <alloc[2e1b2a31b91974c5]::vec::Vec<u8> as core[a373ad73a504971]::io::write::Write>::write_fmt
[INFO] [stdout]    3:     0x606e742c2756 - std[617be2ca0a6fd877]::panicking::default_hook::{closure#0}
[INFO] [stdout]    4:     0x606e742df409 - std[617be2ca0a6fd877]::panicking::default_hook
[INFO] [stdout]    5:     0x606e74139150 - test[aada8e7e76ba119b]::test_main_inner::{closure#0}
[INFO] [stdout]    6:     0x606e742df732 - std[617be2ca0a6fd877]::panicking::panic_with_hook
[INFO] [stdout]    7:     0x606e742c2802 - std[617be2ca0a6fd877]::panicking::panic_handler::{closure#0}
[INFO] [stdout]    8:     0x606e742bb439 - std[617be2ca0a6fd877]::sys::backtrace::__rust_end_short_backtrace::<std[617be2ca0a6fd877]::panicking::panic_handler::{closure#0}, !>
[INFO] [stdout]    9:     0x606e742c35fd - __rustc[ea4f61d10b84890b]::rust_begin_unwind
[INFO] [stdout]   10:     0x606e742fd85c - core[a373ad73a504971]::panicking::panic_fmt
[INFO] [stdout]   11:     0x606e742fd632 - core[a373ad73a504971]::result::unwrap_failed
[INFO] [stdout]   12:     0x606e74114fc6 - gerencianet[5073fb352da89c33]::test_list_charges::{closure#0}
[INFO] [stdout]   13:     0x606e741213c3 - <tokio[1b57d2dd3b45f6f4]::runtime::scheduler::current_thread::Context>::enter::<core[a373ad73a504971]::task::poll::Poll<()>, <tokio[1b57d2dd3b45f6f4]::runtime::scheduler::current_thread::CoreGuard>::block_on<core[a373ad73a504971]::pin::Pin<&mut core[a373ad73a504971]::pin::Pin<&mut dyn core[a373ad73a504971]::future::future::Future<Output = ()>>>>::{closure#0}::{closure#0}>
[INFO] [stdout]   14:     0x606e74125f9c - <tokio[1b57d2dd3b45f6f4]::runtime::context::scoped::Scoped<tokio[1b57d2dd3b45f6f4]::runtime::scheduler::Context>>::set::<<tokio[1b57d2dd3b45f6f4]::runtime::scheduler::current_thread::CoreGuard>::enter<<tokio[1b57d2dd3b45f6f4]::runtime::scheduler::current_thread::CoreGuard>::block_on<core[a373ad73a504971]::pin::Pin<&mut core[a373ad73a504971]::pin::Pin<&mut dyn core[a373ad73a504971]::future::future::Future<Output = ()>>>>::{closure#0}, core[a373ad73a504971]::option::Option<()>>::{closure#0}, (alloc[2e1b2a31b91974c5]::boxed::Box<tokio[1b57d2dd3b45f6f4]::runtime::scheduler::current_thread::Core>, core[a373ad73a504971]::option::Option<()>)>
[INFO] [stdout]   15:     0x606e741217b5 - <tokio[1b57d2dd3b45f6f4]::runtime::scheduler::current_thread::CoreGuard>::block_on::<core[a373ad73a504971]::pin::Pin<&mut core[a373ad73a504971]::pin::Pin<&mut dyn core[a373ad73a504971]::future::future::Future<Output = ()>>>>
[INFO] [stdout]   16:     0x606e74124b70 - tokio[1b57d2dd3b45f6f4]::runtime::context::runtime::enter_runtime::<<tokio[1b57d2dd3b45f6f4]::runtime::scheduler::current_thread::CurrentThread>::block_on<core[a373ad73a504971]::pin::Pin<&mut dyn core[a373ad73a504971]::future::future::Future<Output = ()>>>::{closure#0}, ()>
[INFO] [stdout]   17:     0x606e74125e8b - <tokio[1b57d2dd3b45f6f4]::runtime::runtime::Runtime>::block_on::<core[a373ad73a504971]::pin::Pin<&mut dyn core[a373ad73a504971]::future::future::Future<Output = ()>>>
[INFO] [stdout]   18:     0x606e7411d27f - <gerencianet[5073fb352da89c33]::test_list_charges::{closure#0} as core[a373ad73a504971]::ops::function::FnOnce<()>>::call_once
[INFO] [stdout]   19:     0x606e7412c59b - test[aada8e7e76ba119b]::__rust_begin_short_backtrace::<core[a373ad73a504971]::result::Result<(), alloc[2e1b2a31b91974c5]::string::String>, fn() -> core[a373ad73a504971]::result::Result<(), alloc[2e1b2a31b91974c5]::string::String>>
[INFO] [stdout]   20:     0x606e74139775 - test[aada8e7e76ba119b]::run_test::{closure#0}
[INFO] [stdout]   21:     0x606e74133064 - std[617be2ca0a6fd877]::sys::backtrace::__rust_begin_short_backtrace::<test[aada8e7e76ba119b]::run_test::{closure#1}, ()>
[INFO] [stdout]   22:     0x606e7413c802 - <std[617be2ca0a6fd877]::thread::lifecycle::spawn_unchecked<test[aada8e7e76ba119b]::run_test::{closure#1}, ()>::{closure#1} as core[a373ad73a504971]::ops::function::FnOnce<()>>::call_once::{shim:vtable#0}
[INFO] [stdout]   23:     0x606e742e68bf - <std[617be2ca0a6fd877]::sys::thread::unix::Thread>::new::thread_start
[INFO] [stdout]   24:     0x746c0d13fdfa - <unknown>
[INFO] [stdout]   25:     0x746c0d1d33d4 - clone
[INFO] [stdout]   26:                0x0 - <unknown>
[INFO] [stdout] 
[INFO] [stdout] ---- test_get_charge_not_found stdout ----
[INFO] [stdout] 
[INFO] [stdout] thread 'test_get_charge_not_found' (637) panicked at src/lib.rs:544:10:
[INFO] [stdout] GERENCIANET_CLIENT_ID env variable is not set: NotPresent
[INFO] [stdout] stack backtrace:
[INFO] [stdout]    0:     0x606e742e7411 - <<std[617be2ca0a6fd877]::sys::backtrace::BacktraceLock>::print::DisplayBacktrace as core[a373ad73a504971]::fmt::Display>::fmt
[INFO] [stdout]    1:     0x606e742fd0fa - core[a373ad73a504971]::fmt::write
[INFO] [stdout]    2:     0x606e742ebc3c - <alloc[2e1b2a31b91974c5]::vec::Vec<u8> as core[a373ad73a504971]::io::write::Write>::write_fmt
[INFO] [stdout]    3:     0x606e742c2756 - std[617be2ca0a6fd877]::panicking::default_hook::{closure#0}
[INFO] [stdout]    4:     0x606e742df409 - std[617be2ca0a6fd877]::panicking::default_hook
[INFO] [stdout]    5:     0x606e74139150 - test[aada8e7e76ba119b]::test_main_inner::{closure#0}
[INFO] [stdout]    6:     0x606e742df732 - std[617be2ca0a6fd877]::panicking::panic_with_hook
[INFO] [stdout]    7:     0x606e742c2802 - std[617be2ca0a6fd877]::panicking::panic_handler::{closure#0}
[INFO] [stdout]    8:     0x606e742bb439 - std[617be2ca0a6fd877]::sys::backtrace::__rust_end_short_backtrace::<std[617be2ca0a6fd877]::panicking::panic_handler::{closure#0}, !>
[INFO] [stdout]    9:     0x606e742c35fd - __rustc[ea4f61d10b84890b]::rust_begin_unwind
[INFO] [stdout]   10:     0x606e742fd85c - core[a373ad73a504971]::panicking::panic_fmt
[INFO] [stdout]   11:     0x606e742fd632 - core[a373ad73a504971]::result::unwrap_failed
[INFO] [stdout]   12:     0x606e74117bb6 - gerencianet[5073fb352da89c33]::test_get_charge_not_found::{closure#0}
[INFO] [stdout]   13:     0x606e741213c3 - <tokio[1b57d2dd3b45f6f4]::runtime::scheduler::current_thread::Context>::enter::<core[a373ad73a504971]::task::poll::Poll<()>, <tokio[1b57d2dd3b45f6f4]::runtime::scheduler::current_thread::CoreGuard>::block_on<core[a373ad73a504971]::pin::Pin<&mut core[a373ad73a504971]::pin::Pin<&mut dyn core[a373ad73a504971]::future::future::Future<Output = ()>>>>::{closure#0}::{closure#0}>
[INFO] [stdout]   14:     0x606e74125f9c - <tokio[1b57d2dd3b45f6f4]::runtime::context::scoped::Scoped<tokio[1b57d2dd3b45f6f4]::runtime::scheduler::Context>>::set::<<tokio[1b57d2dd3b45f6f4]::runtime::scheduler::current_thread::CoreGuard>::enter<<tokio[1b57d2dd3b45f6f4]::runtime::scheduler::current_thread::CoreGuard>::block_on<core[a373ad73a504971]::pin::Pin<&mut core[a373ad73a504971]::pin::Pin<&mut dyn core[a373ad73a504971]::future::future::Future<Output = ()>>>>::{closure#0}, core[a373ad73a504971]::option::Option<()>>::{closure#0}, (alloc[2e1b2a31b91974c5]::boxed::Box<tokio[1b57d2dd3b45f6f4]::runtime::scheduler::current_thread::Core>, core[a373ad73a504971]::option::Option<()>)>
[INFO] [stdout]   15:     0x606e741217b5 - <tokio[1b57d2dd3b45f6f4]::runtime::scheduler::current_thread::CoreGuard>::block_on::<core[a373ad73a504971]::pin::Pin<&mut core[a373ad73a504971]::pin::Pin<&mut dyn core[a373ad73a504971]::future::future::Future<Output = ()>>>>
[INFO] [stdout]   16:     0x606e74124b70 - tokio[1b57d2dd3b45f6f4]::runtime::context::runtime::enter_runtime::<<tokio[1b57d2dd3b45f6f4]::runtime::scheduler::current_thread::CurrentThread>::block_on<core[a373ad73a504971]::pin::Pin<&mut dyn core[a373ad73a504971]::future::future::Future<Output = ()>>>::{closure#0}, ()>
[INFO] [stdout]   17:     0x606e74125e8b - <tokio[1b57d2dd3b45f6f4]::runtime::runtime::Runtime>::block_on::<core[a373ad73a504971]::pin::Pin<&mut dyn core[a373ad73a504971]::future::future::Future<Output = ()>>>
[INFO] [stdout]   18:     0x606e7411d7fb - <gerencianet[5073fb352da89c33]::test_get_charge_not_found::{closure#0} as core[a373ad73a504971]::ops::function::FnOnce<()>>::call_once
[INFO] [stdout]   19:     0x606e7412c59b - test[aada8e7e76ba119b]::__rust_begin_short_backtrace::<core[a373ad73a504971]::result::Result<(), alloc[2e1b2a31b91974c5]::string::String>, fn() -> core[a373ad73a504971]::result::Result<(), alloc[2e1b2a31b91974c5]::string::String>>
[INFO] [stdout]   20:     0x606e74139775 - test[aada8e7e76ba119b]::run_test::{closure#0}
[INFO] [stdout]   21:     0x606e74133064 - std[617be2ca0a6fd877]::sys::backtrace::__rust_begin_short_backtrace::<test[aada8e7e76ba119b]::run_test::{closure#1}, ()>
[INFO] [stdout]   22:     0x606e7413c802 - <std[617be2ca0a6fd877]::thread::lifecycle::spawn_unchecked<test[aada8e7e76ba119b]::run_test::{closure#1}, ()>::{closure#1} as core[a373ad73a504971]::ops::function::FnOnce<()>>::call_once::{shim:vtable#0}
[INFO] [stdout]   23:     0x606e742e68bf - <std[617be2ca0a6fd877]::sys::thread::unix::Thread>::new::thread_start
[INFO] [stdout]   24:     0x746c0d13fdfa - <unknown>
[INFO] [stdout]   25:     0x746c0d1d33d4 - clone
[INFO] [stdout]   26:                0x0 - <unknown>
[INFO] [stdout] 
[INFO] [stdout] ---- test_webhook stdout ----
[INFO] [stdout] 
[INFO] [stdout] thread 'test_webhook' (642) panicked at src/lib.rs:711:10:
[INFO] [stdout] GERENCIANET_CLIENT_ID env variable is not set: NotPresent
[INFO] [stdout] stack backtrace:
[INFO] [stdout]    0:     0x606e742e7411 - <<std[617be2ca0a6fd877]::sys::backtrace::BacktraceLock>::print::DisplayBacktrace as core[a373ad73a504971]::fmt::Display>::fmt
[INFO] [stdout]    1:     0x606e742fd0fa - core[a373ad73a504971]::fmt::write
[INFO] [stdout]    2:     0x606e742ebc3c - <alloc[2e1b2a31b91974c5]::vec::Vec<u8> as core[a373ad73a504971]::io::write::Write>::write_fmt
[INFO] [stdout]    3:     0x606e742c2756 - std[617be2ca0a6fd877]::panicking::default_hook::{closure#0}
[INFO] [stdout]    4:     0x606e742df409 - std[617be2ca0a6fd877]::panicking::default_hook
[INFO] [stdout]    5:     0x606e74139150 - test[aada8e7e76ba119b]::test_main_inner::{closure#0}
[INFO] [stdout]    6:     0x606e742df732 - std[617be2ca0a6fd877]::panicking::panic_with_hook
[INFO] [stdout]    7:     0x606e742c2802 - std[617be2ca0a6fd877]::panicking::panic_handler::{closure#0}
[INFO] [stdout]    8:     0x606e742bb439 - std[617be2ca0a6fd877]::sys::backtrace::__rust_end_short_backtrace::<std[617be2ca0a6fd877]::panicking::panic_handler::{closure#0}, !>
[INFO] [stdout]    9:     0x606e742c35fd - __rustc[ea4f61d10b84890b]::rust_begin_unwind
[INFO] [stdout]   10:     0x606e742fd85c - core[a373ad73a504971]::panicking::panic_fmt
[INFO] [stdout]   11:     0x606e742fd632 - core[a373ad73a504971]::result::unwrap_failed
[INFO] [stdout]   12:     0x606e74114210 - gerencianet[5073fb352da89c33]::test_webhook::{closure#0}
[INFO] [stdout]   13:     0x606e741213c3 - <tokio[1b57d2dd3b45f6f4]::runtime::scheduler::current_thread::Context>::enter::<core[a373ad73a504971]::task::poll::Poll<()>, <tokio[1b57d2dd3b45f6f4]::runtime::scheduler::current_thread::CoreGuard>::block_on<core[a373ad73a504971]::pin::Pin<&mut core[a373ad73a504971]::pin::Pin<&mut dyn core[a373ad73a504971]::future::future::Future<Output = ()>>>>::{closure#0}::{closure#0}>
[INFO] [stdout]   14:     0x606e74125f9c - <tokio[1b57d2dd3b45f6f4]::runtime::context::scoped::Scoped<tokio[1b57d2dd3b45f6f4]::runtime::scheduler::Context>>::set::<<tokio[1b57d2dd3b45f6f4]::runtime::scheduler::current_thread::CoreGuard>::enter<<tokio[1b57d2dd3b45f6f4]::runtime::scheduler::current_thread::CoreGuard>::block_on<core[a373ad73a504971]::pin::Pin<&mut core[a373ad73a504971]::pin::Pin<&mut dyn core[a373ad73a504971]::future::future::Future<Output = ()>>>>::{closure#0}, core[a373ad73a504971]::option::Option<()>>::{closure#0}, (alloc[2e1b2a31b91974c5]::boxed::Box<tokio[1b57d2dd3b45f6f4]::runtime::scheduler::current_thread::Core>, core[a373ad73a504971]::option::Option<()>)>
[INFO] [stdout]   15:     0x606e741217b5 - <tokio[1b57d2dd3b45f6f4]::runtime::scheduler::current_thread::CoreGuard>::block_on::<core[a373ad73a504971]::pin::Pin<&mut core[a373ad73a504971]::pin::Pin<&mut dyn core[a373ad73a504971]::future::future::Future<Output = ()>>>>
[INFO] [stdout]   16:     0x606e74124b70 - tokio[1b57d2dd3b45f6f4]::runtime::context::runtime::enter_runtime::<<tokio[1b57d2dd3b45f6f4]::runtime::scheduler::current_thread::CurrentThread>::block_on<core[a373ad73a504971]::pin::Pin<&mut dyn core[a373ad73a504971]::future::future::Future<Output = ()>>>::{closure#0}, ()>
[INFO] [stdout]   17:     0x606e74125e8b - <tokio[1b57d2dd3b45f6f4]::runtime::runtime::Runtime>::block_on::<core[a373ad73a504971]::pin::Pin<&mut dyn core[a373ad73a504971]::future::future::Future<Output = ()>>>
[INFO] [stdout]   18:     0x606e7411d13b - <gerencianet[5073fb352da89c33]::test_webhook::{closure#0} as core[a373ad73a504971]::ops::function::FnOnce<()>>::call_once
[INFO] [stdout]   19:     0x606e7412c59b - test[aada8e7e76ba119b]::__rust_begin_short_backtrace::<core[a373ad73a504971]::result::Result<(), alloc[2e1b2a31b91974c5]::string::String>, fn() -> core[a373ad73a504971]::result::Result<(), alloc[2e1b2a31b91974c5]::string::String>>
[INFO] [stdout]   20:     0x606e74139775 - test[aada8e7e76ba119b]::run_test::{closure#0}
[INFO] [stdout]   21:     0x606e74133064 - std[617be2ca0a6fd877]::sys::backtrace::__rust_begin_short_backtrace::<test[aada8e7e76ba119b]::run_test::{closure#1}, ()>
[INFO] [stdout]   22:     0x606e7413c802 - <std[617be2ca0a6fd877]::thread::lifecycle::spawn_unchecked<test[aada8e7e76ba119b]::run_test::{closure#1}, ()>::{closure#1} as core[a373ad73a504971]::ops::function::FnOnce<()>>::call_once::{shim:vtable#0}
[INFO] [stdout]   23:     0x606e742e68bf - <std[617be2ca0a6fd877]::sys::thread::unix::Thread>::new::thread_start
[INFO] [stdout]   24:     0x746c0d13fdfa - <unknown>
[INFO] [stdout]   25:     0x746c0d1d33d4 - clone
[INFO] [stdout]   26:                0x0 - <unknown>
[INFO] [stdout] 
[INFO] [stdout] ---- test_get_charge_ok stdout ----
[INFO] [stdout] 
[INFO] [stdout] thread 'test_get_charge_ok' (638) panicked at src/lib.rs:570:10:
[INFO] [stdout] GERENCIANET_CLIENT_ID env variable is not set: NotPresent
[INFO] [stdout] stack backtrace:
[INFO] [stdout]    0:     0x606e742e7411 - <<std[617be2ca0a6fd877]::sys::backtrace::BacktraceLock>::print::DisplayBacktrace as core[a373ad73a504971]::fmt::Display>::fmt
[INFO] [stdout]    1:     0x606e742fd0fa - core[a373ad73a504971]::fmt::write
[INFO] [stdout]    2:     0x606e742ebc3c - <alloc[2e1b2a31b91974c5]::vec::Vec<u8> as core[a373ad73a504971]::io::write::Write>::write_fmt
[INFO] [stdout]    3:     0x606e742c2756 - std[617be2ca0a6fd877]::panicking::default_hook::{closure#0}
[INFO] [stdout]    4:     0x606e742df409 - std[617be2ca0a6fd877]::panicking::default_hook
[INFO] [stdout]    5:     0x606e74139150 - test[aada8e7e76ba119b]::test_main_inner::{closure#0}
[INFO] [stdout]    6:     0x606e742df732 - std[617be2ca0a6fd877]::panicking::panic_with_hook
[INFO] [stdout]    7:     0x606e742c2802 - std[617be2ca0a6fd877]::panicking::panic_handler::{closure#0}
[INFO] [stdout]    8:     0x606e742bb439 - std[617be2ca0a6fd877]::sys::backtrace::__rust_end_short_backtrace::<std[617be2ca0a6fd877]::panicking::panic_handler::{closure#0}, !>
[INFO] [stdout]    9:     0x606e742c35fd - __rustc[ea4f61d10b84890b]::rust_begin_unwind
[INFO] [stdout]   10:     0x606e742fd85c - core[a373ad73a504971]::panicking::panic_fmt
[INFO] [stdout]   11:     0x606e742fd632 - core[a373ad73a504971]::result::unwrap_failed
[INFO] [stdout]   12:     0x606e7411698b - gerencianet[5073fb352da89c33]::test_get_charge_ok::{closure#0}
[INFO] [stdout]   13:     0x606e741213c3 - <tokio[1b57d2dd3b45f6f4]::runtime::scheduler::current_thread::Context>::enter::<core[a373ad73a504971]::task::poll::Poll<()>, <tokio[1b57d2dd3b45f6f4]::runtime::scheduler::current_thread::CoreGuard>::block_on<core[a373ad73a504971]::pin::Pin<&mut core[a373ad73a504971]::pin::Pin<&mut dyn core[a373ad73a504971]::future::future::Future<Output = ()>>>>::{closure#0}::{closure#0}>
[INFO] [stdout]   14:     0x606e74125f9c - <tokio[1b57d2dd3b45f6f4]::runtime::context::scoped::Scoped<tokio[1b57d2dd3b45f6f4]::runtime::scheduler::Context>>::set::<<tokio[1b57d2dd3b45f6f4]::runtime::scheduler::current_thread::CoreGuard>::enter<<tokio[1b57d2dd3b45f6f4]::runtime::scheduler::current_thread::CoreGuard>::block_on<core[a373ad73a504971]::pin::Pin<&mut core[a373ad73a504971]::pin::Pin<&mut dyn core[a373ad73a504971]::future::future::Future<Output = ()>>>>::{closure#0}, core[a373ad73a504971]::option::Option<()>>::{closure#0}, (alloc[2e1b2a31b91974c5]::boxed::Box<tokio[1b57d2dd3b45f6f4]::runtime::scheduler::current_thread::Core>, core[a373ad73a504971]::option::Option<()>)>
[INFO] [stdout]   15:     0x606e741217b5 - <tokio[1b57d2dd3b45f6f4]::runtime::scheduler::current_thread::CoreGuard>::block_on::<core[a373ad73a504971]::pin::Pin<&mut core[a373ad73a504971]::pin::Pin<&mut dyn core[a373ad73a504971]::future::future::Future<Output = ()>>>>
[INFO] [stdout]   16:     0x606e74124b70 - tokio[1b57d2dd3b45f6f4]::runtime::context::runtime::enter_runtime::<<tokio[1b57d2dd3b45f6f4]::runtime::scheduler::current_thread::CurrentThread>::block_on<core[a373ad73a504971]::pin::Pin<&mut dyn core[a373ad73a504971]::future::future::Future<Output = ()>>>::{closure#0}, ()>
[INFO] [stdout]   17:     0x606e74125e8b - <tokio[1b57d2dd3b45f6f4]::runtime::runtime::Runtime>::block_on::<core[a373ad73a504971]::pin::Pin<&mut dyn core[a373ad73a504971]::future::future::Future<Output = ()>>>
[INFO] [stdout]   18:     0x606e7411d53b - <gerencianet[5073fb352da89c33]::test_get_charge_ok::{closure#0} as core[a373ad73a504971]::ops::function::FnOnce<()>>::call_once
[INFO] [stdout]   19:     0x606e7412c59b - test[aada8e7e76ba119b]::__rust_begin_short_backtrace::<core[a373ad73a504971]::result::Result<(), alloc[2e1b2a31b91974c5]::string::String>, fn() -> core[a373ad73a504971]::result::Result<(), alloc[2e1b2a31b91974c5]::string::String>>
[INFO] [stdout]   20:     0x606e74139775 - test[aada8e7e76ba119b]::run_test::{closure#0}
[INFO] [stdout]   21:     0x606e74133064 - std[617be2ca0a6fd877]::sys::backtrace::__rust_begin_short_backtrace::<test[aada8e7e76ba119b]::run_test::{closure#1}, ()>
[INFO] [stdout]   22:     0x606e7413c802 - <std[617be2ca0a6fd877]::thread::lifecycle::spawn_unchecked<test[aada8e7e76ba119b]::run_test::{closure#1}, ()>::{closure#1} as core[a373ad73a504971]::ops::function::FnOnce<()>>::call_once::{shim:vtable#0}
[INFO] [stdout]   23:     0x606e742e68bf - <std[617be2ca0a6fd877]::sys::thread::unix::Thread>::new::thread_start
[INFO] [stdout]   24:     0x746c0d13fdfa - <unknown>
[INFO] [stdout]   25:     0x746c0d1d33d4 - clone
[INFO] [stdout]   26:                0x0 - <unknown>
[INFO] [stdout] 
[INFO] [stdout] ---- test_refresh_token stdout ----
[INFO] [stdout] 
[INFO] [stdout] thread 'test_refresh_token' (641) panicked at src/lib.rs:490:10:
[INFO] [stdout] GERENCIANET_CLIENT_ID env variable is not set: NotPresent
[INFO] [stdout] stack backtrace:
[INFO] [stdout]    0:     0x606e742e7411 - <<std[617be2ca0a6fd877]::sys::backtrace::BacktraceLock>::print::DisplayBacktrace as core[a373ad73a504971]::fmt::Display>::fmt
[INFO] [stdout]    1:     0x606e742fd0fa - core[a373ad73a504971]::fmt::write
[INFO] [stdout]    2:     0x606e742ebc3c - <alloc[2e1b2a31b91974c5]::vec::Vec<u8> as core[a373ad73a504971]::io::write::Write>::write_fmt
[INFO] [stdout]    3:     0x606e742c2756 - std[617be2ca0a6fd877]::panicking::default_hook::{closure#0}
[INFO] [stdout]    4:     0x606e742df409 - std[617be2ca0a6fd877]::panicking::default_hook
[INFO] [stdout]    5:     0x606e74139150 - test[aada8e7e76ba119b]::test_main_inner::{closure#0}
[INFO] [stdout]    6:     0x606e742df732 - std[617be2ca0a6fd877]::panicking::panic_with_hook
[INFO] [stdout]    7:     0x606e742c2802 - std[617be2ca0a6fd877]::panicking::panic_handler::{closure#0}
[INFO] [stdout]    8:     0x606e742bb439 - std[617be2ca0a6fd877]::sys::backtrace::__rust_end_short_backtrace::<std[617be2ca0a6fd877]::panicking::panic_handler::{closure#0}, !>
[INFO] [stdout]    9:     0x606e742c35fd - __rustc[ea4f61d10b84890b]::rust_begin_unwind
[INFO] [stdout]   10:     0x606e742fd85c - core[a373ad73a504971]::panicking::panic_fmt
[INFO] [stdout]   11:     0x606e742fd632 - core[a373ad73a504971]::result::unwrap_failed
[INFO] [stdout]   12:     0x606e7411734b - gerencianet[5073fb352da89c33]::test_refresh_token::{closure#0}
[INFO] [stdout]   13:     0x606e741213c3 - <tokio[1b57d2dd3b45f6f4]::runtime::scheduler::current_thread::Context>::enter::<core[a373ad73a504971]::task::poll::Poll<()>, <tokio[1b57d2dd3b45f6f4]::runtime::scheduler::current_thread::CoreGuard>::block_on<core[a373ad73a504971]::pin::Pin<&mut core[a373ad73a504971]::pin::Pin<&mut dyn core[a373ad73a504971]::future::future::Future<Output = ()>>>>::{closure#0}::{closure#0}>
[INFO] [stdout]   14:     0x606e74125f9c - <tokio[1b57d2dd3b45f6f4]::runtime::context::scoped::Scoped<tokio[1b57d2dd3b45f6f4]::runtime::scheduler::Context>>::set::<<tokio[1b57d2dd3b45f6f4]::runtime::scheduler::current_thread::CoreGuard>::enter<<tokio[1b57d2dd3b45f6f4]::runtime::scheduler::current_thread::CoreGuard>::block_on<core[a373ad73a504971]::pin::Pin<&mut core[a373ad73a504971]::pin::Pin<&mut dyn core[a373ad73a504971]::future::future::Future<Output = ()>>>>::{closure#0}, core[a373ad73a504971]::option::Option<()>>::{closure#0}, (alloc[2e1b2a31b91974c5]::boxed::Box<tokio[1b57d2dd3b45f6f4]::runtime::scheduler::current_thread::Core>, core[a373ad73a504971]::option::Option<()>)>
[INFO] [stdout]   15:     0x606e741217b5 - <tokio[1b57d2dd3b45f6f4]::runtime::scheduler::current_thread::CoreGuard>::block_on::<core[a373ad73a504971]::pin::Pin<&mut core[a373ad73a504971]::pin::Pin<&mut dyn core[a373ad73a504971]::future::future::Future<Output = ()>>>>
[INFO] [stdout]   16:     0x606e74124b70 - tokio[1b57d2dd3b45f6f4]::runtime::context::runtime::enter_runtime::<<tokio[1b57d2dd3b45f6f4]::runtime::scheduler::current_thread::CurrentThread>::block_on<core[a373ad73a504971]::pin::Pin<&mut dyn core[a373ad73a504971]::future::future::Future<Output = ()>>>::{closure#0}, ()>
[INFO] [stdout]   17:     0x606e74125e8b - <tokio[1b57d2dd3b45f6f4]::runtime::runtime::Runtime>::block_on::<core[a373ad73a504971]::pin::Pin<&mut dyn core[a373ad73a504971]::future::future::Future<Output = ()>>>
[INFO] [stdout]   18:     0x606e7411d67f - <gerencianet[5073fb352da89c33]::test_refresh_token::{closure#0} as core[a373ad73a504971]::ops::function::FnOnce<()>>::call_once
[INFO] [stdout]   19:     0x606e7412c59b - test[aada8e7e76ba119b]::__rust_begin_short_backtrace::<core[a373ad73a504971]::result::Result<(), alloc[2e1b2a31b91974c5]::string::String>, fn() -> core[a373ad73a504971]::result::Result<(), alloc[2e1b2a31b91974c5]::string::String>>
[INFO] [stdout]   20:     0x606e74139775 - test[aada8e7e76ba119b]::run_test::{closure#0}
[INFO] [stdout]   21:     0x606e74133064 - std[617be2ca0a6fd877]::sys::backtrace::__rust_begin_short_backtrace::<test[aada8e7e76ba119b]::run_test::{closure#1}, ()>
[INFO] [stdout]   22:     0x606e7413c802 - <std[617be2ca0a6fd877]::thread::lifecycle::spawn_unchecked<test[aada8e7e76ba119b]::run_test::{closure#1}, ()>::{closure#1} as core[a373ad73a504971]::ops::function::FnOnce<()>>::call_once::{shim:vtable#0}
[INFO] [stdout]   23:     0x606e742e68bf - <std[617be2ca0a6fd877]::sys::thread::unix::Thread>::new::thread_start
[INFO] [stdout]   24:     0x746c0d13fdfa - <unknown>
[INFO] [stdout]   25:     0x746c0d1d33d4 - clone
[INFO] [stdout]   26:                0x0 - <unknown>
[INFO] [stdout] 
[INFO] [stdout] ---- test_qr_code stdout ----
[INFO] [stdout] 
[INFO] [stdout] thread 'test_qr_code' (640) panicked at src/lib.rs:642:10:
[INFO] [stdout] GERENCIANET_CLIENT_ID env variable is not set: NotPresent
[INFO] [stdout] stack backtrace:
[INFO] [stdout]    0:     0x606e742e7411 - <<std[617be2ca0a6fd877]::sys::backtrace::BacktraceLock>::print::DisplayBacktrace as core[a373ad73a504971]::fmt::Display>::fmt
[INFO] [stdout]    1:     0x606e742fd0fa - core[a373ad73a504971]::fmt::write
[INFO] [stdout]    2:     0x606e742ebc3c - <alloc[2e1b2a31b91974c5]::vec::Vec<u8> as core[a373ad73a504971]::io::write::Write>::write_fmt
[INFO] [stdout]    3:     0x606e742c2756 - std[617be2ca0a6fd877]::panicking::default_hook::{closure#0}
[INFO] [stdout]    4:     0x606e742df409 - std[617be2ca0a6fd877]::panicking::default_hook
[INFO] [stdout]    5:     0x606e74139150 - test[aada8e7e76ba119b]::test_main_inner::{closure#0}
[INFO] [stdout]    6:     0x606e742df732 - std[617be2ca0a6fd877]::panicking::panic_with_hook
[INFO] [stdout]    7:     0x606e742c2802 - std[617be2ca0a6fd877]::panicking::panic_handler::{closure#0}
[INFO] [stdout]    8:     0x606e742bb439 - std[617be2ca0a6fd877]::sys::backtrace::__rust_end_short_backtrace::<std[617be2ca0a6fd877]::panicking::panic_handler::{closure#0}, !>
[INFO] [stdout]    9:     0x606e742c35fd - __rustc[ea4f61d10b84890b]::rust_begin_unwind
[INFO] [stdout]   10:     0x606e742fd85c - core[a373ad73a504971]::panicking::panic_fmt
[INFO] [stdout]   11:     0x606e742fd632 - core[a373ad73a504971]::result::unwrap_failed
[INFO] [stdout]   12:     0x606e7411268c - gerencianet[5073fb352da89c33]::test_qr_code::{closure#0}
[INFO] [stdout]   13:     0x606e741213c3 - <tokio[1b57d2dd3b45f6f4]::runtime::scheduler::current_thread::Context>::enter::<core[a373ad73a504971]::task::poll::Poll<()>, <tokio[1b57d2dd3b45f6f4]::runtime::scheduler::current_thread::CoreGuard>::block_on<core[a373ad73a504971]::pin::Pin<&mut core[a373ad73a504971]::pin::Pin<&mut dyn core[a373ad73a504971]::future::future::Future<Output = ()>>>>::{closure#0}::{closure#0}>
[INFO] [stdout]   14:     0x606e74125f9c - <tokio[1b57d2dd3b45f6f4]::runtime::context::scoped::Scoped<tokio[1b57d2dd3b45f6f4]::runtime::scheduler::Context>>::set::<<tokio[1b57d2dd3b45f6f4]::runtime::scheduler::current_thread::CoreGuard>::enter<<tokio[1b57d2dd3b45f6f4]::runtime::scheduler::current_thread::CoreGuard>::block_on<core[a373ad73a504971]::pin::Pin<&mut core[a373ad73a504971]::pin::Pin<&mut dyn core[a373ad73a504971]::future::future::Future<Output = ()>>>>::{closure#0}, core[a373ad73a504971]::option::Option<()>>::{closure#0}, (alloc[2e1b2a31b91974c5]::boxed::Box<tokio[1b57d2dd3b45f6f4]::runtime::scheduler::current_thread::Core>, core[a373ad73a504971]::option::Option<()>)>
[INFO] [stdout]   15:     0x606e741217b5 - <tokio[1b57d2dd3b45f6f4]::runtime::scheduler::current_thread::CoreGuard>::block_on::<core[a373ad73a504971]::pin::Pin<&mut core[a373ad73a504971]::pin::Pin<&mut dyn core[a373ad73a504971]::future::future::Future<Output = ()>>>>
[INFO] [stdout]   16:     0x606e74124b70 - tokio[1b57d2dd3b45f6f4]::runtime::context::runtime::enter_runtime::<<tokio[1b57d2dd3b45f6f4]::runtime::scheduler::current_thread::CurrentThread>::block_on<core[a373ad73a504971]::pin::Pin<&mut dyn core[a373ad73a504971]::future::future::Future<Output = ()>>>::{closure#0}, ()>
[INFO] [stdout]   17:     0x606e74125e8b - <tokio[1b57d2dd3b45f6f4]::runtime::runtime::Runtime>::block_on::<core[a373ad73a504971]::pin::Pin<&mut dyn core[a373ad73a504971]::future::future::Future<Output = ()>>>
[INFO] [stdout]   18:     0x606e7411cffb - <gerencianet[5073fb352da89c33]::test_qr_code::{closure#0} as core[a373ad73a504971]::ops::function::FnOnce<()>>::call_once
[INFO] [stdout]   19:     0x606e7412c59b - test[aada8e7e76ba119b]::__rust_begin_short_backtrace::<core[a373ad73a504971]::result::Result<(), alloc[2e1b2a31b91974c5]::string::String>, fn() -> core[a373ad73a504971]::result::Result<(), alloc[2e1b2a31b91974c5]::string::String>>
[INFO] [stdout]   20:     0x606e74139775 - test[aada8e7e76ba119b]::run_test::{closure#0}
[INFO] [stdout]   21:     0x606e74133064 - std[617be2ca0a6fd877]::sys::backtrace::__rust_begin_short_backtrace::<test[aada8e7e76ba119b]::run_test::{closure#1}, ()>
[INFO] [stdout]   22:     0x606e7413c802 - <std[617be2ca0a6fd877]::thread::lifecycle::spawn_unchecked<test[aada8e7e76ba119b]::run_test::{closure#1}, ()>::{closure#1} as core[a373ad73a504971]::ops::function::FnOnce<()>>::call_once::{shim:vtable#0}
[INFO] [stdout]   23:     0x606e742e68bf - <std[617be2ca0a6fd877]::sys::thread::unix::Thread>::new::thread_start
[INFO] [stdout]   24:     0x746c0d13fdfa - <unknown>
[INFO] [stdout]   25:     0x746c0d1d33d4 - clone
[INFO] [stdout]   26:                0x0 - <unknown>
[INFO] [stdout] 
[INFO] [stdout] ---- test_create_charge stdout ----
[INFO] [stdout] 
[INFO] [stdout] thread 'test_create_charge' (636) panicked at src/lib.rs:601:10:
[INFO] [stdout] GERENCIANET_CLIENT_ID env variable is not set: NotPresent
[INFO] [stdout] stack backtrace:
[INFO] [stdout]    0:     0x606e742e7411 - <<std[617be2ca0a6fd877]::sys::backtrace::BacktraceLock>::print::DisplayBacktrace as core[a373ad73a504971]::fmt::Display>::fmt
[INFO] [stdout]    1:     0x606e742fd0fa - core[a373ad73a504971]::fmt::write
[INFO] [stdout]    2:     0x606e742ebc3c - <alloc[2e1b2a31b91974c5]::vec::Vec<u8> as core[a373ad73a504971]::io::write::Write>::write_fmt
[INFO] [stdout]    3:     0x606e742c2756 - std[617be2ca0a6fd877]::panicking::default_hook::{closure#0}
[INFO] [stdout]    4:     0x606e742df409 - std[617be2ca0a6fd877]::panicking::default_hook
[INFO] [stdout]    5:     0x606e74139150 - test[aada8e7e76ba119b]::test_main_inner::{closure#0}
[INFO] [stdout]    6:     0x606e742df732 - std[617be2ca0a6fd877]::panicking::panic_with_hook
[INFO] [stdout]    7:     0x606e742c2802 - std[617be2ca0a6fd877]::panicking::panic_handler::{closure#0}
[INFO] [stdout]    8:     0x606e742bb439 - std[617be2ca0a6fd877]::sys::backtrace::__rust_end_short_backtrace::<std[617be2ca0a6fd877]::panicking::panic_handler::{closure#0}, !>
[INFO] [stdout]    9:     0x606e742c35fd - __rustc[ea4f61d10b84890b]::rust_begin_unwind
[INFO] [stdout]   10:     0x606e742fd85c - core[a373ad73a504971]::panicking::panic_fmt
[INFO] [stdout]   11:     0x606e742fd632 - core[a373ad73a504971]::result::unwrap_failed
[INFO] [stdout]   12:     0x606e74115c4d - gerencianet[5073fb352da89c33]::test_create_charge::{closure#0}
[INFO] [stdout]   13:     0x606e741213c3 - <tokio[1b57d2dd3b45f6f4]::runtime::scheduler::current_thread::Context>::enter::<core[a373ad73a504971]::task::poll::Poll<()>, <tokio[1b57d2dd3b45f6f4]::runtime::scheduler::current_thread::CoreGuard>::block_on<core[a373ad73a504971]::pin::Pin<&mut core[a373ad73a504971]::pin::Pin<&mut dyn core[a373ad73a504971]::future::future::Future<Output = ()>>>>::{closure#0}::{closure#0}>
[INFO] [stdout]   14:     0x606e74125f9c - <tokio[1b57d2dd3b45f6f4]::runtime::context::scoped::Scoped<tokio[1b57d2dd3b45f6f4]::runtime::scheduler::Context>>::set::<<tokio[1b57d2dd3b45f6f4]::runtime::scheduler::current_thread::CoreGuard>::enter<<tokio[1b57d2dd3b45f6f4]::runtime::scheduler::current_thread::CoreGuard>::block_on<core[a373ad73a504971]::pin::Pin<&mut core[a373ad73a504971]::pin::Pin<&mut dyn core[a373ad73a504971]::future::future::Future<Output = ()>>>>::{closure#0}, core[a373ad73a504971]::option::Option<()>>::{closure#0}, (alloc[2e1b2a31b91974c5]::boxed::Box<tokio[1b57d2dd3b45f6f4]::runtime::scheduler::current_thread::Core>, core[a373ad73a504971]::option::Option<()>)>
[INFO] [stdout]   15:     0x606e741217b5 - <tokio[1b57d2dd3b45f6f4]::runtime::scheduler::current_thread::CoreGuard>::block_on::<core[a373ad73a504971]::pin::Pin<&mut core[a373ad73a504971]::pin::Pin<&mut dyn core[a373ad73a504971]::future::future::Future<Output = ()>>>>
[INFO] [stdout]   16:     0x606e74124b70 - tokio[1b57d2dd3b45f6f4]::runtime::context::runtime::enter_runtime::<<tokio[1b57d2dd3b45f6f4]::runtime::scheduler::current_thread::CurrentThread>::block_on<core[a373ad73a504971]::pin::Pin<&mut dyn core[a373ad73a504971]::future::future::Future<Output = ()>>>::{closure#0}, ()>
[INFO] [stdout]   17:     0x606e74125e8b - <tokio[1b57d2dd3b45f6f4]::runtime::runtime::Runtime>::block_on::<core[a373ad73a504971]::pin::Pin<&mut dyn core[a373ad73a504971]::future::future::Future<Output = ()>>>
[INFO] [stdout]   18:     0x606e7411d3fb - <gerencianet[5073fb352da89c33]::test_create_charge::{closure#0} as core[a373ad73a504971]::ops::function::FnOnce<()>>::call_once
[INFO] [stdout]   19:     0x606e7412c59b - test[aada8e7e76ba119b]::__rust_begin_short_backtrace::<core[a373ad73a504971]::result::Result<(), alloc[2e1b2a31b91974c5]::string::String>, fn() -> core[a373ad73a504971]::result::Result<(), alloc[2e1b2a31b91974c5]::string::String>>
[INFO] [stdout]   20:     0x606e74139775 - test[aada8e7e76ba119b]::run_test::{closure#0}
[INFO] [stdout]   21:     0x606e74133064 - std[617be2ca0a6fd877]::sys::backtrace::__rust_begin_short_backtrace::<test[aada8e7e76ba119b]::run_test::{closure#1}, ()>
[INFO] [stdout]   22:     0x606e7413c802 - <std[617be2ca0a6fd877]::thread::lifecycle::spawn_unchecked<test[aada8e7e76ba119b]::run_test::{closure#1}, ()>::{closure#1} as core[a373ad73a504971]::ops::function::FnOnce<()>>::call_once::{shim:vtable#0}
[INFO] [stdout]   23:     0x606e742e68bf - <std[617be2ca0a6fd877]::sys::thread::unix::Thread>::new::thread_start
[INFO] [stdout]   24:     0x746c0d13fdfa - <unknown>
[INFO] [stdout]   25:     0x746c0d1d33d4 - clone
[INFO] [stdout]   26:                0x0 - <unknown>
[INFO] [stdout] 
[INFO] [stdout] 
[INFO] [stdout] failures:
[INFO] [stdout]     test_cancel
[INFO] [stdout]     test_create_charge
[INFO] [stdout]     test_get_charge_not_found
[INFO] [stdout]     test_get_charge_ok
[INFO] [stdout]     test_list_charges
[INFO] [stdout]     test_qr_code
[INFO] [stdout]     test_refresh_token
[INFO] [stdout]     test_webhook
[INFO] [stdout] 
[INFO] [stdout] test result: FAILED. 0 passed; 8 failed; 0 ignored; 0 measured; 0 filtered out; finished in 0.01s
[INFO] [stdout] 
[INFO] running `Command { std: "docker" "inspect" "d398482f402985e3ac019916f3e33b270f5851a6705e3694bef9512d8f893e89", kill_on_drop: false }`
[INFO] running `Command { std: "docker" "rm" "-f" "d398482f402985e3ac019916f3e33b270f5851a6705e3694bef9512d8f893e89", kill_on_drop: false }`
[INFO] [stdout] d398482f402985e3ac019916f3e33b270f5851a6705e3694bef9512d8f893e89
