[INFO] fetching crate geotrace-sdk 0.7.0...
[INFO] testing geotrace-sdk-0.7.0 against 1.99.0-beta.8+cargoflags=--release for beta-release-1.100-2
[INFO] extracting crate geotrace-sdk 0.7.0 into /workspace/builds/worker-1-tc1/source
[INFO] started tweaking crates.io crate geotrace-sdk 0.7.0
[INFO] removed 0 missing examples
[INFO] finished tweaking crates.io crate geotrace-sdk 0.7.0
[INFO] tweaked toml for crates.io crate geotrace-sdk 0.7.0 written to /workspace/builds/worker-1-tc1/source/Cargo.toml
[INFO] validating manifest of crates.io crate geotrace-sdk 0.7.0 on toolchain 1.99.0-beta.8
[INFO] running `Command { std: CARGO_HOME="/workspace/cargo-home" RUSTUP_HOME="/workspace/rustup-home" "/workspace/cargo-home/bin/cargo" "+1.99.0-beta.8" "metadata" "--manifest-path" "Cargo.toml" "--no-deps", kill_on_drop: false }`
[INFO] crate crates.io crate geotrace-sdk 0.7.0 already has a lockfile, it will not be regenerated
[INFO] running `Command { std: CARGO_HOME="/workspace/cargo-home" RUSTUP_HOME="/workspace/rustup-home" "/workspace/cargo-home/bin/cargo" "+1.99.0-beta.8" "fetch" "--manifest-path" "Cargo.toml", kill_on_drop: false }`
[INFO] [stderr]     Updating crates.io index
[INFO] [stderr]  Downloading crates ...
[INFO] [stderr]   Downloaded trybuild v1.0.121
[INFO] [stderr]   Downloaded geotrace-sdk-units v0.7.0
[INFO] [stderr]   Downloaded uom v0.38.0
[INFO] [stderr]   Downloaded target-tuple v1.0.2
[INFO] [stderr]   Downloaded geotrace-sdk-macros v0.7.0
[INFO] [stderr]   Downloaded hdf5-pure v0.46.1
[INFO] running `Command { std: "docker" "create" "-v" "/var/lib/crater-agent-workspace/builds/worker-1-tc1/source:/opt/rustwide/workdir:ro,Z" "-v" "/var/lib/crater-agent-workspace/builds/worker-1-tc1/target:/opt/rustwide/target:rw,Z" "-v" "/var/lib/crater-agent-workspace/cargo-home:/opt/rustwide/cargo-home:ro,Z" "-v" "/var/lib/crater-agent-workspace/rustup-home:/opt/rustwide/rustup-home:ro,Z" "-m" "1610612736" "--network" "none" "ghcr.io/rust-lang/crates-build-env/linux@sha256:77db811e55d90add9212f6832c23229e3de5f1c1f9905e8cb07319ea15df73ac" "sleep" "infinity", kill_on_drop: false }`
[INFO] [stdout] 27789e1f6984d31b1ad7a4023d31e655d3fcc984d43abee122727249d5e0577d
[INFO] running `Command { std: "docker" "start" "27789e1f6984d31b1ad7a4023d31e655d3fcc984d43abee122727249d5e0577d", kill_on_drop: false }`
[INFO] running `Command { std: "docker" "inspect" "27789e1f6984d31b1ad7a4023d31e655d3fcc984d43abee122727249d5e0577d", kill_on_drop: false }`
[INFO] running `Command { std: "docker" "exec" "-e" "SOURCE_DIR=/opt/rustwide/workdir" "-e" "CARGO_HOME=/opt/rustwide/cargo-home" "-e" "RUSTUP_HOME=/opt/rustwide/rustup-home" "-e" "CARGO_TARGET_DIR=/opt/rustwide/target" "-w" "/opt/rustwide/workdir" "--user" "0:0" "27789e1f6984d31b1ad7a4023d31e655d3fcc984d43abee122727249d5e0577d" "/opt/rustwide/cargo-home/bin/cargo" "+1.99.0-beta.8" "metadata" "--no-deps" "--format-version=1", kill_on_drop: false }`
[INFO] running `Command { std: "docker" "inspect" "27789e1f6984d31b1ad7a4023d31e655d3fcc984d43abee122727249d5e0577d", kill_on_drop: false }`
[INFO] running `Command { std: "docker" "exec" "-e" "SOURCE_DIR=/opt/rustwide/workdir" "-e" "CARGO_HOME=/opt/rustwide/cargo-home" "-e" "RUSTUP_HOME=/opt/rustwide/rustup-home" "-e" "CARGO_TARGET_DIR=/opt/rustwide/target" "-e" "CARGO_INCREMENTAL=0" "-e" "RUST_BACKTRACE=full" "-e" "RUSTFLAGS=--cap-lints=warn" "-e" "RUSTDOCFLAGS=--cap-lints=warn" "-w" "/opt/rustwide/workdir" "--user" "0:0" "27789e1f6984d31b1ad7a4023d31e655d3fcc984d43abee122727249d5e0577d" "/opt/rustwide/cargo-home/bin/cargo" "+1.99.0-beta.8" "build" "--frozen" "--message-format=json" "--release", kill_on_drop: false }`
[INFO] [stderr]    Compiling syn v3.0.5
[INFO] [stderr]    Compiling syn v2.0.119
[INFO] [stderr]    Compiling crc32fast v1.5.2
[INFO] [stderr]    Compiling prettyplease v0.3.0
[INFO] [stderr]    Compiling simd-adler32 v0.3.10
[INFO] [stderr]    Compiling uom v0.38.0
[INFO] [stderr]    Compiling chrono v0.4.45
[INFO] [stderr]    Compiling miniz_oxide v0.9.1
[INFO] [stderr]    Compiling flate2 v1.1.10
[INFO] [stderr]    Compiling hdf5-pure v0.46.1
[INFO] [stderr]    Compiling geotrace-sdk v0.7.0 (/opt/rustwide/workdir)
[INFO] [stderr]    Compiling strum_macros v0.28.0
[INFO] [stderr]    Compiling geotrace-sdk-macros v0.7.0
[INFO] [stderr]    Compiling strum v0.28.0
[INFO] [stderr]    Compiling darling_core v0.24.1
[INFO] [stderr]    Compiling thiserror-impl v2.0.20
[INFO] [stderr]    Compiling thiserror v2.0.20
[INFO] [stderr]    Compiling darling_macro v0.24.1
[INFO] [stderr]    Compiling darling v0.24.1
[INFO] [stderr]    Compiling bon-macros v3.10.1
[INFO] [stderr]    Compiling bon v3.10.1
[INFO] [stderr]    Compiling geotrace-sdk-units v0.7.0
[INFO] [stderr]     Finished `release` profile [optimized] target(s) in 1m 03s
[INFO] running `Command { std: "docker" "inspect" "27789e1f6984d31b1ad7a4023d31e655d3fcc984d43abee122727249d5e0577d", kill_on_drop: false }`
[INFO] running `Command { std: "docker" "exec" "-e" "SOURCE_DIR=/opt/rustwide/workdir" "-e" "CARGO_HOME=/opt/rustwide/cargo-home" "-e" "RUSTUP_HOME=/opt/rustwide/rustup-home" "-e" "CARGO_TARGET_DIR=/opt/rustwide/target" "-e" "CARGO_INCREMENTAL=0" "-e" "RUST_BACKTRACE=full" "-e" "RUSTFLAGS=--cap-lints=warn" "-e" "RUSTDOCFLAGS=--cap-lints=warn" "-w" "/opt/rustwide/workdir" "--user" "0:0" "27789e1f6984d31b1ad7a4023d31e655d3fcc984d43abee122727249d5e0577d" "/opt/rustwide/cargo-home/bin/cargo" "+1.99.0-beta.8" "test" "--frozen" "--no-run" "--message-format=json" "--release", kill_on_drop: false }`
[INFO] [stderr]    Compiling zerocopy v0.8.57
[INFO] [stderr]    Compiling winnow v1.0.4
[INFO] [stderr]    Compiling aho-corasick v1.1.5
[INFO] [stderr]    Compiling indexmap v2.14.2
[INFO] [stderr]    Compiling rustix v1.1.4
[INFO] [stderr]    Compiling syn v2.0.119
[INFO] [stderr]    Compiling getrandom v0.3.4
[INFO] [stderr]    Compiling getrandom v0.4.3
[INFO] [stderr]    Compiling regex-syntax v0.8.11
[INFO] [stderr]    Compiling rstest_macros v0.26.1
[INFO] [stderr]    Compiling target-tuple v1.0.2
[INFO] [stderr]    Compiling serde_derive v1.0.229
[INFO] [stderr]    Compiling futures-macro v0.3.34
[INFO] [stderr]    Compiling serde_spanned v1.1.1
[INFO] [stderr]    Compiling toml_datetime v1.1.1+spec-1.1.0
[INFO] [stderr]    Compiling wait-timeout v0.2.1
[INFO] [stderr]    Compiling bit-vec v0.8.0
[INFO] [stderr]    Compiling relative-path v1.9.3
[INFO] [stderr]    Compiling rand_core v0.9.5
[INFO] [stderr]    Compiling futures-core v0.3.34
[INFO] [stderr]    Compiling toml v1.1.6+spec-1.1.0
[INFO] [stderr]    Compiling rand_xorshift v0.4.0
[INFO] [stderr]    Compiling rand v0.9.5
[INFO] [stderr]    Compiling bit-set v0.8.0
[INFO] [stderr]    Compiling serde_json v1.0.151
[INFO] [stderr]    Compiling console v0.16.6
[INFO] [stderr]    Compiling glob v0.3.4
[INFO] [stderr]    Compiling similar v2.7.0
[INFO] [stderr]    Compiling unarray v0.1.4
[INFO] [stderr]    Compiling futures-util v0.3.34
[INFO] [stderr]    Compiling toml_parser v1.1.3+spec-1.1.0
[INFO] [stderr]    Compiling toml_edit v0.25.15+spec-1.1.0
[INFO] [stderr]    Compiling tempfile v3.27.0
[INFO] [stderr]    Compiling regex-automata v0.4.18
[INFO] [stderr]    Compiling rusty-fork v0.3.1
[INFO] [stderr]    Compiling insta v1.48.0
[INFO] [stderr]    Compiling serde v1.0.229
[INFO] [stderr]    Compiling proc-macro-crate v3.5.0
[INFO] [stderr]    Compiling trybuild v1.0.121
[INFO] [stderr]    Compiling strum_macros v0.28.0
[INFO] [stderr]    Compiling geotrace-sdk-macros v0.7.0
[INFO] [stderr]    Compiling regex v1.13.1
[INFO] [stderr]    Compiling ppv-lite86 v0.2.21
[INFO] [stderr]    Compiling rand_chacha v0.9.0
[INFO] [stderr]    Compiling proptest v1.11.0
[INFO] [stderr]    Compiling strum v0.28.0
[INFO] [stderr]    Compiling geotrace-sdk-units v0.7.0
[INFO] [stderr]    Compiling geotrace-sdk v0.7.0 (/opt/rustwide/workdir)
[INFO] [stderr]    Compiling rstest v0.26.1
[INFO] [stderr]     Finished `release` profile [optimized] target(s) in 1m 06s
[INFO] running `Command { std: "docker" "inspect" "27789e1f6984d31b1ad7a4023d31e655d3fcc984d43abee122727249d5e0577d", kill_on_drop: false }`
[INFO] running `Command { std: "docker" "exec" "-e" "SOURCE_DIR=/opt/rustwide/workdir" "-e" "CARGO_HOME=/opt/rustwide/cargo-home" "-e" "RUSTUP_HOME=/opt/rustwide/rustup-home" "-e" "CARGO_TARGET_DIR=/opt/rustwide/target" "-e" "CARGO_INCREMENTAL=0" "-e" "RUST_BACKTRACE=full" "-e" "RUSTFLAGS=--cap-lints=warn" "-e" "RUSTDOCFLAGS=--cap-lints=warn" "-w" "/opt/rustwide/workdir" "--user" "0:0" "27789e1f6984d31b1ad7a4023d31e655d3fcc984d43abee122727249d5e0577d" "/opt/rustwide/cargo-home/bin/cargo" "+1.99.0-beta.8" "test" "--frozen" "--release", kill_on_drop: false }`
[INFO] [stderr]     Finished `release` profile [optimized] target(s) in 0.12s
[INFO] [stdout] 
[INFO] [stderr]      Running unittests src/lib.rs (/opt/rustwide/target/release/deps/geotrace_sdk-9ae00b8a9cfc6d3f)
[INFO] [stdout] running 67 tests
[INFO] [stdout] test builder::tests::each_issue_is_counted_in_its_own_field::case_02_gps_prn_33_to_64_is_the_sbas_range ... ok
[INFO] [stdout] test builder::tests::each_issue_is_counted_in_its_own_field::case_01_prn_0_skips_the_constellation_range_check ... ok
[INFO] [stdout] test builder::tests::each_issue_is_counted_in_its_own_field::case_09_qzss_prn_above_10_is_out_of_range ... ok
[INFO] [stdout] test builder::tests::each_issue_is_counted_in_its_own_field::case_03_gps_prn_above_64_is_out_of_range ... ok
[INFO] [stdout] test builder::tests::each_issue_is_counted_in_its_own_field::case_04_glonass_prn_65_to_96_is_the_gngsv_offset_range ... ok
[INFO] [stdout] test builder::tests::each_issue_is_counted_in_its_own_field::case_05_glonass_prn_33_to_64_is_out_of_range ... ok
[INFO] [stdout] test builder::tests::each_issue_is_counted_in_its_own_field::case_06_galileo_prn_above_36_is_out_of_range ... ok
[INFO] [stdout] test builder::tests::each_issue_is_counted_in_its_own_field::case_08_navic_prn_above_14_is_out_of_range ... ok
[INFO] [stdout] test builder::tests::each_issue_is_counted_in_its_own_field::case_10_elevation_below_the_horizon ... ok
[INFO] [stdout] test builder::tests::each_issue_is_counted_in_its_own_field::case_07_beidou_prn_above_63_is_out_of_range ... ok
[INFO] [stdout] test builder::tests::each_issue_is_counted_in_its_own_field::case_11_elevation_above_the_zenith ... ok
[INFO] [stdout] test builder::tests::clean_data_produces_no_issues ... ok
[INFO] [stdout] test builder::tests::azimuth_boundary_values_are_valid ... ok
[INFO] [stdout] test builder::tests::each_issue_is_counted_in_its_own_field::case_12_azimuth_below_0_and_at_360 ... ok
[INFO] [stdout] test builder::tests::each_issue_is_counted_in_its_own_field::case_13_snr_at_the_99_no_data_value ... ok
[INFO] [stdout] test builder::tests::each_issue_is_counted_in_its_own_field::case_17_a_prn_three_times_counts_the_report_once ... ok
[INFO] [stdout] test builder::tests::every_issue_field_maps_to_a_record ... ok
[INFO] [stdout] test builder::tests::ghost_nav_points_for_fails_on_reports_without_a_nav_fix ... ok
[INFO] [stdout] test builder::tests::same_prn_in_different_constellations_is_not_duplicate ... ok
[INFO] [stdout] test types::tests::constellation_display_name_is_canonical_spelling ... ok
[INFO] [stdout] test types::tests::constellation_encoding_attribute_lists_every_variant ... ok
[INFO] [stdout] test types::tests::constellation_try_from_lower_case_accepts_stable_wire_form ... ok
[INFO] [stdout] test builder::tests::each_issue_is_counted_in_its_own_field::case_14_snr_above_60 ... ok
[INFO] [stdout] test builder::tests::issues_aggregated_across_multiple_reports ... ok
[INFO] [stdout] test builder::tests::each_issue_is_counted_in_its_own_field::case_15_snr_below_0 ... ok
[INFO] [stdout] test types::tests::a_code_outside_the_marker_icon_set_reads_as_unrecognized_and_writes_back_unchanged::case_3 ... ok
[INFO] [stdout] test types::tests::a_code_outside_the_marker_icon_set_reads_as_unrecognized_and_writes_back_unchanged::case_2 ... ok
[INFO] [stdout] test types::tests::an_unknown_travel_mode_is_preserved_verbatim ... ok
[INFO] [stdout] test types::tests::a_code_outside_the_marker_icon_set_reads_as_unrecognized_and_writes_back_unchanged::case_1 ... ok
[INFO] [stdout] test types::tests::constellation_try_from_lower_case_rejects_unknown_strings ... ok
[INFO] [stdout] test types::tests::from_wire_name_reads_an_icon_name_field::case_4 ... ok
[INFO] [stdout] test types::tests::from_wire_value_reads_a_color_hex_field::case_3 ... ok
[INFO] [stdout] test size_checked_file::tests::a_dataset_declaring_more_bytes_than_the_file_holds_is_rejected ... FAILED
[INFO] [stdout] test types::tests::from_wire_value_reads_a_color_hex_field::case_4 ... ok
[INFO] [stdout] test types::tests::constellation_try_from_lower_case_round_trips_through_display_name ... ok
[INFO] [stdout] test types::tests::constellation_u8_wire_codes_are_stable_and_round_trip ... ok
[INFO] [stdout] test types::tests::from_wire_name_reads_an_icon_name_field::case_1 ... ok
[INFO] [stdout] test types::tests::from_wire_name_reads_an_icon_name_field::case_2 ... ok
[INFO] [stdout] test types::tests::from_wire_name_reads_an_icon_name_field::case_3 ... ok
[INFO] [stdout] test types::tests::a_code_in_the_marker_icon_set_reads_as_that_icon_and_writes_back_unchanged ... ok
[INFO] [stdout] test types::tests::two_files_differing_in_one_field_are_unequal_ignoring_the_build_stamp::case_05_travel_mode ... ok
[INFO] [stdout] test types::tests::two_files_differing_in_one_field_are_unequal_ignoring_the_build_stamp::case_02_device ... ok
[INFO] [stdout] test types::tests::two_files_differing_in_one_field_are_unequal_ignoring_the_build_stamp::case_03_notes ... ok
[INFO] [stdout] test types::tests::two_files_differing_in_one_field_are_unequal_ignoring_the_build_stamp::case_04_identity ... ok
[INFO] [stdout] test types::tests::travel_mode_name_display_and_from_lower_case_agree ... ok
[INFO] [stdout] test types::tests::marker_icon_name_is_stable_wire_form ... ok
[INFO] [stdout] test types::tests::marker_icon_try_from_lower_case_rejects_unknown_strings ... ok
[INFO] [stdout] test types::tests::two_files_differing_in_one_field_are_unequal_ignoring_the_build_stamp::case_07_markers ... ok
[INFO] [stdout] test types::tests::two_files_differing_in_one_field_are_unequal_ignoring_the_build_stamp::case_08_event_markers ... ok
[INFO] [stdout] test types::tests::two_files_differing_in_one_field_are_unequal_ignoring_the_build_stamp::case_09_event_marker_styles ... ok
[INFO] [stdout] test types::tests::two_files_differing_in_one_field_are_unequal_ignoring_the_build_stamp::case_10_channels ... ok
[INFO] [stdout] test types::tests::wire_name_writes_an_icon_name_field::case_1 ... ok
[INFO] [stdout] test types::tests::wire_name_writes_an_icon_name_field::case_3 ... ok
[INFO] [stdout] test types::tests::two_files_differing_only_in_their_build_stamp_are_equal_ignoring_it ... ok
[INFO] [stdout] test types::tests::wire_name_writes_an_icon_name_field::case_2 ... ok
[INFO] [stdout] test types::tests::travel_mode_name_is_stable_wire_form ... ok
[INFO] [stdout] test write::tests::a_written_file_stamps_format_version_2 ... ok
[INFO] [stdout] test types::tests::from_wire_value_reads_a_color_hex_field::case_1 ... ok
[INFO] [stdout] test types::tests::marker_icon_encoding_attribute_lists_every_variant ... ok
[INFO] [stdout] test types::tests::from_wire_value_reads_a_color_hex_field::case_2 ... ok
[INFO] [stdout] test types::tests::marker_icon_name_and_try_from_lower_case_round_trip ... ok
[INFO] [stdout] test types::tests::two_files_differing_in_one_field_are_unequal_ignoring_the_build_stamp::case_06_nav_points ... ok
[INFO] [stdout] test types::tests::two_files_differing_in_one_field_are_unequal_ignoring_the_build_stamp::case_01_title ... ok
[INFO] [stdout] test types::tests::from_wire_value_reads_a_color_hex_field::case_5 ... ok
[INFO] [stdout] test write::tests::a_file_with_no_stamp_writes_no_provenance_attribute ... ok
[INFO] [stdout] test write::tests::a_stamp_with_a_commit_writes_the_commit_and_its_time ... ok
[INFO] [stdout] test builder::tests::each_issue_is_counted_in_its_own_field::case_16_a_prn_twice_two_rows_apart ... ok
[INFO] [stdout] 
[INFO] [stdout] failures:
[INFO] [stdout] 
[INFO] [stdout] ---- size_checked_file::tests::a_dataset_declaring_more_bytes_than_the_file_holds_is_rejected stdout ----
[INFO] [stdout] 
[INFO] [stdout] thread 'size_checked_file::tests::a_dataset_declaring_more_bytes_than_the_file_holds_is_rejected' (2006) panicked at src/size_checked_file.rs:155:49:
[INFO] [stdout] called `Result::unwrap()` on an `Err` value: Hdf5("I/O error: No such file or directory (os error 2)")
[INFO] [stdout] stack backtrace:
[INFO] [stdout]    0:     0x63be44e47ad1 - <<std[70759c8f55707aa4]::sys::backtrace::BacktraceLock>::print::DisplayBacktrace as core[df12db4294e9bfd3]::fmt::Display>::fmt
[INFO] [stdout]    1:     0x63be44e5e44a - core[df12db4294e9bfd3]::fmt::write
[INFO] [stdout]    2:     0x63be44e4bf8c - <alloc[2182bb758b4b3781]::vec::Vec<u8> as core[df12db4294e9bfd3]::io::write::Write>::write_fmt
[INFO] [stdout]    3:     0x63be44e23c16 - std[70759c8f55707aa4]::panicking::default_hook::{closure#0}
[INFO] [stdout]    4:     0x63be44e3ff19 - std[70759c8f55707aa4]::panicking::default_hook
[INFO] [stdout]    5:     0x63be44d264f0 - test[9d35eded1c95d3be]::test_main_inner::<test[9d35eded1c95d3be]::test_main_static::{closure#0}>::{closure#0}
[INFO] [stdout]    6:     0x63be44e400d2 - std[70759c8f55707aa4]::panicking::panic_with_hook
[INFO] [stdout]    7:     0x63be44e23cc2 - std[70759c8f55707aa4]::panicking::panic_handler::{closure#0}
[INFO] [stdout]    8:     0x63be44e1c8b9 - std[70759c8f55707aa4]::sys::backtrace::__rust_end_short_backtrace::<std[70759c8f55707aa4]::panicking::panic_handler::{closure#0}, !>
[INFO] [stdout]    9:     0x63be44e248bd - __rustc[8fa7c3cbc660c2b3]::rust_begin_unwind
[INFO] [stdout]   10:     0x63be44e5eb7c - core[df12db4294e9bfd3]::panicking::panic_fmt
[INFO] [stdout]   11:     0x63be44e5e952 - core[df12db4294e9bfd3]::result::unwrap_failed
[INFO] [stdout]   12:     0x63be44d13ea8 - <geotrace_sdk[8b064f43e84ddac3]::size_checked_file::tests::a_dataset_declaring_more_bytes_than_the_file_holds_is_rejected::{closure#0} as core[df12db4294e9bfd3]::ops::function::FnOnce<()>>::call_once
[INFO] [stdout]   13:     0x63be44d197db - test[9d35eded1c95d3be]::__rust_begin_short_backtrace::<core[df12db4294e9bfd3]::result::Result<(), alloc[2182bb758b4b3781]::string::String>, fn() -> core[df12db4294e9bfd3]::result::Result<(), alloc[2182bb758b4b3781]::string::String>>
[INFO] [stdout]   14:     0x63be44d26e45 - test[9d35eded1c95d3be]::run_test::{closure#0}
[INFO] [stdout]   15:     0x63be44d20704 - std[70759c8f55707aa4]::sys::backtrace::__rust_begin_short_backtrace::<test[9d35eded1c95d3be]::run_test::{closure#1}, ()>
[INFO] [stdout]   16:     0x63be44d29fa2 - <std[70759c8f55707aa4]::thread::lifecycle::spawn_unchecked<test[9d35eded1c95d3be]::run_test::{closure#1}, ()>::{closure#1} as core[df12db4294e9bfd3]::ops::function::FnOnce<()>>::call_once::{shim:vtable#0}
[INFO] [stdout]   17:     0x63be44e47089 - <std[70759c8f55707aa4]::sys::thread::unix::Thread>::new::thread_start
[INFO] [stdout]   18:     0x73a534f88dfa - <unknown>
[INFO] [stdout]   19:     0x73a53501c3d4 - clone
[INFO] [stdout]   20:                0x0 - <unknown>
[INFO] [stdout] 
[INFO] [stdout] 
[INFO] [stdout] failures:
[INFO] [stdout]     size_checked_file::tests::a_dataset_declaring_more_bytes_than_the_file_holds_is_rejected
[INFO] [stdout] 
[INFO] [stdout] test result: FAILED. 66 passed; 1 failed; 0 ignored; 0 measured; 0 filtered out; finished in 0.08s
[INFO] [stdout] 
[INFO] [stderr] error: test failed, to rerun pass `--lib`
[INFO] running `Command { std: "docker" "inspect" "27789e1f6984d31b1ad7a4023d31e655d3fcc984d43abee122727249d5e0577d", kill_on_drop: false }`
[INFO] running `Command { std: "docker" "rm" "-f" "27789e1f6984d31b1ad7a4023d31e655d3fcc984d43abee122727249d5e0577d", kill_on_drop: false }`
[INFO] [stdout] 27789e1f6984d31b1ad7a4023d31e655d3fcc984d43abee122727249d5e0577d
