[INFO] fetching crate geotiff-reader 0.8.1...
[INFO] testing geotiff-reader-0.8.1 against 1.100.0-beta.1+cargoflags=--release for beta-release-1.100-2
[INFO] extracting crate geotiff-reader 0.8.1 into /workspace/builds/worker-0-tc2/source
[INFO] started tweaking crates.io crate geotiff-reader 0.8.1
[INFO] removed 0 missing tests
[INFO] finished tweaking crates.io crate geotiff-reader 0.8.1
[INFO] tweaked toml for crates.io crate geotiff-reader 0.8.1 written to /workspace/builds/worker-0-tc2/source/Cargo.toml
[INFO] validating manifest of crates.io crate geotiff-reader 0.8.1 on toolchain 1.100.0-beta.1
[INFO] running `Command { std: CARGO_HOME="/workspace/cargo-home" RUSTUP_HOME="/workspace/rustup-home" "/workspace/cargo-home/bin/cargo" "+1.100.0-beta.1" "metadata" "--manifest-path" "Cargo.toml" "--no-deps", kill_on_drop: false }`
[INFO] crate crates.io crate geotiff-reader 0.8.1 already has a lockfile, it will not be regenerated
[INFO] running `Command { std: CARGO_HOME="/workspace/cargo-home" RUSTUP_HOME="/workspace/rustup-home" "/workspace/cargo-home/bin/cargo" "+1.100.0-beta.1" "fetch" "--manifest-path" "Cargo.toml", kill_on_drop: false }`
[INFO] [stderr] warning: `package.homepage` is redundant with `package.repository`
[INFO] [stderr]   --> Cargo.toml:61:12
[INFO] [stderr]    |
[INFO] [stderr] 61 | homepage = "https://github.com/roteiro-gis/geotiff-rust"
[INFO] [stderr]    |            ^^^^^^^^^^^^^^^^^^^^^^^^^^^^^^^^^^^^^^^^^^^^^
[INFO] [stderr] ...
[INFO] [stderr] 66 | repository = "https://github.com/roteiro-gis/geotiff-rust"
[INFO] [stderr]    |              ---------------------------------------------
[INFO] [stderr]    |
[INFO] [stderr]    = note: `cargo::redundant_homepage` is set to `warn` by default
[INFO] [stderr] help: consider removing `package.homepage`
[INFO] [stderr] warning: `geotiff-reader` (manifest) generated 1 warning
[INFO] running `Command { std: "docker" "create" "-v" "/var/lib/crater-agent-workspace/builds/worker-0-tc2/source:/opt/rustwide/workdir:ro,Z" "-v" "/var/lib/crater-agent-workspace/builds/worker-0-tc2/target:/opt/rustwide/target:rw,Z" "-v" "/var/lib/crater-agent-workspace/cargo-home:/opt/rustwide/cargo-home:ro,Z" "-v" "/var/lib/crater-agent-workspace/rustup-home:/opt/rustwide/rustup-home:ro,Z" "-m" "1610612736" "--network" "none" "ghcr.io/rust-lang/crates-build-env/linux@sha256:77db811e55d90add9212f6832c23229e3de5f1c1f9905e8cb07319ea15df73ac" "sleep" "infinity", kill_on_drop: false }`
[INFO] [stdout] 5b8f96981d041a643156f9948ff42239a5baf3db7e953bee5d01e92c78065e17
[INFO] running `Command { std: "docker" "start" "5b8f96981d041a643156f9948ff42239a5baf3db7e953bee5d01e92c78065e17", kill_on_drop: false }`
[INFO] running `Command { std: "docker" "inspect" "5b8f96981d041a643156f9948ff42239a5baf3db7e953bee5d01e92c78065e17", kill_on_drop: false }`
[INFO] running `Command { std: "docker" "exec" "-e" "SOURCE_DIR=/opt/rustwide/workdir" "-e" "CARGO_HOME=/opt/rustwide/cargo-home" "-e" "RUSTUP_HOME=/opt/rustwide/rustup-home" "-e" "CARGO_TARGET_DIR=/opt/rustwide/target" "-w" "/opt/rustwide/workdir" "--user" "0:0" "5b8f96981d041a643156f9948ff42239a5baf3db7e953bee5d01e92c78065e17" "/opt/rustwide/cargo-home/bin/cargo" "+1.100.0-beta.1" "metadata" "--no-deps" "--format-version=1", kill_on_drop: false }`
[INFO] running `Command { std: "docker" "inspect" "5b8f96981d041a643156f9948ff42239a5baf3db7e953bee5d01e92c78065e17", kill_on_drop: false }`
[INFO] running `Command { std: "docker" "exec" "-e" "SOURCE_DIR=/opt/rustwide/workdir" "-e" "CARGO_HOME=/opt/rustwide/cargo-home" "-e" "RUSTUP_HOME=/opt/rustwide/rustup-home" "-e" "CARGO_TARGET_DIR=/opt/rustwide/target" "-e" "CARGO_INCREMENTAL=0" "-e" "RUST_BACKTRACE=full" "-e" "RUSTFLAGS=--cap-lints=warn" "-e" "RUSTDOCFLAGS=--cap-lints=warn" "-w" "/opt/rustwide/workdir" "--user" "0:0" "5b8f96981d041a643156f9948ff42239a5baf3db7e953bee5d01e92c78065e17" "/opt/rustwide/cargo-home/bin/cargo" "+1.100.0-beta.1" "build" "--frozen" "--message-format=json" "--release", kill_on_drop: false }`
[INFO] [stderr] warning: `package.homepage` is redundant with `package.repository`
[INFO] [stderr]   --> Cargo.toml:61:12
[INFO] [stderr]    |
[INFO] [stderr] 61 | homepage = "https://github.com/roteiro-gis/geotiff-rust"
[INFO] [stderr]    |            ^^^^^^^^^^^^^^^^^^^^^^^^^^^^^^^^^^^^^^^^^^^^^
[INFO] [stderr] ...
[INFO] [stderr] 66 | repository = "https://github.com/roteiro-gis/geotiff-rust"
[INFO] [stderr]    |              ---------------------------------------------
[INFO] [stderr]    |
[INFO] [stderr]    = note: `cargo::redundant_homepage` is set to `warn` by default
[INFO] [stderr] help: consider removing `package.homepage`
[INFO] [stderr] warning: `geotiff-reader` (manifest) generated 1 warning
[INFO] [stderr]    Compiling crossbeam-epoch v0.9.20
[INFO] [stderr]    Compiling matrixmultiply v0.3.10
[INFO] [stderr]    Compiling rawpointer v0.2.1
[INFO] [stderr]    Compiling syn v2.0.118
[INFO] [stderr]    Compiling num-complex v0.4.6
[INFO] [stderr]    Compiling num-integer v0.1.46
[INFO] [stderr]    Compiling either v1.16.0
[INFO] [stderr]    Compiling parking_lot_core v0.9.12
[INFO] [stderr]    Compiling zlib-rs v0.6.5
[INFO] [stderr]    Compiling lerc-band-materialize v0.4.2
[INFO] [stderr]    Compiling twox-hash v2.1.2
[INFO] [stderr]    Compiling lerc-core v0.4.2
[INFO] [stderr]    Compiling crossbeam-deque v0.8.6
[INFO] [stderr]    Compiling ruzstd v0.8.1
[INFO] [stderr]    Compiling parking_lot v0.12.5
[INFO] [stderr]    Compiling rayon-core v1.13.0
[INFO] [stderr]    Compiling memmap2 v0.9.11
[INFO] [stderr]    Compiling geotiff-core v0.8.1
[INFO] [stderr]    Compiling rayon v1.12.0
[INFO] [stderr]    Compiling ndarray v0.17.2
[INFO] [stderr]    Compiling thiserror-impl v2.0.18
[INFO] [stderr]    Compiling flate2 v1.1.9
[INFO] [stderr]    Compiling thiserror v2.0.18
[INFO] [stderr]    Compiling tiff-core v0.8.1
[INFO] [stderr]    Compiling jpeg-decoder v0.3.2
[INFO] [stderr]    Compiling lerc-reader v0.4.2
[INFO] [stderr]    Compiling tiff-reader v0.8.1
[INFO] [stderr]    Compiling geotiff-reader v0.8.1 (/opt/rustwide/workdir)
[INFO] [stderr]     Finished `release` profile [optimized] target(s) in 1m 00s
[INFO] running `Command { std: "docker" "inspect" "5b8f96981d041a643156f9948ff42239a5baf3db7e953bee5d01e92c78065e17", kill_on_drop: false }`
[INFO] running `Command { std: "docker" "exec" "-e" "SOURCE_DIR=/opt/rustwide/workdir" "-e" "CARGO_HOME=/opt/rustwide/cargo-home" "-e" "RUSTUP_HOME=/opt/rustwide/rustup-home" "-e" "CARGO_TARGET_DIR=/opt/rustwide/target" "-e" "CARGO_INCREMENTAL=0" "-e" "RUST_BACKTRACE=full" "-e" "RUSTFLAGS=--cap-lints=warn" "-e" "RUSTDOCFLAGS=--cap-lints=warn" "-w" "/opt/rustwide/workdir" "--user" "0:0" "5b8f96981d041a643156f9948ff42239a5baf3db7e953bee5d01e92c78065e17" "/opt/rustwide/cargo-home/bin/cargo" "+1.100.0-beta.1" "test" "--frozen" "--no-run" "--message-format=json" "--release", kill_on_drop: false }`
[INFO] [stderr] warning: `package.homepage` is redundant with `package.repository`
[INFO] [stderr]   --> Cargo.toml:61:12
[INFO] [stderr]    |
[INFO] [stderr] 61 | homepage = "https://github.com/roteiro-gis/geotiff-rust"
[INFO] [stderr]    |            ^^^^^^^^^^^^^^^^^^^^^^^^^^^^^^^^^^^^^^^^^^^^^
[INFO] [stderr] ...
[INFO] [stderr] 66 | repository = "https://github.com/roteiro-gis/geotiff-rust"
[INFO] [stderr]    |              ---------------------------------------------
[INFO] [stderr]    |
[INFO] [stderr]    = note: `cargo::redundant_homepage` is set to `warn` by default
[INFO] [stderr] help: consider removing `package.homepage`
[INFO] [stderr] warning: `geotiff-reader` (manifest) generated 1 warning
[INFO] [stderr]    Compiling syn v2.0.118
[INFO] [stderr]    Compiling thiserror-impl v2.0.18
[INFO] [stderr]    Compiling tokio-macros v2.7.0
[INFO] [stderr]    Compiling tokio v1.52.3
[INFO] [stderr]    Compiling thiserror v2.0.18
[INFO] [stderr]    Compiling tiff-core v0.8.1
[INFO] [stderr]    Compiling tiff-reader v0.8.1
[INFO] [stderr]    Compiling geotiff-reader v0.8.1 (/opt/rustwide/workdir)
[INFO] [stderr]     Finished `release` profile [optimized] target(s) in 31.43s
[INFO] running `Command { std: "docker" "inspect" "5b8f96981d041a643156f9948ff42239a5baf3db7e953bee5d01e92c78065e17", kill_on_drop: false }`
[INFO] running `Command { std: "docker" "exec" "-e" "SOURCE_DIR=/opt/rustwide/workdir" "-e" "CARGO_HOME=/opt/rustwide/cargo-home" "-e" "RUSTUP_HOME=/opt/rustwide/rustup-home" "-e" "CARGO_TARGET_DIR=/opt/rustwide/target" "-e" "CARGO_INCREMENTAL=0" "-e" "RUST_BACKTRACE=full" "-e" "RUSTFLAGS=--cap-lints=warn" "-e" "RUSTDOCFLAGS=--cap-lints=warn" "-w" "/opt/rustwide/workdir" "--user" "0:0" "5b8f96981d041a643156f9948ff42239a5baf3db7e953bee5d01e92c78065e17" "/opt/rustwide/cargo-home/bin/cargo" "+1.100.0-beta.1" "test" "--frozen" "--release", kill_on_drop: false }`
[INFO] [stderr] warning: `package.homepage` is redundant with `package.repository`
[INFO] [stderr]   --> Cargo.toml:61:12
[INFO] [stderr]    |
[INFO] [stderr] 61 | homepage = "https://github.com/roteiro-gis/geotiff-rust"
[INFO] [stderr]    |            ^^^^^^^^^^^^^^^^^^^^^^^^^^^^^^^^^^^^^^^^^^^^^
[INFO] [stderr] ...
[INFO] [stderr] 66 | repository = "https://github.com/roteiro-gis/geotiff-rust"
[INFO] [stderr]    |              ---------------------------------------------
[INFO] [stderr]    |
[INFO] [stderr]    = note: `cargo::redundant_homepage` is set to `warn` by default
[INFO] [stderr] help: consider removing `package.homepage`
[INFO] [stderr] warning: `geotiff-reader` (manifest) generated 1 warning
[INFO] [stderr]     Finished `release` profile [optimized] target(s) in 0.15s
[INFO] [stderr]      Running unittests src/lib.rs (/opt/rustwide/target/release/build/geotiff-reader/3dafcd7494d5dd77/out/geotiff_reader-3dafcd7494d5dd77)
[INFO] [stdout] 
[INFO] [stdout] running 16 tests
[INFO] [stdout] test tests::deduplicates_overviews_referenced_by_both_ifd_chains ... ok
[INFO] [stdout] test tests::overview_candidates_must_not_grow_either_dimension ... ok
[INFO] [stdout] test tests::discovers_nested_subifd_overviews ... ok
[INFO] [stdout] test tests::discovers_and_reads_subifd_overviews ... ok
[INFO] [stdout] test tests::discovers_reduced_resolution_overviews ... ok
[INFO] [stdout] test tests::rejects_malformed_geotiff_tag_types_and_counts ... ok
[INFO] [stdout] test tests::open_mmap_reads_geotiff_from_file ... ok
[INFO] [stdout] test tests::parses_geotiff_metadata_and_reads_lerc_raster ... ok
[INFO] [stdout] test tests::parses_geotiff_metadata_and_reads_raster ... ok
[INFO] [stdout] test tests::pixel_is_point_metadata_shifts_bounds_to_outer_edges ... ok
[INFO] [stdout] test tests::rejects_subifd_overview_depth_budget ... ok
[INFO] [stdout] test tests::prefers_non_ghost_base_ifd_for_cog_like_layouts ... ok
[INFO] [stdout] test tests::reads_base_raster_window ... ok
[INFO] [stdout] test tests::reads_overview_window ... ok
[INFO] [stdout] test tests::rejects_subifd_overview_node_budget ... ok
[INFO] [stdout] test tests::rejects_zero_rows_per_strip_without_panicking ... ok
[INFO] [stdout] 
[INFO] [stdout] test result: ok. 16 passed; 0 failed; 0 ignored; 0 measured; 0 filtered out; finished in 0.01s
[INFO] [stdout] 
[INFO] [stderr]      Running tests/interoperability.rs (/opt/rustwide/target/release/build/geotiff-reader/6fe0bd9e25feaf44/out/interoperability-6fe0bd9e25feaf44)
[INFO] [stdout] 
[INFO] [stdout] running 5 tests
[INFO] [stdout] test extracts_real_world_geotiff_metadata ... FAILED
[INFO] [stdout] test normalizes_real_world_pixel_is_point_tiepoints ... FAILED
[INFO] [stdout] test reads_real_world_cog_locally ... FAILED
[INFO] [stdout] test reads_real_world_signed_and_compressed_geotiffs ... FAILED
[INFO] [stdout] test discovers_and_reads_real_world_internal_overviews ... FAILED
[INFO] [stdout] 
[INFO] [stdout] failures:
[INFO] [stdout] 
[INFO] [stdout] ---- extracts_real_world_geotiff_metadata stdout ----
[INFO] [stdout] 
[INFO] [stdout] thread 'extracts_real_world_geotiff_metadata' (841) panicked at tests/interoperability.rs:34:71:
[INFO] [stdout] called `Result::unwrap()` on an `Err` value: Tiff(Io(Os { code: 2, kind: NotFound, message: "No such file or directory" }, "/opt/rustwide/workdir/../testdata/interoperability/gdal/gcore/data/byte.tif"))
[INFO] [stdout] stack backtrace:
[INFO] [stdout]    0:     0x5ece2d17f111 - <<std[617be2ca0a6fd877]::sys::backtrace::BacktraceLock>::print::DisplayBacktrace as core[a373ad73a504971]::fmt::Display>::fmt
[INFO] [stdout]    1:     0x5ece2d1939fa - core[a373ad73a504971]::fmt::write
[INFO] [stdout]    2:     0x5ece2d18339c - <alloc[2e1b2a31b91974c5]::vec::Vec<u8> as core[a373ad73a504971]::io::write::Write>::write_fmt
[INFO] [stdout]    3:     0x5ece2d15af76 - std[617be2ca0a6fd877]::panicking::default_hook::{closure#0}
[INFO] [stdout]    4:     0x5ece2d1775b9 - std[617be2ca0a6fd877]::panicking::default_hook
[INFO] [stdout]    5:     0x5ece2d0343a0 - test[aada8e7e76ba119b]::test_main_inner::{closure#0}
[INFO] [stdout]    6:     0x5ece2d1778e2 - std[617be2ca0a6fd877]::panicking::panic_with_hook
[INFO] [stdout]    7:     0x5ece2d15b022 - std[617be2ca0a6fd877]::panicking::panic_handler::{closure#0}
[INFO] [stdout]    8:     0x5ece2d153d39 - std[617be2ca0a6fd877]::sys::backtrace::__rust_end_short_backtrace::<std[617be2ca0a6fd877]::panicking::panic_handler::{closure#0}, !>
[INFO] [stdout]    9:     0x5ece2d15bc2d - __rustc[ea4f61d10b84890b]::rust_begin_unwind
[INFO] [stdout]   10:     0x5ece2d19412c - core[a373ad73a504971]::panicking::panic_fmt
[INFO] [stdout]   11:     0x5ece2d193f02 - core[a373ad73a504971]::result::unwrap_failed
[INFO] [stdout]   12:     0x5ece2d024fc0 - <interoperability[bb797d2e20af90ed]::extracts_real_world_geotiff_metadata::{closure#0} as core[a373ad73a504971]::ops::function::FnOnce<()>>::call_once
[INFO] [stdout]   13:     0x5ece2d0277eb - test[aada8e7e76ba119b]::__rust_begin_short_backtrace::<core[a373ad73a504971]::result::Result<(), alloc[2e1b2a31b91974c5]::string::String>, fn() -> core[a373ad73a504971]::result::Result<(), alloc[2e1b2a31b91974c5]::string::String>>
[INFO] [stdout]   14:     0x5ece2d0349c5 - test[aada8e7e76ba119b]::run_test::{closure#0}
[INFO] [stdout]   15:     0x5ece2d02e2b4 - std[617be2ca0a6fd877]::sys::backtrace::__rust_begin_short_backtrace::<test[aada8e7e76ba119b]::run_test::{closure#1}, ()>
[INFO] [stdout]   16:     0x5ece2d037a52 - <std[617be2ca0a6fd877]::thread::lifecycle::spawn_unchecked<test[aada8e7e76ba119b]::run_test::{closure#1}, ()>::{closure#1} as core[a373ad73a504971]::ops::function::FnOnce<()>>::call_once::{shim:vtable#0}
[INFO] [stdout]   17:     0x5ece2d17e8ef - <std[617be2ca0a6fd877]::sys::thread::unix::Thread>::new::thread_start
[INFO] [stdout]   18:     0x700a943b6dfa - <unknown>
[INFO] [stdout]   19:     0x700a9444a3d4 - clone
[INFO] [stdout]   20:                0x0 - <unknown>
[INFO] [stdout] 
[INFO] [stdout] ---- normalizes_real_world_pixel_is_point_tiepoints stdout ----
[INFO] [stdout] 
[INFO] [stdout] thread 'normalizes_real_world_pixel_is_point_tiepoints' (842) panicked at tests/interoperability.rs:49:78:
[INFO] [stdout] called `Result::unwrap()` on an `Err` value: Tiff(Io(Os { code: 2, kind: NotFound, message: "No such file or directory" }, "/opt/rustwide/workdir/../testdata/interoperability/gdal/gcore/data/byte_point.tif"))
[INFO] [stdout] stack backtrace:
[INFO] [stdout]    0:     0x5ece2d17f111 - <<std[617be2ca0a6fd877]::sys::backtrace::BacktraceLock>::print::DisplayBacktrace as core[a373ad73a504971]::fmt::Display>::fmt
[INFO] [stdout]    1:     0x5ece2d1939fa - core[a373ad73a504971]::fmt::write
[INFO] [stdout]    2:     0x5ece2d18339c - <alloc[2e1b2a31b91974c5]::vec::Vec<u8> as core[a373ad73a504971]::io::write::Write>::write_fmt
[INFO] [stdout]    3:     0x5ece2d15af76 - std[617be2ca0a6fd877]::panicking::default_hook::{closure#0}
[INFO] [stdout]    4:     0x5ece2d1775b9 - std[617be2ca0a6fd877]::panicking::default_hook
[INFO] [stdout]    5:     0x5ece2d0343a0 - test[aada8e7e76ba119b]::test_main_inner::{closure#0}
[INFO] [stdout]    6:     0x5ece2d1778e2 - std[617be2ca0a6fd877]::panicking::panic_with_hook
[INFO] [stdout]    7:     0x5ece2d15b022 - std[617be2ca0a6fd877]::panicking::panic_handler::{closure#0}
[INFO] [stdout]    8:     0x5ece2d153d39 - std[617be2ca0a6fd877]::sys::backtrace::__rust_end_short_backtrace::<std[617be2ca0a6fd877]::panicking::panic_handler::{closure#0}, !>
[INFO] [stdout]    9:     0x5ece2d15bc2d - __rustc[ea4f61d10b84890b]::rust_begin_unwind
[INFO] [stdout]   10:     0x5ece2d19412c - core[a373ad73a504971]::panicking::panic_fmt
[INFO] [stdout]   11:     0x5ece2d193f02 - core[a373ad73a504971]::result::unwrap_failed
[INFO] [stdout]   12:     0x5ece2d025394 - <interoperability[bb797d2e20af90ed]::normalizes_real_world_pixel_is_point_tiepoints::{closure#0} as core[a373ad73a504971]::ops::function::FnOnce<()>>::call_once
[INFO] [stdout]   13:     0x5ece2d0277eb - test[aada8e7e76ba119b]::__rust_begin_short_backtrace::<core[a373ad73a504971]::result::Result<(), alloc[2e1b2a31b91974c5]::string::String>, fn() -> core[a373ad73a504971]::result::Result<(), alloc[2e1b2a31b91974c5]::string::String>>
[INFO] [stdout]   14:     0x5ece2d0349c5 - test[aada8e7e76ba119b]::run_test::{closure#0}
[INFO] [stdout]   15:     0x5ece2d02e2b4 - std[617be2ca0a6fd877]::sys::backtrace::__rust_begin_short_backtrace::<test[aada8e7e76ba119b]::run_test::{closure#1}, ()>
[INFO] [stdout]   16:     0x5ece2d037a52 - <std[617be2ca0a6fd877]::thread::lifecycle::spawn_unchecked<test[aada8e7e76ba119b]::run_test::{closure#1}, ()>::{closure#1} as core[a373ad73a504971]::ops::function::FnOnce<()>>::call_once::{shim:vtable#0}
[INFO] [stdout]   17:     0x5ece2d17e8ef - <std[617be2ca0a6fd877]::sys::thread::unix::Thread>::new::thread_start
[INFO] [stdout]   18:     0x700a943b6dfa - <unknown>
[INFO] [stdout]   19:     0x700a9444a3d4 - clone
[INFO] [stdout]   20:                0x0 - <unknown>
[INFO] [stdout] 
[INFO] [stdout] ---- reads_real_world_cog_locally stdout ----
[INFO] [stdout] 
[INFO] [stdout] thread 'reads_real_world_cog_locally' (843) panicked at tests/interoperability.rs:112:89:
[INFO] [stdout] called `Result::unwrap()` on an `Err` value: Tiff(Io(Os { code: 2, kind: NotFound, message: "No such file or directory" }, "/opt/rustwide/workdir/../testdata/interoperability/gdal/gcore/data/cog/byte_little_endian_golden.tif"))
[INFO] [stdout] stack backtrace:
[INFO] [stdout]    0:     0x5ece2d17f111 - <<std[617be2ca0a6fd877]::sys::backtrace::BacktraceLock>::print::DisplayBacktrace as core[a373ad73a504971]::fmt::Display>::fmt
[INFO] [stdout]    1:     0x5ece2d1939fa - core[a373ad73a504971]::fmt::write
[INFO] [stdout]    2:     0x5ece2d18339c - <alloc[2e1b2a31b91974c5]::vec::Vec<u8> as core[a373ad73a504971]::io::write::Write>::write_fmt
[INFO] [stdout]    3:     0x5ece2d15af76 - std[617be2ca0a6fd877]::panicking::default_hook::{closure#0}
[INFO] [stdout]    4:     0x5ece2d1775b9 - std[617be2ca0a6fd877]::panicking::default_hook
[INFO] [stdout]    5:     0x5ece2d0343a0 - test[aada8e7e76ba119b]::test_main_inner::{closure#0}
[INFO] [stdout]    6:     0x5ece2d1778e2 - std[617be2ca0a6fd877]::panicking::panic_with_hook
[INFO] [stdout]    7:     0x5ece2d15b022 - std[617be2ca0a6fd877]::panicking::panic_handler::{closure#0}
[INFO] [stdout]    8:     0x5ece2d153d39 - std[617be2ca0a6fd877]::sys::backtrace::__rust_end_short_backtrace::<std[617be2ca0a6fd877]::panicking::panic_handler::{closure#0}, !>
[INFO] [stdout]    9:     0x5ece2d15bc2d - __rustc[ea4f61d10b84890b]::rust_begin_unwind
[INFO] [stdout]   10:     0x5ece2d19412c - core[a373ad73a504971]::panicking::panic_fmt
[INFO] [stdout]   11:     0x5ece2d193f02 - core[a373ad73a504971]::result::unwrap_failed
[INFO] [stdout]   12:     0x5ece2d024bd8 - <interoperability[bb797d2e20af90ed]::reads_real_world_cog_locally::{closure#0} as core[a373ad73a504971]::ops::function::FnOnce<()>>::call_once
[INFO] [stdout]   13:     0x5ece2d0277eb - test[aada8e7e76ba119b]::__rust_begin_short_backtrace::<core[a373ad73a504971]::result::Result<(), alloc[2e1b2a31b91974c5]::string::String>, fn() -> core[a373ad73a504971]::result::Result<(), alloc[2e1b2a31b91974c5]::string::String>>
[INFO] [stdout]   14:     0x5ece2d0349c5 - test[aada8e7e76ba119b]::run_test::{closure#0}
[INFO] [stdout]   15:     0x5ece2d02e2b4 - std[617be2ca0a6fd877]::sys::backtrace::__rust_begin_short_backtrace::<test[aada8e7e76ba119b]::run_test::{closure#1}, ()>
[INFO] [stdout]   16:     0x5ece2d037a52 - <std[617be2ca0a6fd877]::thread::lifecycle::spawn_unchecked<test[aada8e7e76ba119b]::run_test::{closure#1}, ()>::{closure#1} as core[a373ad73a504971]::ops::function::FnOnce<()>>::call_once::{shim:vtable#0}
[INFO] [stdout]   17:     0x5ece2d17e8ef - <std[617be2ca0a6fd877]::sys::thread::unix::Thread>::new::thread_start
[INFO] [stdout]   18:     0x700a943b6dfa - <unknown>
[INFO] [stdout]   19:     0x700a9444a3d4 - clone
[INFO] [stdout]   20:                0x0 - <unknown>
[INFO] [stdout] 
[INFO] [stdout] ---- reads_real_world_signed_and_compressed_geotiffs stdout ----
[INFO] [stdout] 
[INFO] [stdout] thread 'reads_real_world_signed_and_compressed_geotiffs' (844) panicked at tests/interoperability.rs:74:82:
[INFO] [stdout] called `Result::unwrap()` on an `Err` value: Tiff(Io(Os { code: 2, kind: NotFound, message: "No such file or directory" }, "/opt/rustwide/workdir/../testdata/interoperability/gdal/gdrivers/data/gtiff/int8.tif"))
[INFO] [stdout] stack backtrace:
[INFO] [stdout]    0:     0x5ece2d17f111 - <<std[617be2ca0a6fd877]::sys::backtrace::BacktraceLock>::print::DisplayBacktrace as core[a373ad73a504971]::fmt::Display>::fmt
[INFO] [stdout]    1:     0x5ece2d1939fa - core[a373ad73a504971]::fmt::write
[INFO] [stdout]    2:     0x5ece2d18339c - <alloc[2e1b2a31b91974c5]::vec::Vec<u8> as core[a373ad73a504971]::io::write::Write>::write_fmt
[INFO] [stdout]    3:     0x5ece2d15af76 - std[617be2ca0a6fd877]::panicking::default_hook::{closure#0}
[INFO] [stdout]    4:     0x5ece2d1775b9 - std[617be2ca0a6fd877]::panicking::default_hook
[INFO] [stdout]    5:     0x5ece2d0343a0 - test[aada8e7e76ba119b]::test_main_inner::{closure#0}
[INFO] [stdout]    6:     0x5ece2d1778e2 - std[617be2ca0a6fd877]::panicking::panic_with_hook
[INFO] [stdout]    7:     0x5ece2d15b022 - std[617be2ca0a6fd877]::panicking::panic_handler::{closure#0}
[INFO] [stdout]    8:     0x5ece2d153d39 - std[617be2ca0a6fd877]::sys::backtrace::__rust_end_short_backtrace::<std[617be2ca0a6fd877]::panicking::panic_handler::{closure#0}, !>
[INFO] [stdout]    9:     0x5ece2d15bc2d - __rustc[ea4f61d10b84890b]::rust_begin_unwind
[INFO] [stdout]   10:     0x5ece2d19412c - core[a373ad73a504971]::panicking::panic_fmt
[INFO] [stdout]   11:     0x5ece2d193f02 - core[a373ad73a504971]::result::unwrap_failed
[INFO] [stdout]   12:     0x5ece2d026605 - <interoperability[bb797d2e20af90ed]::reads_real_world_signed_and_compressed_geotiffs::{closure#0} as core[a373ad73a504971]::ops::function::FnOnce<()>>::call_once
[INFO] [stdout]   13:     0x5ece2d0277eb - test[aada8e7e76ba119b]::__rust_begin_short_backtrace::<core[a373ad73a504971]::result::Result<(), alloc[2e1b2a31b91974c5]::string::String>, fn() -> core[a373ad73a504971]::result::Result<(), alloc[2e1b2a31b91974c5]::string::String>>
[INFO] [stdout]   14:     0x5ece2d0349c5 - test[aada8e7e76ba119b]::run_test::{closure#0}
[INFO] [stdout]   15:     0x5ece2d02e2b4 - std[617be2ca0a6fd877]::sys::backtrace::__rust_begin_short_backtrace::<test[aada8e7e76ba119b]::run_test::{closure#1}, ()>
[INFO] [stdout]   16:     0x5ece2d037a52 - <std[617be2ca0a6fd877]::thread::lifecycle::spawn_unchecked<test[aada8e7e76ba119b]::run_test::{closure#1}, ()>::{closure#1} as core[a373ad73a504971]::ops::function::FnOnce<()>>::call_once::{shim:vtable#0}
[INFO] [stdout]   17:     0x5ece2d17e8ef - <std[617be2ca0a6fd877]::sys::thread::unix::Thread>::new::thread_start
[INFO] [stdout]   18:     0x700a943b6dfa - <unknown>
[INFO] [stdout]   19:     0x700a9444a3d4 - clone
[INFO] [stdout]   20:                0x0 - <unknown>
[INFO] [stdout] 
[INFO] [stdout] ---- discovers_and_reads_real_world_internal_overviews stdout ----
[INFO] [stdout] 
[INFO] [stdout] thread 'discovers_and_reads_real_world_internal_overviews' (840) panicked at tests/interoperability.rs:62:80:
[INFO] [stdout] called `Result::unwrap()` on an `Err` value: Tiff(Io(Os { code: 2, kind: NotFound, message: "No such file or directory" }, "/opt/rustwide/workdir/../testdata/interoperability/gdal/gcore/data/byte_with_ovr.tif"))
[INFO] [stdout] stack backtrace:
[INFO] [stdout]    0:     0x5ece2d17f111 - <<std[617be2ca0a6fd877]::sys::backtrace::BacktraceLock>::print::DisplayBacktrace as core[a373ad73a504971]::fmt::Display>::fmt
[INFO] [stdout]    1:     0x5ece2d1939fa - core[a373ad73a504971]::fmt::write
[INFO] [stdout]    2:     0x5ece2d18339c - <alloc[2e1b2a31b91974c5]::vec::Vec<u8> as core[a373ad73a504971]::io::write::Write>::write_fmt
[INFO] [stdout]    3:     0x5ece2d15af76 - std[617be2ca0a6fd877]::panicking::default_hook::{closure#0}
[INFO] [stdout]    4:     0x5ece2d1775b9 - std[617be2ca0a6fd877]::panicking::default_hook
[INFO] [stdout]    5:     0x5ece2d0343a0 - test[aada8e7e76ba119b]::test_main_inner::{closure#0}
[INFO] [stdout]    6:     0x5ece2d1778e2 - std[617be2ca0a6fd877]::panicking::panic_with_hook
[INFO] [stdout]    7:     0x5ece2d15b022 - std[617be2ca0a6fd877]::panicking::panic_handler::{closure#0}
[INFO] [stdout]    8:     0x5ece2d153d39 - std[617be2ca0a6fd877]::sys::backtrace::__rust_end_short_backtrace::<std[617be2ca0a6fd877]::panicking::panic_handler::{closure#0}, !>
[INFO] [stdout]    9:     0x5ece2d15bc2d - __rustc[ea4f61d10b84890b]::rust_begin_unwind
[INFO] [stdout]   10:     0x5ece2d19412c - core[a373ad73a504971]::panicking::panic_fmt
[INFO] [stdout]   11:     0x5ece2d193f02 - core[a373ad73a504971]::result::unwrap_failed
[INFO] [stdout]   12:     0x5ece2d027552 - <interoperability[bb797d2e20af90ed]::discovers_and_reads_real_world_internal_overviews::{closure#0} as core[a373ad73a504971]::ops::function::FnOnce<()>>::call_once
[INFO] [stdout]   13:     0x5ece2d0277eb - test[aada8e7e76ba119b]::__rust_begin_short_backtrace::<core[a373ad73a504971]::result::Result<(), alloc[2e1b2a31b91974c5]::string::String>, fn() -> core[a373ad73a504971]::result::Result<(), alloc[2e1b2a31b91974c5]::string::String>>
[INFO] [stdout]   14:     0x5ece2d0349c5 - test[aada8e7e76ba119b]::run_test::{closure#0}
[INFO] [stdout]   15:     0x5ece2d02e2b4 - std[617be2ca0a6fd877]::sys::backtrace::__rust_begin_short_backtrace::<test[aada8e7e76ba119b]::run_test::{closure#1}, ()>
[INFO] [stdout]   16:     0x5ece2d037a52 - <std[617be2ca0a6fd877]::thread::lifecycle::spawn_unchecked<test[aada8e7e76ba119b]::run_test::{closure#1}, ()>::{closure#1} as core[a373ad73a504971]::ops::function::FnOnce<()>>::call_once::{shim:vtable#0}
[INFO] [stdout]   17:     0x5ece2d17e8ef - <std[617be2ca0a6fd877]::sys::thread::unix::Thread>::new::thread_start
[INFO] [stdout]   18:     0x700a943b6dfa - <unknown>
[INFO] [stdout]   19:     0x700a9444a3d4 - clone
[INFO] [stdout]   20:                0x0 - <unknown>
[INFO] [stdout] 
[INFO] [stdout] 
[INFO] [stdout] failures:
[INFO] [stdout]     discovers_and_reads_real_world_internal_overviews
[INFO] [stdout]     extracts_real_world_geotiff_metadata
[INFO] [stdout]     normalizes_real_world_pixel_is_point_tiepoints
[INFO] [stdout]     reads_real_world_cog_locally
[INFO] [stdout]     reads_real_world_signed_and_compressed_geotiffs
[INFO] [stdout] 
[INFO] [stdout] test result: FAILED. 0 passed; 5 failed; 0 ignored; 0 measured; 0 filtered out; finished in 0.00s
[INFO] [stdout] 
[INFO] [stderr] error: test failed, to rerun pass `--test interoperability`
[INFO] running `Command { std: "docker" "inspect" "5b8f96981d041a643156f9948ff42239a5baf3db7e953bee5d01e92c78065e17", kill_on_drop: false }`
[INFO] running `Command { std: "docker" "rm" "-f" "5b8f96981d041a643156f9948ff42239a5baf3db7e953bee5d01e92c78065e17", kill_on_drop: false }`
[INFO] [stdout] 5b8f96981d041a643156f9948ff42239a5baf3db7e953bee5d01e92c78065e17
