[INFO] fetching crate geos 11.3.1...
[INFO] testing geos-11.3.1 against 1.100.0-beta.1+cargoflags=--release for beta-release-1.100-2
[INFO] extracting crate geos 11.3.1 into /workspace/builds/worker-7-tc2/source
[INFO] started tweaking crates.io crate geos 11.3.1
[INFO] removed 0 missing examples
[INFO] finished tweaking crates.io crate geos 11.3.1
[INFO] tweaked toml for crates.io crate geos 11.3.1 written to /workspace/builds/worker-7-tc2/source/Cargo.toml
[INFO] validating manifest of crates.io crate geos 11.3.1 on toolchain 1.100.0-beta.1
[INFO] running `Command { std: CARGO_HOME="/workspace/cargo-home" RUSTUP_HOME="/workspace/rustup-home" "/workspace/cargo-home/bin/cargo" "+1.100.0-beta.1" "metadata" "--manifest-path" "Cargo.toml" "--no-deps", kill_on_drop: false }`
[INFO] crate crates.io crate geos 11.3.1 already has a lockfile, it will not be regenerated
[INFO] running `Command { std: CARGO_HOME="/workspace/cargo-home" RUSTUP_HOME="/workspace/rustup-home" "/workspace/cargo-home/bin/cargo" "+1.100.0-beta.1" "fetch" "--manifest-path" "Cargo.toml", kill_on_drop: false }`
[INFO] running `Command { std: "docker" "create" "-v" "/var/lib/crater-agent-workspace/builds/worker-7-tc2/source:/opt/rustwide/workdir:ro,Z" "-v" "/var/lib/crater-agent-workspace/builds/worker-7-tc2/target:/opt/rustwide/target:rw,Z" "-v" "/var/lib/crater-agent-workspace/cargo-home:/opt/rustwide/cargo-home:ro,Z" "-v" "/var/lib/crater-agent-workspace/rustup-home:/opt/rustwide/rustup-home:ro,Z" "-m" "1610612736" "--network" "none" "ghcr.io/rust-lang/crates-build-env/linux@sha256:77db811e55d90add9212f6832c23229e3de5f1c1f9905e8cb07319ea15df73ac" "sleep" "infinity", kill_on_drop: false }`
[INFO] [stdout] 6fe61afc563277edfd12e6ab4358179544421c4f31d7a89d2954effb3321b854
[INFO] running `Command { std: "docker" "start" "6fe61afc563277edfd12e6ab4358179544421c4f31d7a89d2954effb3321b854", kill_on_drop: false }`
[INFO] running `Command { std: "docker" "inspect" "6fe61afc563277edfd12e6ab4358179544421c4f31d7a89d2954effb3321b854", kill_on_drop: false }`
[INFO] running `Command { std: "docker" "exec" "-e" "SOURCE_DIR=/opt/rustwide/workdir" "-e" "CARGO_HOME=/opt/rustwide/cargo-home" "-e" "RUSTUP_HOME=/opt/rustwide/rustup-home" "-e" "CARGO_TARGET_DIR=/opt/rustwide/target" "-w" "/opt/rustwide/workdir" "--user" "0:0" "6fe61afc563277edfd12e6ab4358179544421c4f31d7a89d2954effb3321b854" "/opt/rustwide/cargo-home/bin/cargo" "+1.100.0-beta.1" "metadata" "--no-deps" "--format-version=1", kill_on_drop: false }`
[INFO] running `Command { std: "docker" "inspect" "6fe61afc563277edfd12e6ab4358179544421c4f31d7a89d2954effb3321b854", kill_on_drop: false }`
[INFO] running `Command { std: "docker" "exec" "-e" "SOURCE_DIR=/opt/rustwide/workdir" "-e" "CARGO_HOME=/opt/rustwide/cargo-home" "-e" "RUSTUP_HOME=/opt/rustwide/rustup-home" "-e" "CARGO_TARGET_DIR=/opt/rustwide/target" "-e" "CARGO_INCREMENTAL=0" "-e" "RUST_BACKTRACE=full" "-e" "RUSTFLAGS=--cap-lints=warn" "-e" "RUSTDOCFLAGS=--cap-lints=warn" "-w" "/opt/rustwide/workdir" "--user" "0:0" "6fe61afc563277edfd12e6ab4358179544421c4f31d7a89d2954effb3321b854" "/opt/rustwide/cargo-home/bin/cargo" "+1.100.0-beta.1" "build" "--frozen" "--message-format=json" "--release", kill_on_drop: false }`
[INFO] [stderr]    Compiling semver v1.0.22
[INFO] [stderr]    Compiling libc v0.2.154
[INFO] [stderr]    Compiling geos-sys v2.0.10
[INFO] [stderr]    Compiling geos v11.3.1 (/opt/rustwide/workdir)
[INFO] [stderr]     Finished `release` profile [optimized] target(s) in 2.41s
[INFO] running `Command { std: "docker" "inspect" "6fe61afc563277edfd12e6ab4358179544421c4f31d7a89d2954effb3321b854", kill_on_drop: false }`
[INFO] running `Command { std: "docker" "exec" "-e" "SOURCE_DIR=/opt/rustwide/workdir" "-e" "CARGO_HOME=/opt/rustwide/cargo-home" "-e" "RUSTUP_HOME=/opt/rustwide/rustup-home" "-e" "CARGO_TARGET_DIR=/opt/rustwide/target" "-e" "CARGO_INCREMENTAL=0" "-e" "RUST_BACKTRACE=full" "-e" "RUSTFLAGS=--cap-lints=warn" "-e" "RUSTDOCFLAGS=--cap-lints=warn" "-w" "/opt/rustwide/workdir" "--user" "0:0" "6fe61afc563277edfd12e6ab4358179544421c4f31d7a89d2954effb3321b854" "/opt/rustwide/cargo-home/bin/cargo" "+1.100.0-beta.1" "test" "--frozen" "--no-run" "--message-format=json" "--release", kill_on_drop: false }`
[INFO] [stderr]    Compiling geos v11.3.1 (/opt/rustwide/workdir)
[INFO] [stderr]     Finished `release` profile [optimized] target(s) in 2.15s
[INFO] running `Command { std: "docker" "inspect" "6fe61afc563277edfd12e6ab4358179544421c4f31d7a89d2954effb3321b854", kill_on_drop: false }`
[INFO] running `Command { std: "docker" "exec" "-e" "SOURCE_DIR=/opt/rustwide/workdir" "-e" "CARGO_HOME=/opt/rustwide/cargo-home" "-e" "RUSTUP_HOME=/opt/rustwide/rustup-home" "-e" "CARGO_TARGET_DIR=/opt/rustwide/target" "-e" "CARGO_INCREMENTAL=0" "-e" "RUST_BACKTRACE=full" "-e" "RUSTFLAGS=--cap-lints=warn" "-e" "RUSTDOCFLAGS=--cap-lints=warn" "-w" "/opt/rustwide/workdir" "--user" "0:0" "6fe61afc563277edfd12e6ab4358179544421c4f31d7a89d2954effb3321b854" "/opt/rustwide/cargo-home/bin/cargo" "+1.100.0-beta.1" "test" "--frozen" "--release", kill_on_drop: false }`
[INFO] [stderr]     Finished `release` profile [optimized] target(s) in 0.04s
[INFO] [stderr]      Running unittests src/lib.rs (/opt/rustwide/target/release/build/geos/a6720a3c10684a69/out/geos-a6720a3c10684a69)
[INFO] [stdout] 
[INFO] [stdout] running 12 tests
[INFO] [stdout] test spatial_index::test::test_strtree ... ok
[INFO] [stdout] test test::test_geom_creation_from_geoms ... ok
[INFO] [stdout] test test::test_error_multi_from_vec_single ... ok
[INFO] [stdout] test test::test_multilinestring_from_vec_single ... ok
[INFO] [stdout] test test::test_wkt_rounding_precision ... ok
[INFO] [stdout] test test::test_get_geometry_n ... ok
[INFO] [stdout] test test::test_geometrycollection_from_vec_geometry ... ok
[INFO] [stdout] test test::test_multipoint_from_vec_single ... FAILED
[INFO] [stdout] test test::test_incompatible_types ... FAILED
[INFO] [stdout] test test::test_multipolygon_from_vec_single ... ok
[INFO] [stdout] test test::test_prepared_geoms ... ok
[INFO] [stdout] test test::test_relationship ... ok
[INFO] [stdout] 
[INFO] [stdout] failures:
[INFO] [stdout] 
[INFO] [stdout] ---- test::test_multipoint_from_vec_single stdout ----
[INFO] [stdout] 
[INFO] [stdout] thread 'test::test_multipoint_from_vec_single' (367) panicked at src/test.rs:106:5:
[INFO] [stdout] assertion `left == right` failed
[INFO] [stdout]   left: Ok("MULTIPOINT ((1.3 2.4), (2.1 0.3), (3.1 4.7), (0.4 4.1))")
[INFO] [stdout]  right: Ok("MULTIPOINT (1.3 2.4, 2.1 0.3, 3.1 4.7, 0.4 4.1)")
[INFO] [stdout] stack backtrace:
[INFO] [stdout]    0:     0x5b6c891728e1 - <<std[617be2ca0a6fd877]::sys::backtrace::BacktraceLock>::print::DisplayBacktrace as core[a373ad73a504971]::fmt::Display>::fmt
[INFO] [stdout]    1:     0x5b6c89186c8a - core[a373ad73a504971]::fmt::write
[INFO] [stdout]    2:     0x5b6c89176afc - <alloc[2e1b2a31b91974c5]::vec::Vec<u8> as core[a373ad73a504971]::io::write::Write>::write_fmt
[INFO] [stdout]    3:     0x5b6c8914ed46 - std[617be2ca0a6fd877]::panicking::default_hook::{closure#0}
[INFO] [stdout]    4:     0x5b6c8916af79 - std[617be2ca0a6fd877]::panicking::default_hook
[INFO] [stdout]    5:     0x5b6c89107620 - test[aada8e7e76ba119b]::test_main_inner::{closure#0}
[INFO] [stdout]    6:     0x5b6c8916b132 - std[617be2ca0a6fd877]::panicking::panic_with_hook
[INFO] [stdout]    7:     0x5b6c8914edf2 - std[617be2ca0a6fd877]::panicking::panic_handler::{closure#0}
[INFO] [stdout]    8:     0x5b6c89147b09 - std[617be2ca0a6fd877]::sys::backtrace::__rust_end_short_backtrace::<std[617be2ca0a6fd877]::panicking::panic_handler::{closure#0}, !>
[INFO] [stdout]    9:     0x5b6c8914f9fd - __rustc[ea4f61d10b84890b]::rust_begin_unwind
[INFO] [stdout]   10:     0x5b6c891873bc - core[a373ad73a504971]::panicking::panic_fmt
[INFO] [stdout]   11:     0x5b6c891872d3 - core[a373ad73a504971]::panicking::assert_failed_inner
[INFO] [stdout]   12:     0x5b6c890eba39 - core[a373ad73a504971]::panicking::assert_failed::<core[a373ad73a504971]::result::Result<alloc[2e1b2a31b91974c5]::string::String, geos[2fbe408b617925ab]::error::Error>, core[a373ad73a504971]::result::Result<alloc[2e1b2a31b91974c5]::string::String, geos[2fbe408b617925ab]::error::Error>>
[INFO] [stdout]   13:     0x5b6c890f7965 - <geos[2fbe408b617925ab]::test::test_multipoint_from_vec_single::{closure#0} as core[a373ad73a504971]::ops::function::FnOnce<()>>::call_once
[INFO] [stdout]   14:     0x5b6c890faa6b - test[aada8e7e76ba119b]::__rust_begin_short_backtrace::<core[a373ad73a504971]::result::Result<(), alloc[2e1b2a31b91974c5]::string::String>, fn() -> core[a373ad73a504971]::result::Result<(), alloc[2e1b2a31b91974c5]::string::String>>
[INFO] [stdout]   15:     0x5b6c89107c45 - test[aada8e7e76ba119b]::run_test::{closure#0}
[INFO] [stdout]   16:     0x5b6c89101534 - std[617be2ca0a6fd877]::sys::backtrace::__rust_begin_short_backtrace::<test[aada8e7e76ba119b]::run_test::{closure#1}, ()>
[INFO] [stdout]   17:     0x5b6c8910acd2 - <std[617be2ca0a6fd877]::thread::lifecycle::spawn_unchecked<test[aada8e7e76ba119b]::run_test::{closure#1}, ()>::{closure#1} as core[a373ad73a504971]::ops::function::FnOnce<()>>::call_once::{shim:vtable#0}
[INFO] [stdout]   18:     0x5b6c8917213f - <std[617be2ca0a6fd877]::sys::thread::unix::Thread>::new::thread_start
[INFO] [stdout]   19:     0x707e53a0ddfa - <unknown>
[INFO] [stdout]   20:     0x707e53aa13d4 - clone
[INFO] [stderr] error: test failed, to rerun pass `--lib`
[INFO] [stdout]   21:                0x0 - <unknown>
[INFO] [stdout] 
[INFO] [stdout] ---- test::test_incompatible_types stdout ----
[INFO] [stdout] 
[INFO] [stdout] thread 'test::test_incompatible_types' (365) panicked at src/test.rs:313:9:
[INFO] [stdout] assertion failed: point.project_normalized(&point).is_ok()
[INFO] [stdout] stack backtrace:
[INFO] [stdout]    0:     0x5b6c891728e1 - <<std[617be2ca0a6fd877]::sys::backtrace::BacktraceLock>::print::DisplayBacktrace as core[a373ad73a504971]::fmt::Display>::fmt
[INFO] [stdout]    1:     0x5b6c89186c8a - core[a373ad73a504971]::fmt::write
[INFO] [stdout]    2:     0x5b6c89176afc - <alloc[2e1b2a31b91974c5]::vec::Vec<u8> as core[a373ad73a504971]::io::write::Write>::write_fmt
[INFO] [stdout]    3:     0x5b6c8914ed46 - std[617be2ca0a6fd877]::panicking::default_hook::{closure#0}
[INFO] [stdout]    4:     0x5b6c8916af79 - std[617be2ca0a6fd877]::panicking::default_hook
[INFO] [stdout]    5:     0x5b6c89107620 - test[aada8e7e76ba119b]::test_main_inner::{closure#0}
[INFO] [stdout]    6:     0x5b6c8916b132 - std[617be2ca0a6fd877]::panicking::panic_with_hook
[INFO] [stdout]    7:     0x5b6c8914ee24 - std[617be2ca0a6fd877]::panicking::panic_handler::{closure#0}
[INFO] [stdout]    8:     0x5b6c89147b09 - std[617be2ca0a6fd877]::sys::backtrace::__rust_end_short_backtrace::<std[617be2ca0a6fd877]::panicking::panic_handler::{closure#0}, !>
[INFO] [stdout]    9:     0x5b6c8914f9fd - __rustc[ea4f61d10b84890b]::rust_begin_unwind
[INFO] [stdout]   10:     0x5b6c891873bc - core[a373ad73a504971]::panicking::panic_fmt
[INFO] [stdout]   11:     0x5b6c89187382 - core[a373ad73a504971]::panicking::panic
[INFO] [stdout]   12:     0x5b6c890f62bd - <geos[2fbe408b617925ab]::test::test_incompatible_types::{closure#0} as core[a373ad73a504971]::ops::function::FnOnce<()>>::call_once
[INFO] [stdout]   13:     0x5b6c890faa6b - test[aada8e7e76ba119b]::__rust_begin_short_backtrace::<core[a373ad73a504971]::result::Result<(), alloc[2e1b2a31b91974c5]::string::String>, fn() -> core[a373ad73a504971]::result::Result<(), alloc[2e1b2a31b91974c5]::string::String>>
[INFO] [stdout]   14:     0x5b6c89107c45 - test[aada8e7e76ba119b]::run_test::{closure#0}
[INFO] [stdout]   15:     0x5b6c89101534 - std[617be2ca0a6fd877]::sys::backtrace::__rust_begin_short_backtrace::<test[aada8e7e76ba119b]::run_test::{closure#1}, ()>
[INFO] [stdout]   16:     0x5b6c8910acd2 - <std[617be2ca0a6fd877]::thread::lifecycle::spawn_unchecked<test[aada8e7e76ba119b]::run_test::{closure#1}, ()>::{closure#1} as core[a373ad73a504971]::ops::function::FnOnce<()>>::call_once::{shim:vtable#0}
[INFO] [stdout]   17:     0x5b6c8917213f - <std[617be2ca0a6fd877]::sys::thread::unix::Thread>::new::thread_start
[INFO] [stdout]   18:     0x707e53a0ddfa - <unknown>
[INFO] [stdout]   19:     0x707e53aa13d4 - clone
[INFO] [stdout]   20:                0x0 - <unknown>
[INFO] [stdout] 
[INFO] [stdout] 
[INFO] [stdout] failures:
[INFO] [stdout]     test::test_incompatible_types
[INFO] [stdout]     test::test_multipoint_from_vec_single
[INFO] [stdout] 
[INFO] [stdout] test result: FAILED. 10 passed; 2 failed; 0 ignored; 0 measured; 0 filtered out; finished in 0.01s
[INFO] [stdout] 
[INFO] running `Command { std: "docker" "inspect" "6fe61afc563277edfd12e6ab4358179544421c4f31d7a89d2954effb3321b854", kill_on_drop: false }`
[INFO] running `Command { std: "docker" "rm" "-f" "6fe61afc563277edfd12e6ab4358179544421c4f31d7a89d2954effb3321b854", kill_on_drop: false }`
[INFO] [stdout] 6fe61afc563277edfd12e6ab4358179544421c4f31d7a89d2954effb3321b854
