[INFO] fetching crate geopackage-cli 0.11.0...
[INFO] testing geopackage-cli-0.11.0 against 1.100.0-beta.1+cargoflags=--release for beta-release-1.100-2
[INFO] extracting crate geopackage-cli 0.11.0 into /workspace/builds/worker-1-tc2/source
[INFO] started tweaking crates.io crate geopackage-cli 0.11.0
[INFO] removed 0 missing tests
[INFO] finished tweaking crates.io crate geopackage-cli 0.11.0
[INFO] tweaked toml for crates.io crate geopackage-cli 0.11.0 written to /workspace/builds/worker-1-tc2/source/Cargo.toml
[INFO] validating manifest of crates.io crate geopackage-cli 0.11.0 on toolchain 1.100.0-beta.1
[INFO] running `Command { std: CARGO_HOME="/workspace/cargo-home" RUSTUP_HOME="/workspace/rustup-home" "/workspace/cargo-home/bin/cargo" "+1.100.0-beta.1" "metadata" "--manifest-path" "Cargo.toml" "--no-deps", kill_on_drop: false }`
[INFO] crate crates.io crate geopackage-cli 0.11.0 already has a lockfile, it will not be regenerated
[INFO] running `Command { std: CARGO_HOME="/workspace/cargo-home" RUSTUP_HOME="/workspace/rustup-home" "/workspace/cargo-home/bin/cargo" "+1.100.0-beta.1" "fetch" "--manifest-path" "Cargo.toml", kill_on_drop: false }`
[INFO] running `Command { std: "docker" "create" "-v" "/var/lib/crater-agent-workspace/builds/worker-1-tc2/source:/opt/rustwide/workdir:ro,Z" "-v" "/var/lib/crater-agent-workspace/builds/worker-1-tc2/target:/opt/rustwide/target:rw,Z" "-v" "/var/lib/crater-agent-workspace/cargo-home:/opt/rustwide/cargo-home:ro,Z" "-v" "/var/lib/crater-agent-workspace/rustup-home:/opt/rustwide/rustup-home:ro,Z" "-m" "1610612736" "--network" "none" "ghcr.io/rust-lang/crates-build-env/linux@sha256:77db811e55d90add9212f6832c23229e3de5f1c1f9905e8cb07319ea15df73ac" "sleep" "infinity", kill_on_drop: false }`
[INFO] [stdout] 70a0302548c155da25e69f7f48399a41bb92fc628445077e2a2a2b1596d4d17e
[INFO] running `Command { std: "docker" "start" "70a0302548c155da25e69f7f48399a41bb92fc628445077e2a2a2b1596d4d17e", kill_on_drop: false }`
[INFO] running `Command { std: "docker" "inspect" "70a0302548c155da25e69f7f48399a41bb92fc628445077e2a2a2b1596d4d17e", kill_on_drop: false }`
[INFO] running `Command { std: "docker" "exec" "-e" "SOURCE_DIR=/opt/rustwide/workdir" "-e" "CARGO_HOME=/opt/rustwide/cargo-home" "-e" "RUSTUP_HOME=/opt/rustwide/rustup-home" "-e" "CARGO_TARGET_DIR=/opt/rustwide/target" "-w" "/opt/rustwide/workdir" "--user" "0:0" "70a0302548c155da25e69f7f48399a41bb92fc628445077e2a2a2b1596d4d17e" "/opt/rustwide/cargo-home/bin/cargo" "+1.100.0-beta.1" "metadata" "--no-deps" "--format-version=1", kill_on_drop: false }`
[INFO] running `Command { std: "docker" "inspect" "70a0302548c155da25e69f7f48399a41bb92fc628445077e2a2a2b1596d4d17e", kill_on_drop: false }`
[INFO] running `Command { std: "docker" "exec" "-e" "SOURCE_DIR=/opt/rustwide/workdir" "-e" "CARGO_HOME=/opt/rustwide/cargo-home" "-e" "RUSTUP_HOME=/opt/rustwide/rustup-home" "-e" "CARGO_TARGET_DIR=/opt/rustwide/target" "-e" "CARGO_INCREMENTAL=0" "-e" "RUST_BACKTRACE=full" "-e" "RUSTFLAGS=--cap-lints=warn" "-e" "RUSTDOCFLAGS=--cap-lints=warn" "-w" "/opt/rustwide/workdir" "--user" "0:0" "70a0302548c155da25e69f7f48399a41bb92fc628445077e2a2a2b1596d4d17e" "/opt/rustwide/cargo-home/bin/cargo" "+1.100.0-beta.1" "build" "--frozen" "--message-format=json" "--release", kill_on_drop: false }`
[INFO] [stderr]    Compiling winnow v1.0.4
[INFO] [stderr]    Compiling cc v1.3.0
[INFO] [stderr]    Compiling serde_core v1.0.229
[INFO] [stderr]    Compiling syn v2.0.119
[INFO] [stderr]    Compiling syn v3.0.3
[INFO] [stderr]    Compiling geo-types v0.7.19
[INFO] [stderr]    Compiling thiserror v2.0.19
[INFO] [stderr]    Compiling foldhash v0.2.0
[INFO] [stderr]    Compiling hotpath v0.25.1
[INFO] [stderr]    Compiling miniz_oxide v0.8.9
[INFO] [stderr]    Compiling anstyle-parse v1.0.0
[INFO] [stderr]    Compiling geo-traits v0.3.0
[INFO] [stderr]    Compiling hashbrown v0.17.1
[INFO] [stderr]    Compiling colorchoice v1.0.5
[INFO] [stderr]    Compiling jiff-core v0.1.0
[INFO] [stderr]    Compiling toml_parser v1.1.2+spec-1.1.0
[INFO] [stderr]    Compiling anstyle-query v1.1.5
[INFO] [stderr]    Compiling is_terminal_polyfill v1.70.2
[INFO] [stderr]    Compiling hotpath-macros v0.25.1
[INFO] [stderr]    Compiling anstream v1.0.0
[INFO] [stderr]    Compiling libsqlite3-sys v0.38.1
[INFO] [stderr]    Compiling toml_edit v0.25.13+spec-1.1.0
[INFO] [stderr]    Compiling jiff v0.2.34
[INFO] [stderr]    Compiling hashlink v0.12.1
[INFO] [stderr]    Compiling proc-macro-crate v3.5.0
[INFO] [stderr]    Compiling flate2 v1.1.9
[INFO] [stderr]    Compiling imagesize v0.15.0
[INFO] [stderr]    Compiling serde_json v1.0.151
[INFO] [stderr]    Compiling fallible-iterator v0.3.0
[INFO] [stderr]    Compiling fallible-streaming-iterator v0.1.9
[INFO] [stderr]    Compiling clap_builder v4.6.2
[INFO] [stderr]    Compiling thiserror-impl v1.0.69
[INFO] [stderr]    Compiling num_enum_derive v0.7.6
[INFO] [stderr]    Compiling epsg-utils v0.0.3
[INFO] [stderr]    Compiling thiserror-impl v2.0.19
[INFO] [stderr]    Compiling num_enum v0.7.6
[INFO] [stderr]    Compiling clap_derive v4.6.4
[INFO] [stderr]    Compiling thiserror v1.0.69
[INFO] [stderr]    Compiling wkb v0.9.3
[INFO] [stderr]    Compiling geopackage-core v0.11.0
[INFO] [stderr]    Compiling clap v4.6.4
[INFO] [stderr]    Compiling rusqlite v0.40.1
[INFO] [stderr]    Compiling geopackage v0.11.0
[INFO] [stderr]    Compiling geopackage-cli v0.11.0 (/opt/rustwide/workdir)
[INFO] [stderr]     Finished `release` profile [optimized] target(s) in 2m 50s
[INFO] running `Command { std: "docker" "inspect" "70a0302548c155da25e69f7f48399a41bb92fc628445077e2a2a2b1596d4d17e", kill_on_drop: false }`
[INFO] running `Command { std: "docker" "exec" "-e" "SOURCE_DIR=/opt/rustwide/workdir" "-e" "CARGO_HOME=/opt/rustwide/cargo-home" "-e" "RUSTUP_HOME=/opt/rustwide/rustup-home" "-e" "CARGO_TARGET_DIR=/opt/rustwide/target" "-e" "CARGO_INCREMENTAL=0" "-e" "RUST_BACKTRACE=full" "-e" "RUSTFLAGS=--cap-lints=warn" "-e" "RUSTDOCFLAGS=--cap-lints=warn" "-w" "/opt/rustwide/workdir" "--user" "0:0" "70a0302548c155da25e69f7f48399a41bb92fc628445077e2a2a2b1596d4d17e" "/opt/rustwide/cargo-home/bin/cargo" "+1.100.0-beta.1" "test" "--frozen" "--no-run" "--message-format=json" "--release", kill_on_drop: false }`
[INFO] [stderr]    Compiling libc v0.2.189
[INFO] [stderr]    Compiling rusqlite v0.40.1
[INFO] [stderr]    Compiling once_cell v1.21.4
[INFO] [stderr]    Compiling geopackage v0.11.0
[INFO] [stderr]    Compiling getrandom v0.4.3
[INFO] [stderr]    Compiling tempfile v3.27.0
[INFO] [stderr]    Compiling geopackage-cli v0.11.0 (/opt/rustwide/workdir)
[INFO] [stderr]     Finished `release` profile [optimized] target(s) in 32.03s
[INFO] running `Command { std: "docker" "inspect" "70a0302548c155da25e69f7f48399a41bb92fc628445077e2a2a2b1596d4d17e", kill_on_drop: false }`
[INFO] running `Command { std: "docker" "exec" "-e" "SOURCE_DIR=/opt/rustwide/workdir" "-e" "CARGO_HOME=/opt/rustwide/cargo-home" "-e" "RUSTUP_HOME=/opt/rustwide/rustup-home" "-e" "CARGO_TARGET_DIR=/opt/rustwide/target" "-e" "CARGO_INCREMENTAL=0" "-e" "RUST_BACKTRACE=full" "-e" "RUSTFLAGS=--cap-lints=warn" "-e" "RUSTDOCFLAGS=--cap-lints=warn" "-w" "/opt/rustwide/workdir" "--user" "0:0" "70a0302548c155da25e69f7f48399a41bb92fc628445077e2a2a2b1596d4d17e" "/opt/rustwide/cargo-home/bin/cargo" "+1.100.0-beta.1" "test" "--frozen" "--release", kill_on_drop: false }`
[INFO] [stderr]     Finished `release` profile [optimized] target(s) in 0.12s
[INFO] [stderr]      Running unittests src/main.rs (/opt/rustwide/target/release/build/geopackage-cli/84c802f8993164a5/out/gpkg-84c802f8993164a5)
[INFO] [stderr]      Running tests/copy.rs (/opt/rustwide/target/release/build/geopackage-cli/7511c5330af4e5b9/out/copy-7511c5330af4e5b9)
[INFO] [stdout] 
[INFO] [stdout] running 0 tests
[INFO] [stdout] 
[INFO] [stdout] test result: ok. 0 passed; 0 failed; 0 ignored; 0 measured; 0 filtered out; finished in 0.00s
[INFO] [stdout] 
[INFO] [stdout] 
[INFO] [stdout] running 10 tests
[INFO] [stdout] test an_existing_destination_is_refused_rather_than_overwritten ... ok
[INFO] [stdout] test every_layer_and_row_crosses ... FAILED
[INFO] [stdout] test curve_geometries_cross_byte_for_byte ... FAILED
[INFO] [stdout] test attribute_tables_cross_with_their_rows ... FAILED
[INFO] [stdout] test a_layer_with_z_survives_the_crossing ... FAILED
[INFO] [stdout] test a_coverage_is_named_as_data_left_behind ... FAILED
[INFO] [stdout] test a_gdal_file_copied_through_us_validates_clean ... FAILED
[INFO] [stdout] test what_was_not_carried_is_named ... FAILED
[INFO] [stdout] test extensions_the_copy_registers_itself_are_not_reported_as_lost ... ok
[INFO] [stdout] test a_layer_larger_than_a_chunk_and_a_transaction_crosses_whole ... ok
[INFO] [stdout] 
[INFO] [stdout] failures:
[INFO] [stdout] 
[INFO] [stdout] ---- every_layer_and_row_crosses stdout ----
[INFO] [stdout] 
[INFO] [stdout] thread 'every_layer_and_row_crosses' (1272) panicked at tests/copy.rs:107:5:
[INFO] [stdout] assertion failed: output.status.success()
[INFO] [stdout] stack backtrace:
[INFO] [stdout]    0:     0x565cddc475c1 - <<std[617be2ca0a6fd877]::sys::backtrace::BacktraceLock>::print::DisplayBacktrace as core[a373ad73a504971]::fmt::Display>::fmt
[INFO] [stdout]    1:     0x565cddc5cafa - core[a373ad73a504971]::fmt::write
[INFO] [stdout]    2:     0x565cddc4ba3c - <alloc[2e1b2a31b91974c5]::vec::Vec<u8> as core[a373ad73a504971]::io::write::Write>::write_fmt
[INFO] [stdout]    3:     0x565cddc21f86 - std[617be2ca0a6fd877]::panicking::default_hook::{closure#0}
[INFO] [stdout]    4:     0x565cddc3ef49 - std[617be2ca0a6fd877]::panicking::default_hook
[INFO] [stdout]    5:     0x565cdd9f6150 - test[aada8e7e76ba119b]::test_main_inner::{closure#0}
[INFO] [stdout]    6:     0x565cddc3f102 - std[617be2ca0a6fd877]::panicking::panic_with_hook
[INFO] [stdout]    7:     0x565cddc22064 - std[617be2ca0a6fd877]::panicking::panic_handler::{closure#0}
[INFO] [stdout]    8:     0x565cddc1aa99 - std[617be2ca0a6fd877]::sys::backtrace::__rust_end_short_backtrace::<std[617be2ca0a6fd877]::panicking::panic_handler::{closure#0}, !>
[INFO] [stdout]    9:     0x565cddc22c3d - __rustc[ea4f61d10b84890b]::rust_begin_unwind
[INFO] [stdout]   10:     0x565cddc5d25c - core[a373ad73a504971]::panicking::panic_fmt
[INFO] [stdout]   11:     0x565cddc5d222 - core[a373ad73a504971]::panicking::panic
[INFO] [stdout]   12:     0x565cdd9dbff4 - <copy[ad05d36c0bd72710]::every_layer_and_row_crosses::{closure#0} as core[a373ad73a504971]::ops::function::FnOnce<()>>::call_once
[INFO] [stdout]   13:     0x565cdd9e959b - test[aada8e7e76ba119b]::__rust_begin_short_backtrace::<core[a373ad73a504971]::result::Result<(), alloc[2e1b2a31b91974c5]::string::String>, fn() -> core[a373ad73a504971]::result::Result<(), alloc[2e1b2a31b91974c5]::string::String>>
[INFO] [stdout]   14:     0x565cdd9f6775 - test[aada8e7e76ba119b]::run_test::{closure#0}
[INFO] [stdout]   15:     0x565cdd9f0064 - std[617be2ca0a6fd877]::sys::backtrace::__rust_begin_short_backtrace::<test[aada8e7e76ba119b]::run_test::{closure#1}, ()>
[INFO] [stdout]   16:     0x565cdd9f9802 - <std[617be2ca0a6fd877]::thread::lifecycle::spawn_unchecked<test[aada8e7e76ba119b]::run_test::{closure#1}, ()>::{closure#1} as core[a373ad73a504971]::ops::function::FnOnce<()>>::call_once::{shim:vtable#0}
[INFO] [stdout]   17:     0x565cddc4692f - <std[617be2ca0a6fd877]::sys::thread::unix::Thread>::new::thread_start
[INFO] [stdout]   18:     0x7c9aa8df7dfa - <unknown>
[INFO] [stdout]   19:     0x7c9aa8e8b3d4 - clone
[INFO] [stdout]   20:                0x0 - <unknown>
[INFO] [stdout] 
[INFO] [stdout] ---- curve_geometries_cross_byte_for_byte stdout ----
[INFO] [stdout] 
[INFO] [stdout] thread 'curve_geometries_cross_byte_for_byte' (1271) panicked at tests/copy.rs:156:5:
[INFO] [stdout] gpkg: unable to open database file: /opt/rustwide/geopackage/tests/fixtures/gdal_curves.gpkg
[INFO] [stdout] 
[INFO] [stdout] stack backtrace:
[INFO] [stdout]    0:     0x565cddc475c1 - <<std[617be2ca0a6fd877]::sys::backtrace::BacktraceLock>::print::DisplayBacktrace as core[a373ad73a504971]::fmt::Display>::fmt
[INFO] [stdout]    1:     0x565cddc5cafa - core[a373ad73a504971]::fmt::write
[INFO] [stdout]    2:     0x565cddc4ba3c - <alloc[2e1b2a31b91974c5]::vec::Vec<u8> as core[a373ad73a504971]::io::write::Write>::write_fmt
[INFO] [stdout]    3:     0x565cddc21f86 - std[617be2ca0a6fd877]::panicking::default_hook::{closure#0}
[INFO] [stdout]    4:     0x565cddc3ef49 - std[617be2ca0a6fd877]::panicking::default_hook
[INFO] [stdout]    5:     0x565cdd9f6150 - test[aada8e7e76ba119b]::test_main_inner::{closure#0}
[INFO] [stdout]    6:     0x565cddc3f102 - std[617be2ca0a6fd877]::panicking::panic_with_hook
[INFO] [stdout]    7:     0x565cddc22032 - std[617be2ca0a6fd877]::panicking::panic_handler::{closure#0}
[INFO] [stdout]    8:     0x565cddc1aa99 - std[617be2ca0a6fd877]::sys::backtrace::__rust_end_short_backtrace::<std[617be2ca0a6fd877]::panicking::panic_handler::{closure#0}, !>
[INFO] [stdout]    9:     0x565cddc22c3d - __rustc[ea4f61d10b84890b]::rust_begin_unwind
[INFO] [stdout]   10:     0x565cddc5d25c - core[a373ad73a504971]::panicking::panic_fmt
[INFO] [stdout]   11:     0x565cdd9dd271 - <copy[ad05d36c0bd72710]::curve_geometries_cross_byte_for_byte::{closure#0} as core[a373ad73a504971]::ops::function::FnOnce<()>>::call_once
[INFO] [stdout]   12:     0x565cdd9e959b - test[aada8e7e76ba119b]::__rust_begin_short_backtrace::<core[a373ad73a504971]::result::Result<(), alloc[2e1b2a31b91974c5]::string::String>, fn() -> core[a373ad73a504971]::result::Result<(), alloc[2e1b2a31b91974c5]::string::String>>
[INFO] [stdout]   13:     0x565cdd9f6775 - test[aada8e7e76ba119b]::run_test::{closure#0}
[INFO] [stdout]   14:     0x565cdd9f0064 - std[617be2ca0a6fd877]::sys::backtrace::__rust_begin_short_backtrace::<test[aada8e7e76ba119b]::run_test::{closure#1}, ()>
[INFO] [stdout]   15:     0x565cdd9f9802 - <std[617be2ca0a6fd877]::thread::lifecycle::spawn_unchecked<test[aada8e7e76ba119b]::run_test::{closure#1}, ()>::{closure#1} as core[a373ad73a504971]::ops::function::FnOnce<()>>::call_once::{shim:vtable#0}
[INFO] [stdout]   16:     0x565cddc4692f - <std[617be2ca0a6fd877]::sys::thread::unix::Thread>::new::thread_start
[INFO] [stdout]   17:     0x7c9aa8df7dfa - <unknown>
[INFO] [stdout]   18:     0x7c9aa8e8b3d4 - clone
[INFO] [stdout]   19:                0x0 - <unknown>
[INFO] [stdout] 
[INFO] [stdout] ---- attribute_tables_cross_with_their_rows stdout ----
[INFO] [stdout] 
[INFO] [stdout] thread 'attribute_tables_cross_with_their_rows' (1270) panicked at tests/copy.rs:329:5:
[INFO] [stdout] gpkg: unable to open database file: /opt/rustwide/geopackage/tests/fixtures/attributes_spread.gpkg
[INFO] [stdout] 
[INFO] [stdout] stack backtrace:
[INFO] [stdout]    0:     0x565cddc475c1 - <<std[617be2ca0a6fd877]::sys::backtrace::BacktraceLock>::print::DisplayBacktrace as core[a373ad73a504971]::fmt::Display>::fmt
[INFO] [stdout]    1:     0x565cddc5cafa - core[a373ad73a504971]::fmt::write
[INFO] [stdout]    2:     0x565cddc4ba3c - <alloc[2e1b2a31b91974c5]::vec::Vec<u8> as core[a373ad73a504971]::io::write::Write>::write_fmt
[INFO] [stdout]    3:     0x565cddc21f86 - std[617be2ca0a6fd877]::panicking::default_hook::{closure#0}
[INFO] [stdout]    4:     0x565cddc3ef49 - std[617be2ca0a6fd877]::panicking::default_hook
[INFO] [stdout]    5:     0x565cdd9f6150 - test[aada8e7e76ba119b]::test_main_inner::{closure#0}
[INFO] [stdout]    6:     0x565cddc3f102 - std[617be2ca0a6fd877]::panicking::panic_with_hook
[INFO] [stdout]    7:     0x565cddc22032 - std[617be2ca0a6fd877]::panicking::panic_handler::{closure#0}
[INFO] [stdout]    8:     0x565cddc1aa99 - std[617be2ca0a6fd877]::sys::backtrace::__rust_end_short_backtrace::<std[617be2ca0a6fd877]::panicking::panic_handler::{closure#0}, !>
[INFO] [stdout]    9:     0x565cddc22c3d - __rustc[ea4f61d10b84890b]::rust_begin_unwind
[INFO] [stdout]   10:     0x565cddc5d25c - core[a373ad73a504971]::panicking::panic_fmt
[INFO] [stdout]   11:     0x565cdd9dd944 - <copy[ad05d36c0bd72710]::attribute_tables_cross_with_their_rows::{closure#0} as core[a373ad73a504971]::ops::function::FnOnce<()>>::call_once
[INFO] [stdout]   12:     0x565cdd9e959b - test[aada8e7e76ba119b]::__rust_begin_short_backtrace::<core[a373ad73a504971]::result::Result<(), alloc[2e1b2a31b91974c5]::string::String>, fn() -> core[a373ad73a504971]::result::Result<(), alloc[2e1b2a31b91974c5]::string::String>>
[INFO] [stdout]   13:     0x565cdd9f6775 - test[aada8e7e76ba119b]::run_test::{closure#0}
[INFO] [stdout]   14:     0x565cdd9f0064 - std[617be2ca0a6fd877]::sys::backtrace::__rust_begin_short_backtrace::<test[aada8e7e76ba119b]::run_test::{closure#1}, ()>
[INFO] [stdout]   15:     0x565cdd9f9802 - <std[617be2ca0a6fd877]::thread::lifecycle::spawn_unchecked<test[aada8e7e76ba119b]::run_test::{closure#1}, ()>::{closure#1} as core[a373ad73a504971]::ops::function::FnOnce<()>>::call_once::{shim:vtable#0}
[INFO] [stdout]   16:     0x565cddc4692f - <std[617be2ca0a6fd877]::sys::thread::unix::Thread>::new::thread_start
[INFO] [stdout]   17:     0x7c9aa8df7dfa - <unknown>
[INFO] [stdout]   18:     0x7c9aa8e8b3d4 - clone
[INFO] [stdout]   19:                0x0 - <unknown>
[INFO] [stdout] 
[INFO] [stdout] ---- a_layer_with_z_survives_the_crossing stdout ----
[INFO] [stdout] 
[INFO] [stdout] thread 'a_layer_with_z_survives_the_crossing' (1268) panicked at tests/copy.rs:132:5:
[INFO] [stdout] gpkg: unable to open database file: /opt/rustwide/geopackage/tests/fixtures/gdal_multilayer_1_4.gpkg
[INFO] [stdout] 
[INFO] [stdout] stack backtrace:
[INFO] [stdout]    0:     0x565cddc475c1 - <<std[617be2ca0a6fd877]::sys::backtrace::BacktraceLock>::print::DisplayBacktrace as core[a373ad73a504971]::fmt::Display>::fmt
[INFO] [stdout]    1:     0x565cddc5cafa - core[a373ad73a504971]::fmt::write
[INFO] [stdout]    2:     0x565cddc4ba3c - <alloc[2e1b2a31b91974c5]::vec::Vec<u8> as core[a373ad73a504971]::io::write::Write>::write_fmt
[INFO] [stdout]    3:     0x565cddc21f86 - std[617be2ca0a6fd877]::panicking::default_hook::{closure#0}
[INFO] [stdout]    4:     0x565cddc3ef49 - std[617be2ca0a6fd877]::panicking::default_hook
[INFO] [stdout]    5:     0x565cdd9f6150 - test[aada8e7e76ba119b]::test_main_inner::{closure#0}
[INFO] [stdout]    6:     0x565cddc3f102 - std[617be2ca0a6fd877]::panicking::panic_with_hook
[INFO] [stdout]    7:     0x565cddc22032 - std[617be2ca0a6fd877]::panicking::panic_handler::{closure#0}
[INFO] [stdout]    8:     0x565cddc1aa99 - std[617be2ca0a6fd877]::sys::backtrace::__rust_end_short_backtrace::<std[617be2ca0a6fd877]::panicking::panic_handler::{closure#0}, !>
[INFO] [stdout]    9:     0x565cddc22c3d - __rustc[ea4f61d10b84890b]::rust_begin_unwind
[INFO] [stdout]   10:     0x565cddc5d25c - core[a373ad73a504971]::panicking::panic_fmt
[INFO] [stdout]   11:     0x565cdd9dc8be - <copy[ad05d36c0bd72710]::a_layer_with_z_survives_the_crossing::{closure#0} as core[a373ad73a504971]::ops::function::FnOnce<()>>::call_once
[INFO] [stdout]   12:     0x565cdd9e959b - test[aada8e7e76ba119b]::__rust_begin_short_backtrace::<core[a373ad73a504971]::result::Result<(), alloc[2e1b2a31b91974c5]::string::String>, fn() -> core[a373ad73a504971]::result::Result<(), alloc[2e1b2a31b91974c5]::string::String>>
[INFO] [stdout]   13:     0x565cdd9f6775 - test[aada8e7e76ba119b]::run_test::{closure#0}
[INFO] [stdout]   14:     0x565cdd9f0064 - std[617be2ca0a6fd877]::sys::backtrace::__rust_begin_short_backtrace::<test[aada8e7e76ba119b]::run_test::{closure#1}, ()>
[INFO] [stdout]   15:     0x565cdd9f9802 - <std[617be2ca0a6fd877]::thread::lifecycle::spawn_unchecked<test[aada8e7e76ba119b]::run_test::{closure#1}, ()>::{closure#1} as core[a373ad73a504971]::ops::function::FnOnce<()>>::call_once::{shim:vtable#0}
[INFO] [stdout]   16:     0x565cddc4692f - <std[617be2ca0a6fd877]::sys::thread::unix::Thread>::new::thread_start
[INFO] [stdout]   17:     0x7c9aa8df7dfa - <unknown>
[INFO] [stdout]   18:     0x7c9aa8e8b3d4 - clone
[INFO] [stdout]   19:                0x0 - <unknown>
[INFO] [stdout] 
[INFO] [stdout] ---- a_coverage_is_named_as_data_left_behind stdout ----
[INFO] [stdout] 
[INFO] [stdout] thread 'a_coverage_is_named_as_data_left_behind' (1265) panicked at tests/copy.rs:201:5:
[INFO] [stdout] 
[INFO] [stdout] stack backtrace:
[INFO] [stdout]    0:     0x565cddc475c1 - <<std[617be2ca0a6fd877]::sys::backtrace::BacktraceLock>::print::DisplayBacktrace as core[a373ad73a504971]::fmt::Display>::fmt
[INFO] [stdout]    1:     0x565cddc5cafa - core[a373ad73a504971]::fmt::write
[INFO] [stdout]    2:     0x565cddc4ba3c - <alloc[2e1b2a31b91974c5]::vec::Vec<u8> as core[a373ad73a504971]::io::write::Write>::write_fmt
[INFO] [stdout]    3:     0x565cddc21f86 - std[617be2ca0a6fd877]::panicking::default_hook::{closure#0}
[INFO] [stdout]    4:     0x565cddc3ef49 - std[617be2ca0a6fd877]::panicking::default_hook
[INFO] [stdout]    5:     0x565cdd9f6150 - test[aada8e7e76ba119b]::test_main_inner::{closure#0}
[INFO] [stdout]    6:     0x565cddc3f102 - std[617be2ca0a6fd877]::panicking::panic_with_hook
[INFO] [stdout]    7:     0x565cddc22032 - std[617be2ca0a6fd877]::panicking::panic_handler::{closure#0}
[INFO] [stdout]    8:     0x565cddc1aa99 - std[617be2ca0a6fd877]::sys::backtrace::__rust_end_short_backtrace::<std[617be2ca0a6fd877]::panicking::panic_handler::{closure#0}, !>
[INFO] [stdout]    9:     0x565cddc22c3d - __rustc[ea4f61d10b84890b]::rust_begin_unwind
[INFO] [stdout]   10:     0x565cddc5d25c - core[a373ad73a504971]::panicking::panic_fmt
[INFO] [stdout]   11:     0x565cdd9ddc08 - <copy[ad05d36c0bd72710]::a_coverage_is_named_as_data_left_behind::{closure#0} as core[a373ad73a504971]::ops::function::FnOnce<()>>::call_once
[INFO] [stdout]   12:     0x565cdd9e959b - test[aada8e7e76ba119b]::__rust_begin_short_backtrace::<core[a373ad73a504971]::result::Result<(), alloc[2e1b2a31b91974c5]::string::String>, fn() -> core[a373ad73a504971]::result::Result<(), alloc[2e1b2a31b91974c5]::string::String>>
[INFO] [stdout]   13:     0x565cdd9f6775 - test[aada8e7e76ba119b]::run_test::{closure#0}
[INFO] [stdout]   14:     0x565cdd9f0064 - std[617be2ca0a6fd877]::sys::backtrace::__rust_begin_short_backtrace::<test[aada8e7e76ba119b]::run_test::{closure#1}, ()>
[INFO] [stdout]   15:     0x565cdd9f9802 - <std[617be2ca0a6fd877]::thread::lifecycle::spawn_unchecked<test[aada8e7e76ba119b]::run_test::{closure#1}, ()>::{closure#1} as core[a373ad73a504971]::ops::function::FnOnce<()>>::call_once::{shim:vtable#0}
[INFO] [stdout]   16:     0x565cddc4692f - <std[617be2ca0a6fd877]::sys::thread::unix::Thread>::new::thread_start
[INFO] [stdout]   17:     0x7c9aa8df7dfa - <unknown>
[INFO] [stdout]   18:     0x7c9aa8e8b3d4 - clone
[INFO] [stdout]   19:                0x0 - <unknown>
[INFO] [stdout] 
[INFO] [stdout] ---- a_gdal_file_copied_through_us_validates_clean stdout ----
[INFO] [stdout] 
[INFO] [stdout] thread 'a_gdal_file_copied_through_us_validates_clean' (1266) panicked at tests/copy.rs:90:5:
[INFO] [stdout] gpkg: unable to open database file: /opt/rustwide/geopackage/tests/fixtures/gdal_multilayer_1_4.gpkg
[INFO] [stdout] 
[INFO] [stdout] stack backtrace:
[INFO] [stdout]    0:     0x565cddc475c1 - <<std[617be2ca0a6fd877]::sys::backtrace::BacktraceLock>::print::DisplayBacktrace as core[a373ad73a504971]::fmt::Display>::fmt
[INFO] [stdout]    1:     0x565cddc5cafa - core[a373ad73a504971]::fmt::write
[INFO] [stdout]    2:     0x565cddc4ba3c - <alloc[2e1b2a31b91974c5]::vec::Vec<u8> as core[a373ad73a504971]::io::write::Write>::write_fmt
[INFO] [stdout]    3:     0x565cddc21f86 - std[617be2ca0a6fd877]::panicking::default_hook::{closure#0}
[INFO] [stdout]    4:     0x565cddc3ef49 - std[617be2ca0a6fd877]::panicking::default_hook
[INFO] [stdout]    5:     0x565cdd9f6150 - test[aada8e7e76ba119b]::test_main_inner::{closure#0}
[INFO] [stdout]    6:     0x565cddc3f102 - std[617be2ca0a6fd877]::panicking::panic_with_hook
[INFO] [stdout]    7:     0x565cddc22032 - std[617be2ca0a6fd877]::panicking::panic_handler::{closure#0}
[INFO] [stdout]    8:     0x565cddc1aa99 - std[617be2ca0a6fd877]::sys::backtrace::__rust_end_short_backtrace::<std[617be2ca0a6fd877]::panicking::panic_handler::{closure#0}, !>
[INFO] [stdout]    9:     0x565cddc22c3d - __rustc[ea4f61d10b84890b]::rust_begin_unwind
[INFO] [stdout]   10:     0x565cddc5d25c - core[a373ad73a504971]::panicking::panic_fmt
[INFO] [stdout]   11:     0x565cdd9dde6b - <copy[ad05d36c0bd72710]::a_gdal_file_copied_through_us_validates_clean::{closure#0} as core[a373ad73a504971]::ops::function::FnOnce<()>>::call_once
[INFO] [stdout]   12:     0x565cdd9e959b - test[aada8e7e76ba119b]::__rust_begin_short_backtrace::<core[a373ad73a504971]::result::Result<(), alloc[2e1b2a31b91974c5]::string::String>, fn() -> core[a373ad73a504971]::result::Result<(), alloc[2e1b2a31b91974c5]::string::String>>
[INFO] [stdout]   13:     0x565cdd9f6775 - test[aada8e7e76ba119b]::run_test::{closure#0}
[INFO] [stdout]   14:     0x565cdd9f0064 - std[617be2ca0a6fd877]::sys::backtrace::__rust_begin_short_backtrace::<test[aada8e7e76ba119b]::run_test::{closure#1}, ()>
[INFO] [stdout]   15:     0x565cdd9f9802 - <std[617be2ca0a6fd877]::thread::lifecycle::spawn_unchecked<test[aada8e7e76ba119b]::run_test::{closure#1}, ()>::{closure#1} as core[a373ad73a504971]::ops::function::FnOnce<()>>::call_once::{shim:vtable#0}
[INFO] [stdout]   16:     0x565cddc4692f - <std[617be2ca0a6fd877]::sys::thread::unix::Thread>::new::thread_start
[INFO] [stdout]   17:     0x7c9aa8df7dfa - <unknown>
[INFO] [stdout]   18:     0x7c9aa8e8b3d4 - clone
[INFO] [stdout]   19:                0x0 - <unknown>
[INFO] [stdout] 
[INFO] [stdout] ---- what_was_not_carried_is_named stdout ----
[INFO] [stdout] 
[INFO] [stdout] thread 'what_was_not_carried_is_named' (1281) panicked at tests/copy.rs:190:5:
[INFO] [stdout] 
[INFO] [stdout] stack backtrace:
[INFO] [stdout]    0:     0x565cddc475c1 - <<std[617be2ca0a6fd877]::sys::backtrace::BacktraceLock>::print::DisplayBacktrace as core[a373ad73a504971]::fmt::Display>::fmt
[INFO] [stdout]    1:     0x565cddc5cafa - core[a373ad73a504971]::fmt::write
[INFO] [stdout]    2:     0x565cddc4ba3c - <alloc[2e1b2a31b91974c5]::vec::Vec<u8> as core[a373ad73a504971]::io::write::Write>::write_fmt
[INFO] [stdout]    3:     0x565cddc21f86 - std[617be2ca0a6fd877]::panicking::default_hook::{closure#0}
[INFO] [stdout]    4:     0x565cddc3ef49 - std[617be2ca0a6fd877]::panicking::default_hook
[INFO] [stdout]    5:     0x565cdd9f6150 - test[aada8e7e76ba119b]::test_main_inner::{closure#0}
[INFO] [stdout]    6:     0x565cddc3f102 - std[617be2ca0a6fd877]::panicking::panic_with_hook
[INFO] [stdout]    7:     0x565cddc22032 - std[617be2ca0a6fd877]::panicking::panic_handler::{closure#0}
[INFO] [stdout]    8:     0x565cddc1aa99 - std[617be2ca0a6fd877]::sys::backtrace::__rust_end_short_backtrace::<std[617be2ca0a6fd877]::panicking::panic_handler::{closure#0}, !>
[INFO] [stdout]    9:     0x565cddc22c3d - __rustc[ea4f61d10b84890b]::rust_begin_unwind
[INFO] [stdout]   10:     0x565cddc5d25c - core[a373ad73a504971]::panicking::panic_fmt
[INFO] [stdout]   11:     0x565cdd9dc2c1 - <copy[ad05d36c0bd72710]::what_was_not_carried_is_named::{closure#0} as core[a373ad73a504971]::ops::function::FnOnce<()>>::call_once
[INFO] [stdout]   12:     0x565cdd9e959b - test[aada8e7e76ba119b]::__rust_begin_short_backtrace::<core[a373ad73a504971]::result::Result<(), alloc[2e1b2a31b91974c5]::string::String>, fn() -> core[a373ad73a504971]::result::Result<(), alloc[2e1b2a31b91974c5]::string::String>>
[INFO] [stdout]   13:     0x565cdd9f6775 - test[aada8e7e76ba119b]::run_test::{closure#0}
[INFO] [stdout]   14:     0x565cdd9f0064 - std[617be2ca0a6fd877]::sys::backtrace::__rust_begin_short_backtrace::<test[aada8e7e76ba119b]::run_test::{closure#1}, ()>
[INFO] [stdout]   15:     0x565cdd9f9802 - <std[617be2ca0a6fd877]::thread::lifecycle::spawn_unchecked<test[aada8e7e76ba119b]::run_test::{closure#1}, ()>::{closure#1} as core[a373ad73a504971]::ops::function::FnOnce<()>>::call_once::{shim:vtable#0}
[INFO] [stdout]   16:     0x565cddc4692f - <std[617be2ca0a6fd877]::sys::thread::unix::Thread>::new::thread_start
[INFO] [stdout]   17:     0x7c9aa8df7dfa - <unknown>
[INFO] [stdout]   18:     0x7c9aa8e8b3d4 - clone
[INFO] [stdout]   19:                0x0 - <unknown>
[INFO] [stdout] 
[INFO] [stdout] 
[INFO] [stdout] failures:
[INFO] [stdout]     a_coverage_is_named_as_data_left_behind
[INFO] [stdout]     a_gdal_file_copied_through_us_validates_clean
[INFO] [stdout]     a_layer_with_z_survives_the_crossing
[INFO] [stdout]     attribute_tables_cross_with_their_rows
[INFO] [stdout]     curve_geometries_cross_byte_for_byte
[INFO] [stdout]     every_layer_and_row_crosses
[INFO] [stdout]     what_was_not_carried_is_named
[INFO] [stdout] 
[INFO] [stdout] test result: FAILED. 3 passed; 7 failed; 0 ignored; 0 measured; 0 filtered out; finished in 2.39s
[INFO] [stdout] 
[INFO] [stderr] error: test failed, to rerun pass `--test copy`
[INFO] running `Command { std: "docker" "inspect" "70a0302548c155da25e69f7f48399a41bb92fc628445077e2a2a2b1596d4d17e", kill_on_drop: false }`
[INFO] running `Command { std: "docker" "rm" "-f" "70a0302548c155da25e69f7f48399a41bb92fc628445077e2a2a2b1596d4d17e", kill_on_drop: false }`
[INFO] [stdout] 70a0302548c155da25e69f7f48399a41bb92fc628445077e2a2a2b1596d4d17e
