[INFO] fetching crate geod-types 0.1.1...
[INFO] testing geod-types-0.1.1 against 1.99.0-beta.8+cargoflags=--release for beta-release-1.100-2
[INFO] extracting crate geod-types 0.1.1 into /workspace/builds/worker-5-tc1/source
[INFO] started tweaking crates.io crate geod-types 0.1.1
[INFO] finished tweaking crates.io crate geod-types 0.1.1
[INFO] tweaked toml for crates.io crate geod-types 0.1.1 written to /workspace/builds/worker-5-tc1/source/Cargo.toml
[INFO] validating manifest of crates.io crate geod-types 0.1.1 on toolchain 1.99.0-beta.8
[INFO] running `Command { std: CARGO_HOME="/workspace/cargo-home" RUSTUP_HOME="/workspace/rustup-home" "/workspace/cargo-home/bin/cargo" "+1.99.0-beta.8" "metadata" "--manifest-path" "Cargo.toml" "--no-deps", kill_on_drop: false }`
[INFO] running `Command { std: CARGO_HOME="/workspace/cargo-home" RUSTUP_HOME="/workspace/rustup-home" "/workspace/cargo-home/bin/cargo" "+1.99.0-beta.8" "generate-lockfile" "--manifest-path" "Cargo.toml", kill_on_drop: false }`
[INFO] [stderr]     Updating crates.io index
[INFO] [stderr]      Locking 15 packages to highest compatible versions
[INFO] running `Command { std: CARGO_HOME="/workspace/cargo-home" RUSTUP_HOME="/workspace/rustup-home" "/workspace/cargo-home/bin/cargo" "+1.99.0-beta.8" "fetch" "--manifest-path" "Cargo.toml", kill_on_drop: false }`
[INFO] running `Command { std: "docker" "create" "-v" "/var/lib/crater-agent-workspace/builds/worker-5-tc1/source:/opt/rustwide/workdir:ro,Z" "-v" "/var/lib/crater-agent-workspace/builds/worker-5-tc1/target:/opt/rustwide/target:rw,Z" "-v" "/var/lib/crater-agent-workspace/cargo-home:/opt/rustwide/cargo-home:ro,Z" "-v" "/var/lib/crater-agent-workspace/rustup-home:/opt/rustwide/rustup-home:ro,Z" "-m" "1610612736" "--network" "none" "ghcr.io/rust-lang/crates-build-env/linux@sha256:77db811e55d90add9212f6832c23229e3de5f1c1f9905e8cb07319ea15df73ac" "sleep" "infinity", kill_on_drop: false }`
[INFO] [stdout] 378657c8945301e7285bedf6f09ceaedb20f4a355f17132617aef034b426db90
[INFO] running `Command { std: "docker" "start" "378657c8945301e7285bedf6f09ceaedb20f4a355f17132617aef034b426db90", kill_on_drop: false }`
[INFO] running `Command { std: "docker" "inspect" "378657c8945301e7285bedf6f09ceaedb20f4a355f17132617aef034b426db90", kill_on_drop: false }`
[INFO] running `Command { std: "docker" "exec" "-e" "SOURCE_DIR=/opt/rustwide/workdir" "-e" "CARGO_HOME=/opt/rustwide/cargo-home" "-e" "RUSTUP_HOME=/opt/rustwide/rustup-home" "-e" "CARGO_TARGET_DIR=/opt/rustwide/target" "-w" "/opt/rustwide/workdir" "--user" "0:0" "378657c8945301e7285bedf6f09ceaedb20f4a355f17132617aef034b426db90" "/opt/rustwide/cargo-home/bin/cargo" "+1.99.0-beta.8" "metadata" "--no-deps" "--format-version=1", kill_on_drop: false }`
[INFO] running `Command { std: "docker" "inspect" "378657c8945301e7285bedf6f09ceaedb20f4a355f17132617aef034b426db90", kill_on_drop: false }`
[INFO] running `Command { std: "docker" "exec" "-e" "SOURCE_DIR=/opt/rustwide/workdir" "-e" "CARGO_HOME=/opt/rustwide/cargo-home" "-e" "RUSTUP_HOME=/opt/rustwide/rustup-home" "-e" "CARGO_TARGET_DIR=/opt/rustwide/target" "-e" "CARGO_INCREMENTAL=0" "-e" "RUST_BACKTRACE=full" "-e" "RUSTFLAGS=--cap-lints=warn" "-e" "RUSTDOCFLAGS=--cap-lints=warn" "-w" "/opt/rustwide/workdir" "--user" "0:0" "378657c8945301e7285bedf6f09ceaedb20f4a355f17132617aef034b426db90" "/opt/rustwide/cargo-home/bin/cargo" "+1.99.0-beta.8" "build" "--frozen" "--message-format=json" "--release", kill_on_drop: false }`
[INFO] [stderr]    Compiling regex-automata v0.4.18
[INFO] [stderr]    Compiling regex v1.13.1
[INFO] [stderr]    Compiling geod-types v0.1.1 (/opt/rustwide/workdir)
[INFO] [stdout] warning: lint `box_pointers` has been removed: it does not detect other kinds of allocations, and existed only for historical reasons
[INFO] [stdout]   --> src/lib.rs:12:9
[INFO] [stdout]    |
[INFO] [stdout] 12 | #![warn(box_pointers)]
[INFO] [stdout]    |         ^^^^^^^^^^^^
[INFO] [stdout]    |
[INFO] [stdout]    = note: `#[warn(renamed_and_removed_lints)]` on by default
[INFO] [stdout] 
[INFO] [stdout] 
[INFO] [stdout] warning: lint `indirect_structural_match` has been removed: converted into hard error, see RFC #3535 <https://rust-lang.github.io/rfcs/3535-constants-in-patterns.html> for more information
[INFO] [stdout]   --> src/lib.rs:16:9
[INFO] [stdout]    |
[INFO] [stdout] 16 | #![warn(indirect_structural_match)]
[INFO] [stdout]    |         ^^^^^^^^^^^^^^^^^^^^^^^^^
[INFO] [stdout] 
[INFO] [stdout] 
[INFO] [stdout] warning: lint `pointer_structural_match` has been removed: converted into hard error, see RFC #3535 <https://rust-lang.github.io/rfcs/3535-constants-in-patterns.html> for more information
[INFO] [stdout]   --> src/lib.rs:27:9
[INFO] [stdout]    |
[INFO] [stdout] 27 | #![warn(pointer_structural_match)]
[INFO] [stdout]    |         ^^^^^^^^^^^^^^^^^^^^^^^^
[INFO] [stdout] 
[INFO] [stdout] 
[INFO] [stdout] warning: lint `unaligned_references` has been removed: converted into hard error, see issue #82523 <https://github.com/rust-lang/rust/issues/82523> for more information
[INFO] [stdout]   --> src/lib.rs:32:9
[INFO] [stdout]    |
[INFO] [stdout] 32 | #![warn(unaligned_references)]
[INFO] [stdout]    |         ^^^^^^^^^^^^^^^^^^^^
[INFO] [stdout] 
[INFO] [stdout] 
[INFO] [stdout] warning: unused import: `Pole`
[INFO] [stdout]  --> src/coord/mod.rs:6:21
[INFO] [stdout]   |
[INFO] [stdout] 6 |     lat::{Latitude, Pole},
[INFO] [stdout]   |                     ^^^^
[INFO] [stdout]   |
[INFO] [stdout]   = note: `#[warn(unused_imports)]` (part of `#[warn(unused)]`) on by default
[INFO] [stdout] 
[INFO] [stdout] 
[INFO] [stderr]     Finished `release` profile [optimized] target(s) in 16.91s
[INFO] running `Command { std: "docker" "inspect" "378657c8945301e7285bedf6f09ceaedb20f4a355f17132617aef034b426db90", kill_on_drop: false }`
[INFO] running `Command { std: "docker" "exec" "-e" "SOURCE_DIR=/opt/rustwide/workdir" "-e" "CARGO_HOME=/opt/rustwide/cargo-home" "-e" "RUSTUP_HOME=/opt/rustwide/rustup-home" "-e" "CARGO_TARGET_DIR=/opt/rustwide/target" "-e" "CARGO_INCREMENTAL=0" "-e" "RUST_BACKTRACE=full" "-e" "RUSTFLAGS=--cap-lints=warn" "-e" "RUSTDOCFLAGS=--cap-lints=warn" "-w" "/opt/rustwide/workdir" "--user" "0:0" "378657c8945301e7285bedf6f09ceaedb20f4a355f17132617aef034b426db90" "/opt/rustwide/cargo-home/bin/cargo" "+1.99.0-beta.8" "test" "--frozen" "--no-run" "--message-format=json" "--release", kill_on_drop: false }`
[INFO] [stderr]    Compiling geod-types v0.1.1 (/opt/rustwide/workdir)
[INFO] [stdout] warning: lint `box_pointers` has been removed: it does not detect other kinds of allocations, and existed only for historical reasons
[INFO] [stdout]   --> src/lib.rs:12:9
[INFO] [stdout]    |
[INFO] [stdout] 12 | #![warn(box_pointers)]
[INFO] [stdout]    |         ^^^^^^^^^^^^
[INFO] [stdout]    |
[INFO] [stdout]    = note: `#[warn(renamed_and_removed_lints)]` on by default
[INFO] [stdout] 
[INFO] [stdout] 
[INFO] [stdout] warning: lint `indirect_structural_match` has been removed: converted into hard error, see RFC #3535 <https://rust-lang.github.io/rfcs/3535-constants-in-patterns.html> for more information
[INFO] [stdout]   --> src/lib.rs:16:9
[INFO] [stdout]    |
[INFO] [stdout] 16 | #![warn(indirect_structural_match)]
[INFO] [stdout]    |         ^^^^^^^^^^^^^^^^^^^^^^^^^
[INFO] [stdout] 
[INFO] [stdout] 
[INFO] [stdout] warning: lint `pointer_structural_match` has been removed: converted into hard error, see RFC #3535 <https://rust-lang.github.io/rfcs/3535-constants-in-patterns.html> for more information
[INFO] [stdout]   --> src/lib.rs:27:9
[INFO] [stdout]    |
[INFO] [stdout] 27 | #![warn(pointer_structural_match)]
[INFO] [stdout]    |         ^^^^^^^^^^^^^^^^^^^^^^^^
[INFO] [stdout] 
[INFO] [stdout] 
[INFO] [stdout] warning: lint `unaligned_references` has been removed: converted into hard error, see issue #82523 <https://github.com/rust-lang/rust/issues/82523> for more information
[INFO] [stdout]   --> src/lib.rs:32:9
[INFO] [stdout]    |
[INFO] [stdout] 32 | #![warn(unaligned_references)]
[INFO] [stdout]    |         ^^^^^^^^^^^^^^^^^^^^
[INFO] [stdout] 
[INFO] [stdout] 
[INFO] [stdout] warning: unused import: `Pole`
[INFO] [stdout]  --> src/coord/mod.rs:6:21
[INFO] [stdout]   |
[INFO] [stdout] 6 |     lat::{Latitude, Pole},
[INFO] [stdout]   |                     ^^^^
[INFO] [stdout]   |
[INFO] [stdout]   = note: `#[warn(unused_imports)]` (part of `#[warn(unused)]`) on by default
[INFO] [stdout] 
[INFO] [stdout] 
[INFO] [stdout] warning: lint `box_pointers` has been removed: it does not detect other kinds of allocations, and existed only for historical reasons
[INFO] [stdout]   --> src/lib.rs:12:9
[INFO] [stdout]    |
[INFO] [stdout] 12 | #![warn(box_pointers)]
[INFO] [stdout]    |         ^^^^^^^^^^^^
[INFO] [stdout]    |
[INFO] [stdout]    = note: `#[warn(renamed_and_removed_lints)]` on by default
[INFO] [stdout] 
[INFO] [stdout] 
[INFO] [stdout] warning: lint `indirect_structural_match` has been removed: converted into hard error, see RFC #3535 <https://rust-lang.github.io/rfcs/3535-constants-in-patterns.html> for more information
[INFO] [stdout]   --> src/lib.rs:16:9
[INFO] [stdout]    |
[INFO] [stdout] 16 | #![warn(indirect_structural_match)]
[INFO] [stdout]    |         ^^^^^^^^^^^^^^^^^^^^^^^^^
[INFO] [stdout] 
[INFO] [stdout] 
[INFO] [stdout] warning: lint `pointer_structural_match` has been removed: converted into hard error, see RFC #3535 <https://rust-lang.github.io/rfcs/3535-constants-in-patterns.html> for more information
[INFO] [stdout]   --> src/lib.rs:27:9
[INFO] [stdout]    |
[INFO] [stdout] 27 | #![warn(pointer_structural_match)]
[INFO] [stdout]    |         ^^^^^^^^^^^^^^^^^^^^^^^^
[INFO] [stdout] 
[INFO] [stdout] 
[INFO] [stdout] warning: lint `unaligned_references` has been removed: converted into hard error, see issue #82523 <https://github.com/rust-lang/rust/issues/82523> for more information
[INFO] [stdout]   --> src/lib.rs:32:9
[INFO] [stdout]    |
[INFO] [stdout] 32 | #![warn(unaligned_references)]
[INFO] [stdout]    |         ^^^^^^^^^^^^^^^^^^^^
[INFO] [stdout] 
[INFO] [stdout] 
[INFO] [stdout] warning: unused import: `Pole`
[INFO] [stdout]  --> src/coord/mod.rs:6:21
[INFO] [stdout]   |
[INFO] [stdout] 6 |     lat::{Latitude, Pole},
[INFO] [stdout]   |                     ^^^^
[INFO] [stdout]   |
[INFO] [stdout]   = note: `#[warn(unused_imports)]` (part of `#[warn(unused)]`) on by default
[INFO] [stdout] 
[INFO] [stdout] 
[INFO] [stdout] warning: use of deprecated constant `std::f64::EPSILON`: replaced by the `EPSILON` associated constant on `f64`
[INFO] [stdout]    --> src/angle/dd.rs:364:56
[INFO] [stdout]     |
[INFO] [stdout] 364 |         assert!((as_float - 66.563_333_4).abs() < f64::EPSILON);
[INFO] [stdout]     |                                                        ^^^^^^^
[INFO] [stdout]     |
[INFO] [stdout]     = note: `#[warn(deprecated)]` on by default
[INFO] [stdout] 
[INFO] [stdout] 
[INFO] [stdout] warning: use of deprecated constant `std::f64::EPSILON`: replaced by the `EPSILON` associated constant on `f64`
[INFO] [stdout]    --> src/angle/dd.rs:378:49
[INFO] [stdout]     |
[INFO] [stdout] 378 |         assert!((as_float - 200.0).abs() < f64::EPSILON);
[INFO] [stdout]     |                                                 ^^^^^^^
[INFO] [stdout] 
[INFO] [stdout] 
[INFO] [stdout] warning: use of deprecated constant `std::f64::EPSILON`: replaced by the `EPSILON` associated constant on `f64`
[INFO] [stdout]    --> src/angle/dd.rs:439:49
[INFO] [stdout]     |
[INFO] [stdout] 439 |         assert!((as_float - 360.0).abs() < f64::EPSILON);
[INFO] [stdout]     |                                                 ^^^^^^^
[INFO] [stdout] 
[INFO] [stdout] 
[INFO] [stdout] warning: use of deprecated constant `std::f64::EPSILON`: replaced by the `EPSILON` associated constant on `f64`
[INFO] [stdout]    --> src/angle/dd.rs:494:56
[INFO] [stdout]     |
[INFO] [stdout] 494 |         assert!((as_float - 23.499_999_9).abs() < f64::EPSILON);
[INFO] [stdout]     |                                                        ^^^^^^^
[INFO] [stdout] 
[INFO] [stdout] 
[INFO] [stdout] warning: use of deprecated constant `std::f64::EPSILON`: replaced by the `EPSILON` associated constant on `f64`
[INFO] [stdout]    --> src/angle/dd.rs:514:51
[INFO] [stdout]     |
[INFO] [stdout] 514 |         assert!((as_float - 65566.5).abs() < f64::EPSILON);
[INFO] [stdout]     |                                                   ^^^^^^^
[INFO] [stdout] 
[INFO] [stdout] 
[INFO] [stdout] warning: use of deprecated constant `std::f64::EPSILON`: replaced by the `EPSILON` associated constant on `f64`
[INFO] [stdout]    --> src/angle/dd.rs:610:56
[INFO] [stdout]     |
[INFO] [stdout] 610 |         assert!((as_float - 30.999_999_9).abs() < f64::EPSILON);
[INFO] [stdout]     |                                                        ^^^^^^^
[INFO] [stdout] 
[INFO] [stdout] 
[INFO] [stdout] warning: use of deprecated constant `std::f64::EPSILON`: replaced by the `EPSILON` associated constant on `f64`
[INFO] [stdout]    --> src/angle/dd.rs:635:56
[INFO] [stdout]     |
[INFO] [stdout] 635 |         assert!((as_float - 30.999_999_8).abs() < f64::EPSILON);
[INFO] [stdout]     |                                                        ^^^^^^^
[INFO] [stdout] 
[INFO] [stdout] 
[INFO] [stdout] warning: use of deprecated constant `std::f64::EPSILON`: replaced by the `EPSILON` associated constant on `f64`
[INFO] [stdout]    --> src/angle/dd.rs:675:77
[INFO] [stdout]     |
[INFO] [stdout] 675 |             assert!((as_float - f64::from(f) / 10_000_000_f64).abs() < f64::EPSILON);
[INFO] [stdout]     |                                                                             ^^^^^^^
[INFO] [stdout] 
[INFO] [stdout] 
[INFO] [stdout] warning: use of deprecated constant `std::f64::EPSILON`: replaced by the `EPSILON` associated constant on `f64`
[INFO] [stdout]    --> src/angle/dms_dd.rs:399:54
[INFO] [stdout]     |
[INFO] [stdout] 399 |         assert!((as_float - 66.563_334).abs() < f64::EPSILON);
[INFO] [stdout]     |                                                      ^^^^^^^
[INFO] [stdout] 
[INFO] [stdout] 
[INFO] [stdout] warning: use of deprecated constant `std::f64::EPSILON`: replaced by the `EPSILON` associated constant on `f64`
[INFO] [stdout]    --> src/angle/dms_dd.rs:413:49
[INFO] [stdout]     |
[INFO] [stdout] 413 |         assert!((as_float - 200.0).abs() < f64::EPSILON);
[INFO] [stdout]     |                                                 ^^^^^^^
[INFO] [stdout] 
[INFO] [stdout] 
[INFO] [stdout] warning: use of deprecated constant `std::f64::EPSILON`: replaced by the `EPSILON` associated constant on `f64`
[INFO] [stdout]    --> src/angle/dms_dd.rs:474:49
[INFO] [stdout]     |
[INFO] [stdout] 474 |         assert!((as_float - 360.0).abs() < f64::EPSILON);
[INFO] [stdout]     |                                                 ^^^^^^^
[INFO] [stdout] 
[INFO] [stdout] 
[INFO] [stdout] warning: use of deprecated constant `std::f64::EPSILON`: replaced by the `EPSILON` associated constant on `f64`
[INFO] [stdout]    --> src/angle/dms_dd.rs:529:54
[INFO] [stdout]     |
[INFO] [stdout] 529 |         assert!((as_float - 23.499_999).abs() < f64::EPSILON);
[INFO] [stdout]     |                                                      ^^^^^^^
[INFO] [stdout] 
[INFO] [stdout] 
[INFO] [stdout] warning: use of deprecated constant `std::f64::EPSILON`: replaced by the `EPSILON` associated constant on `f64`
[INFO] [stdout]    --> src/angle/dms_dd.rs:549:51
[INFO] [stdout]     |
[INFO] [stdout] 549 |         assert!((as_float - 65566.5).abs() < f64::EPSILON);
[INFO] [stdout]     |                                                   ^^^^^^^
[INFO] [stdout] 
[INFO] [stdout] 
[INFO] [stdout] warning: use of deprecated constant `std::f64::EPSILON`: replaced by the `EPSILON` associated constant on `f64`
[INFO] [stdout]    --> src/angle/dms_dd.rs:644:54
[INFO] [stdout]     |
[INFO] [stdout] 644 |         assert!((as_float - 30.999_999).abs() < f64::EPSILON);
[INFO] [stdout]     |                                                      ^^^^^^^
[INFO] [stdout] 
[INFO] [stdout] 
[INFO] [stdout] warning: use of deprecated constant `std::f64::EPSILON`: replaced by the `EPSILON` associated constant on `f64`
[INFO] [stdout]    --> src/angle/dms_dd.rs:668:54
[INFO] [stdout]     |
[INFO] [stdout] 668 |         assert!((as_float - 30.999_998).abs() < f64::EPSILON);
[INFO] [stdout]     |                                                      ^^^^^^^
[INFO] [stdout] 
[INFO] [stdout] 
[INFO] [stdout] warning: use of deprecated constant `std::f64::EPSILON`: replaced by the `EPSILON` associated constant on `f64`
[INFO] [stdout]    --> src/angle/dms_dd.rs:708:76
[INFO] [stdout]     |
[INFO] [stdout] 708 |             assert!((as_float - f64::from(f) / 1_000_000_f64).abs() < f64::EPSILON);
[INFO] [stdout]     |                                                                            ^^^^^^^
[INFO] [stdout] 
[INFO] [stdout] 
[INFO] [stderr]     Finished `release` profile [optimized] target(s) in 7.18s
[INFO] running `Command { std: "docker" "inspect" "378657c8945301e7285bedf6f09ceaedb20f4a355f17132617aef034b426db90", kill_on_drop: false }`
[INFO] running `Command { std: "docker" "exec" "-e" "SOURCE_DIR=/opt/rustwide/workdir" "-e" "CARGO_HOME=/opt/rustwide/cargo-home" "-e" "RUSTUP_HOME=/opt/rustwide/rustup-home" "-e" "CARGO_TARGET_DIR=/opt/rustwide/target" "-e" "CARGO_INCREMENTAL=0" "-e" "RUST_BACKTRACE=full" "-e" "RUSTFLAGS=--cap-lints=warn" "-e" "RUSTDOCFLAGS=--cap-lints=warn" "-w" "/opt/rustwide/workdir" "--user" "0:0" "378657c8945301e7285bedf6f09ceaedb20f4a355f17132617aef034b426db90" "/opt/rustwide/cargo-home/bin/cargo" "+1.99.0-beta.8" "test" "--frozen" "--release", kill_on_drop: false }`
[INFO] [stderr] warning: lint `box_pointers` has been removed: it does not detect other kinds of allocations, and existed only for historical reasons
[INFO] [stderr]   --> src/lib.rs:12:9
[INFO] [stderr]    |
[INFO] [stderr] 12 | #![warn(box_pointers)]
[INFO] [stderr]    |         ^^^^^^^^^^^^
[INFO] [stderr]    |
[INFO] [stderr]    = note: `#[warn(renamed_and_removed_lints)]` on by default
[INFO] [stderr] 
[INFO] [stderr] warning: lint `indirect_structural_match` has been removed: converted into hard error, see RFC #3535 <https://rust-lang.github.io/rfcs/3535-constants-in-patterns.html> for more information
[INFO] [stderr]   --> src/lib.rs:16:9
[INFO] [stderr]    |
[INFO] [stderr] 16 | #![warn(indirect_structural_match)]
[INFO] [stderr]    |         ^^^^^^^^^^^^^^^^^^^^^^^^^
[INFO] [stderr] 
[INFO] [stderr] warning: lint `pointer_structural_match` has been removed: converted into hard error, see RFC #3535 <https://rust-lang.github.io/rfcs/3535-constants-in-patterns.html> for more information
[INFO] [stderr]   --> src/lib.rs:27:9
[INFO] [stderr]    |
[INFO] [stderr] 27 | #![warn(pointer_structural_match)]
[INFO] [stderr]    |         ^^^^^^^^^^^^^^^^^^^^^^^^
[INFO] [stderr] 
[INFO] [stderr] warning: lint `unaligned_references` has been removed: converted into hard error, see issue #82523 <https://github.com/rust-lang/rust/issues/82523> for more information
[INFO] [stderr]   --> src/lib.rs:32:9
[INFO] [stderr]    |
[INFO] [stderr] 32 | #![warn(unaligned_references)]
[INFO] [stderr]    |         ^^^^^^^^^^^^^^^^^^^^
[INFO] [stderr] 
[INFO] [stderr] warning: unused import: `Pole`
[INFO] [stderr]  --> src/coord/mod.rs:6:21
[INFO] [stderr]   |
[INFO] [stderr] 6 |     lat::{Latitude, Pole},
[INFO] [stderr]   |                     ^^^^
[INFO] [stderr]   |
[INFO] [stderr]   = note: `#[warn(unused_imports)]` (part of `#[warn(unused)]`) on by default
[INFO] [stderr] 
[INFO] [stderr] warning: `geod-types` (lib) generated 5 warnings (run `cargo fix --lib -p geod-types` to apply 1 suggestion)
[INFO] [stderr] warning: use of deprecated constant `std::f64::EPSILON`: replaced by the `EPSILON` associated constant on `f64`
[INFO] [stderr]    --> src/angle/dd.rs:364:56
[INFO] [stderr]     |
[INFO] [stderr] 364 |         assert!((as_float - 66.563_333_4).abs() < f64::EPSILON);
[INFO] [stderr]     |                                                        ^^^^^^^
[INFO] [stderr]     |
[INFO] [stderr]     = note: `#[warn(deprecated)]` on by default
[INFO] [stderr] 
[INFO] [stderr] warning: use of deprecated constant `std::f64::EPSILON`: replaced by the `EPSILON` associated constant on `f64`
[INFO] [stderr]    --> src/angle/dd.rs:378:49
[INFO] [stderr]     |
[INFO] [stderr] 378 |         assert!((as_float - 200.0).abs() < f64::EPSILON);
[INFO] [stderr]     |                                                 ^^^^^^^
[INFO] [stderr] 
[INFO] [stderr] warning: use of deprecated constant `std::f64::EPSILON`: replaced by the `EPSILON` associated constant on `f64`
[INFO] [stderr]    --> src/angle/dd.rs:439:49
[INFO] [stderr]     |
[INFO] [stderr] 439 |         assert!((as_float - 360.0).abs() < f64::EPSILON);
[INFO] [stderr]     |                                                 ^^^^^^^
[INFO] [stderr] 
[INFO] [stderr] warning: use of deprecated constant `std::f64::EPSILON`: replaced by the `EPSILON` associated constant on `f64`
[INFO] [stderr]    --> src/angle/dd.rs:494:56
[INFO] [stderr]     |
[INFO] [stderr] 494 |         assert!((as_float - 23.499_999_9).abs() < f64::EPSILON);
[INFO] [stderr]     |                                                        ^^^^^^^
[INFO] [stderr] 
[INFO] [stderr] warning: use of deprecated constant `std::f64::EPSILON`: replaced by the `EPSILON` associated constant on `f64`
[INFO] [stderr]    --> src/angle/dd.rs:514:51
[INFO] [stderr]     |
[INFO] [stderr] 514 |         assert!((as_float - 65566.5).abs() < f64::EPSILON);
[INFO] [stderr]     |                                                   ^^^^^^^
[INFO] [stderr] 
[INFO] [stderr] warning: use of deprecated constant `std::f64::EPSILON`: replaced by the `EPSILON` associated constant on `f64`
[INFO] [stderr]    --> src/angle/dd.rs:610:56
[INFO] [stderr]     |
[INFO] [stderr] 610 |         assert!((as_float - 30.999_999_9).abs() < f64::EPSILON);
[INFO] [stderr]     |                                                        ^^^^^^^
[INFO] [stderr] 
[INFO] [stderr] warning: use of deprecated constant `std::f64::EPSILON`: replaced by the `EPSILON` associated constant on `f64`
[INFO] [stderr]    --> src/angle/dd.rs:635:56
[INFO] [stderr]     |
[INFO] [stderr] 635 |         assert!((as_float - 30.999_999_8).abs() < f64::EPSILON);
[INFO] [stderr]     |                                                        ^^^^^^^
[INFO] [stderr] 
[INFO] [stderr] warning: use of deprecated constant `std::f64::EPSILON`: replaced by the `EPSILON` associated constant on `f64`
[INFO] [stderr]    --> src/angle/dd.rs:675:77
[INFO] [stderr]     |
[INFO] [stderr] 675 |             assert!((as_float - f64::from(f) / 10_000_000_f64).abs() < f64::EPSILON);
[INFO] [stderr]     |                                                                             ^^^^^^^
[INFO] [stderr] 
[INFO] [stderr] warning: use of deprecated constant `std::f64::EPSILON`: replaced by the `EPSILON` associated constant on `f64`
[INFO] [stderr]    --> src/angle/dms_dd.rs:399:54
[INFO] [stderr]     |
[INFO] [stderr] 399 |         assert!((as_float - 66.563_334).abs() < f64::EPSILON);
[INFO] [stderr]     |                                                      ^^^^^^^
[INFO] [stderr] 
[INFO] [stderr] warning: use of deprecated constant `std::f64::EPSILON`: replaced by the `EPSILON` associated constant on `f64`
[INFO] [stderr]    --> src/angle/dms_dd.rs:413:49
[INFO] [stderr]     |
[INFO] [stderr] 413 |         assert!((as_float - 200.0).abs() < f64::EPSILON);
[INFO] [stderr]     |                                                 ^^^^^^^
[INFO] [stderr] 
[INFO] [stderr] warning: use of deprecated constant `std::f64::EPSILON`: replaced by the `EPSILON` associated constant on `f64`
[INFO] [stderr]    --> src/angle/dms_dd.rs:474:49
[INFO] [stderr]     |
[INFO] [stderr] 474 |         assert!((as_float - 360.0).abs() < f64::EPSILON);
[INFO] [stderr]     |                                                 ^^^^^^^
[INFO] [stderr] 
[INFO] [stderr] warning: use of deprecated constant `std::f64::EPSILON`: replaced by the `EPSILON` associated constant on `f64`
[INFO] [stderr]    --> src/angle/dms_dd.rs:529:54
[INFO] [stderr]     |
[INFO] [stderr] 529 |         assert!((as_float - 23.499_999).abs() < f64::EPSILON);
[INFO] [stderr]     |                                                      ^^^^^^^
[INFO] [stderr] 
[INFO] [stderr] warning: use of deprecated constant `std::f64::EPSILON`: replaced by the `EPSILON` associated constant on `f64`
[INFO] [stderr]    --> src/angle/dms_dd.rs:549:51
[INFO] [stderr]     |
[INFO] [stderr] 549 |         assert!((as_float - 65566.5).abs() < f64::EPSILON);
[INFO] [stderr]     |                                                   ^^^^^^^
[INFO] [stderr] 
[INFO] [stderr] warning: use of deprecated constant `std::f64::EPSILON`: replaced by the `EPSILON` associated constant on `f64`
[INFO] [stderr]    --> src/angle/dms_dd.rs:644:54
[INFO] [stderr]     |
[INFO] [stderr] 644 |         assert!((as_float - 30.999_999).abs() < f64::EPSILON);
[INFO] [stderr]     |                                                      ^^^^^^^
[INFO] [stderr] 
[INFO] [stderr] warning: use of deprecated constant `std::f64::EPSILON`: replaced by the `EPSILON` associated constant on `f64`
[INFO] [stderr]    --> src/angle/dms_dd.rs:668:54
[INFO] [stderr]     |
[INFO] [stderr] 668 |         assert!((as_float - 30.999_998).abs() < f64::EPSILON);
[INFO] [stderr]     |                                                      ^^^^^^^
[INFO] [stderr] 
[INFO] [stderr] warning: use of deprecated constant `std::f64::EPSILON`: replaced by the `EPSILON` associated constant on `f64`
[INFO] [stderr]    --> src/angle/dms_dd.rs:708:76
[INFO] [stderr]     |
[INFO] [stderr] 708 |             assert!((as_float - f64::from(f) / 1_000_000_f64).abs() < f64::EPSILON);
[INFO] [stderr]     |                                                                            ^^^^^^^
[INFO] [stderr] 
[INFO] [stderr] warning: `geod-types` (lib test) generated 21 warnings (5 duplicates)
[INFO] [stderr]     Finished `release` profile [optimized] target(s) in 0.05s
[INFO] [stderr]      Running unittests src/lib.rs (/opt/rustwide/target/release/deps/geod_types-d88fc5d2a5f08bdf)
[INFO] [stdout] 
[INFO] [stdout] running 440 tests
[INFO] [stdout] test angle::dd::parse_ascii_tests::deg_min_sec_mas ... ok
[INFO] [stdout] test angle::dd::parse_ascii_tests::deg_min ... ok
[INFO] [stdout] test angle::dd::parse_ascii_tests::more_than_straight_is_valid ... ok
[INFO] [stdout] test angle::dd::parse_ascii_tests::mixed_ascii_min_and_unicode - should panic ... ok
[INFO] [stdout] test angle::dd::parse_ascii_tests::deg_min_sec ... ok
[INFO] [stdout] test angle::dd::parse_ascii_tests::mixed_ascii_deg_and_unicode - should panic ... ok
[INFO] [stdout] test angle::dd::parse_ascii_tests::overflow_in_milli_digits - should panic ... ok
[INFO] [stdout] test angle::dd::parse_ascii_tests::overflow_in_min_digits - should panic ... ok
[INFO] [stdout] test angle::dd::parse_ascii_tests::mixed_ascii_sec_and_unicode - should panic ... ok
[INFO] [stdout] test angle::dd::parse_ascii_tests::overflow_in_sec_digits - should panic ... ok
[INFO] [stdout] test angle::dd::parse_ascii_tests::skipping_degree_is_allowed_in_ascii_mode ... ok
[INFO] [stdout] test angle::dd::parse_ascii_tests::skipping_seconds_sign_is_not_allowed_in_ascii_mode - should panic ... ok
[INFO] [stdout] test angle::dd::parse_ascii_tests::simple_deg ... ok
[INFO] [stdout] test angle::dd::parse_ascii_tests::skipping_minutes_sign_is_not_allowed_in_ascii_mode - should panic ... ok
[INFO] [stdout] test angle::dd::parse_ascii_tests::space_between_deg_and_min ... ok
[INFO] [stdout] test angle::dd::parse_ascii_tests::overflow_in_deg_digits - should panic ... ok
[INFO] [stdout] test angle::dd::parse_ascii_tests::spaces_between_parts ... ok
[INFO] [stdout] test angle::dd::parse_ascii_tests::space_between_degree_val_and_sign_not_allowed - should panic ... ok
[INFO] [stdout] test angle::dd::parse_ascii_tests::single_digit_deg_min_sec_mas ... ok
[INFO] [stdout] test angle::dd::parse_ascii_tests::uneven_digits_deg_min_sec_mas ... ok
[INFO] [stdout] test angle::dd::parse_ascii_tests::space_between_min_and_sec ... ok
[INFO] [stdout] test angle::dd::parse_ascii_tests::spaces_between_parts_and_milliseconds - should panic ... ok
[INFO] [stdout] test angle::dd::parse_ascii_tests::overflow_in_domain_deg - should panic ... ok
[INFO] [stdout] test angle::dd::parse_tests::big_but_valid ... ok
[INFO] [stdout] test angle::dd::parse_tests::bad_float - should panic ... ok
[INFO] [stdout] test angle::dd::parse_tests::bad_negative - should panic ... ok
[INFO] [stdout] test angle::dd::parse_tests::bad_too_big_for_angle - should panic ... ok
[INFO] [stdout] test angle::dd::parse_tests::deg_min_sec ... ok
[INFO] [stdout] test angle::dd::parse_tests::deg_min_with_sign ... ok
[INFO] [stdout] test angle::dd::parse_tests::deg_min_sec_mas ... ok
[INFO] [stdout] test angle::dd::parse_tests::deg_min ... ok
[INFO] [stdout] test angle::dd::parse_tests::more_than_straight_is_valid ... ok
[INFO] [stdout] test angle::dd::parse_tests::overflow_in_deg_digits - should panic ... ok
[INFO] [stdout] test angle::dd::parse_tests::round_up_more_than_7_digits ... ok
[INFO] [stdout] test angle::dd::parse_tests::overflow_in_milli_digits - should panic ... ok
[INFO] [stdout] test angle::dd::parse_tests::overflow_in_min_digits - should panic ... ok
[INFO] [stdout] test angle::dd::parse_tests::overflow_in_sec_digits - should panic ... ok
[INFO] [stdout] test angle::dd::parse_tests::simple_decimal_with_degree_sign ... ok
[INFO] [stdout] test angle::dd::parse_tests::simple_deg ... ok
[INFO] [stdout] test angle::dd::parse_tests::simple_integer ... ok
[INFO] [stdout] test angle::dd::parse_tests::round_down_more_than_7_digits ... ok
[INFO] [stdout] test angle::dd::parse_tests::simple_decimal ... ok
[INFO] [stdout] test angle::dd::parse_tests::space_between_deg_and_min ... ok
[INFO] [stdout] test angle::dd::parse_tests::space_between_min_and_sec ... ok
[INFO] [stdout] test angle::dd::parse_tests::space_between_degree_val_and_sign_not_allowed - should panic ... ok
[INFO] [stdout] test angle::dd::parse_tests::simple_integer_with_degree_sign ... ok
[INFO] [stdout] test angle::dd::parse_tests::spaces_between_parts ... ok
[INFO] [stdout] test angle::dd::parse_tests::overflow_in_domain_deg - should panic ... ok
[INFO] [stdout] test angle::dd::parse_tests::single_digit_deg_min_sec_mas ... ok
[INFO] [stdout] test angle::dd::tests::add ... ok
[INFO] [stdout] test angle::dd::parse_tests::spaces_between_parts_and_milliseconds - should panic ... ok
[INFO] [stdout] test angle::dd::tests::add_minimal_overflow ... ok
[INFO] [stdout] test angle::dd::parse_tests::too_precise_truncation ... ok
[INFO] [stdout] test angle::dd::tests::add_no_overflow ... ok
[INFO] [stdout] test angle::dd::tests::add_with_wrapping ... ok
[INFO] [stdout] test angle::dd::tests::bad_fraction_2 - should panic ... ok
[INFO] [stdout] test angle::dd::tests::bad_milli_seconds - should panic ... ok
[INFO] [stdout] test angle::dd::tests::bad_seconds - should panic ... ok
[INFO] [stdout] test angle::dd::tests::bad_seconds_2 - should panic ... ok
[INFO] [stdout] test angle::dd::parse_tests::skipping_degree_is_not_allowed_in_unicode_mode - should panic ... ok
[INFO] [stdout] test angle::dd::tests::bad_milli_seconds_2 - should panic ... ok
[INFO] [stdout] test angle::dd::tests::bad_fraction - should panic ... ok
[INFO] [stdout] test angle::dd::tests::bigger_than_complete_milli_second - should panic ... ok
[INFO] [stdout] test angle::dd::parse_tests::uneven_digits_deg_min_sec_mas ... ok
[INFO] [stdout] test angle::dd::tests::bigger_than_complete_minimum_fraction - should panic ... ok
[INFO] [stdout] test angle::dd::tests::bigger_than_straight_is_valid ... ok
[INFO] [stdout] test angle::dd::tests::bad_minutes - should panic ... ok
[INFO] [stdout] test angle::dd::tests::bigger_than_complete_degree - should panic ... ok
[INFO] [stdout] test angle::dd::tests::bigger_than_complete_minute - should panic ... ok
[INFO] [stdout] test angle::dd::tests::bigger_than_straight_dms ... ok
[INFO] [stdout] test angle::dd::tests::bigger_than_complete - should panic ... ok
[INFO] [stdout] test angle::dd::tests::bigger_than_complete_second - should panic ... ok
[INFO] [stdout] test angle::dd::tests::explement_of_obtuse_is_reflex ... ok
[INFO] [stdout] test angle::dd::tests::explementary ... ok
[INFO] [stdout] test angle::dd::tests::complement_of_obtuse_undefined ... ok
[INFO] [stdout] test angle::dd::tests::dms_almost_int ... ok
[INFO] [stdout] test angle::dd::tests::explementary_dms ... ok
[INFO] [stdout] test angle::dd::tests::complementary ... ok
[INFO] [stdout] test angle::dd::tests::complete ... ok
[INFO] [stdout] test angle::dd::tests::from_ar2 ... ok
[INFO] [stdout] test angle::dd::tests::degree_angle_is_32_bits ... ok
[INFO] [stdout] test angle::dd::tests::from_ar3 ... ok
[INFO] [stdout] test angle::dd::tests::from_ar4 ... ok
[INFO] [stdout] test angle::dd::tests::from_f64_wrap_around_u16 - should panic ... ok
[INFO] [stdout] test angle::dd::tests::from_ar4_overflow - should panic ... ok
[INFO] [stdout] test angle::dd::tests::from_pair ... ok
[INFO] [stdout] test angle::dd::tests::from_quadruple ... ok
[INFO] [stdout] test angle::dd::tests::from_int_overflow - should panic ... ok
[INFO] [stdout] test angle::dd::tests::good_fraction_minus_one_is_overflow ... ok
[INFO] [stdout] test angle::dd::tests::good_fraction_minus_two ... ok
[INFO] [stdout] test angle::dd::tests::good_milli_seconds ... ok
[INFO] [stdout] test angle::dd::tests::complementary_dms ... ok
[INFO] [stdout] test angle::dd::tests::from_u8 ... ok
[INFO] [stdout] test angle::dd::tests::intermediate ... ok
[INFO] [stdout] test angle::dd::tests::default ... ok
[INFO] [stdout] test angle::dd::tests::from_u16 ... ok
[INFO] [stdout] test angle::dd::tests::print_fraction_as_dms ... ok
[INFO] [stdout] test angle::dd::tests::print_fraction_almost_integer ... ok
[INFO] [stdout] test angle::dd::tests::print_fraction_very_small ... ok
[INFO] [stdout] test angle::dd::tests::print_overflow_fraction_as_dms ... ok
[INFO] [stdout] test angle::dd::tests::from_f64 ... ok
[INFO] [stdout] test angle::dd::tests::from_f64_deg_overflow - should panic ... ok
[INFO] [stdout] test angle::dd::tests::from_triple ... ok
[INFO] [stdout] test angle::dd::tests::print_fraction_as_dms_without_milli ... ok
[INFO] [stdout] test angle::dd::tests::max_valid_value ... ok
[INFO] [stdout] test angle::dd::tests::print_fraction_as_dms_without_seconds ... ok
[INFO] [stdout] test angle::dd::tests::print_fraction ... ok
[INFO] [stdout] test angle::dd::tests::summing_dms_accumulate_errors - should panic ... FAILED
[INFO] [stdout] test angle::dd::tests::supplement_of_reflex_undefined ... ok
[INFO] [stdout] test angle::dd::tests::supplementary ... ok
[INFO] [stdout] test angle::dd::tests::supplementary_dms ... ok
[INFO] [stdout] test angle::dd::tests::test_first_degree_every_fraction_with_step_1 ... ignored
[INFO] [stdout] test angle::dd::tests::test_round_trip_conversion ... ignored
[INFO] [stdout] test angle::dd::tests::test_very_small_angles ... ok
[INFO] [stdout] test angle::dd::tests::print_right ... ok
[INFO] [stdout] test angle::dd::tests::print_zero ... ok
[INFO] [stdout] test angle::dd::tests::print_zero_as_dms ... ok
[INFO] [stdout] test angle::dd::tests::sub ... ok
[INFO] [stdout] test angle::dms_dd::parse_ascii_tests::deg_min ... ok
[INFO] [stdout] test angle::dms_dd::parse_ascii_tests::deg_min_sec_cas ... ok
[INFO] [stdout] test angle::dms_dd::parse_ascii_tests::mixed_ascii_min_and_unicode - should panic ... ok
[INFO] [stdout] test angle::dms_dd::parse_ascii_tests::mixed_ascii_sec_and_unicode - should panic ... ok
[INFO] [stdout] test angle::dms_dd::parse_ascii_tests::more_than_straight_is_valid ... ok
[INFO] [stdout] test angle::dd::tests::sub_underflow ... ok
[INFO] [stdout] test angle::dd::tests::print_right_as_dms ... ok
[INFO] [stdout] test angle::dd::tests::sub_with_zero_res ... ok
[INFO] [stdout] test angle::dms_dd::parse_ascii_tests::mixed_ascii_deg_and_unicode - should panic ... ok
[INFO] [stdout] test angle::dms_dd::parse_ascii_tests::deg_min_sec ... ok
[INFO] [stdout] test angle::dms_dd::parse_ascii_tests::overflow_in_deg_digits - should panic ... ok
[INFO] [stdout] test angle::dms_dd::parse_ascii_tests::simple_deg ... ok
[INFO] [stdout] test angle::dms_dd::parse_ascii_tests::deg_min_with_sign ... ok
[INFO] [stdout] test angle::dms_dd::parse_ascii_tests::overflow_in_sec_digits - should panic ... ok
[INFO] [stdout] test angle::dms_dd::parse_ascii_tests::skipping_degree_is_allowed_in_ascii_mode ... ok
[INFO] [stdout] test angle::dms_dd::parse_ascii_tests::single_digit_deg_min_sec_cas ... ok
[INFO] [stdout] test angle::dms_dd::parse_ascii_tests::space_between_deg_and_min ... ok
[INFO] [stdout] test angle::dms_dd::parse_ascii_tests::skipping_minutes_sign_is_not_allowed_in_ascii_mode - should panic ... ok
[INFO] [stdout] test angle::dms_dd::parse_ascii_tests::skipping_seconds_sign_is_not_allowed_in_ascii_mode - should panic ... ok
[INFO] [stdout] test angle::dms_dd::parse_ascii_tests::space_between_degree_val_and_sign_not_allowed - should panic ... ok
[INFO] [stdout] test angle::dms_dd::parse_ascii_tests::space_between_min_and_sec ... ok
[INFO] [stdout] test angle::dms_dd::parse_ascii_tests::spaces_between_parts ... ok
[INFO] [stdout] test angle::dms_dd::parse_tests::bad_negative - should panic ... ok
[INFO] [stdout] test angle::dms_dd::parse_tests::bad_too_big_for_angle - should panic ... ok
[INFO] [stdout] test angle::dms_dd::parse_tests::bad_float - should panic ... ok
[INFO] [stdout] test angle::dms_dd::parse_tests::big_but_valid ... ok
[INFO] [stdout] test angle::dms_dd::parse_tests::deg_min ... ok
[INFO] [stdout] test angle::dms_dd::parse_ascii_tests::spaces_between_parts_and_milliseconds - should panic ... ok
[INFO] [stdout] test angle::dms_dd::parse_tests::overflow_in_deg_digits - should panic ... ok
[INFO] [stdout] test angle::dms_dd::parse_tests::overflow_in_domain_deg - should panic ... ok
[INFO] [stdout] test angle::dms_dd::parse_tests::deg_min_sec ... ok
[INFO] [stdout] test angle::dms_dd::parse_ascii_tests::overflow_in_domain_deg - should panic ... ok
[INFO] [stdout] test angle::dms_dd::parse_tests::deg_min_sec_cas ... ok
[INFO] [stdout] test angle::dms_dd::parse_tests::more_than_straight_is_valid ... ok
[INFO] [stdout] test angle::dms_dd::parse_ascii_tests::overflow_in_milli_digits - should panic ... ok
[INFO] [stdout] test angle::dms_dd::parse_ascii_tests::overflow_in_min_digits - should panic ... ok
[INFO] [stdout] test angle::dms_dd::parse_ascii_tests::uneven_digits_deg_min_sec_cas ... ok
[INFO] [stdout] test angle::dms_dd::parse_tests::overflow_in_milli_digits - should panic ... ok
[INFO] [stdout] test angle::dms_dd::parse_tests::overflow_in_min_digits - should panic ... ok
[INFO] [stdout] test angle::dms_dd::parse_tests::simple_integer ... ok
[INFO] [stdout] test angle::dms_dd::parse_tests::simple_integer_with_degree_sign ... ok
[INFO] [stdout] test angle::dms_dd::parse_tests::single_digit_deg_min_sec_cas ... ok
[INFO] [stdout] test angle::dms_dd::parse_tests::round_up_more_than_7_digits ... ok
[INFO] [stdout] test angle::dms_dd::parse_tests::simple_decimal_with_degree_sign ... ok
[INFO] [stdout] test angle::dms_dd::parse_tests::simple_deg ... ok
[INFO] [stdout] test angle::dms_dd::parse_tests::simple_decimal ... ok
[INFO] [stdout] test angle::dms_dd::parse_tests::overflow_in_sec_digits - should panic ... ok
[INFO] [stdout] test angle::dms_dd::parse_tests::round_down_more_than_6_digits ... ok
[INFO] [stdout] test angle::dms_dd::parse_tests::skipping_degree_is_not_allowed_in_unicode_mode - should panic ... ok
[INFO] [stdout] test angle::dms_dd::parse_tests::space_between_deg_and_min ... ok
[INFO] [stdout] test angle::dms_dd::parse_tests::space_between_degree_val_and_sign_not_allowed - should panic ... ok
[INFO] [stdout] test angle::dms_dd::tests::add ... ok
[INFO] [stdout] test angle::dms_dd::tests::add_minimal_overflow ... ok
[INFO] [stdout] test angle::dms_dd::tests::add_no_overflow ... ok
[INFO] [stdout] test angle::dms_dd::parse_tests::space_between_min_and_sec ... ok
[INFO] [stdout] test angle::dms_dd::parse_tests::spaces_between_parts ... ok
[INFO] [stdout] test angle::dms_dd::tests::add_with_wrapping ... ok
[INFO] [stdout] test angle::dms_dd::tests::bad_fraction - should panic ... ok
[INFO] [stdout] test angle::dms_dd::tests::bad_milli_seconds_2 - should panic ... ok
[INFO] [stdout] test angle::dms_dd::tests::bad_milli_seconds - should panic ... ok
[INFO] [stdout] test angle::dms_dd::parse_tests::spaces_between_parts_and_milliseconds - should panic ... ok
[INFO] [stdout] test angle::dms_dd::parse_tests::too_precise_truncation ... ok
[INFO] [stdout] test angle::dms_dd::parse_tests::uneven_digits_deg_min_sec_cas ... ok
[INFO] [stdout] test angle::dms_dd::tests::bad_minutes - should panic ... ok
[INFO] [stdout] test angle::dms_dd::tests::bigger_than_complete - should panic ... ok
[INFO] [stdout] test angle::dms_dd::tests::bigger_than_complete_milli_second - should panic ... ok
[INFO] [stdout] test angle::dms_dd::tests::bigger_than_complete_minimum_fraction - should panic ... ok
[INFO] [stdout] test angle::dms_dd::tests::bigger_than_complete_degree - should panic ... ok
[INFO] [stdout] test angle::dms_dd::tests::bigger_than_complete_minute - should panic ... ok
[INFO] [stdout] test angle::dms_dd::tests::bigger_than_complete_second - should panic ... ok
[INFO] [stdout] test angle::dms_dd::tests::bigger_than_straight_is_valid ... ok
[INFO] [stdout] test angle::dms_dd::tests::complementary ... ok
[INFO] [stdout] test angle::dms_dd::tests::complementary_dms ... ok
[INFO] [stdout] test angle::dms_dd::tests::complete ... ok
[INFO] [stdout] test angle::dms_dd::tests::default ... ok
[INFO] [stdout] test angle::dms_dd::tests::bigger_than_straight_dms ... ok
[INFO] [stdout] test angle::dms_dd::tests::complement_of_obtuse_undefined ... ok
[INFO] [stdout] test angle::dms_dd::tests::bad_seconds - should panic ... ok
[INFO] [stdout] test angle::dms_dd::tests::explement_of_obtuse_is_reflex ... ok
[INFO] [stdout] test angle::dms_dd::tests::explementary_dms ... ok
[INFO] [stdout] test angle::dms_dd::tests::dms_almost_int ... ok
[INFO] [stdout] test angle::dms_dd::tests::explementary ... ok
[INFO] [stdout] test angle::dms_dd::tests::accurate_angle_is_32_bits ... ok
[INFO] [stdout] test angle::dms_dd::tests::from_ar2 ... ok
[INFO] [stdout] test angle::dms_dd::tests::from_ar3 ... ok
[INFO] [stdout] test angle::dms_dd::tests::bad_fraction_2 - should panic ... ok
[INFO] [stdout] test angle::dms_dd::tests::bad_seconds_2 - should panic ... ok
[INFO] [stdout] test angle::dms_dd::tests::from_f64 ... ok
[INFO] [stdout] test angle::dms_dd::tests::from_f64_deg_overflow - should panic ... ok
[INFO] [stdout] test angle::dms_dd::tests::from_f64_wrap_around_u16 - should panic ... ok
[INFO] [stdout] test angle::dms_dd::tests::from_u8 ... ok
[INFO] [stdout] test angle::dms_dd::tests::from_int_overflow - should panic ... ok
[INFO] [stdout] test angle::dms_dd::tests::from_ar4 ... ok
[INFO] [stdout] test angle::dms_dd::tests::from_ar4_overflow - should panic ... ok
[INFO] [stdout] test angle::dms_dd::tests::good_fraction_minus_one_is_overflow ... ok
[INFO] [stdout] test angle::dms_dd::tests::from_pair ... ok
[INFO] [stdout] test angle::dms_dd::tests::good_fraction_minus_two ... ok
[INFO] [stdout] test angle::dms_dd::tests::good_milli_seconds ... ok
[INFO] [stdout] test angle::dms_dd::tests::print_fraction ... ok
[INFO] [stdout] test angle::dms_dd::tests::print_fraction_almost_integer ... ok
[INFO] [stdout] test angle::dms_dd::tests::print_fraction_as_dms ... ok
[INFO] [stdout] test angle::dms_dd::tests::print_fraction_as_dms_without_milli ... ok
[INFO] [stdout] test angle::dms_dd::tests::print_fraction_as_dms_without_seconds ... ok
[INFO] [stdout] test angle::dms_dd::tests::print_fraction_very_small ... ok
[INFO] [stdout] test angle::dms_dd::tests::print_overflow_fraction_as_dms ... ok
[INFO] [stdout] test angle::dms_dd::tests::intermediate ... ok
[INFO] [stdout] test angle::dms_dd::tests::print_right ... ok
[INFO] [stdout] test angle::dms_dd::tests::from_u16 ... ok
[INFO] [stdout] test angle::dms_dd::tests::max_valid_value ... ok
[INFO] [stdout] test angle::dms_dd::tests::print_right_as_dms ... ok
[INFO] [stdout] test angle::dms_dd::tests::print_zero ... ok
[INFO] [stdout] test angle::dms_dd::tests::sub_underflow ... ok
[INFO] [stdout] test angle::dms_dd::tests::sub_with_zero_res ... ok
[INFO] [stdout] test angle::dms_dd::tests::print_zero_as_dms ... ok
[INFO] [stdout] test angle::dms_dd::tests::summing_dms_does_not_accumulate_errors ... ok
[INFO] [stdout] test angle::dms_dd::tests::sub ... ok
[INFO] [stdout] test angle::dms_dd::tests::supplementary ... ok
[INFO] [stdout] test angle::dms_dd::tests::test_first_degree_every_fraction_with_step_1 ... ignored
[INFO] [stdout] test angle::dms_dd::tests::test_round_trip_conversion ... ignored
[INFO] [stdout] test coord::lat::arith_tests::cross_the_equator_while_going_south ... ok
[INFO] [stdout] test coord::lat::arith_tests::diff_between_north_and_south ... ok
[INFO] [stdout] test coord::lat::arith_tests::diff_equal_is_zero ... ok
[INFO] [stdout] test coord::lat::arith_tests::go_beyond_north_pole - should panic ... ok
[INFO] [stdout] test angle::dms_dd::tests::supplementary_dms ... ok
[INFO] [stdout] test angle::dms_dd::tests::test_very_small_angles ... ok
[INFO] [stdout] test coord::lat::arith_tests::cross_the_equator_while_going_north ... ok
[INFO] [stdout] test coord::lat::arith_tests::simply_north ... ok
[INFO] [stdout] test coord::lat::arith_tests::simply_south ... ok
[INFO] [stdout] test coord::lat::bad_parse_tests_accur::bad_float - should panic ... ok
[INFO] [stdout] test coord::lat::arith_tests::go_beyond_north_pole_bad_angle - should panic ... ok
[INFO] [stdout] test coord::lat::bad_parse_tests_accur::bad_hemisphere - should panic ... ok
[INFO] [stdout] test coord::lat::arith_tests::go_beyond_south_pole - should panic ... ok
[INFO] [stdout] test coord::lat::arith_tests::less_from_greater_is_undef - should panic ... ok
[INFO] [stdout] test coord::lat::bad_parse_tests_accur::bad_sign - should panic ... ok
[INFO] [stdout] test angle::dms_dd::tests::from_quadruple ... ok
[INFO] [stdout] test angle::dms_dd::tests::from_triple ... ok
[INFO] [stdout] test angle::dms_dd::tests::supplement_of_reflex_undefined ... ok
[INFO] [stdout] test coord::lat::bad_parse_tests_accur::empty - should panic ... ok
[INFO] [stdout] test coord::lat::bad_parse_tests_accur::no_prefix_no_suffix - should panic ... ok
[INFO] [stdout] test coord::lat::bad_parse_tests_accur::round_more_than_7_digits ... ok
[INFO] [stdout] test coord::lat::bad_parse_tests_accur::too_big_angle_south - should panic ... ok
[INFO] [stdout] test coord::lat::bad_parse_tests_dec::bad_hemisphere - should panic ... ok
[INFO] [stdout] test coord::lat::bad_parse_tests_dec::too_big_angle_north - should panic ... ok
[INFO] [stdout] test coord::lat::parse_tests_accur::equator_does_not_require_pole ... ok
[INFO] [stdout] test coord::lat::parse_tests_accur::prefix_decimal ... ok
[INFO] [stdout] test coord::lat::bad_parse_tests_accur::too_big_angle_north - should panic ... ok
[INFO] [stdout] test coord::lat::bad_parse_tests_dec::bad_sign - should panic ... ok
[INFO] [stdout] test coord::lat::parse_tests_accur::prefix_no_space ... ok
[INFO] [stdout] test coord::lat::bad_parse_tests_dec::bad_float - should panic ... ok
[INFO] [stdout] test coord::lat::parse_tests_accur::prefix_sign_decimal ... ok
[INFO] [stdout] test coord::lat::parse_tests_accur::prefix_with_space ... ok
[INFO] [stdout] test coord::lat::bad_parse_tests_dec::empty - should panic ... ok
[INFO] [stdout] test coord::lat::parse_tests_accur::prefix_sign_with_space ... ok
[INFO] [stdout] test coord::lat::parse_tests_accur::suffix_decimal ... ok
[INFO] [stdout] test coord::lat::bad_parse_tests_dec::round_more_than_7_digits ... ok
[INFO] [stdout] test coord::lat::bad_parse_tests_dec::too_big_angle_south - should panic ... ok
[INFO] [stdout] test coord::lat::parse_tests_accur::simple_degree ... ok
[INFO] [stdout] test coord::lat::parse_tests_dec::equator_does_not_require_pole ... ok
[INFO] [stdout] test coord::lat::parse_tests_dec::prefix_sign_no_space ... ok
[INFO] [stdout] test coord::lat::parse_tests_dec::prefix_sign_with_space ... ok
[INFO] [stdout] test coord::lat::parse_tests_accur::suffix_with_space ... ok
[INFO] [stdout] test coord::lat::parse_tests_accur::suffix_no_space ... ok
[INFO] [stdout] test coord::lat::parse_tests_dec::prefix_no_space ... ok
[INFO] [stdout] test coord::lat::parse_tests_dec::prefix_decimal ... ok
[INFO] [stdout] test coord::lat::parse_tests_dec::prefix_with_space ... ok
[INFO] [stdout] test coord::lat::parse_tests_dec::prefix_sign_decimal ... ok
[INFO] [stdout] test coord::lat::parse_tests_accur::prefix_sign_no_space ... ok
[INFO] [stdout] test coord::lat::parse_tests_dec::simple_degree ... ok
[INFO] [stdout] test coord::lat::tests_accur::bad_latitude_max - should panic ... ok
[INFO] [stdout] test coord::lat::tests_accur::bad_latitude_min - should panic ... ok
[INFO] [stdout] test coord::lat::tests_accur::bad_latitude_overflow - should panic ... ok
[INFO] [stdout] test coord::lat::tests_accur::from_f64_north ... ok
[INFO] [stdout] test coord::lat::tests_accur::from_f64_overflow - should panic ... ok
[INFO] [stdout] test coord::lat::tests_accur::from_f64_south ... ok
[INFO] [stdout] test coord::lat::tests_accur::equal_equators ... ok
[INFO] [stdout] test coord::lat::parse_tests_dec::suffix_decimal ... ok
[INFO] [stdout] test coord::lat::tests_accur::ordering ... ok
[INFO] [stdout] test coord::lat::parse_tests_dec::suffix_no_space ... ok
[INFO] [stdout] test coord::lat::parse_tests_dec::suffix_with_space ... ok
[INFO] [stdout] test coord::lat::tests_accur::size_lat ... ok
[INFO] [stdout] test coord::lat::tests_accur::bad_latitude_underflow - should panic ... ok
[INFO] [stdout] test coord::lat::tests_accur::south_less_than_north ... ok
[INFO] [stdout] test coord::lat::bad_parse_tests_dec::no_prefix_no_suffix - should panic ... ok
[INFO] [stdout] test coord::lat::tests_dec::bad_latitude_min - should panic ... ok
[INFO] [stdout] test coord::lat::tests_dec::bad_latitude_overflow - should panic ... ok
[INFO] [stdout] test coord::lat::tests_accur::good_latitude_max ... ok
[INFO] [stdout] test coord::lat::tests_dec::bad_latitude_max - should panic ... ok
[INFO] [stdout] test coord::lat::tests_accur::good_latitude_min ... ok
[INFO] [stdout] test coord::lat::tests_accur::parallels_symmetry ... ok
[INFO] [stdout] test coord::lat::tests_dec::bad_latitude_underflow - should panic ... ok
[INFO] [stdout] test coord::lat::tests_dec::from_f64_south ... ok
[INFO] [stdout] test coord::lat::tests_dec::from_f64_north ... ok
[INFO] [stdout] test coord::lat::tests_dec::from_f64_overflow - should panic ... ok
[INFO] [stdout] test coord::lat::tests_dec::ordering ... ok
[INFO] [stdout] test coord::lat::tests_dec::equal_equators ... ok
[INFO] [stdout] test coord::lat::tests_dec::good_latitude_max ... ok
[INFO] [stdout] test coord::lat::tests_dec::good_latitude_min ... ok
[INFO] [stdout] test coord::lat::tests_dec::parallels_symmetry ... ok
[INFO] [stdout] test coord::lat::tests_dec::size_lat ... ok
[INFO] [stdout] test coord::lat::tests_dec::south_less_than_north ... ok
[INFO] [stdout] test coord::lon::arith_tests::cross_the_prime_while_going_west ... ok
[INFO] [stdout] test coord::lon::arith_tests::diff_between_east_and_west ... ok
[INFO] [stdout] test coord::lon::arith_tests::diff_equal_is_zero ... ok
[INFO] [stdout] test coord::lon::arith_tests::around_the_world_west ... ok
[INFO] [stdout] test coord::lon::arith_tests::around_the_world_east ... ok
[INFO] [stdout] test coord::lon::arith_tests::less_from_greater_is_almost_a_circle ... ok
[INFO] [stdout] test coord::lon::arith_tests::simply_east ... ok
[INFO] [stdout] test coord::lon::arith_tests::simply_west ... ok
[INFO] [stdout] test coord::lon::arith_tests::cross_the_180_while_going_west ... ok
[INFO] [stdout] test coord::lon::arith_tests::cross_the_180_while_going_east ... ok
[INFO] [stdout] test coord::lon::arith_tests::cross_the_prime_while_going_east ... ok
[INFO] [stdout] test coord::lon::bad_parse_tests_accur::bad_direction - should panic ... ok
[INFO] [stdout] test coord::lon::bad_parse_tests_accur::empty - should panic ... ok
[INFO] [stdout] test coord::lon::bad_parse_tests_accur::too_big_angle_west - should panic ... ok
[INFO] [stdout] test coord::lon::bad_parse_tests_accur::too_big_angle_east - should panic ... ok
[INFO] [stdout] test coord::lon::bad_parse_tests_accur::bad_float - should panic ... ok
[INFO] [stdout] test coord::lon::bad_parse_tests_accur::bad_sign - should panic ... ok
[INFO] [stdout] test coord::lon::bad_parse_tests_accur::no_prefix_no_suffix - should panic ... ok
[INFO] [stdout] test coord::lon::bad_parse_tests_dec::more_than_right_angle ... ok
[INFO] [stdout] test coord::lon::bad_parse_tests_dec::empty - should panic ... ok
[INFO] [stdout] test coord::lon::bad_parse_tests_accur::round_more_than_7_digits ... ok
[INFO] [stdout] test coord::lon::bad_parse_tests_dec::bad_direction - should panic ... ok
[INFO] [stdout] test coord::lon::bad_parse_tests_accur::more_than_right_angle ... ok
[INFO] [stdout] test coord::lon::bad_parse_tests_dec::no_prefix_no_suffix - should panic ... ok
[INFO] [stdout] test coord::lon::bad_parse_tests_dec::bad_float - should panic ... ok
[INFO] [stdout] test coord::lon::bad_parse_tests_dec::bad_sign - should panic ... ok
[INFO] [stdout] test coord::lon::bad_parse_tests_dec::round_more_than_7_digits ... ok
[INFO] [stdout] test coord::lon::bad_parse_tests_dec::too_big_angle_east - should panic ... ok
[INFO] [stdout] test coord::lon::parse_tests_accur::prefix_sign_with_space ... ok
[INFO] [stdout] test coord::lon::parse_tests_accur::anti_does_not_require_pole ... ok
[INFO] [stdout] test coord::lon::parse_tests_accur::prime_does_not_require_pole ... ok
[INFO] [stdout] test coord::lon::parse_tests_accur::prefix_decimal ... ok
[INFO] [stdout] test coord::lon::parse_tests_accur::prefix_sign_decimal ... ok
[INFO] [stdout] test coord::lon::parse_tests_accur::prefix_sign_no_space ... ok
[INFO] [stdout] test coord::lon::parse_tests_dec::anti_does_not_require_pole ... ok
[INFO] [stdout] test coord::lon::parse_tests_dec::prefix_decimal ... ok
[INFO] [stdout] test coord::lon::parse_tests_accur::simple_degree ... ok
[INFO] [stdout] test coord::lon::parse_tests_accur::prefix_no_space ... ok
[INFO] [stdout] test coord::lon::parse_tests_accur::suffix_decimal ... ok
[INFO] [stdout] test coord::lon::parse_tests_dec::prefix_no_space ... ok
[INFO] [stdout] test coord::lon::parse_tests_dec::prefix_sign_decimal ... ok
[INFO] [stdout] test coord::lon::parse_tests_dec::prime_does_not_require_pole ... ok
[INFO] [stdout] test coord::lon::parse_tests_dec::simple_degree ... ok
[INFO] [stdout] test coord::lon::bad_parse_tests_dec::too_big_angle_west - should panic ... ok
[INFO] [stdout] test coord::lon::parse_tests_accur::suffix_no_space ... ok
[INFO] [stdout] test coord::lon::parse_tests_accur::prefix_with_space ... ok
[INFO] [stdout] test coord::lon::parse_tests_accur::suffix_with_space ... ok
[INFO] [stdout] test coord::lon::parse_tests_dec::suffix_no_space ... ok
[INFO] [stdout] test coord::lon::parse_tests_dec::suffix_with_space ... ok
[INFO] [stdout] test coord::lon::parse_tests_dec::prefix_with_space ... ok
[INFO] [stdout] test coord::lon::parse_tests_dec::suffix_decimal ... ok
[INFO] [stdout] test coord::lon::tests_accur::anti_is_always_greater ... ok
[INFO] [stdout] test coord::lon::tests_accur::bad_longitude_east - should panic ... ok
[INFO] [stdout] test coord::lon::tests_accur::bad_longitude_west - should panic ... ok
[INFO] [stdout] test coord::lon::tests_accur::east_and_west_are_non_comparable ... ok
[INFO] [stdout] test coord::lon::tests_accur::from_f64_east ... ok
[INFO] [stdout] test coord::lon::tests_accur::east ... ok
[INFO] [stdout] test coord::lon::tests_accur::from_f64_overflow - should panic ... ok
[INFO] [stdout] test coord::lon::tests_accur::neg_prime_is_prime ... ok
[INFO] [stdout] test coord::lon::tests_accur::equal_anti_meridian ... ok
[INFO] [stdout] test coord::lon::parse_tests_dec::prefix_sign_no_space ... ok
[INFO] [stdout] test coord::lon::tests_accur::opposite_longitudes ... ok
[INFO] [stdout] test coord::lon::tests_accur::bad_longitude_east_2 - should panic ... ok
[INFO] [stdout] test coord::lon::tests_accur::equal_prime ... ok
[INFO] [stdout] test coord::lon::tests_accur::from_f64_west ... ok
[INFO] [stdout] test coord::lon::parse_tests_dec::prefix_sign_with_space ... ok
[INFO] [stdout] test coord::lon::tests_accur::good_longitude_west ... ok
[INFO] [stdout] test coord::lon::tests_accur::prime_and_anti_are_opposed_meridians ... ok
[INFO] [stdout] test coord::lon::tests_accur::west ... ok
[INFO] [stdout] test coord::lon::tests_accur::west_0_is_prime ... ok
[INFO] [stdout] test coord::lon::tests_accur::prime_is_always_less ... ok
[INFO] [stdout] test coord::lon::tests_accur::size_long ... ok
[INFO] [stdout] test coord::lon::tests_dec::bad_longitude_west - should panic ... ok
[INFO] [stdout] test coord::lon::tests_dec::equal_prime ... ok
[INFO] [stdout] test coord::lon::tests_dec::from_f64_east ... ok
[INFO] [stdout] test coord::lon::tests_dec::from_f64_west ... ok
[INFO] [stdout] test coord::lon::tests_dec::good_longitude_west ... ok
[INFO] [stdout] test coord::lon::tests_dec::east ... ok
[INFO] [stdout] test coord::lon::tests_dec::bad_longitude_east_2 - should panic ... ok
[INFO] [stdout] test coord::lon::tests_dec::east_and_west_are_non_comparable ... ok
[INFO] [stdout] test coord::lon::tests_dec::neg_prime_is_prime ... ok
[INFO] [stdout] test coord::lon::tests_dec::from_f64_overflow - should panic ... ok
[INFO] [stdout] test coord::lon::tests_dec::equal_anti_meridian ... ok
[INFO] [stdout] test coord::lon::tests_dec::opposite_longitudes ... ok
[INFO] [stdout] test coord::lon::tests_dec::prime_and_anti_are_opposed_meridians ... ok
[INFO] [stdout] test coord::lon::tests_dec::west_0_is_prime ... ok
[INFO] [stdout] test coord::lon::tests_dec::anti_is_always_greater ... ok
[INFO] [stdout] test coord::lon::tests_dec::bad_longitude_east - should panic ... ok
[INFO] [stdout] test coord::lon::tests_dec::prime_is_always_less ... ok
[INFO] [stdout] test coord::lon::tests_dec::size_long ... ok
[INFO] [stdout] test coord::lon::tests_dec::west ... ok
[INFO] [stdout] test coord::point::tests_accur::from_f64_east_long ... ok
[INFO] [stdout] test coord::point::tests_arith::equator_antipodal_is_on_equator ... ok
[INFO] [stdout] test coord::point::tests_accur::north_east ... ok
[INFO] [stdout] test coord::point::tests_accur::origin_point ... ok
[INFO] [stdout] test coord::point::tests_accur::south_pole ... ok
[INFO] [stdout] test coord::point::tests_arith::poles_are_antipods ... ok
[INFO] [stdout] test coord::point::tests_arith::simple_antipodal ... ok
[INFO] [stdout] test coord::point::tests_accur::lat3_long4 ... ok
[INFO] [stdout] test coord::point::tests_accur::from_f64_west_long ... ok
[INFO] [stdout] test coord::point::tests_dec::from_f64_east_long ... ok
[INFO] [stdout] test coord::point::tests_dec::from_f64_west_long ... ok
[INFO] [stdout] test coord::point::tests_dec::lat3_long4 ... ok
[INFO] [stdout] test coord::point::tests_dec::origin_point ... ok
[INFO] [stdout] test coord::point::tests_dec::south_pole ... ok
[INFO] [stdout] test coord::point::tests_accur::lat4_long3 ... ok
[INFO] [stdout] test coord::point::tests_dec::north_east ... ok
[INFO] [stdout] test coord::point::tests_accur::south_west ... ok
[INFO] [stdout] test utils::tests::split_head_single ... ok
[INFO] [stdout] test coord::point::tests_dec::south_west ... ok
[INFO] [stdout] test utils::tests::split_head ... ok
[INFO] [stdout] test utils::tests::split_tail ... ok
[INFO] [stdout] test utils::tests::split_tail_empty ... ok
[INFO] [stdout] test utils::tests::test_div_mod ... ok
[INFO] [stdout] test utils::tests::unsigned ... ok
[INFO] [stdout] test utils::tests::strip_prefix_no_match ... ok
[INFO] [stdout] test utils::tests::strip_suffix_matches ... ok
[INFO] [stdout] test coord::point::tests_dec::lat4_long3 ... ok
[INFO] [stdout] test utils::tests::split_head_empty ... ok
[INFO] [stdout] test utils::tests::strip_suffix_no_match ... ok
[INFO] [stdout] test utils::tests::split_tail_single ... ok
[INFO] [stderr] error: test failed, to rerun pass `--lib`
[INFO] [stdout] test utils::tests::strip_prefix_matches ... ok
[INFO] [stdout] 
[INFO] [stdout] failures:
[INFO] [stdout] 
[INFO] [stdout] ---- angle::dd::tests::summing_dms_accumulate_errors stdout ----
[INFO] [stdout] 
[INFO] [stdout] thread 'angle::dd::tests::summing_dms_accumulate_errors' (342) panicked at src/angle/dd.rs:871:9:
[INFO] [stdout] assertion `left == right` failed
[INFO] [stdout]   left: 11
[INFO] [stdout]  right: 10
[INFO] [stdout] stack backtrace:
[INFO] [stdout]    0:     0x5c6945b16b11 - <<std[70759c8f55707aa4]::sys::backtrace::BacktraceLock>::print::DisplayBacktrace as core[df12db4294e9bfd3]::fmt::Display>::fmt
[INFO] [stdout]    1:     0x5c6945b2cb3a - core[df12db4294e9bfd3]::fmt::write
[INFO] [stdout]    2:     0x5c6945b1afac - <alloc[2182bb758b4b3781]::vec::Vec<u8> as core[df12db4294e9bfd3]::io::write::Write>::write_fmt
[INFO] [stdout]    3:     0x5c6945af3106 - std[70759c8f55707aa4]::panicking::default_hook::{closure#0}
[INFO] [stdout]    4:     0x5c6945b0f279 - std[70759c8f55707aa4]::panicking::default_hook
[INFO] [stdout]    5:     0x5c69459e5e30 - test[9d35eded1c95d3be]::test_main_inner::<test[9d35eded1c95d3be]::test_main_static::{closure#0}>::{closure#0}
[INFO] [stdout]    6:     0x5c6945b0f432 - std[70759c8f55707aa4]::panicking::panic_with_hook
[INFO] [stdout]    7:     0x5c6945af31b2 - std[70759c8f55707aa4]::panicking::panic_handler::{closure#0}
[INFO] [stdout]    8:     0x5c6945aebf39 - std[70759c8f55707aa4]::sys::backtrace::__rust_end_short_backtrace::<std[70759c8f55707aa4]::panicking::panic_handler::{closure#0}, !>
[INFO] [stdout]    9:     0x5c6945af3dad - __rustc[8fa7c3cbc660c2b3]::rust_begin_unwind
[INFO] [stdout]   10:     0x5c6945b2d31c - core[df12db4294e9bfd3]::panicking::panic_fmt
[INFO] [stdout]   11:     0x5c6945b2d233 - core[df12db4294e9bfd3]::panicking::assert_failed_inner
[INFO] [stdout]   12:     0x5c69459cf9e6 - core[df12db4294e9bfd3]::panicking::assert_failed::<u16, u16>
[INFO] [stdout]   13:     0x5c69459cbbaa - geod_types[65d2f0c742cfdfd]::angle::dd::tests::summing_dms_accumulate_errors
[INFO] [stdout]   14:     0x5c69459bde19 - <geod_types[65d2f0c742cfdfd]::angle::dd::tests::summing_dms_accumulate_errors::{closure#0} as core[df12db4294e9bfd3]::ops::function::FnOnce<()>>::call_once
[INFO] [stdout]   15:     0x5c69459d911b - test[9d35eded1c95d3be]::__rust_begin_short_backtrace::<core[df12db4294e9bfd3]::result::Result<(), alloc[2182bb758b4b3781]::string::String>, fn() -> core[df12db4294e9bfd3]::result::Result<(), alloc[2182bb758b4b3781]::string::String>>
[INFO] [stdout]   16:     0x5c69459e6785 - test[9d35eded1c95d3be]::run_test::{closure#0}
[INFO] [stdout]   17:     0x5c69459e0044 - std[70759c8f55707aa4]::sys::backtrace::__rust_begin_short_backtrace::<test[9d35eded1c95d3be]::run_test::{closure#1}, ()>
[INFO] [stdout]   18:     0x5c69459e98e2 - <std[70759c8f55707aa4]::thread::lifecycle::spawn_unchecked<test[9d35eded1c95d3be]::run_test::{closure#1}, ()>::{closure#1} as core[df12db4294e9bfd3]::ops::function::FnOnce<()>>::call_once::{shim:vtable#0}
[INFO] [stdout]   19:     0x5c6945b163e9 - <std[70759c8f55707aa4]::sys::thread::unix::Thread>::new::thread_start
[INFO] [stdout]   20:     0x79263212adfa - <unknown>
[INFO] [stdout]   21:     0x7926321be3d4 - clone
[INFO] [stdout]   22:                0x0 - <unknown>
[INFO] [stdout] note: panic did not contain expected string
[INFO] [stdout]       panic message: "assertion `left == right` failed\n  left: 11\n right: 10"
[INFO] [stdout]  expected substring: "assertion failed"
[INFO] [stdout] 
[INFO] [stdout] failures:
[INFO] [stdout]     angle::dd::tests::summing_dms_accumulate_errors
[INFO] [stdout] 
[INFO] [stdout] test result: FAILED. 435 passed; 1 failed; 4 ignored; 0 measured; 0 filtered out; finished in 0.09s
[INFO] [stdout] 
[INFO] running `Command { std: "docker" "inspect" "378657c8945301e7285bedf6f09ceaedb20f4a355f17132617aef034b426db90", kill_on_drop: false }`
[INFO] running `Command { std: "docker" "rm" "-f" "378657c8945301e7285bedf6f09ceaedb20f4a355f17132617aef034b426db90", kill_on_drop: false }`
[INFO] [stdout] 378657c8945301e7285bedf6f09ceaedb20f4a355f17132617aef034b426db90
