[INFO] fetching crate geocoding 0.4.0...
[INFO] testing geocoding-0.4.0 against 1.99.0-beta.8+cargoflags=--release for beta-release-1.100-2
[INFO] extracting crate geocoding 0.4.0 into /workspace/builds/worker-4-tc1/source
[INFO] started tweaking crates.io crate geocoding 0.4.0
[INFO] finished tweaking crates.io crate geocoding 0.4.0
[INFO] tweaked toml for crates.io crate geocoding 0.4.0 written to /workspace/builds/worker-4-tc1/source/Cargo.toml
[INFO] validating manifest of crates.io crate geocoding 0.4.0 on toolchain 1.99.0-beta.8
[INFO] running `Command { std: CARGO_HOME="/workspace/cargo-home" RUSTUP_HOME="/workspace/rustup-home" "/workspace/cargo-home/bin/cargo" "+1.99.0-beta.8" "metadata" "--manifest-path" "Cargo.toml" "--no-deps", kill_on_drop: false }`
[INFO] running `Command { std: CARGO_HOME="/workspace/cargo-home" RUSTUP_HOME="/workspace/rustup-home" "/workspace/cargo-home/bin/cargo" "+1.99.0-beta.8" "generate-lockfile" "--manifest-path" "Cargo.toml", kill_on_drop: false }`
[INFO] [stderr]     Updating crates.io index
[INFO] [stderr]      Locking 176 packages to highest compatible versions
[INFO] [stderr]       Adding hyper v0.14.32 (available: v1.12.0)
[INFO] [stderr]       Adding reqwest v0.11.27 (available: v0.13.5)
[INFO] [stderr]       Adding thiserror v1.0.69 (available: v2.0.21)
[INFO] running `Command { std: CARGO_HOME="/workspace/cargo-home" RUSTUP_HOME="/workspace/rustup-home" "/workspace/cargo-home/bin/cargo" "+1.99.0-beta.8" "fetch" "--manifest-path" "Cargo.toml", kill_on_drop: false }`
[INFO] [stderr]  Downloading crates ...
[INFO] [stderr]   Downloaded geo-types v0.7.20
[INFO] running `Command { std: "docker" "create" "-v" "/var/lib/crater-agent-workspace/builds/worker-4-tc1/source:/opt/rustwide/workdir:ro,Z" "-v" "/var/lib/crater-agent-workspace/builds/worker-4-tc1/target:/opt/rustwide/target:rw,Z" "-v" "/var/lib/crater-agent-workspace/cargo-home:/opt/rustwide/cargo-home:ro,Z" "-v" "/var/lib/crater-agent-workspace/rustup-home:/opt/rustwide/rustup-home:ro,Z" "-m" "1610612736" "--network" "none" "ghcr.io/rust-lang/crates-build-env/linux@sha256:77db811e55d90add9212f6832c23229e3de5f1c1f9905e8cb07319ea15df73ac" "sleep" "infinity", kill_on_drop: false }`
[INFO] [stdout] 94cc536a4dcc5d73fa868fc798a5f51bde545b179171f5cbb4db15d03d868b0d
[INFO] running `Command { std: "docker" "start" "94cc536a4dcc5d73fa868fc798a5f51bde545b179171f5cbb4db15d03d868b0d", kill_on_drop: false }`
[INFO] running `Command { std: "docker" "inspect" "94cc536a4dcc5d73fa868fc798a5f51bde545b179171f5cbb4db15d03d868b0d", kill_on_drop: false }`
[INFO] running `Command { std: "docker" "exec" "-e" "SOURCE_DIR=/opt/rustwide/workdir" "-e" "CARGO_HOME=/opt/rustwide/cargo-home" "-e" "RUSTUP_HOME=/opt/rustwide/rustup-home" "-e" "CARGO_TARGET_DIR=/opt/rustwide/target" "-w" "/opt/rustwide/workdir" "--user" "0:0" "94cc536a4dcc5d73fa868fc798a5f51bde545b179171f5cbb4db15d03d868b0d" "/opt/rustwide/cargo-home/bin/cargo" "+1.99.0-beta.8" "metadata" "--no-deps" "--format-version=1", kill_on_drop: false }`
[INFO] running `Command { std: "docker" "inspect" "94cc536a4dcc5d73fa868fc798a5f51bde545b179171f5cbb4db15d03d868b0d", kill_on_drop: false }`
[INFO] running `Command { std: "docker" "exec" "-e" "SOURCE_DIR=/opt/rustwide/workdir" "-e" "CARGO_HOME=/opt/rustwide/cargo-home" "-e" "RUSTUP_HOME=/opt/rustwide/rustup-home" "-e" "CARGO_TARGET_DIR=/opt/rustwide/target" "-e" "CARGO_INCREMENTAL=0" "-e" "RUST_BACKTRACE=full" "-e" "RUSTFLAGS=--cap-lints=warn" "-e" "RUSTDOCFLAGS=--cap-lints=warn" "-w" "/opt/rustwide/workdir" "--user" "0:0" "94cc536a4dcc5d73fa868fc798a5f51bde545b179171f5cbb4db15d03d868b0d" "/opt/rustwide/cargo-home/bin/cargo" "+1.99.0-beta.8" "build" "--frozen" "--message-format=json" "--release", kill_on_drop: false }`
[INFO] [stderr]    Compiling syn v3.0.9
[INFO] [stderr]    Compiling tokio v1.53.3
[INFO] [stderr]    Compiling http v0.2.12
[INFO] [stderr]    Compiling futures-io v0.3.34
[INFO] [stderr]    Compiling bitflags v2.13.2
[INFO] [stderr]    Compiling smallvec v1.16.3
[INFO] [stderr]    Compiling futures-task v0.3.34
[INFO] [stderr]    Compiling num-traits v0.2.19
[INFO] [stderr]    Compiling futures-util v0.3.34
[INFO] [stderr]    Compiling openssl v0.10.81
[INFO] [stderr]    Compiling socket2 v0.5.10
[INFO] [stderr]    Compiling thiserror v2.0.21
[INFO] [stderr]    Compiling rustls-pemfile v1.0.4
[INFO] [stderr]    Compiling serde_json v1.0.154
[INFO] [stderr]    Compiling http-body v0.4.6
[INFO] [stderr]    Compiling thiserror-impl v1.0.69
[INFO] [stderr]    Compiling thiserror v1.0.69
[INFO] [stderr]    Compiling synstructure v0.14.0
[INFO] [stderr]    Compiling native-tls v0.2.18
[INFO] [stderr]    Compiling zerofrom-derive v0.1.8
[INFO] [stderr]    Compiling yoke-derive v0.8.4
[INFO] [stderr]    Compiling zerovec-derive v0.11.6
[INFO] [stderr]    Compiling displaydoc v0.2.7
[INFO] [stderr]    Compiling tokio-util v0.7.20
[INFO] [stderr]    Compiling serde_derive v1.0.229
[INFO] [stderr]    Compiling tokio-native-tls v0.3.1
[INFO] [stderr]    Compiling thiserror-impl v2.0.21
[INFO] [stderr]    Compiling h2 v0.3.27
[INFO] [stderr]    Compiling zerofrom v0.1.8
[INFO] [stderr]    Compiling yoke v0.8.3
[INFO] [stderr]    Compiling zerovec v0.11.8
[INFO] [stderr]    Compiling zerotrie v0.2.5
[INFO] [stderr]    Compiling geo-types v0.7.20
[INFO] [stderr]    Compiling tinystr v0.8.4
[INFO] [stderr]    Compiling potential_utf v0.1.6
[INFO] [stderr]    Compiling icu_locale_core v2.3.0
[INFO] [stderr]    Compiling icu_collections v2.3.0
[INFO] [stderr]    Compiling serde v1.0.229
[INFO] [stderr]    Compiling icu_provider v2.3.1
[INFO] [stderr]    Compiling icu_normalizer v2.3.0
[INFO] [stderr]    Compiling icu_properties v2.3.0
[INFO] [stderr]    Compiling serde_urlencoded v0.7.1
[INFO] [stderr]    Compiling chrono v0.4.45
[INFO] [stderr]    Compiling hyper v0.14.32
[INFO] [stderr]    Compiling idna_adapter v1.2.2
[INFO] [stderr]    Compiling idna v1.1.0
[INFO] [stderr]    Compiling url v2.5.8
[INFO] [stderr]    Compiling hyper-tls v0.5.0
[INFO] [stderr]    Compiling reqwest v0.11.27
[INFO] [stderr]    Compiling geocoding v0.4.0 (/opt/rustwide/workdir)
[INFO] [stdout] warning: use of deprecated type alias `geo_types::Coordinate`: Renamed to `geo_types::Coord` (or `geo::Coord`)
[INFO] [stdout]   --> src/lib.rs:31:21
[INFO] [stdout]    |
[INFO] [stdout] 31 | pub use geo_types::{Coordinate, Point};
[INFO] [stdout]    |                     ^^^^^^^^^^
[INFO] [stdout]    |
[INFO] [stdout]    = note: `#[warn(deprecated)]` on by default
[INFO] [stdout] 
[INFO] [stdout] 
[INFO] [stdout] warning: field `id` is never read
[INFO] [stdout]    --> src/geoadmin.rs:371:5
[INFO] [stdout]     |
[INFO] [stdout] 367 | pub struct GeoAdminForwardLocation<T>
[INFO] [stdout]     |            ----------------------- field in this struct
[INFO] [stdout] ...
[INFO] [stdout] 371 |     id: Option<usize>,
[INFO] [stdout]     |     ^^
[INFO] [stdout]     |
[INFO] [stdout]     = note: `GeoAdminForwardLocation` has a derived impl for the trait `Debug`, but this is intentionally ignored during dead code analysis
[INFO] [stdout]     = note: `#[warn(dead_code)]` (part of `#[warn(unused)]`) on by default
[INFO] [stdout] 
[INFO] [stdout] 
[INFO] [stdout] warning: field `id` is never read
[INFO] [stdout]    --> src/geoadmin.rs:420:5
[INFO] [stdout]     |
[INFO] [stdout] 419 | pub struct GeoAdminReverseLocation {
[INFO] [stdout]     |            ----------------------- field in this struct
[INFO] [stdout] 420 |     id: String,
[INFO] [stdout]     |     ^^
[INFO] [stdout]     |
[INFO] [stdout]     = note: `GeoAdminReverseLocation` has a derived impl for the trait `Debug`, but this is intentionally ignored during dead code analysis
[INFO] [stdout] 
[INFO] [stdout] 
[INFO] [stderr]     Finished `release` profile [optimized] target(s) in 1m 43s
[INFO] running `Command { std: "docker" "inspect" "94cc536a4dcc5d73fa868fc798a5f51bde545b179171f5cbb4db15d03d868b0d", kill_on_drop: false }`
[INFO] running `Command { std: "docker" "exec" "-e" "SOURCE_DIR=/opt/rustwide/workdir" "-e" "CARGO_HOME=/opt/rustwide/cargo-home" "-e" "RUSTUP_HOME=/opt/rustwide/rustup-home" "-e" "CARGO_TARGET_DIR=/opt/rustwide/target" "-e" "CARGO_INCREMENTAL=0" "-e" "RUST_BACKTRACE=full" "-e" "RUSTFLAGS=--cap-lints=warn" "-e" "RUSTDOCFLAGS=--cap-lints=warn" "-w" "/opt/rustwide/workdir" "--user" "0:0" "94cc536a4dcc5d73fa868fc798a5f51bde545b179171f5cbb4db15d03d868b0d" "/opt/rustwide/cargo-home/bin/cargo" "+1.99.0-beta.8" "test" "--frozen" "--no-run" "--message-format=json" "--release", kill_on_drop: false }`
[INFO] [stdout] warning: use of deprecated type alias `geo_types::Coordinate`: Renamed to `geo_types::Coord` (or `geo::Coord`)
[INFO] [stdout]   --> src/lib.rs:31:21
[INFO] [stdout]    |
[INFO] [stdout] 31 | pub use geo_types::{Coordinate, Point};
[INFO] [stdout]    |                     ^^^^^^^^^^
[INFO] [stdout]    |
[INFO] [stdout]    = note: `#[warn(deprecated)]` on by default
[INFO] [stdout] 
[INFO] [stdout] 
[INFO] [stdout] warning: field `id` is never read
[INFO] [stdout]    --> src/geoadmin.rs:371:5
[INFO] [stdout]     |
[INFO] [stdout] 367 | pub struct GeoAdminForwardLocation<T>
[INFO] [stdout]     |            ----------------------- field in this struct
[INFO] [stdout] ...
[INFO] [stdout] 371 |     id: Option<usize>,
[INFO] [stdout]     |     ^^
[INFO] [stdout]     |
[INFO] [stdout]     = note: `GeoAdminForwardLocation` has a derived impl for the trait `Debug`, but this is intentionally ignored during dead code analysis
[INFO] [stdout]     = note: `#[warn(dead_code)]` (part of `#[warn(unused)]`) on by default
[INFO] [stdout] 
[INFO] [stdout] 
[INFO] [stderr]    Compiling geocoding v0.4.0 (/opt/rustwide/workdir)
[INFO] [stdout] warning: field `id` is never read
[INFO] [stdout]    --> src/geoadmin.rs:420:5
[INFO] [stdout]     |
[INFO] [stdout] 419 | pub struct GeoAdminReverseLocation {
[INFO] [stdout]     |            ----------------------- field in this struct
[INFO] [stdout] 420 |     id: String,
[INFO] [stdout]     |     ^^
[INFO] [stdout]     |
[INFO] [stdout]     = note: `GeoAdminReverseLocation` has a derived impl for the trait `Debug`, but this is intentionally ignored during dead code analysis
[INFO] [stdout] 
[INFO] [stdout] 
[INFO] [stdout] warning: use of deprecated type alias `geo_types::Coordinate`: Renamed to `geo_types::Coord` (or `geo::Coord`)
[INFO] [stdout]   --> src/lib.rs:31:21
[INFO] [stdout]    |
[INFO] [stdout] 31 | pub use geo_types::{Coordinate, Point};
[INFO] [stdout]    |                     ^^^^^^^^^^
[INFO] [stdout]    |
[INFO] [stdout]    = note: `#[warn(deprecated)]` on by default
[INFO] [stdout] 
[INFO] [stdout] 
[INFO] [stdout] warning: use of deprecated type alias `geo_types::Coordinate`: Renamed to `geo_types::Coord` (or `geo::Coord`)
[INFO] [stdout]    --> src/opencage.rs:628:16
[INFO] [stdout]     |
[INFO] [stdout] 628 |     use crate::Coordinate;
[INFO] [stdout]     |                ^^^^^^^^^^
[INFO] [stdout] 
[INFO] [stdout] 
[INFO] [stdout] warning: use of deprecated type alias `geo_types::Coordinate`: Renamed to `geo_types::Coord` (or `geo::Coord`)
[INFO] [stdout]    --> src/opencage.rs:659:24
[INFO] [stdout]     |
[INFO] [stdout] 659 |             vec![Point(Coordinate {
[INFO] [stdout]     |                        ^^^^^^^^^^
[INFO] [stdout] 
[INFO] [stdout] 
[INFO] [stdout] warning: field `id` is never read
[INFO] [stdout]    --> src/geoadmin.rs:371:5
[INFO] [stdout]     |
[INFO] [stdout] 367 | pub struct GeoAdminForwardLocation<T>
[INFO] [stdout]     |            ----------------------- field in this struct
[INFO] [stdout] ...
[INFO] [stdout] 371 |     id: Option<usize>,
[INFO] [stdout]     |     ^^
[INFO] [stdout]     |
[INFO] [stdout]     = note: `GeoAdminForwardLocation` has a derived impl for the trait `Debug`, but this is intentionally ignored during dead code analysis
[INFO] [stdout]     = note: `#[warn(dead_code)]` (part of `#[warn(unused)]`) on by default
[INFO] [stdout] 
[INFO] [stdout] 
[INFO] [stdout] warning: field `id` is never read
[INFO] [stdout]    --> src/geoadmin.rs:420:5
[INFO] [stdout]     |
[INFO] [stdout] 419 | pub struct GeoAdminReverseLocation {
[INFO] [stdout]     |            ----------------------- field in this struct
[INFO] [stdout] 420 |     id: String,
[INFO] [stdout]     |     ^^
[INFO] [stdout]     |
[INFO] [stdout]     = note: `GeoAdminReverseLocation` has a derived impl for the trait `Debug`, but this is intentionally ignored during dead code analysis
[INFO] [stdout] 
[INFO] [stdout] 
[INFO] [stderr]     Finished `release` profile [optimized] target(s) in 10.07s
[INFO] running `Command { std: "docker" "inspect" "94cc536a4dcc5d73fa868fc798a5f51bde545b179171f5cbb4db15d03d868b0d", kill_on_drop: false }`
[INFO] running `Command { std: "docker" "exec" "-e" "SOURCE_DIR=/opt/rustwide/workdir" "-e" "CARGO_HOME=/opt/rustwide/cargo-home" "-e" "RUSTUP_HOME=/opt/rustwide/rustup-home" "-e" "CARGO_TARGET_DIR=/opt/rustwide/target" "-e" "CARGO_INCREMENTAL=0" "-e" "RUST_BACKTRACE=full" "-e" "RUSTFLAGS=--cap-lints=warn" "-e" "RUSTDOCFLAGS=--cap-lints=warn" "-w" "/opt/rustwide/workdir" "--user" "0:0" "94cc536a4dcc5d73fa868fc798a5f51bde545b179171f5cbb4db15d03d868b0d" "/opt/rustwide/cargo-home/bin/cargo" "+1.99.0-beta.8" "test" "--frozen" "--release", kill_on_drop: false }`
[INFO] [stderr] warning: use of deprecated type alias `geo_types::Coordinate`: Renamed to `geo_types::Coord` (or `geo::Coord`)
[INFO] [stderr]   --> src/lib.rs:31:21
[INFO] [stderr]    |
[INFO] [stderr] 31 | pub use geo_types::{Coordinate, Point};
[INFO] [stderr]    |                     ^^^^^^^^^^
[INFO] [stderr]    |
[INFO] [stderr]    = note: `#[warn(deprecated)]` on by default
[INFO] [stderr] 
[INFO] [stderr] warning: field `id` is never read
[INFO] [stderr]    --> src/geoadmin.rs:371:5
[INFO] [stderr]     |
[INFO] [stderr] 367 | pub struct GeoAdminForwardLocation<T>
[INFO] [stderr]     |            ----------------------- field in this struct
[INFO] [stderr] ...
[INFO] [stderr] 371 |     id: Option<usize>,
[INFO] [stderr]     |     ^^
[INFO] [stderr]     |
[INFO] [stderr]     = note: `GeoAdminForwardLocation` has a derived impl for the trait `Debug`, but this is intentionally ignored during dead code analysis
[INFO] [stderr]     = note: `#[warn(dead_code)]` (part of `#[warn(unused)]`) on by default
[INFO] [stderr] 
[INFO] [stderr] warning: field `id` is never read
[INFO] [stderr]    --> src/geoadmin.rs:420:5
[INFO] [stderr]     |
[INFO] [stderr] 419 | pub struct GeoAdminReverseLocation {
[INFO] [stderr]     |            ----------------------- field in this struct
[INFO] [stderr] 420 |     id: String,
[INFO] [stderr]     |     ^^
[INFO] [stderr]     |
[INFO] [stderr]     = note: `GeoAdminReverseLocation` has a derived impl for the trait `Debug`, but this is intentionally ignored during dead code analysis
[INFO] [stderr] 
[INFO] [stderr] warning: use of deprecated type alias `geo_types::Coordinate`: Renamed to `geo_types::Coord` (or `geo::Coord`)
[INFO] [stderr]    --> src/opencage.rs:628:16
[INFO] [stderr]     |
[INFO] [stderr] 628 |     use crate::Coordinate;
[INFO] [stderr]     |                ^^^^^^^^^^
[INFO] [stderr] 
[INFO] [stderr] warning: use of deprecated type alias `geo_types::Coordinate`: Renamed to `geo_types::Coord` (or `geo::Coord`)
[INFO] [stderr]    --> src/opencage.rs:659:24
[INFO] [stderr]     |
[INFO] [stderr] 659 |             vec![Point(Coordinate {
[INFO] [stderr]     |                        ^^^^^^^^^^
[INFO] [stderr] 
[INFO] [stderr] warning: `geocoding` (lib) generated 3 warnings
[INFO] [stderr] warning: `geocoding` (lib test) generated 5 warnings (3 duplicates)
[INFO] [stderr]     Finished `release` profile [optimized] target(s) in 0.20s
[INFO] [stderr]      Running unittests src/lib.rs (/opt/rustwide/target/release/deps/geocoding-bb64167fc729d3c7)
[INFO] [stdout] 
[INFO] [stdout] running 20 tests
[INFO] [stdout] test geoadmin::test::new_with_sr_forward_test ... FAILED
[INFO] [stdout] test geoadmin::test::forward_full_test ... FAILED
[INFO] [stdout] test geoadmin::test::new_with_endpoint_forward_test ... FAILED
[INFO] [stdout] test geoadmin::test::forward_test ... FAILED
[INFO] [stdout] test geoadmin::test::reverse_test ... FAILED
[INFO] [stdout] test geoadmin::test::with_sr_reverse_test ... FAILED
[INFO] [stdout] test geoadmin::test::with_sr_forward_full_test ... FAILED
[INFO] [stdout] test opencage::test::forward_full_test ... FAILED
[INFO] [stdout] test opencage::test::forward_full_test_floats ... FAILED
[INFO] [stdout] test opencage::test::forward_full_test_pointfrom ... FAILED
[INFO] [stdout] test opencage::test::forward_test ... FAILED
[INFO] [stdout] test opencage::test::forward_full_test_pointinto ... FAILED
[INFO] [stdout] test opencage::test::reverse_test ... FAILED
[INFO] [stdout] test openstreetmap::test::forward_full_test ... FAILED
[INFO] [stdout] test opencage::test::reverse_full_test ... FAILED
[INFO] [stdout] test opencage::test::forward_full_test_nobox ... FAILED
[INFO] [stdout] test openstreetmap::test::new_with_endpoint_forward_test ... FAILED
[INFO] [stdout] test opencage::test::reverse_test_with_params ... FAILED
[INFO] [stdout] test openstreetmap::test::reverse_test ... FAILED
[INFO] [stdout] test openstreetmap::test::forward_test ... FAILED
[INFO] [stdout] 
[INFO] [stdout] failures:
[INFO] [stdout] 
[INFO] [stdout] ---- geoadmin::test::new_with_sr_forward_test stdout ----
[INFO] [stdout] 
[INFO] [stdout] thread 'geoadmin::test::new_with_sr_forward_test' (1055) panicked at src/geoadmin.rs:459:24:
[INFO] [stdout] called `Result::unwrap()` on an `Err` value: Request(reqwest::Error { kind: Request, url: Url { scheme: "https", cannot_be_a_base: false, username: "", password: None, host: Some(Domain("api3.geo.admin.ch")), port: None, path: "/rest/services/api/SearchServer", query: Some("searchText=Seftigenstrasse+264%2C+3084+Wabern&type=locations&origins=address&limit=1&sr=2056&geometryFormat=geojson"), fragment: None }, source: hyper::Error(Connect, ConnectError("dns error", Custom { kind: Uncategorized, error: "failed to lookup address information: Temporary failure in name resolution" })) })
[INFO] [stdout] stack backtrace:
[INFO] [stdout]    0:     0x60a995394271 - <<std[70759c8f55707aa4]::sys::backtrace::BacktraceLock>::print::DisplayBacktrace as core[df12db4294e9bfd3]::fmt::Display>::fmt
[INFO] [stdout]    1:     0x60a9953aa96a - core[df12db4294e9bfd3]::fmt::write
[INFO] [stdout]    2:     0x60a995398d1c - <alloc[2182bb758b4b3781]::vec::Vec<u8> as core[df12db4294e9bfd3]::io::write::Write>::write_fmt
[INFO] [stdout]    3:     0x60a99536f536 - std[70759c8f55707aa4]::panicking::default_hook::{closure#0}
[INFO] [stdout]    4:     0x60a99538c129 - std[70759c8f55707aa4]::panicking::default_hook
[INFO] [stdout]    5:     0x60a9951eb710 - test[9d35eded1c95d3be]::test_main_inner::<test[9d35eded1c95d3be]::test_main_static::{closure#0}>::{closure#0}
[INFO] [stdout]    6:     0x60a99538c452 - std[70759c8f55707aa4]::panicking::panic_with_hook
[INFO] [stdout]    7:     0x60a99536f5e2 - std[70759c8f55707aa4]::panicking::panic_handler::{closure#0}
[INFO] [stdout]    8:     0x60a995368289 - std[70759c8f55707aa4]::sys::backtrace::__rust_end_short_backtrace::<std[70759c8f55707aa4]::panicking::panic_handler::{closure#0}, !>
[INFO] [stdout]    9:     0x60a9953703cd - __rustc[8fa7c3cbc660c2b3]::rust_begin_unwind
[INFO] [stdout]   10:     0x60a9953ab0cc - core[df12db4294e9bfd3]::panicking::panic_fmt
[INFO] [stdout]   11:     0x60a9953aaea2 - core[df12db4294e9bfd3]::result::unwrap_failed
[INFO] [stdout]   12:     0x60a9951de03d - geocoding[5a9c3f0bd6a76acd]::geoadmin::test::new_with_sr_forward_test
[INFO] [stdout]   13:     0x60a9951dab19 - <geocoding[5a9c3f0bd6a76acd]::geoadmin::test::new_with_sr_forward_test::{closure#0} as core[df12db4294e9bfd3]::ops::function::FnOnce<()>>::call_once
[INFO] [stdout]   14:     0x60a9951de9fb - test[9d35eded1c95d3be]::__rust_begin_short_backtrace::<core[df12db4294e9bfd3]::result::Result<(), alloc[2182bb758b4b3781]::string::String>, fn() -> core[df12db4294e9bfd3]::result::Result<(), alloc[2182bb758b4b3781]::string::String>>
[INFO] [stdout]   15:     0x60a9951ec065 - test[9d35eded1c95d3be]::run_test::{closure#0}
[INFO] [stdout]   16:     0x60a9951e5924 - std[70759c8f55707aa4]::sys::backtrace::__rust_begin_short_backtrace::<test[9d35eded1c95d3be]::run_test::{closure#1}, ()>
[INFO] [stdout]   17:     0x60a9951ef1c2 - <std[70759c8f55707aa4]::thread::lifecycle::spawn_unchecked<test[9d35eded1c95d3be]::run_test::{closure#1}, ()>::{closure#1} as core[df12db4294e9bfd3]::ops::function::FnOnce<()>>::call_once::{shim:vtable#0}
[INFO] [stdout]   18:     0x60a995393799 - <std[70759c8f55707aa4]::sys::thread::unix::Thread>::new::thread_start
[INFO] [stdout]   19:     0x7577d2e95dfa - <unknown>
[INFO] [stdout]   20:     0x7577d2f293d4 - clone
[INFO] [stdout]   21:                0x0 - <unknown>
[INFO] [stdout] 
[INFO] [stdout] ---- geoadmin::test::forward_full_test stdout ----
[INFO] [stdout] 
[INFO] [stdout] thread 'geoadmin::test::forward_full_test' (1052) panicked at src/geoadmin.rs:498:80:
[INFO] [stdout] called `Result::unwrap()` on an `Err` value: Request(reqwest::Error { kind: Request, url: Url { scheme: "https", cannot_be_a_base: false, username: "", password: None, host: Some(Domain("api3.geo.admin.ch")), port: None, path: "/rest/services/api/SearchServer", query: Some("searchText=Seftigenstrasse+Bern&type=locations&origins=address&sr=4326&geometryFormat=geojson&bbox=600967.728791005%2C197426.01762598823%2C600969.7390816971%2C197428.03122343053&limit=50"), fragment: None }, source: hyper::Error(Connect, ConnectError("dns error", Custom { kind: Uncategorized, error: "failed to lookup address information: Temporary failure in name resolution" })) })
[INFO] [stdout] stack backtrace:
[INFO] [stdout]    0:     0x60a995394271 - <<std[70759c8f55707aa4]::sys::backtrace::BacktraceLock>::print::DisplayBacktrace as core[df12db4294e9bfd3]::fmt::Display>::fmt
[INFO] [stdout]    1:     0x60a9953aa96a - core[df12db4294e9bfd3]::fmt::write
[INFO] [stdout]    2:     0x60a995398d1c - <alloc[2182bb758b4b3781]::vec::Vec<u8> as core[df12db4294e9bfd3]::io::write::Write>::write_fmt
[INFO] [stdout]    3:     0x60a99536f536 - std[70759c8f55707aa4]::panicking::default_hook::{closure#0}
[INFO] [stdout]    4:     0x60a99538c129 - std[70759c8f55707aa4]::panicking::default_hook
[INFO] [stdout]    5:     0x60a9951eb710 - test[9d35eded1c95d3be]::test_main_inner::<test[9d35eded1c95d3be]::test_main_static::{closure#0}>::{closure#0}
[INFO] [stdout]    6:     0x60a99538c452 - std[70759c8f55707aa4]::panicking::panic_with_hook
[INFO] [stdout]    7:     0x60a99536f5e2 - std[70759c8f55707aa4]::panicking::panic_handler::{closure#0}
[INFO] [stdout]    8:     0x60a995368289 - std[70759c8f55707aa4]::sys::backtrace::__rust_end_short_backtrace::<std[70759c8f55707aa4]::panicking::panic_handler::{closure#0}, !>
[INFO] [stdout]    9:     0x60a9953703cd - __rustc[8fa7c3cbc660c2b3]::rust_begin_unwind
[INFO] [stdout]   10:     0x60a9953ab0cc - core[df12db4294e9bfd3]::panicking::panic_fmt
[INFO] [stdout]   11:     0x60a9953aaea2 - core[df12db4294e9bfd3]::result::unwrap_failed
[INFO] [stdout]   12:     0x60a9951ddac7 - geocoding[5a9c3f0bd6a76acd]::geoadmin::test::forward_full_test
[INFO] [stdout]   13:     0x60a9951daad9 - <geocoding[5a9c3f0bd6a76acd]::geoadmin::test::forward_full_test::{closure#0} as core[df12db4294e9bfd3]::ops::function::FnOnce<()>>::call_once
[INFO] [stdout]   14:     0x60a9951de9fb - test[9d35eded1c95d3be]::__rust_begin_short_backtrace::<core[df12db4294e9bfd3]::result::Result<(), alloc[2182bb758b4b3781]::string::String>, fn() -> core[df12db4294e9bfd3]::result::Result<(), alloc[2182bb758b4b3781]::string::String>>
[INFO] [stdout]   15:     0x60a9951ec065 - test[9d35eded1c95d3be]::run_test::{closure#0}
[INFO] [stdout]   16:     0x60a9951e5924 - std[70759c8f55707aa4]::sys::backtrace::__rust_begin_short_backtrace::<test[9d35eded1c95d3be]::run_test::{closure#1}, ()>
[INFO] [stdout]   17:     0x60a9951ef1c2 - <std[70759c8f55707aa4]::thread::lifecycle::spawn_unchecked<test[9d35eded1c95d3be]::run_test::{closure#1}, ()>::{closure#1} as core[df12db4294e9bfd3]::ops::function::FnOnce<()>>::call_once::{shim:vtable#0}
[INFO] [stdout]   18:     0x60a995393799 - <std[70759c8f55707aa4]::sys::thread::unix::Thread>::new::thread_start
[INFO] [stdout]   19:     0x7577d2e95dfa - <unknown>
[INFO] [stdout]   20:     0x7577d2f293d4 - clone
[INFO] [stdout]   21:                0x0 - <unknown>
[INFO] [stdout] 
[INFO] [stdout] ---- geoadmin::test::new_with_endpoint_forward_test stdout ----
[INFO] [stdout] 
[INFO] [stdout] thread 'geoadmin::test::new_with_endpoint_forward_test' (1054) panicked at src/geoadmin.rs:469:17:
[INFO] [stdout] called `Result::unwrap()` on an `Err` value: Request(reqwest::Error { kind: Request, url: Url { scheme: "https", cannot_be_a_base: false, username: "", password: None, host: Some(Domain("api3.geo.admin.ch")), port: None, path: "/rest/services/api/SearchServer", query: Some("searchText=Seftigenstrasse+264%2C+3084+Wabern&type=locations&origins=address&limit=1&sr=4326&geometryFormat=geojson"), fragment: None }, source: hyper::Error(Connect, ConnectError("dns error", Custom { kind: Uncategorized, error: "failed to lookup address information: Temporary failure in name resolution" })) })
[INFO] [stdout] stack backtrace:
[INFO] [stdout]    0:     0x60a995394271 - <<std[70759c8f55707aa4]::sys::backtrace::BacktraceLock>::print::DisplayBacktrace as core[df12db4294e9bfd3]::fmt::Display>::fmt
[INFO] [stdout]    1:     0x60a9953aa96a - core[df12db4294e9bfd3]::fmt::write
[INFO] [stdout]    2:     0x60a995398d1c - <alloc[2182bb758b4b3781]::vec::Vec<u8> as core[df12db4294e9bfd3]::io::write::Write>::write_fmt
[INFO] [stdout]    3:     0x60a99536f536 - std[70759c8f55707aa4]::panicking::default_hook::{closure#0}
[INFO] [stdout]    4:     0x60a99538c129 - std[70759c8f55707aa4]::panicking::default_hook
[INFO] [stdout]    5:     0x60a9951eb710 - test[9d35eded1c95d3be]::test_main_inner::<test[9d35eded1c95d3be]::test_main_static::{closure#0}>::{closure#0}
[INFO] [stdout]    6:     0x60a99538c452 - std[70759c8f55707aa4]::panicking::panic_with_hook
[INFO] [stdout]    7:     0x60a99536f5e2 - std[70759c8f55707aa4]::panicking::panic_handler::{closure#0}
[INFO] [stdout]    8:     0x60a995368289 - std[70759c8f55707aa4]::sys::backtrace::__rust_end_short_backtrace::<std[70759c8f55707aa4]::panicking::panic_handler::{closure#0}, !>
[INFO] [stdout]    9:     0x60a9953703cd - __rustc[8fa7c3cbc660c2b3]::rust_begin_unwind
[INFO] [stdout]   10:     0x60a9953ab0cc - core[df12db4294e9bfd3]::panicking::panic_fmt
[INFO] [stdout]   11:     0x60a9953aaea2 - core[df12db4294e9bfd3]::result::unwrap_failed
[INFO] [stdout]   12:     0x60a9951de5c7 - geocoding[5a9c3f0bd6a76acd]::geoadmin::test::new_with_endpoint_forward_test
[INFO] [stdout]   13:     0x60a9951dab59 - <geocoding[5a9c3f0bd6a76acd]::geoadmin::test::new_with_endpoint_forward_test::{closure#0} as core[df12db4294e9bfd3]::ops::function::FnOnce<()>>::call_once
[INFO] [stdout]   14:     0x60a9951de9fb - test[9d35eded1c95d3be]::__rust_begin_short_backtrace::<core[df12db4294e9bfd3]::result::Result<(), alloc[2182bb758b4b3781]::string::String>, fn() -> core[df12db4294e9bfd3]::result::Result<(), alloc[2182bb758b4b3781]::string::String>>
[INFO] [stdout]   15:     0x60a9951ec065 - test[9d35eded1c95d3be]::run_test::{closure#0}
[INFO] [stdout]   16:     0x60a9951e5924 - std[70759c8f55707aa4]::sys::backtrace::__rust_begin_short_backtrace::<test[9d35eded1c95d3be]::run_test::{closure#1}, ()>
[INFO] [stdout]   17:     0x60a9951ef1c2 - <std[70759c8f55707aa4]::thread::lifecycle::spawn_unchecked<test[9d35eded1c95d3be]::run_test::{closure#1}, ()>::{closure#1} as core[df12db4294e9bfd3]::ops::function::FnOnce<()>>::call_once::{shim:vtable#0}
[INFO] [stdout]   18:     0x60a995393799 - <std[70759c8f55707aa4]::sys::thread::unix::Thread>::new::thread_start
[INFO] [stdout]   19:     0x7577d2e95dfa - <unknown>
[INFO] [stdout]   20:     0x7577d2f293d4 - clone
[INFO] [stdout]   21:                0x0 - <unknown>
[INFO] [stdout] 
[INFO] [stdout] ---- geoadmin::test::forward_test stdout ----
[INFO] [stdout] 
[INFO] [stdout] thread 'geoadmin::test::forward_test' (1053) panicked at src/geoadmin.rs:512:17:
[INFO] [stdout] called `Result::unwrap()` on an `Err` value: Request(reqwest::Error { kind: Request, url: Url { scheme: "https", cannot_be_a_base: false, username: "", password: None, host: Some(Domain("api3.geo.admin.ch")), port: None, path: "/rest/services/api/SearchServer", query: Some("searchText=Seftigenstrasse+264%2C+3084+Wabern&type=locations&origins=address&limit=1&sr=4326&geometryFormat=geojson"), fragment: None }, source: hyper::Error(Connect, ConnectError("dns error", Custom { kind: Uncategorized, error: "failed to lookup address information: Temporary failure in name resolution" })) })
[INFO] [stdout] stack backtrace:
[INFO] [stdout]    0:     0x60a995394271 - <<std[70759c8f55707aa4]::sys::backtrace::BacktraceLock>::print::DisplayBacktrace as core[df12db4294e9bfd3]::fmt::Display>::fmt
[INFO] [stdout]    1:     0x60a9953aa96a - core[df12db4294e9bfd3]::fmt::write
[INFO] [stdout]    2:     0x60a995398d1c - <alloc[2182bb758b4b3781]::vec::Vec<u8> as core[df12db4294e9bfd3]::io::write::Write>::write_fmt
[INFO] [stdout]    3:     0x60a99536f536 - std[70759c8f55707aa4]::panicking::default_hook::{closure#0}
[INFO] [stdout]    4:     0x60a99538c129 - std[70759c8f55707aa4]::panicking::default_hook
[INFO] [stdout]    5:     0x60a9951eb710 - test[9d35eded1c95d3be]::test_main_inner::<test[9d35eded1c95d3be]::test_main_static::{closure#0}>::{closure#0}
[INFO] [stdout]    6:     0x60a99538c452 - std[70759c8f55707aa4]::panicking::panic_with_hook
[INFO] [stdout]    7:     0x60a99536f5e2 - std[70759c8f55707aa4]::panicking::panic_handler::{closure#0}
[INFO] [stdout]    8:     0x60a995368289 - std[70759c8f55707aa4]::sys::backtrace::__rust_end_short_backtrace::<std[70759c8f55707aa4]::panicking::panic_handler::{closure#0}, !>
[INFO] [stdout]    9:     0x60a9953703cd - __rustc[8fa7c3cbc660c2b3]::rust_begin_unwind
[INFO] [stdout]   10:     0x60a9953ab0cc - core[df12db4294e9bfd3]::panicking::panic_fmt
[INFO] [stdout]   11:     0x60a9953aaea2 - core[df12db4294e9bfd3]::result::unwrap_failed
[INFO] [stdout]   12:     0x60a9951dd6e2 - geocoding[5a9c3f0bd6a76acd]::geoadmin::test::forward_test
[INFO] [stdout]   13:     0x60a9951daa99 - <geocoding[5a9c3f0bd6a76acd]::geoadmin::test::forward_test::{closure#0} as core[df12db4294e9bfd3]::ops::function::FnOnce<()>>::call_once
[INFO] [stdout]   14:     0x60a9951de9fb - test[9d35eded1c95d3be]::__rust_begin_short_backtrace::<core[df12db4294e9bfd3]::result::Result<(), alloc[2182bb758b4b3781]::string::String>, fn() -> core[df12db4294e9bfd3]::result::Result<(), alloc[2182bb758b4b3781]::string::String>>
[INFO] [stdout]   15:     0x60a9951ec065 - test[9d35eded1c95d3be]::run_test::{closure#0}
[INFO] [stdout]   16:     0x60a9951e5924 - std[70759c8f55707aa4]::sys::backtrace::__rust_begin_short_backtrace::<test[9d35eded1c95d3be]::run_test::{closure#1}, ()>
[INFO] [stdout]   17:     0x60a9951ef1c2 - <std[70759c8f55707aa4]::thread::lifecycle::spawn_unchecked<test[9d35eded1c95d3be]::run_test::{closure#1}, ()>::{closure#1} as core[df12db4294e9bfd3]::ops::function::FnOnce<()>>::call_once::{shim:vtable#0}
[INFO] [stdout]   18:     0x60a995393799 - <std[70759c8f55707aa4]::sys::thread::unix::Thread>::new::thread_start
[INFO] [stdout]   19:     0x7577d2e95dfa - <unknown>
[INFO] [stdout]   20:     0x7577d2f293d4 - clone
[INFO] [stdout]   21:                0x0 - <unknown>
[INFO] [stdout] 
[INFO] [stdout] ---- geoadmin::test::reverse_test stdout ----
[INFO] [stdout] 
[INFO] [stdout] thread 'geoadmin::test::reverse_test' (1056) panicked at src/geoadmin.rs:534:17:
[INFO] [stdout] called `Result::unwrap()` on an `Err` value: Request(reqwest::Error { kind: Request, url: Url { scheme: "https", cannot_be_a_base: false, username: "", password: None, host: Some(Domain("api3.geo.admin.ch")), port: None, path: "/rest/services/api/MapServer/identify", query: Some("geometry=7.451352119445801%2C46.92793655395508&geometryType=esriGeometryPoint&layers=all%3Ach.bfs.gebaeude_wohnungs_register&mapExtent=0%2C0%2C100%2C100&imageDisplay=100%2C100%2C100&tolerance=50&geometryFormat=geojson&sr=4326&lang=en"), fragment: None }, source: hyper::Error(Connect, ConnectError("dns error", Custom { kind: Uncategorized, error: "failed to lookup address information: Temporary failure in name resolution" })) })
[INFO] [stdout] stack backtrace:
[INFO] [stdout]    0:     0x60a995394271 - <<std[70759c8f55707aa4]::sys::backtrace::BacktraceLock>::print::DisplayBacktrace as core[df12db4294e9bfd3]::fmt::Display>::fmt
[INFO] [stdout]    1:     0x60a9953aa96a - core[df12db4294e9bfd3]::fmt::write
[INFO] [stdout]    2:     0x60a995398d1c - <alloc[2182bb758b4b3781]::vec::Vec<u8> as core[df12db4294e9bfd3]::io::write::Write>::write_fmt
[INFO] [stdout]    3:     0x60a99536f536 - std[70759c8f55707aa4]::panicking::default_hook::{closure#0}
[INFO] [stdout]    4:     0x60a99538c129 - std[70759c8f55707aa4]::panicking::default_hook
[INFO] [stdout]    5:     0x60a9951eb710 - test[9d35eded1c95d3be]::test_main_inner::<test[9d35eded1c95d3be]::test_main_static::{closure#0}>::{closure#0}
[INFO] [stdout]    6:     0x60a99538c452 - std[70759c8f55707aa4]::panicking::panic_with_hook
[INFO] [stdout]    7:     0x60a99536f5e2 - std[70759c8f55707aa4]::panicking::panic_handler::{closure#0}
[INFO] [stdout]    8:     0x60a995368289 - std[70759c8f55707aa4]::sys::backtrace::__rust_end_short_backtrace::<std[70759c8f55707aa4]::panicking::panic_handler::{closure#0}, !>
[INFO] [stdout]    9:     0x60a9953703cd - __rustc[8fa7c3cbc660c2b3]::rust_begin_unwind
[INFO] [stdout]   10:     0x60a9953ab0cc - core[df12db4294e9bfd3]::panicking::panic_fmt
[INFO] [stdout]   11:     0x60a9953aaea2 - core[df12db4294e9bfd3]::result::unwrap_failed
[INFO] [stdout]   12:     0x60a9951dd8e4 - geocoding[5a9c3f0bd6a76acd]::geoadmin::test::reverse_test
[INFO] [stdout]   13:     0x60a9951daab9 - <geocoding[5a9c3f0bd6a76acd]::geoadmin::test::reverse_test::{closure#0} as core[df12db4294e9bfd3]::ops::function::FnOnce<()>>::call_once
[INFO] [stdout]   14:     0x60a9951de9fb - test[9d35eded1c95d3be]::__rust_begin_short_backtrace::<core[df12db4294e9bfd3]::result::Result<(), alloc[2182bb758b4b3781]::string::String>, fn() -> core[df12db4294e9bfd3]::result::Result<(), alloc[2182bb758b4b3781]::string::String>>
[INFO] [stdout]   15:     0x60a9951ec065 - test[9d35eded1c95d3be]::run_test::{closure#0}
[INFO] [stdout]   16:     0x60a9951e5924 - std[70759c8f55707aa4]::sys::backtrace::__rust_begin_short_backtrace::<test[9d35eded1c95d3be]::run_test::{closure#1}, ()>
[INFO] [stdout]   17:     0x60a9951ef1c2 - <std[70759c8f55707aa4]::thread::lifecycle::spawn_unchecked<test[9d35eded1c95d3be]::run_test::{closure#1}, ()>::{closure#1} as core[df12db4294e9bfd3]::ops::function::FnOnce<()>>::call_once::{shim:vtable#0}
[INFO] [stdout]   18:     0x60a995393799 - <std[70759c8f55707aa4]::sys::thread::unix::Thread>::new::thread_start
[INFO] [stdout]   19:     0x7577d2e95dfa - <unknown>
[INFO] [stdout]   20:     0x7577d2f293d4 - clone
[INFO] [stdout]   21:                0x0 - <unknown>
[INFO] [stdout] 
[INFO] [stdout] ---- geoadmin::test::with_sr_reverse_test stdout ----
[INFO] [stdout] 
[INFO] [stdout] thread 'geoadmin::test::with_sr_reverse_test' (1058) panicked at src/geoadmin.rs:523:17:
[INFO] [stdout] called `Result::unwrap()` on an `Err` value: Request(reqwest::Error { kind: Request, url: Url { scheme: "https", cannot_be_a_base: false, username: "", password: None, host: Some(Domain("api3.geo.admin.ch")), port: None, path: "/rest/services/api/MapServer/identify", query: Some("geometry=2600968.75%2C1197427&geometryType=esriGeometryPoint&layers=all%3Ach.bfs.gebaeude_wohnungs_register&mapExtent=0%2C0%2C100%2C100&imageDisplay=100%2C100%2C100&tolerance=50&geometryFormat=geojson&sr=2056&lang=en"), fragment: None }, source: hyper::Error(Connect, ConnectError("dns error", Custom { kind: Uncategorized, error: "failed to lookup address information: Temporary failure in name resolution" })) })
[INFO] [stdout] stack backtrace:
[INFO] [stdout]    0:     0x60a995394271 - <<std[70759c8f55707aa4]::sys::backtrace::BacktraceLock>::print::DisplayBacktrace as core[df12db4294e9bfd3]::fmt::Display>::fmt
[INFO] [stdout]    1:     0x60a9953aa96a - core[df12db4294e9bfd3]::fmt::write
[INFO] [stdout]    2:     0x60a995398d1c - <alloc[2182bb758b4b3781]::vec::Vec<u8> as core[df12db4294e9bfd3]::io::write::Write>::write_fmt
[INFO] [stdout]    3:     0x60a99536f536 - std[70759c8f55707aa4]::panicking::default_hook::{closure#0}
[INFO] [stdout]    4:     0x60a99538c129 - std[70759c8f55707aa4]::panicking::default_hook
[INFO] [stdout]    5:     0x60a9951eb710 - test[9d35eded1c95d3be]::test_main_inner::<test[9d35eded1c95d3be]::test_main_static::{closure#0}>::{closure#0}
[INFO] [stdout]    6:     0x60a99538c452 - std[70759c8f55707aa4]::panicking::panic_with_hook
[INFO] [stdout]    7:     0x60a99536f5e2 - std[70759c8f55707aa4]::panicking::panic_handler::{closure#0}
[INFO] [stdout]    8:     0x60a995368289 - std[70759c8f55707aa4]::sys::backtrace::__rust_end_short_backtrace::<std[70759c8f55707aa4]::panicking::panic_handler::{closure#0}, !>
[INFO] [stdout]    9:     0x60a9953703cd - __rustc[8fa7c3cbc660c2b3]::rust_begin_unwind
[INFO] [stdout]   10:     0x60a9953ab0cc - core[df12db4294e9bfd3]::panicking::panic_fmt
[INFO] [stdout]   11:     0x60a9953aaea2 - core[df12db4294e9bfd3]::result::unwrap_failed
[INFO] [stdout]   12:     0x60a9951ddd85 - geocoding[5a9c3f0bd6a76acd]::geoadmin::test::with_sr_reverse_test
[INFO] [stdout]   13:     0x60a9951daaf9 - <geocoding[5a9c3f0bd6a76acd]::geoadmin::test::with_sr_reverse_test::{closure#0} as core[df12db4294e9bfd3]::ops::function::FnOnce<()>>::call_once
[INFO] [stdout]   14:     0x60a9951de9fb - test[9d35eded1c95d3be]::__rust_begin_short_backtrace::<core[df12db4294e9bfd3]::result::Result<(), alloc[2182bb758b4b3781]::string::String>, fn() -> core[df12db4294e9bfd3]::result::Result<(), alloc[2182bb758b4b3781]::string::String>>
[INFO] [stdout]   15:     0x60a9951ec065 - test[9d35eded1c95d3be]::run_test::{closure#0}
[INFO] [stdout]   16:     0x60a9951e5924 - std[70759c8f55707aa4]::sys::backtrace::__rust_begin_short_backtrace::<test[9d35eded1c95d3be]::run_test::{closure#1}, ()>
[INFO] [stdout]   17:     0x60a9951ef1c2 - <std[70759c8f55707aa4]::thread::lifecycle::spawn_unchecked<test[9d35eded1c95d3be]::run_test::{closure#1}, ()>::{closure#1} as core[df12db4294e9bfd3]::ops::function::FnOnce<()>>::call_once::{shim:vtable#0}
[INFO] [stdout]   18:     0x60a995393799 - <std[70759c8f55707aa4]::sys::thread::unix::Thread>::new::thread_start
[INFO] [stdout]   19:     0x7577d2e95dfa - <unknown>
[INFO] [stdout]   20:     0x7577d2f293d4 - clone
[INFO] [stdout]   21:                0x0 - <unknown>
[INFO] [stdout] 
[INFO] [stdout] ---- geoadmin::test::with_sr_forward_full_test stdout ----
[INFO] [stdout] 
[INFO] [stdout] thread 'geoadmin::test::with_sr_forward_full_test' (1057) panicked at src/geoadmin.rs:482:80:
[INFO] [stdout] called `Result::unwrap()` on an `Err` value: Request(reqwest::Error { kind: Request, url: Url { scheme: "https", cannot_be_a_base: false, username: "", password: None, host: Some(Domain("api3.geo.admin.ch")), port: None, path: "/rest/services/api/SearchServer", query: Some("searchText=Seftigenstrasse+Bern&type=locations&origins=address&sr=2056&geometryFormat=geojson&bbox=2600967.75%2C1197426%2C2600969.75%2C1197428&limit=50"), fragment: None }, source: hyper::Error(Connect, ConnectError("dns error", Custom { kind: Uncategorized, error: "failed to lookup address information: Temporary failure in name resolution" })) })
[INFO] [stdout] stack backtrace:
[INFO] [stdout]    0:     0x60a995394271 - <<std[70759c8f55707aa4]::sys::backtrace::BacktraceLock>::print::DisplayBacktrace as core[df12db4294e9bfd3]::fmt::Display>::fmt
[INFO] [stdout]    1:     0x60a9953aa96a - core[df12db4294e9bfd3]::fmt::write
[INFO] [stdout]    2:     0x60a995398d1c - <alloc[2182bb758b4b3781]::vec::Vec<u8> as core[df12db4294e9bfd3]::io::write::Write>::write_fmt
[INFO] [stdout]    3:     0x60a99536f536 - std[70759c8f55707aa4]::panicking::default_hook::{closure#0}
[INFO] [stdout]    4:     0x60a99538c129 - std[70759c8f55707aa4]::panicking::default_hook
[INFO] [stdout]    5:     0x60a9951eb710 - test[9d35eded1c95d3be]::test_main_inner::<test[9d35eded1c95d3be]::test_main_static::{closure#0}>::{closure#0}
[INFO] [stdout]    6:     0x60a99538c452 - std[70759c8f55707aa4]::panicking::panic_with_hook
[INFO] [stdout]    7:     0x60a99536f5e2 - std[70759c8f55707aa4]::panicking::panic_handler::{closure#0}
[INFO] [stdout]    8:     0x60a995368289 - std[70759c8f55707aa4]::sys::backtrace::__rust_end_short_backtrace::<std[70759c8f55707aa4]::panicking::panic_handler::{closure#0}, !>
[INFO] [stdout]    9:     0x60a9953703cd - __rustc[8fa7c3cbc660c2b3]::rust_begin_unwind
[INFO] [stdout]   10:     0x60a9953ab0cc - core[df12db4294e9bfd3]::panicking::panic_fmt
[INFO] [stdout]   11:     0x60a9953aaea2 - core[df12db4294e9bfd3]::result::unwrap_failed
[INFO] [stdout]   12:     0x60a9951de303 - geocoding[5a9c3f0bd6a76acd]::geoadmin::test::with_sr_forward_full_test
[INFO] [stdout]   13:     0x60a9951dab39 - <geocoding[5a9c3f0bd6a76acd]::geoadmin::test::with_sr_forward_full_test::{closure#0} as core[df12db4294e9bfd3]::ops::function::FnOnce<()>>::call_once
[INFO] [stdout]   14:     0x60a9951de9fb - test[9d35eded1c95d3be]::__rust_begin_short_backtrace::<core[df12db4294e9bfd3]::result::Result<(), alloc[2182bb758b4b3781]::string::String>, fn() -> core[df12db4294e9bfd3]::result::Result<(), alloc[2182bb758b4b3781]::string::String>>
[INFO] [stdout]   15:     0x60a9951ec065 - test[9d35eded1c95d3be]::run_test::{closure#0}
[INFO] [stdout]   16:     0x60a9951e5924 - std[70759c8f55707aa4]::sys::backtrace::__rust_begin_short_backtrace::<test[9d35eded1c95d3be]::run_test::{closure#1}, ()>
[INFO] [stdout]   17:     0x60a9951ef1c2 - <std[70759c8f55707aa4]::thread::lifecycle::spawn_unchecked<test[9d35eded1c95d3be]::run_test::{closure#1}, ()>::{closure#1} as core[df12db4294e9bfd3]::ops::function::FnOnce<()>>::call_once::{shim:vtable#0}
[INFO] [stdout]   18:     0x60a995393799 - <std[70759c8f55707aa4]::sys::thread::unix::Thread>::new::thread_start
[INFO] [stdout]   19:     0x7577d2e95dfa - <unknown>
[INFO] [stdout]   20:     0x7577d2f293d4 - clone
[INFO] [stdout]   21:                0x0 - <unknown>
[INFO] [stdout] 
[INFO] [stdout] ---- opencage::test::forward_full_test stdout ----
[INFO] [stdout] 
[INFO] [stdout] thread 'opencage::test::forward_full_test' (1059) panicked at src/opencage.rs:682:51:
[INFO] [stdout] called `Result::unwrap()` on an `Err` value: Request(reqwest::Error { kind: Request, url: Url { scheme: "https", cannot_be_a_base: false, username: "", password: None, host: Some(Domain("api.opencagedata.com")), port: None, path: "/geocode/v1/json", query: Some("q=UCL+CASA&key=dcdbf0d783374909b3debee728c7cc10&no_annotations=0&no_record=1&bounds=-0.13806939125061035%2C51.51989264641164%2C-0.13427138328552246%2C51.52319711775629"), fragment: None }, source: hyper::Error(Connect, ConnectError("dns error", Custom { kind: Uncategorized, error: "failed to lookup address information: Temporary failure in name resolution" })) })
[INFO] [stdout] stack backtrace:
[INFO] [stdout]    0:     0x60a995394271 - <<std[70759c8f55707aa4]::sys::backtrace::BacktraceLock>::print::DisplayBacktrace as core[df12db4294e9bfd3]::fmt::Display>::fmt
[INFO] [stdout]    1:     0x60a9953aa96a - core[df12db4294e9bfd3]::fmt::write
[INFO] [stdout]    2:     0x60a995398d1c - <alloc[2182bb758b4b3781]::vec::Vec<u8> as core[df12db4294e9bfd3]::io::write::Write>::write_fmt
[INFO] [stdout]    3:     0x60a99536f536 - std[70759c8f55707aa4]::panicking::default_hook::{closure#0}
[INFO] [stdout]    4:     0x60a99538c129 - std[70759c8f55707aa4]::panicking::default_hook
[INFO] [stdout]    5:     0x60a9951eb710 - test[9d35eded1c95d3be]::test_main_inner::<test[9d35eded1c95d3be]::test_main_static::{closure#0}>::{closure#0}
[INFO] [stdout]    6:     0x60a99538c452 - std[70759c8f55707aa4]::panicking::panic_with_hook
[INFO] [stdout]    7:     0x60a99536f5e2 - std[70759c8f55707aa4]::panicking::panic_handler::{closure#0}
[INFO] [stdout]    8:     0x60a995368289 - std[70759c8f55707aa4]::sys::backtrace::__rust_end_short_backtrace::<std[70759c8f55707aa4]::panicking::panic_handler::{closure#0}, !>
[INFO] [stdout]    9:     0x60a9953703cd - __rustc[8fa7c3cbc660c2b3]::rust_begin_unwind
[INFO] [stdout]   10:     0x60a9953ab0cc - core[df12db4294e9bfd3]::panicking::panic_fmt
[INFO] [stdout]   11:     0x60a9953aaea2 - core[df12db4294e9bfd3]::result::unwrap_failed
[INFO] [stdout]   12:     0x60a9951c192d - geocoding[5a9c3f0bd6a76acd]::opencage::test::forward_full_test
[INFO] [stdout]   13:     0x60a9951dabb9 - <geocoding[5a9c3f0bd6a76acd]::opencage::test::forward_full_test::{closure#0} as core[df12db4294e9bfd3]::ops::function::FnOnce<()>>::call_once
[INFO] [stdout]   14:     0x60a9951de9fb - test[9d35eded1c95d3be]::__rust_begin_short_backtrace::<core[df12db4294e9bfd3]::result::Result<(), alloc[2182bb758b4b3781]::string::String>, fn() -> core[df12db4294e9bfd3]::result::Result<(), alloc[2182bb758b4b3781]::string::String>>
[INFO] [stdout]   15:     0x60a9951ec065 - test[9d35eded1c95d3be]::run_test::{closure#0}
[INFO] [stdout]   16:     0x60a9951e5924 - std[70759c8f55707aa4]::sys::backtrace::__rust_begin_short_backtrace::<test[9d35eded1c95d3be]::run_test::{closure#1}, ()>
[INFO] [stdout]   17:     0x60a9951ef1c2 - <std[70759c8f55707aa4]::thread::lifecycle::spawn_unchecked<test[9d35eded1c95d3be]::run_test::{closure#1}, ()>::{closure#1} as core[df12db4294e9bfd3]::ops::function::FnOnce<()>>::call_once::{shim:vtable#0}
[INFO] [stdout]   18:     0x60a995393799 - <std[70759c8f55707aa4]::sys::thread::unix::Thread>::new::thread_start
[INFO] [stdout]   19:     0x7577d2e95dfa - <unknown>
[INFO] [stdout]   20:     0x7577d2f293d4 - clone
[INFO] [stdout]   21:                0x0 - <unknown>
[INFO] [stdout] 
[INFO] [stdout] ---- opencage::test::forward_full_test_floats stdout ----
[INFO] [stdout] 
[INFO] [stdout] thread 'opencage::test::forward_full_test_floats' (1069) panicked at src/opencage.rs:694:51:
[INFO] [stdout] called `Result::unwrap()` on an `Err` value: Request(reqwest::Error { kind: Request, url: Url { scheme: "https", cannot_be_a_base: false, username: "", password: None, host: Some(Domain("api.opencagedata.com")), port: None, path: "/geocode/v1/json", query: Some("q=UCL+CASA&key=dcdbf0d783374909b3debee728c7cc10&no_annotations=0&no_record=1&bounds=-0.13806939125061035%2C51.51989264641164%2C-0.13427138328552246%2C51.52319711775629"), fragment: None }, source: hyper::Error(Connect, ConnectError("dns error", Custom { kind: Uncategorized, error: "failed to lookup address information: Temporary failure in name resolution" })) })
[INFO] [stdout] stack backtrace:
[INFO] [stdout]    0:     0x60a995394271 - <<std[70759c8f55707aa4]::sys::backtrace::BacktraceLock>::print::DisplayBacktrace as core[df12db4294e9bfd3]::fmt::Display>::fmt
[INFO] [stdout]    1:     0x60a9953aa96a - core[df12db4294e9bfd3]::fmt::write
[INFO] [stdout]    2:     0x60a995398d1c - <alloc[2182bb758b4b3781]::vec::Vec<u8> as core[df12db4294e9bfd3]::io::write::Write>::write_fmt
[INFO] [stdout]    3:     0x60a99536f536 - std[70759c8f55707aa4]::panicking::default_hook::{closure#0}
[INFO] [stdout]    4:     0x60a99538c129 - std[70759c8f55707aa4]::panicking::default_hook
[INFO] [stdout]    5:     0x60a9951eb710 - test[9d35eded1c95d3be]::test_main_inner::<test[9d35eded1c95d3be]::test_main_static::{closure#0}>::{closure#0}
[INFO] [stdout]    6:     0x60a99538c452 - std[70759c8f55707aa4]::panicking::panic_with_hook
[INFO] [stdout]    7:     0x60a99536f5e2 - std[70759c8f55707aa4]::panicking::panic_handler::{closure#0}
[INFO] [stdout]    8:     0x60a995368289 - std[70759c8f55707aa4]::sys::backtrace::__rust_end_short_backtrace::<std[70759c8f55707aa4]::panicking::panic_handler::{closure#0}, !>
[INFO] [stdout]    9:     0x60a9953703cd - __rustc[8fa7c3cbc660c2b3]::rust_begin_unwind
[INFO] [stdout]   10:     0x60a9953ab0cc - core[df12db4294e9bfd3]::panicking::panic_fmt
[INFO] [stdout]   11:     0x60a9953aaea2 - core[df12db4294e9bfd3]::result::unwrap_failed
[INFO] [stdout]   12:     0x60a9951c1fad - geocoding[5a9c3f0bd6a76acd]::opencage::test::forward_full_test_floats
[INFO] [stdout]   13:     0x60a9951dac19 - <geocoding[5a9c3f0bd6a76acd]::opencage::test::forward_full_test_floats::{closure#0} as core[df12db4294e9bfd3]::ops::function::FnOnce<()>>::call_once
[INFO] [stdout]   14:     0x60a9951de9fb - test[9d35eded1c95d3be]::__rust_begin_short_backtrace::<core[df12db4294e9bfd3]::result::Result<(), alloc[2182bb758b4b3781]::string::String>, fn() -> core[df12db4294e9bfd3]::result::Result<(), alloc[2182bb758b4b3781]::string::String>>
[INFO] [stdout]   15:     0x60a9951ec065 - test[9d35eded1c95d3be]::run_test::{closure#0}
[INFO] [stdout]   16:     0x60a9951e5924 - std[70759c8f55707aa4]::sys::backtrace::__rust_begin_short_backtrace::<test[9d35eded1c95d3be]::run_test::{closure#1}, ()>
[INFO] [stdout]   17:     0x60a9951ef1c2 - <std[70759c8f55707aa4]::thread::lifecycle::spawn_unchecked<test[9d35eded1c95d3be]::run_test::{closure#1}, ()>::{closure#1} as core[df12db4294e9bfd3]::ops::function::FnOnce<()>>::call_once::{shim:vtable#0}
[INFO] [stdout]   18:     0x60a995393799 - <std[70759c8f55707aa4]::sys::thread::unix::Thread>::new::thread_start
[INFO] [stdout]   19:     0x7577d2e95dfa - <unknown>
[INFO] [stdout]   20:     0x7577d2f293d4 - clone
[INFO] [stdout]   21:                0x0 - <unknown>
[INFO] [stdout] 
[INFO] [stdout] ---- opencage::test::forward_full_test_pointfrom stdout ----
[INFO] [stdout] 
[INFO] [stdout] thread 'opencage::test::forward_full_test_pointfrom' (1077) panicked at src/opencage.rs:708:51:
[INFO] [stdout] called `Result::unwrap()` on an `Err` value: Request(reqwest::Error { kind: Request, url: Url { scheme: "https", cannot_be_a_base: false, username: "", password: None, host: Some(Domain("api.opencagedata.com")), port: None, path: "/geocode/v1/json", query: Some("q=UCL+CASA&key=dcdbf0d783374909b3debee728c7cc10&no_annotations=0&no_record=1&bounds=-0.13806939125061035%2C51.51989264641164%2C-0.13427138328552246%2C51.52319711775629"), fragment: None }, source: hyper::Error(Connect, ConnectError("dns error", Custom { kind: Uncategorized, error: "failed to lookup address information: Temporary failure in name resolution" })) })
[INFO] [stdout] stack backtrace:
[INFO] [stdout]    0:     0x60a995394271 - <<std[70759c8f55707aa4]::sys::backtrace::BacktraceLock>::print::DisplayBacktrace as core[df12db4294e9bfd3]::fmt::Display>::fmt
[INFO] [stdout]    1:     0x60a9953aa96a - core[df12db4294e9bfd3]::fmt::write
[INFO] [stdout]    2:     0x60a995398d1c - <alloc[2182bb758b4b3781]::vec::Vec<u8> as core[df12db4294e9bfd3]::io::write::Write>::write_fmt
[INFO] [stdout]    3:     0x60a99536f536 - std[70759c8f55707aa4]::panicking::default_hook::{closure#0}
[INFO] [stdout]    4:     0x60a99538c129 - std[70759c8f55707aa4]::panicking::default_hook
[INFO] [stdout]    5:     0x60a9951eb710 - test[9d35eded1c95d3be]::test_main_inner::<test[9d35eded1c95d3be]::test_main_static::{closure#0}>::{closure#0}
[INFO] [stdout]    6:     0x60a99538c452 - std[70759c8f55707aa4]::panicking::panic_with_hook
[INFO] [stdout]    7:     0x60a99536f5e2 - std[70759c8f55707aa4]::panicking::panic_handler::{closure#0}
[INFO] [stdout]    8:     0x60a995368289 - std[70759c8f55707aa4]::sys::backtrace::__rust_end_short_backtrace::<std[70759c8f55707aa4]::panicking::panic_handler::{closure#0}, !>
[INFO] [stdout]    9:     0x60a9953703cd - __rustc[8fa7c3cbc660c2b3]::rust_begin_unwind
[INFO] [stdout]   10:     0x60a9953ab0cc - core[df12db4294e9bfd3]::panicking::panic_fmt
[INFO] [stdout]   11:     0x60a9953aaea2 - core[df12db4294e9bfd3]::result::unwrap_failed
[INFO] [stdout]   12:     0x60a9951c23ed - geocoding[5a9c3f0bd6a76acd]::opencage::test::forward_full_test_pointfrom
[INFO] [stdout]   13:     0x60a9951dac59 - <geocoding[5a9c3f0bd6a76acd]::opencage::test::forward_full_test_pointfrom::{closure#0} as core[df12db4294e9bfd3]::ops::function::FnOnce<()>>::call_once
[INFO] [stdout]   14:     0x60a9951de9fb - test[9d35eded1c95d3be]::__rust_begin_short_backtrace::<core[df12db4294e9bfd3]::result::Result<(), alloc[2182bb758b4b3781]::string::String>, fn() -> core[df12db4294e9bfd3]::result::Result<(), alloc[2182bb758b4b3781]::string::String>>
[INFO] [stdout]   15:     0x60a9951ec065 - test[9d35eded1c95d3be]::run_test::{closure#0}
[INFO] [stdout]   16:     0x60a9951e5924 - std[70759c8f55707aa4]::sys::backtrace::__rust_begin_short_backtrace::<test[9d35eded1c95d3be]::run_test::{closure#1}, ()>
[INFO] [stdout]   17:     0x60a9951ef1c2 - <std[70759c8f55707aa4]::thread::lifecycle::spawn_unchecked<test[9d35eded1c95d3be]::run_test::{closure#1}, ()>::{closure#1} as core[df12db4294e9bfd3]::ops::function::FnOnce<()>>::call_once::{shim:vtable#0}
[INFO] [stdout]   18:     0x60a995393799 - <std[70759c8f55707aa4]::sys::thread::unix::Thread>::new::thread_start
[INFO] [stdout]   19:     0x7577d2e95dfa - <unknown>
[INFO] [stdout]   20:     0x7577d2f293d4 - clone
[INFO] [stdout]   21:                0x0 - <unknown>
[INFO] [stdout] 
[INFO] [stdout] ---- opencage::test::forward_test stdout ----
[INFO] [stdout] 
[INFO] [stdout] thread 'opencage::test::forward_test' (1082) panicked at src/opencage.rs:658:17:
[INFO] [stdout] called `Result::unwrap()` on an `Err` value: Request(reqwest::Error { kind: Request, url: Url { scheme: "https", cannot_be_a_base: false, username: "", password: None, host: Some(Domain("api.opencagedata.com")), port: None, path: "/geocode/v1/json", query: Some("q=Schwabing%2C+M%C3%BCnchen&key=dcdbf0d783374909b3debee728c7cc10&no_annotations=1&no_record=1"), fragment: None }, source: hyper::Error(Connect, ConnectError("dns error", Custom { kind: Uncategorized, error: "failed to lookup address information: Temporary failure in name resolution" })) })
[INFO] [stdout] stack backtrace:
[INFO] [stdout]    0:     0x60a995394271 - <<std[70759c8f55707aa4]::sys::backtrace::BacktraceLock>::print::DisplayBacktrace as core[df12db4294e9bfd3]::fmt::Display>::fmt
[INFO] [stdout]    1:     0x60a9953aa96a - core[df12db4294e9bfd3]::fmt::write
[INFO] [stdout]    2:     0x60a995398d1c - <alloc[2182bb758b4b3781]::vec::Vec<u8> as core[df12db4294e9bfd3]::io::write::Write>::write_fmt
[INFO] [stdout]    3:     0x60a99536f536 - std[70759c8f55707aa4]::panicking::default_hook::{closure#0}
[INFO] [stdout]    4:     0x60a99538c129 - std[70759c8f55707aa4]::panicking::default_hook
[INFO] [stdout]    5:     0x60a9951eb710 - test[9d35eded1c95d3be]::test_main_inner::<test[9d35eded1c95d3be]::test_main_static::{closure#0}>::{closure#0}
[INFO] [stdout]    6:     0x60a99538c452 - std[70759c8f55707aa4]::panicking::panic_with_hook
[INFO] [stdout]    7:     0x60a99536f5e2 - std[70759c8f55707aa4]::panicking::panic_handler::{closure#0}
[INFO] [stdout]    8:     0x60a995368289 - std[70759c8f55707aa4]::sys::backtrace::__rust_end_short_backtrace::<std[70759c8f55707aa4]::panicking::panic_handler::{closure#0}, !>
[INFO] [stdout]    9:     0x60a9953703cd - __rustc[8fa7c3cbc660c2b3]::rust_begin_unwind
[INFO] [stdout]   10:     0x60a9953ab0cc - core[df12db4294e9bfd3]::panicking::panic_fmt
[INFO] [stdout]   11:     0x60a9953aaea2 - core[df12db4294e9bfd3]::result::unwrap_failed
[INFO] [stdout]   12:     0x60a9951c14ff - geocoding[5a9c3f0bd6a76acd]::opencage::test::forward_test
[INFO] [stdout]   13:     0x60a9951dab79 - <geocoding[5a9c3f0bd6a76acd]::opencage::test::forward_test::{closure#0} as core[df12db4294e9bfd3]::ops::function::FnOnce<()>>::call_once
[INFO] [stdout]   14:     0x60a9951de9fb - test[9d35eded1c95d3be]::__rust_begin_short_backtrace::<core[df12db4294e9bfd3]::result::Result<(), alloc[2182bb758b4b3781]::string::String>, fn() -> core[df12db4294e9bfd3]::result::Result<(), alloc[2182bb758b4b3781]::string::String>>
[INFO] [stdout]   15:     0x60a9951ec065 - test[9d35eded1c95d3be]::run_test::{closure#0}
[INFO] [stdout]   16:     0x60a9951e5924 - std[70759c8f55707aa4]::sys::backtrace::__rust_begin_short_backtrace::<test[9d35eded1c95d3be]::run_test::{closure#1}, ()>
[INFO] [stdout]   17:     0x60a9951ef1c2 - <std[70759c8f55707aa4]::thread::lifecycle::spawn_unchecked<test[9d35eded1c95d3be]::run_test::{closure#1}, ()>::{closure#1} as core[df12db4294e9bfd3]::ops::function::FnOnce<()>>::call_once::{shim:vtable#0}
[INFO] [stdout]   18:     0x60a995393799 - <std[70759c8f55707aa4]::sys::thread::unix::Thread>::new::thread_start
[INFO] [stdout]   19:     0x7577d2e95dfa - <unknown>
[INFO] [stdout]   20:     0x7577d2f293d4 - clone
[INFO] [stdout]   21:                0x0 - <unknown>
[INFO] [stdout] 
[INFO] [stdout] ---- opencage::test::forward_full_test_pointinto stdout ----
[INFO] [stdout] 
[INFO] [stdout] thread 'opencage::test::forward_full_test_pointinto' (1079) panicked at src/opencage.rs:722:51:
[INFO] [stdout] called `Result::unwrap()` on an `Err` value: Request(reqwest::Error { kind: Request, url: Url { scheme: "https", cannot_be_a_base: false, username: "", password: None, host: Some(Domain("api.opencagedata.com")), port: None, path: "/geocode/v1/json", query: Some("q=UCL+CASA&key=dcdbf0d783374909b3debee728c7cc10&no_annotations=0&no_record=1&bounds=-0.13806939125061035%2C51.51989264641164%2C-0.13427138328552246%2C51.52319711775629"), fragment: None }, source: hyper::Error(Connect, ConnectError("dns error", Custom { kind: Uncategorized, error: "failed to lookup address information: Temporary failure in name resolution" })) })
[INFO] [stdout] stack backtrace:
[INFO] [stdout]    0:     0x60a995394271 - <<std[70759c8f55707aa4]::sys::backtrace::BacktraceLock>::print::DisplayBacktrace as core[df12db4294e9bfd3]::fmt::Display>::fmt
[INFO] [stdout]    1:     0x60a9953aa96a - core[df12db4294e9bfd3]::fmt::write
[INFO] [stdout]    2:     0x60a995398d1c - <alloc[2182bb758b4b3781]::vec::Vec<u8> as core[df12db4294e9bfd3]::io::write::Write>::write_fmt
[INFO] [stdout]    3:     0x60a99536f536 - std[70759c8f55707aa4]::panicking::default_hook::{closure#0}
[INFO] [stdout]    4:     0x60a99538c129 - std[70759c8f55707aa4]::panicking::default_hook
[INFO] [stdout]    5:     0x60a9951eb710 - test[9d35eded1c95d3be]::test_main_inner::<test[9d35eded1c95d3be]::test_main_static::{closure#0}>::{closure#0}
[INFO] [stdout]    6:     0x60a99538c452 - std[70759c8f55707aa4]::panicking::panic_with_hook
[INFO] [stdout]    7:     0x60a99536f5e2 - std[70759c8f55707aa4]::panicking::panic_handler::{closure#0}
[INFO] [stdout]    8:     0x60a995368289 - std[70759c8f55707aa4]::sys::backtrace::__rust_end_short_backtrace::<std[70759c8f55707aa4]::panicking::panic_handler::{closure#0}, !>
[INFO] [stdout]    9:     0x60a9953703cd - __rustc[8fa7c3cbc660c2b3]::rust_begin_unwind
[INFO] [stdout]   10:     0x60a9953ab0cc - core[df12db4294e9bfd3]::panicking::panic_fmt
[INFO] [stdout]   11:     0x60a9953aaea2 - core[df12db4294e9bfd3]::result::unwrap_failed
[INFO] [stdout]   12:     0x60a9951c25bd - geocoding[5a9c3f0bd6a76acd]::opencage::test::forward_full_test_pointinto
[INFO] [stdout]   13:     0x60a9951dac79 - <geocoding[5a9c3f0bd6a76acd]::opencage::test::forward_full_test_pointinto::{closure#0} as core[df12db4294e9bfd3]::ops::function::FnOnce<()>>::call_once
[INFO] [stdout]   14:     0x60a9951de9fb - test[9d35eded1c95d3be]::__rust_begin_short_backtrace::<core[df12db4294e9bfd3]::result::Result<(), alloc[2182bb758b4b3781]::string::String>, fn() -> core[df12db4294e9bfd3]::result::Result<(), alloc[2182bb758b4b3781]::string::String>>
[INFO] [stdout]   15:     0x60a9951ec065 - test[9d35eded1c95d3be]::run_test::{closure#0}
[INFO] [stdout]   16:     0x60a9951e5924 - std[70759c8f55707aa4]::sys::backtrace::__rust_begin_short_backtrace::<test[9d35eded1c95d3be]::run_test::{closure#1}, ()>
[INFO] [stdout]   17:     0x60a9951ef1c2 - <std[70759c8f55707aa4]::thread::lifecycle::spawn_unchecked<test[9d35eded1c95d3be]::run_test::{closure#1}, ()>::{closure#1} as core[df12db4294e9bfd3]::ops::function::FnOnce<()>>::call_once::{shim:vtable#0}
[INFO] [stdout]   18:     0x60a995393799 - <std[70759c8f55707aa4]::sys::thread::unix::Thread>::new::thread_start
[INFO] [stdout]   19:     0x7577d2e95dfa - <unknown>
[INFO] [stdout]   20:     0x7577d2f293d4 - clone
[INFO] [stdout]   21:                0x0 - <unknown>
[INFO] [stdout] 
[INFO] [stdout] ---- opencage::test::reverse_test stdout ----
[INFO] [stdout] 
[INFO] [stdout] thread 'opencage::test::reverse_test' (1088) panicked at src/opencage.rs:636:17:
[INFO] [stdout] called `Result::unwrap()` on an `Err` value: Request(reqwest::Error { kind: Request, url: Url { scheme: "https", cannot_be_a_base: false, username: "", password: None, host: Some(Domain("api.opencagedata.com")), port: None, path: "/geocode/v1/json", query: Some("q=41.40139%2C+2.1287&key=dcdbf0d783374909b3debee728c7cc10&no_annotations=1&no_record=1"), fragment: None }, source: hyper::Error(Connect, ConnectError("dns error", Custom { kind: Uncategorized, error: "failed to lookup address information: Temporary failure in name resolution" })) })
[INFO] [stdout] stack backtrace:
[INFO] [stdout]    0:     0x60a995394271 - <<std[70759c8f55707aa4]::sys::backtrace::BacktraceLock>::print::DisplayBacktrace as core[df12db4294e9bfd3]::fmt::Display>::fmt
[INFO] [stdout]    1:     0x60a9953aa96a - core[df12db4294e9bfd3]::fmt::write
[INFO] [stdout]    2:     0x60a995398d1c - <alloc[2182bb758b4b3781]::vec::Vec<u8> as core[df12db4294e9bfd3]::io::write::Write>::write_fmt
[INFO] [stdout]    3:     0x60a99536f536 - std[70759c8f55707aa4]::panicking::default_hook::{closure#0}
[INFO] [stdout]    4:     0x60a99538c129 - std[70759c8f55707aa4]::panicking::default_hook
[INFO] [stdout]    5:     0x60a9951eb710 - test[9d35eded1c95d3be]::test_main_inner::<test[9d35eded1c95d3be]::test_main_static::{closure#0}>::{closure#0}
[INFO] [stdout]    6:     0x60a99538c452 - std[70759c8f55707aa4]::panicking::panic_with_hook
[INFO] [stdout]    7:     0x60a99536f5e2 - std[70759c8f55707aa4]::panicking::panic_handler::{closure#0}
[INFO] [stdout]    8:     0x60a995368289 - std[70759c8f55707aa4]::sys::backtrace::__rust_end_short_backtrace::<std[70759c8f55707aa4]::panicking::panic_handler::{closure#0}, !>
[INFO] [stdout]    9:     0x60a9953703cd - __rustc[8fa7c3cbc660c2b3]::rust_begin_unwind
[INFO] [stdout]   10:     0x60a9953ab0cc - core[df12db4294e9bfd3]::panicking::panic_fmt
[INFO] [stdout]   11:     0x60a9953aaea2 - core[df12db4294e9bfd3]::result::unwrap_failed
[INFO] [stdout]   12:     0x60a9951c174a - geocoding[5a9c3f0bd6a76acd]::opencage::test::reverse_test
[INFO] [stdout]   13:     0x60a9951dab99 - <geocoding[5a9c3f0bd6a76acd]::opencage::test::reverse_test::{closure#0} as core[df12db4294e9bfd3]::ops::function::FnOnce<()>>::call_once
[INFO] [stdout]   14:     0x60a9951de9fb - test[9d35eded1c95d3be]::__rust_begin_short_backtrace::<core[df12db4294e9bfd3]::result::Result<(), alloc[2182bb758b4b3781]::string::String>, fn() -> core[df12db4294e9bfd3]::result::Result<(), alloc[2182bb758b4b3781]::string::String>>
[INFO] [stdout]   15:     0x60a9951ec065 - test[9d35eded1c95d3be]::run_test::{closure#0}
[INFO] [stdout]   16:     0x60a9951e5924 - std[70759c8f55707aa4]::sys::backtrace::__rust_begin_short_backtrace::<test[9d35eded1c95d3be]::run_test::{closure#1}, ()>
[INFO] [stdout]   17:     0x60a9951ef1c2 - <std[70759c8f55707aa4]::thread::lifecycle::spawn_unchecked<test[9d35eded1c95d3be]::run_test::{closure#1}, ()>::{closure#1} as core[df12db4294e9bfd3]::ops::function::FnOnce<()>>::call_once::{shim:vtable#0}
[INFO] [stdout]   18:     0x60a995393799 - <std[70759c8f55707aa4]::sys::thread::unix::Thread>::new::thread_start
[INFO] [stdout]   19:     0x7577d2e95dfa - <unknown>
[INFO] [stdout]   20:     0x7577d2f293d4 - clone
[INFO] [stdout]   21:                0x0 - <unknown>
[INFO] [stdout] 
[INFO] [stdout] ---- openstreetmap::test::forward_full_test stdout ----
[INFO] [stdout] 
[INFO] [stdout] thread 'openstreetmap::test::forward_full_test' (1093) panicked at src/openstreetmap.rs:371:73:
[INFO] [stdout] called `Result::unwrap()` on an `Err` value: Request(reqwest::Error { kind: Request, url: Url { scheme: "https", cannot_be_a_base: false, username: "", password: None, host: Some(Domain("nominatim.openstreetmap.org")), port: None, path: "/search", query: Some("q=UCL+CASA&format=geojson&addressdetails=1&viewbox=-0.13806939125061035%2C51.51989264641164%2C-0.13427138328552246%2C51.52319711775629"), fragment: None }, source: hyper::Error(Connect, ConnectError("dns error", Custom { kind: Uncategorized, error: "failed to lookup address information: Temporary failure in name resolution" })) })
[INFO] [stdout] stack backtrace:
[INFO] [stdout]    0:     0x60a995394271 - <<std[70759c8f55707aa4]::sys::backtrace::BacktraceLock>::print::DisplayBacktrace as core[df12db4294e9bfd3]::fmt::Display>::fmt
[INFO] [stdout]    1:     0x60a9953aa96a - core[df12db4294e9bfd3]::fmt::write
[INFO] [stdout]    2:     0x60a995398d1c - <alloc[2182bb758b4b3781]::vec::Vec<u8> as core[df12db4294e9bfd3]::io::write::Write>::write_fmt
[INFO] [stdout]    3:     0x60a99536f536 - std[70759c8f55707aa4]::panicking::default_hook::{closure#0}
[INFO] [stdout]    4:     0x60a99538c129 - std[70759c8f55707aa4]::panicking::default_hook
[INFO] [stdout]    5:     0x60a9951eb710 - test[9d35eded1c95d3be]::test_main_inner::<test[9d35eded1c95d3be]::test_main_static::{closure#0}>::{closure#0}
[INFO] [stdout]    6:     0x60a99538c452 - std[70759c8f55707aa4]::panicking::panic_with_hook
[INFO] [stdout]    7:     0x60a99536f5e2 - std[70759c8f55707aa4]::panicking::panic_handler::{closure#0}
[INFO] [stdout]    8:     0x60a995368289 - std[70759c8f55707aa4]::sys::backtrace::__rust_end_short_backtrace::<std[70759c8f55707aa4]::panicking::panic_handler::{closure#0}, !>
[INFO] [stdout]    9:     0x60a9953703cd - __rustc[8fa7c3cbc660c2b3]::rust_begin_unwind
[INFO] [stdout]   10:     0x60a9953ab0cc - core[df12db4294e9bfd3]::panicking::panic_fmt
[INFO] [stdout]   11:     0x60a9953aaea2 - core[df12db4294e9bfd3]::result::unwrap_failed
[INFO] [stdout]   12:     0x60a9951cefe2 - geocoding[5a9c3f0bd6a76acd]::openstreetmap::test::forward_full_test
[INFO] [stdout]   13:     0x60a9951daa59 - <geocoding[5a9c3f0bd6a76acd]::openstreetmap::test::forward_full_test::{closure#0} as core[df12db4294e9bfd3]::ops::function::FnOnce<()>>::call_once
[INFO] [stdout]   14:     0x60a9951de9fb - test[9d35eded1c95d3be]::__rust_begin_short_backtrace::<core[df12db4294e9bfd3]::result::Result<(), alloc[2182bb758b4b3781]::string::String>, fn() -> core[df12db4294e9bfd3]::result::Result<(), alloc[2182bb758b4b3781]::string::String>>
[INFO] [stdout]   15:     0x60a9951ec065 - test[9d35eded1c95d3be]::run_test::{closure#0}
[INFO] [stdout]   16:     0x60a9951e5924 - std[70759c8f55707aa4]::sys::backtrace::__rust_begin_short_backtrace::<test[9d35eded1c95d3be]::run_test::{closure#1}, ()>
[INFO] [stdout]   17:     0x60a9951ef1c2 - <std[70759c8f55707aa4]::thread::lifecycle::spawn_unchecked<test[9d35eded1c95d3be]::run_test::{closure#1}, ()>::{closure#1} as core[df12db4294e9bfd3]::ops::function::FnOnce<()>>::call_once::{shim:vtable#0}
[INFO] [stdout]   18:     0x60a995393799 - <std[70759c8f55707aa4]::sys::thread::unix::Thread>::new::thread_start
[INFO] [stdout]   19:     0x7577d2e95dfa - <unknown>
[INFO] [stdout]   20:     0x7577d2f293d4 - clone
[INFO] [stdout]   21:                0x0 - <unknown>
[INFO] [stdout] 
[INFO] [stdout] ---- opencage::test::reverse_full_test stdout ----
[INFO] [stdout] 
[INFO] [stdout] thread 'opencage::test::reverse_full_test' (1083) panicked at src/opencage.rs:670:39:
[INFO] [stdout] called `Result::unwrap()` on an `Err` value: Request(reqwest::Error { kind: Request, url: Url { scheme: "https", cannot_be_a_base: false, username: "", password: None, host: Some(Domain("api.opencagedata.com")), port: None, path: "/geocode/v1/json", query: Some("q=41.40139%2C+2.1287&key=dcdbf0d783374909b3debee728c7cc10&no_annotations=0&no_record=1&language=fr"), fragment: None }, source: hyper::Error(Connect, ConnectError("dns error", Custom { kind: Uncategorized, error: "failed to lookup address information: Temporary failure in name resolution" })) })
[INFO] [stdout] stack backtrace:
[INFO] [stdout]    0:     0x60a995394271 - <<std[70759c8f55707aa4]::sys::backtrace::BacktraceLock>::print::DisplayBacktrace as core[df12db4294e9bfd3]::fmt::Display>::fmt
[INFO] [stdout]    1:     0x60a9953aa96a - core[df12db4294e9bfd3]::fmt::write
[INFO] [stdout]    2:     0x60a995398d1c - <alloc[2182bb758b4b3781]::vec::Vec<u8> as core[df12db4294e9bfd3]::io::write::Write>::write_fmt
[INFO] [stdout]    3:     0x60a99536f536 - std[70759c8f55707aa4]::panicking::default_hook::{closure#0}
[INFO] [stdout]    4:     0x60a99538c129 - std[70759c8f55707aa4]::panicking::default_hook
[INFO] [stdout]    5:     0x60a9951eb710 - test[9d35eded1c95d3be]::test_main_inner::<test[9d35eded1c95d3be]::test_main_static::{closure#0}>::{closure#0}
[INFO] [stdout]    6:     0x60a99538c452 - std[70759c8f55707aa4]::panicking::panic_with_hook
[INFO] [stdout]    7:     0x60a99536f5e2 - std[70759c8f55707aa4]::panicking::panic_handler::{closure#0}
[INFO] [stdout]    8:     0x60a995368289 - std[70759c8f55707aa4]::sys::backtrace::__rust_end_short_backtrace::<std[70759c8f55707aa4]::panicking::panic_handler::{closure#0}, !>
[INFO] [stdout]    9:     0x60a9953703cd - __rustc[8fa7c3cbc660c2b3]::rust_begin_unwind
[INFO] [stdout]   10:     0x60a9953ab0cc - core[df12db4294e9bfd3]::panicking::panic_fmt
[INFO] [stdout]   11:     0x60a9953aaea2 - core[df12db4294e9bfd3]::result::unwrap_failed
[INFO] [stdout]   12:     0x60a9951c1c24 - geocoding[5a9c3f0bd6a76acd]::opencage::test::reverse_full_test
[INFO] [stdout]   13:     0x60a9951dabd9 - <geocoding[5a9c3f0bd6a76acd]::opencage::test::reverse_full_test::{closure#0} as core[df12db4294e9bfd3]::ops::function::FnOnce<()>>::call_once
[INFO] [stdout]   14:     0x60a9951de9fb - test[9d35eded1c95d3be]::__rust_begin_short_backtrace::<core[df12db4294e9bfd3]::result::Result<(), alloc[2182bb758b4b3781]::string::String>, fn() -> core[df12db4294e9bfd3]::result::Result<(), alloc[2182bb758b4b3781]::string::String>>
[INFO] [stdout]   15:     0x60a9951ec065 - test[9d35eded1c95d3be]::run_test::{closure#0}
[INFO] [stdout]   16:     0x60a9951e5924 - std[70759c8f55707aa4]::sys::backtrace::__rust_begin_short_backtrace::<test[9d35eded1c95d3be]::run_test::{closure#1}, ()>
[INFO] [stdout]   17:     0x60a9951ef1c2 - <std[70759c8f55707aa4]::thread::lifecycle::spawn_unchecked<test[9d35eded1c95d3be]::run_test::{closure#1}, ()>::{closure#1} as core[df12db4294e9bfd3]::ops::function::FnOnce<()>>::call_once::{shim:vtable#0}
[INFO] [stdout]   18:     0x60a995393799 - <std[70759c8f55707aa4]::sys::thread::unix::Thread>::new::thread_start
[INFO] [stdout]   19:     0x7577d2e95dfa - <unknown>
[INFO] [stdout]   20:     0x7577d2f293d4 - clone
[INFO] [stdout]   21:                0x0 - <unknown>
[INFO] [stdout] 
[INFO] [stdout] ---- opencage::test::forward_full_test_nobox stdout ----
[INFO] [stdout] 
[INFO] [stdout] thread 'opencage::test::forward_full_test_nobox' (1076) panicked at src/opencage.rs:732:52:
[INFO] [stdout] called `Result::unwrap()` on an `Err` value: Request(reqwest::Error { kind: Request, url: Url { scheme: "https", cannot_be_a_base: false, username: "", password: None, host: Some(Domain("api.opencagedata.com")), port: None, path: "/geocode/v1/json", query: Some("q=Moabit%2C+Berlin%2C+Germany&key=dcdbf0d783374909b3debee728c7cc10&no_annotations=0&no_record=1"), fragment: None }, source: hyper::Error(Connect, ConnectError("dns error", Custom { kind: Uncategorized, error: "failed to lookup address information: Temporary failure in name resolution" })) })
[INFO] [stdout] stack backtrace:
[INFO] [stdout]    0:     0x60a995394271 - <<std[70759c8f55707aa4]::sys::backtrace::BacktraceLock>::print::DisplayBacktrace as core[df12db4294e9bfd3]::fmt::Display>::fmt
[INFO] [stdout]    1:     0x60a9953aa96a - core[df12db4294e9bfd3]::fmt::write
[INFO] [stdout]    2:     0x60a995398d1c - <alloc[2182bb758b4b3781]::vec::Vec<u8> as core[df12db4294e9bfd3]::io::write::Write>::write_fmt
[INFO] [stdout]    3:     0x60a99536f536 - std[70759c8f55707aa4]::panicking::default_hook::{closure#0}
[INFO] [stdout]    4:     0x60a99538c129 - std[70759c8f55707aa4]::panicking::default_hook
[INFO] [stdout]    5:     0x60a9951eb710 - test[9d35eded1c95d3be]::test_main_inner::<test[9d35eded1c95d3be]::test_main_static::{closure#0}>::{closure#0}
[INFO] [stdout]    6:     0x60a99538c452 - std[70759c8f55707aa4]::panicking::panic_with_hook
[INFO] [stdout]    7:     0x60a99536f5e2 - std[70759c8f55707aa4]::panicking::panic_handler::{closure#0}
[INFO] [stdout]    8:     0x60a995368289 - std[70759c8f55707aa4]::sys::backtrace::__rust_end_short_backtrace::<std[70759c8f55707aa4]::panicking::panic_handler::{closure#0}, !>
[INFO] [stdout]    9:     0x60a9953703cd - __rustc[8fa7c3cbc660c2b3]::rust_begin_unwind
[INFO] [stdout]   10:     0x60a9953ab0cc - core[df12db4294e9bfd3]::panicking::panic_fmt
[INFO] [stdout]   11:     0x60a9953aaea2 - core[df12db4294e9bfd3]::result::unwrap_failed
[INFO] [stdout]   12:     0x60a9951c1dfa - geocoding[5a9c3f0bd6a76acd]::opencage::test::forward_full_test_nobox
[INFO] [stdout]   13:     0x60a9951dabf9 - <geocoding[5a9c3f0bd6a76acd]::opencage::test::forward_full_test_nobox::{closure#0} as core[df12db4294e9bfd3]::ops::function::FnOnce<()>>::call_once
[INFO] [stdout]   14:     0x60a9951de9fb - test[9d35eded1c95d3be]::__rust_begin_short_backtrace::<core[df12db4294e9bfd3]::result::Result<(), alloc[2182bb758b4b3781]::string::String>, fn() -> core[df12db4294e9bfd3]::result::Result<(), alloc[2182bb758b4b3781]::string::String>>
[INFO] [stdout]   15:     0x60a9951ec065 - test[9d35eded1c95d3be]::run_test::{closure#0}
[INFO] [stdout]   16:     0x60a9951e5924 - std[70759c8f55707aa4]::sys::backtrace::__rust_begin_short_backtrace::<test[9d35eded1c95d3be]::run_test::{closure#1}, ()>
[INFO] [stdout]   17:     0x60a9951ef1c2 - <std[70759c8f55707aa4]::thread::lifecycle::spawn_unchecked<test[9d35eded1c95d3be]::run_test::{closure#1}, ()>::{closure#1} as core[df12db4294e9bfd3]::ops::function::FnOnce<()>>::call_once::{shim:vtable#0}
[INFO] [stdout]   18:     0x60a995393799 - <std[70759c8f55707aa4]::sys::thread::unix::Thread>::new::thread_start
[INFO] [stdout]   19:     0x7577d2e95dfa - <unknown>
[INFO] [stdout]   20:     0x7577d2f293d4 - clone
[INFO] [stdout]   21:                0x0 - <unknown>
[INFO] [stdout] 
[INFO] [stdout] ---- openstreetmap::test::new_with_endpoint_forward_test stdout ----
[INFO] [stdout] 
[INFO] [stdout] thread 'openstreetmap::test::new_with_endpoint_forward_test' (1098) panicked at src/openstreetmap.rs:357:24:
[INFO] [stdout] called `Result::unwrap()` on an `Err` value: Request(reqwest::Error { kind: Request, url: Url { scheme: "https", cannot_be_a_base: false, username: "", password: None, host: Some(Domain("nominatim.openstreetmap.org")), port: None, path: "/search", query: Some("q=Schwabing%2C+M%C3%BCnchen&format=geojson"), fragment: None }, source: hyper::Error(Connect, ConnectError("dns error", Custom { kind: Uncategorized, error: "failed to lookup address information: Temporary failure in name resolution" })) })
[INFO] [stdout] stack backtrace:
[INFO] [stdout]    0:     0x60a995394271 - <<std[70759c8f55707aa4]::sys::backtrace::BacktraceLock>::print::DisplayBacktrace as core[df12db4294e9bfd3]::fmt::Display>::fmt
[INFO] [stdout]    1:     0x60a9953aa96a - core[df12db4294e9bfd3]::fmt::write
[INFO] [stdout]    2:     0x60a995398d1c - <alloc[2182bb758b4b3781]::vec::Vec<u8> as core[df12db4294e9bfd3]::io::write::Write>::write_fmt
[INFO] [stdout]    3:     0x60a99536f536 - std[70759c8f55707aa4]::panicking::default_hook::{closure#0}
[INFO] [stdout]    4:     0x60a99538c129 - std[70759c8f55707aa4]::panicking::default_hook
[INFO] [stdout]    5:     0x60a9951eb710 - test[9d35eded1c95d3be]::test_main_inner::<test[9d35eded1c95d3be]::test_main_static::{closure#0}>::{closure#0}
[INFO] [stdout]    6:     0x60a99538c452 - std[70759c8f55707aa4]::panicking::panic_with_hook
[INFO] [stdout]    7:     0x60a99536f5e2 - std[70759c8f55707aa4]::panicking::panic_handler::{closure#0}
[INFO] [stdout]    8:     0x60a995368289 - std[70759c8f55707aa4]::sys::backtrace::__rust_end_short_backtrace::<std[70759c8f55707aa4]::panicking::panic_handler::{closure#0}, !>
[INFO] [stdout]    9:     0x60a9953703cd - __rustc[8fa7c3cbc660c2b3]::rust_begin_unwind
[INFO] [stdout]   10:     0x60a9953ab0cc - core[df12db4294e9bfd3]::panicking::panic_fmt
[INFO] [stdout]   11:     0x60a9953aaea2 - core[df12db4294e9bfd3]::result::unwrap_failed
[INFO] [stdout]   12:     0x60a9951cf8b0 - geocoding[5a9c3f0bd6a76acd]::openstreetmap::test::new_with_endpoint_forward_test
[INFO] [stdout]   13:     0x60a9951daa79 - <geocoding[5a9c3f0bd6a76acd]::openstreetmap::test::new_with_endpoint_forward_test::{closure#0} as core[df12db4294e9bfd3]::ops::function::FnOnce<()>>::call_once
[INFO] [stdout]   14:     0x60a9951de9fb - test[9d35eded1c95d3be]::__rust_begin_short_backtrace::<core[df12db4294e9bfd3]::result::Result<(), alloc[2182bb758b4b3781]::string::String>, fn() -> core[df12db4294e9bfd3]::result::Result<(), alloc[2182bb758b4b3781]::string::String>>
[INFO] [stdout]   15:     0x60a9951ec065 - test[9d35eded1c95d3be]::run_test::{closure#0}
[INFO] [stdout]   16:     0x60a9951e5924 - std[70759c8f55707aa4]::sys::backtrace::__rust_begin_short_backtrace::<test[9d35eded1c95d3be]::run_test::{closure#1}, ()>
[INFO] [stdout]   17:     0x60a9951ef1c2 - <std[70759c8f55707aa4]::thread::lifecycle::spawn_unchecked<test[9d35eded1c95d3be]::run_test::{closure#1}, ()>::{closure#1} as core[df12db4294e9bfd3]::ops::function::FnOnce<()>>::call_once::{shim:vtable#0}
[INFO] [stdout]   18:     0x60a995393799 - <std[70759c8f55707aa4]::sys::thread::unix::Thread>::new::thread_start
[INFO] [stdout]   19:     0x7577d2e95dfa - <unknown>
[INFO] [stdout]   20:     0x7577d2f293d4 - clone
[INFO] [stdout]   21:                0x0 - <unknown>
[INFO] [stdout] 
[INFO] [stdout] ---- opencage::test::reverse_test_with_params stdout ----
[INFO] [stdout] 
[INFO] [stdout] thread 'opencage::test::reverse_test_with_params' (1090) panicked at src/opencage.rs:648:17:
[INFO] [stdout] called `Result::unwrap()` on an `Err` value: Request(reqwest::Error { kind: Request, url: Url { scheme: "https", cannot_be_a_base: false, username: "", password: None, host: Some(Domain("api.opencagedata.com")), port: None, path: "/geocode/v1/json", query: Some("q=41.40139%2C+2.1287&key=dcdbf0d783374909b3debee728c7cc10&no_annotations=1&no_record=1&language=fr"), fragment: None }, source: hyper::Error(Connect, ConnectError("dns error", Custom { kind: Uncategorized, error: "failed to lookup address information: Temporary failure in name resolution" })) })
[INFO] [stdout] stack backtrace:
[INFO] [stdout]    0:     0x60a995394271 - <<std[70759c8f55707aa4]::sys::backtrace::BacktraceLock>::print::DisplayBacktrace as core[df12db4294e9bfd3]::fmt::Display>::fmt
[INFO] [stdout]    1:     0x60a9953aa96a - core[df12db4294e9bfd3]::fmt::write
[INFO] [stdout]    2:     0x60a995398d1c - <alloc[2182bb758b4b3781]::vec::Vec<u8> as core[df12db4294e9bfd3]::io::write::Write>::write_fmt
[INFO] [stdout]    3:     0x60a99536f536 - std[70759c8f55707aa4]::panicking::default_hook::{closure#0}
[INFO] [stdout]    4:     0x60a99538c129 - std[70759c8f55707aa4]::panicking::default_hook
[INFO] [stdout]    5:     0x60a9951eb710 - test[9d35eded1c95d3be]::test_main_inner::<test[9d35eded1c95d3be]::test_main_static::{closure#0}>::{closure#0}
[INFO] [stdout]    6:     0x60a99538c452 - std[70759c8f55707aa4]::panicking::panic_with_hook
[INFO] [stdout]    7:     0x60a99536f5e2 - std[70759c8f55707aa4]::panicking::panic_handler::{closure#0}
[INFO] [stdout]    8:     0x60a995368289 - std[70759c8f55707aa4]::sys::backtrace::__rust_end_short_backtrace::<std[70759c8f55707aa4]::panicking::panic_handler::{closure#0}, !>
[INFO] [stdout]    9:     0x60a9953703cd - __rustc[8fa7c3cbc660c2b3]::rust_begin_unwind
[INFO] [stdout]   10:     0x60a9953ab0cc - core[df12db4294e9bfd3]::panicking::panic_fmt
[INFO] [stdout]   11:     0x60a9953aaea2 - core[df12db4294e9bfd3]::result::unwrap_failed
[INFO] [stdout]   12:     0x60a9951c2209 - geocoding[5a9c3f0bd6a76acd]::opencage::test::reverse_test_with_params
[INFO] [stdout]   13:     0x60a9951dac39 - <geocoding[5a9c3f0bd6a76acd]::opencage::test::reverse_test_with_params::{closure#0} as core[df12db4294e9bfd3]::ops::function::FnOnce<()>>::call_once
[INFO] [stdout]   14:     0x60a9951de9fb - test[9d35eded1c95d3be]::__rust_begin_short_backtrace::<core[df12db4294e9bfd3]::result::Result<(), alloc[2182bb758b4b3781]::string::String>, fn() -> core[df12db4294e9bfd3]::result::Result<(), alloc[2182bb758b4b3781]::string::String>>
[INFO] [stdout]   15:     0x60a9951ec065 - test[9d35eded1c95d3be]::run_test::{closure#0}
[INFO] [stdout]   16:     0x60a9951e5924 - std[70759c8f55707aa4]::sys::backtrace::__rust_begin_short_backtrace::<test[9d35eded1c95d3be]::run_test::{closure#1}, ()>
[INFO] [stdout]   17:     0x60a9951ef1c2 - <std[70759c8f55707aa4]::thread::lifecycle::spawn_unchecked<test[9d35eded1c95d3be]::run_test::{closure#1}, ()>::{closure#1} as core[df12db4294e9bfd3]::ops::function::FnOnce<()>>::call_once::{shim:vtable#0}
[INFO] [stdout]   18:     0x60a995393799 - <std[70759c8f55707aa4]::sys::thread::unix::Thread>::new::thread_start
[INFO] [stdout]   19:     0x7577d2e95dfa - <unknown>
[INFO] [stdout]   20:     0x7577d2f293d4 - clone
[INFO] [stdout]   21:                0x0 - <unknown>
[INFO] [stdout] 
[INFO] [stdout] ---- openstreetmap::test::reverse_test stdout ----
[INFO] [stdout] 
[INFO] [stdout] thread 'openstreetmap::test::reverse_test' (1101) panicked at src/openstreetmap.rs:391:14:
[INFO] [stdout] called `Result::unwrap()` on an `Err` value: Request(reqwest::Error { kind: Request, url: Url { scheme: "https", cannot_be_a_base: false, username: "", password: None, host: Some(Domain("nominatim.openstreetmap.org")), port: None, path: "/reverse", query: Some("lon=2.1287&lat=41.40139&format=geojson"), fragment: None }, source: hyper::Error(Connect, ConnectError("dns error", Custom { kind: Uncategorized, error: "failed to lookup address information: Temporary failure in name resolution" })) })
[INFO] [stdout] stack backtrace:
[INFO] [stdout]    0:     0x60a995394271 - <<std[70759c8f55707aa4]::sys::backtrace::BacktraceLock>::print::DisplayBacktrace as core[df12db4294e9bfd3]::fmt::Display>::fmt
[INFO] [stdout]    1:     0x60a9953aa96a - core[df12db4294e9bfd3]::fmt::write
[INFO] [stdout]    2:     0x60a995398d1c - <alloc[2182bb758b4b3781]::vec::Vec<u8> as core[df12db4294e9bfd3]::io::write::Write>::write_fmt
[INFO] [stdout]    3:     0x60a99536f536 - std[70759c8f55707aa4]::panicking::default_hook::{closure#0}
[INFO] [stdout]    4:     0x60a99538c129 - std[70759c8f55707aa4]::panicking::default_hook
[INFO] [stdout]    5:     0x60a9951eb710 - test[9d35eded1c95d3be]::test_main_inner::<test[9d35eded1c95d3be]::test_main_static::{closure#0}>::{closure#0}
[INFO] [stdout]    6:     0x60a99538c452 - std[70759c8f55707aa4]::panicking::panic_with_hook
[INFO] [stdout]    7:     0x60a99536f5e2 - std[70759c8f55707aa4]::panicking::panic_handler::{closure#0}
[INFO] [stdout]    8:     0x60a995368289 - std[70759c8f55707aa4]::sys::backtrace::__rust_end_short_backtrace::<std[70759c8f55707aa4]::panicking::panic_handler::{closure#0}, !>
[INFO] [stdout]    9:     0x60a9953703cd - __rustc[8fa7c3cbc660c2b3]::rust_begin_unwind
[INFO] [stdout]   10:     0x60a9953ab0cc - core[df12db4294e9bfd3]::panicking::panic_fmt
[INFO] [stdout]   11:     0x60a9953aaea2 - core[df12db4294e9bfd3]::result::unwrap_failed
[INFO] [stdout]   12:     0x60a9951ce1e5 - geocoding[5a9c3f0bd6a76acd]::openstreetmap::test::reverse_test
[INFO] [stdout]   13:     0x60a9951daa39 - <geocoding[5a9c3f0bd6a76acd]::openstreetmap::test::reverse_test::{closure#0} as core[df12db4294e9bfd3]::ops::function::FnOnce<()>>::call_once
[INFO] [stdout]   14:     0x60a9951de9fb - test[9d35eded1c95d3be]::__rust_begin_short_backtrace::<core[df12db4294e9bfd3]::result::Result<(), alloc[2182bb758b4b3781]::string::String>, fn() -> core[df12db4294e9bfd3]::result::Result<(), alloc[2182bb758b4b3781]::string::String>>
[INFO] [stdout]   15:     0x60a9951ec065 - test[9d35eded1c95d3be]::run_test::{closure#0}
[INFO] [stdout]   16:     0x60a9951e5924 - std[70759c8f55707aa4]::sys::backtrace::__rust_begin_short_backtrace::<test[9d35eded1c95d3be]::run_test::{closure#1}, ()>
[INFO] [stdout]   17:     0x60a9951ef1c2 - <std[70759c8f55707aa4]::thread::lifecycle::spawn_unchecked<test[9d35eded1c95d3be]::run_test::{closure#1}, ()>::{closure#1} as core[df12db4294e9bfd3]::ops::function::FnOnce<()>>::call_once::{shim:vtable#0}
[INFO] [stdout]   18:     0x60a995393799 - <std[70759c8f55707aa4]::sys::thread::unix::Thread>::new::thread_start
[INFO] [stdout]   19:     0x7577d2e95dfa - <unknown>
[INFO] [stdout]   20:     0x7577d2f293d4 - clone
[INFO] [stdout]   21:                0x0 - <unknown>
[INFO] [stdout] 
[INFO] [stdout] ---- openstreetmap::test::forward_test stdout ----
[INFO] [stdout] 
[INFO] [stdout] thread 'openstreetmap::test::forward_test' (1097) panicked at src/openstreetmap.rs:382:24:
[INFO] [stdout] called `Result::unwrap()` on an `Err` value: Request(reqwest::Error { kind: Request, url: Url { scheme: "https", cannot_be_a_base: false, username: "", password: None, host: Some(Domain("nominatim.openstreetmap.org")), port: None, path: "/search", query: Some("q=Schwabing%2C+M%C3%BCnchen&format=geojson"), fragment: None }, source: hyper::Error(Connect, ConnectError("dns error", Custom { kind: Uncategorized, error: "failed to lookup address information: Temporary failure in name resolution" })) })
[INFO] [stdout] stack backtrace:
[INFO] [stdout]    0:     0x60a995394271 - <<std[70759c8f55707aa4]::sys::backtrace::BacktraceLock>::print::DisplayBacktrace as core[df12db4294e9bfd3]::fmt::Display>::fmt
[INFO] [stdout]    1:     0x60a9953aa96a - core[df12db4294e9bfd3]::fmt::write
[INFO] [stdout]    2:     0x60a995398d1c - <alloc[2182bb758b4b3781]::vec::Vec<u8> as core[df12db4294e9bfd3]::io::write::Write>::write_fmt
[INFO] [stdout]    3:     0x60a99536f536 - std[70759c8f55707aa4]::panicking::default_hook::{closure#0}
[INFO] [stdout]    4:     0x60a99538c129 - std[70759c8f55707aa4]::panicking::default_hook
[INFO] [stdout]    5:     0x60a9951eb710 - test[9d35eded1c95d3be]::test_main_inner::<test[9d35eded1c95d3be]::test_main_static::{closure#0}>::{closure#0}
[INFO] [stdout]    6:     0x60a99538c452 - std[70759c8f55707aa4]::panicking::panic_with_hook
[INFO] [stdout]    7:     0x60a99536f5e2 - std[70759c8f55707aa4]::panicking::panic_handler::{closure#0}
[INFO] [stdout]    8:     0x60a995368289 - std[70759c8f55707aa4]::sys::backtrace::__rust_end_short_backtrace::<std[70759c8f55707aa4]::panicking::panic_handler::{closure#0}, !>
[INFO] [stdout]    9:     0x60a9953703cd - __rustc[8fa7c3cbc660c2b3]::rust_begin_unwind
[INFO] [stdout]   10:     0x60a9953ab0cc - core[df12db4294e9bfd3]::panicking::panic_fmt
[INFO] [stdout]   11:     0x60a9953aaea2 - core[df12db4294e9bfd3]::result::unwrap_failed
[INFO] [stdout]   12:     0x60a9951cdfe2 - geocoding[5a9c3f0bd6a76acd]::openstreetmap::test::forward_test
[INFO] [stdout]   13:     0x60a9951daa19 - <geocoding[5a9c3f0bd6a76acd]::openstreetmap::test::forward_test::{closure#0} as core[df12db4294e9bfd3]::ops::function::FnOnce<()>>::call_once
[INFO] [stdout]   14:     0x60a9951de9fb - test[9d35eded1c95d3be]::__rust_begin_short_backtrace::<core[df12db4294e9bfd3]::result::Result<(), alloc[2182bb758b4b3781]::string::String>, fn() -> core[df12db4294e9bfd3]::result::Result<(), alloc[2182bb758b4b3781]::string::String>>
[INFO] [stdout]   15:     0x60a9951ec065 - test[9d35eded1c95d3be]::run_test::{closure#0}
[INFO] [stdout]   16:     0x60a9951e5924 - std[70759c8f55707aa4]::sys::backtrace::__rust_begin_short_backtrace::<test[9d35eded1c95d3be]::run_test::{closure#1}, ()>
[INFO] [stdout]   17:     0x60a9951ef1c2 - <std[70759c8f55707aa4]::thread::lifecycle::spawn_unchecked<test[9d35eded1c95d3be]::run_test::{closure#1}, ()>::{closure#1} as core[df12db4294e9bfd3]::ops::function::FnOnce<()>>::call_once::{shim:vtable#0}
[INFO] [stdout]   18:     0x60a995393799 - <std[70759c8f55707aa4]::sys::thread::unix::Thread>::new::thread_start
[INFO] [stdout]   19:     0x7577d2e95dfa - <unknown>
[INFO] [stdout]   20:     0x7577d2f293d4 - clone
[INFO] [stdout]   21:                0x0 - <unknown>
[INFO] [stdout] 
[INFO] [stdout] 
[INFO] [stderr] error: test failed, to rerun pass `--lib`
[INFO] [stdout] failures:
[INFO] [stdout]     geoadmin::test::forward_full_test
[INFO] [stdout]     geoadmin::test::forward_test
[INFO] [stdout]     geoadmin::test::new_with_endpoint_forward_test
[INFO] [stdout]     geoadmin::test::new_with_sr_forward_test
[INFO] [stdout]     geoadmin::test::reverse_test
[INFO] [stdout]     geoadmin::test::with_sr_forward_full_test
[INFO] [stdout]     geoadmin::test::with_sr_reverse_test
[INFO] [stdout]     opencage::test::forward_full_test
[INFO] [stdout]     opencage::test::forward_full_test_floats
[INFO] [stdout]     opencage::test::forward_full_test_nobox
[INFO] [stdout]     opencage::test::forward_full_test_pointfrom
[INFO] [stdout]     opencage::test::forward_full_test_pointinto
[INFO] [stdout]     opencage::test::forward_test
[INFO] [stdout]     opencage::test::reverse_full_test
[INFO] [stdout]     opencage::test::reverse_test
[INFO] [stdout]     opencage::test::reverse_test_with_params
[INFO] [stdout]     openstreetmap::test::forward_full_test
[INFO] [stdout]     openstreetmap::test::forward_test
[INFO] [stdout]     openstreetmap::test::new_with_endpoint_forward_test
[INFO] [stdout]     openstreetmap::test::reverse_test
[INFO] [stdout] 
[INFO] [stdout] test result: FAILED. 0 passed; 20 failed; 0 ignored; 0 measured; 0 filtered out; finished in 0.57s
[INFO] [stdout] 
[INFO] running `Command { std: "docker" "inspect" "94cc536a4dcc5d73fa868fc798a5f51bde545b179171f5cbb4db15d03d868b0d", kill_on_drop: false }`
[INFO] running `Command { std: "docker" "rm" "-f" "94cc536a4dcc5d73fa868fc798a5f51bde545b179171f5cbb4db15d03d868b0d", kill_on_drop: false }`
[INFO] [stdout] 94cc536a4dcc5d73fa868fc798a5f51bde545b179171f5cbb4db15d03d868b0d
