[INFO] fetching crate geobuf 0.1.4...
[INFO] testing geobuf-0.1.4 against 1.100.0-beta.1+cargoflags=--release for beta-release-1.100-2
[INFO] extracting crate geobuf 0.1.4 into /workspace/builds/worker-4-tc2/source
[INFO] started tweaking crates.io crate geobuf 0.1.4
[INFO] finished tweaking crates.io crate geobuf 0.1.4
[INFO] tweaked toml for crates.io crate geobuf 0.1.4 written to /workspace/builds/worker-4-tc2/source/Cargo.toml
[INFO] validating manifest of crates.io crate geobuf 0.1.4 on toolchain 1.100.0-beta.1
[INFO] running `Command { std: CARGO_HOME="/workspace/cargo-home" RUSTUP_HOME="/workspace/rustup-home" "/workspace/cargo-home/bin/cargo" "+1.100.0-beta.1" "metadata" "--manifest-path" "Cargo.toml" "--no-deps", kill_on_drop: false }`
[INFO] crate crates.io crate geobuf 0.1.4 already has a lockfile, it will not be regenerated
[INFO] running `Command { std: CARGO_HOME="/workspace/cargo-home" RUSTUP_HOME="/workspace/rustup-home" "/workspace/cargo-home/bin/cargo" "+1.100.0-beta.1" "fetch" "--manifest-path" "Cargo.toml", kill_on_drop: false }`
[INFO] [stderr]     Blocking waiting for file lock on package cache
[INFO] [stderr]     Blocking waiting for file lock on package cache
[INFO] running `Command { std: "docker" "create" "-v" "/var/lib/crater-agent-workspace/builds/worker-4-tc2/source:/opt/rustwide/workdir:ro,Z" "-v" "/var/lib/crater-agent-workspace/builds/worker-4-tc2/target:/opt/rustwide/target:rw,Z" "-v" "/var/lib/crater-agent-workspace/cargo-home:/opt/rustwide/cargo-home:ro,Z" "-v" "/var/lib/crater-agent-workspace/rustup-home:/opt/rustwide/rustup-home:ro,Z" "-m" "1610612736" "--network" "none" "ghcr.io/rust-lang/crates-build-env/linux@sha256:77db811e55d90add9212f6832c23229e3de5f1c1f9905e8cb07319ea15df73ac" "sleep" "infinity", kill_on_drop: false }`
[INFO] [stdout] bd29659668f46d5ea66e4fe011d12d41e5c17019626d9be215cf95e33da90498
[INFO] running `Command { std: "docker" "start" "bd29659668f46d5ea66e4fe011d12d41e5c17019626d9be215cf95e33da90498", kill_on_drop: false }`
[INFO] running `Command { std: "docker" "inspect" "bd29659668f46d5ea66e4fe011d12d41e5c17019626d9be215cf95e33da90498", kill_on_drop: false }`
[INFO] running `Command { std: "docker" "exec" "-e" "SOURCE_DIR=/opt/rustwide/workdir" "-e" "CARGO_HOME=/opt/rustwide/cargo-home" "-e" "RUSTUP_HOME=/opt/rustwide/rustup-home" "-e" "CARGO_TARGET_DIR=/opt/rustwide/target" "-w" "/opt/rustwide/workdir" "--user" "0:0" "bd29659668f46d5ea66e4fe011d12d41e5c17019626d9be215cf95e33da90498" "/opt/rustwide/cargo-home/bin/cargo" "+1.100.0-beta.1" "metadata" "--no-deps" "--format-version=1", kill_on_drop: false }`
[INFO] running `Command { std: "docker" "inspect" "bd29659668f46d5ea66e4fe011d12d41e5c17019626d9be215cf95e33da90498", kill_on_drop: false }`
[INFO] running `Command { std: "docker" "exec" "-e" "SOURCE_DIR=/opt/rustwide/workdir" "-e" "CARGO_HOME=/opt/rustwide/cargo-home" "-e" "RUSTUP_HOME=/opt/rustwide/rustup-home" "-e" "CARGO_TARGET_DIR=/opt/rustwide/target" "-e" "CARGO_INCREMENTAL=0" "-e" "RUST_BACKTRACE=full" "-e" "RUSTFLAGS=--cap-lints=warn" "-e" "RUSTDOCFLAGS=--cap-lints=warn" "-w" "/opt/rustwide/workdir" "--user" "0:0" "bd29659668f46d5ea66e4fe011d12d41e5c17019626d9be215cf95e33da90498" "/opt/rustwide/cargo-home/bin/cargo" "+1.100.0-beta.1" "build" "--frozen" "--message-format=json" "--release", kill_on_drop: false }`
[INFO] [stderr]    Compiling proc-macro2 v1.0.40
[INFO] [stderr]    Compiling quote v1.0.20
[INFO] [stderr]    Compiling unicode-ident v1.0.2
[INFO] [stderr]    Compiling syn v1.0.98
[INFO] [stderr]    Compiling libc v0.2.126
[INFO] [stderr]    Compiling version_check v0.9.4
[INFO] [stderr]    Compiling memchr v2.5.0
[INFO] [stderr]    Compiling protobuf v3.0.2
[INFO] [stderr]    Compiling log v0.4.17
[INFO] [stderr]    Compiling cfg-if v1.0.0
[INFO] [stderr]    Compiling hashbrown v0.12.3
[INFO] [stderr]    Compiling anyhow v1.0.58
[INFO] [stderr]    Compiling once_cell v1.13.0
[INFO] [stderr]    Compiling fastrand v1.7.0
[INFO] [stderr]    Compiling either v1.7.0
[INFO] [stderr]    Compiling indexmap v1.9.1
[INFO] [stderr]    Compiling serde v1.0.140
[INFO] [stderr]    Compiling remove_dir_all v0.5.3
[INFO] [stderr]    Compiling heck v0.4.0
[INFO] [stderr]    Compiling regex-syntax v0.6.27
[INFO] [stderr]    Compiling serde_json v1.0.82
[INFO] [stderr]    Compiling os_str_bytes v6.2.0
[INFO] [stderr]    Compiling termcolor v1.1.3
[INFO] [stderr]    Compiling proc-macro-error-attr v1.0.4
[INFO] [stderr]    Compiling proc-macro-error v1.0.4
[INFO] [stderr]    Compiling bitflags v1.3.2
[INFO] [stderr]    Compiling strsim v0.10.0
[INFO] [stderr]    Compiling textwrap v0.15.0
[INFO] [stderr]    Compiling itoa v1.0.2
[INFO] [stderr]    Compiling ryu v1.0.10
[INFO] [stderr]    Compiling clap_lex v0.2.4
[INFO] [stderr]    Compiling aho-corasick v0.7.18
[INFO] [stderr]    Compiling tempfile v3.3.0
[INFO] [stderr]    Compiling which v4.2.5
[INFO] [stderr]    Compiling atty v0.2.14
[INFO] [stderr]    Compiling regex v1.6.0
[INFO] [stderr]    Compiling thiserror-impl v1.0.31
[INFO] [stderr]    Compiling clap_derive v3.2.7
[INFO] [stderr]    Compiling thiserror v1.0.31
[INFO] [stderr]    Compiling protobuf-support v3.0.2
[INFO] [stderr]    Compiling clap v3.2.14
[INFO] [stderr]    Compiling protobuf-parse v3.0.2
[INFO] [stderr]    Compiling protobuf-codegen v3.0.2
[INFO] [stderr]    Compiling geobuf v0.1.4 (/opt/rustwide/workdir)
[INFO] [stdout] warning: lint `box_pointers` has been removed: it does not detect other kinds of allocations, and existed only for historical reasons
[INFO] [stdout]   --> src/geobuf_pb.rs:12:10
[INFO] [stdout]    |
[INFO] [stdout] 12 | #![allow(box_pointers)]
[INFO] [stdout]    |          ^^^^^^^^^^^^
[INFO] [stdout]    |
[INFO] [stdout]    = note: `#[warn(renamed_and_removed_lints)]` on by default
[INFO] [stdout] 
[INFO] [stdout] 
[INFO] [stderr] warning: unused dependency `protobuf-codegen`
[INFO] [stderr]   --> Cargo.toml:28:15
[INFO] [stderr]    |
[INFO] [stderr] 28 | [dependencies.protobuf-codegen]
[INFO] [stderr]    |               ^^^^^^^^^^^^^^^^^
[INFO] [stderr]    |
[INFO] [stderr]    = note: `cargo::unused_dependencies` is set to `warn` by default
[INFO] [stderr] help: consider removing the dependency on `protobuf-codegen`
[INFO] [stderr] warning: `geobuf` (manifest) generated 1 warning
[INFO] [stderr]     Finished `release` profile [optimized] target(s) in 1m 24s
[INFO] running `Command { std: "docker" "inspect" "bd29659668f46d5ea66e4fe011d12d41e5c17019626d9be215cf95e33da90498", kill_on_drop: false }`
[INFO] running `Command { std: "docker" "exec" "-e" "SOURCE_DIR=/opt/rustwide/workdir" "-e" "CARGO_HOME=/opt/rustwide/cargo-home" "-e" "RUSTUP_HOME=/opt/rustwide/rustup-home" "-e" "CARGO_TARGET_DIR=/opt/rustwide/target" "-e" "CARGO_INCREMENTAL=0" "-e" "RUST_BACKTRACE=full" "-e" "RUSTFLAGS=--cap-lints=warn" "-e" "RUSTDOCFLAGS=--cap-lints=warn" "-w" "/opt/rustwide/workdir" "--user" "0:0" "bd29659668f46d5ea66e4fe011d12d41e5c17019626d9be215cf95e33da90498" "/opt/rustwide/cargo-home/bin/cargo" "+1.100.0-beta.1" "test" "--frozen" "--no-run" "--message-format=json" "--release", kill_on_drop: false }`
[INFO] [stderr]    Compiling geobuf v0.1.4 (/opt/rustwide/workdir)
[INFO] [stdout] warning: lint `box_pointers` has been removed: it does not detect other kinds of allocations, and existed only for historical reasons
[INFO] [stdout]   --> src/geobuf_pb.rs:12:10
[INFO] [stdout]    |
[INFO] [stdout] 12 | #![allow(box_pointers)]
[INFO] [stdout]    |          ^^^^^^^^^^^^
[INFO] [stdout]    |
[INFO] [stdout]    = note: `#[warn(renamed_and_removed_lints)]` on by default
[INFO] [stdout] 
[INFO] [stdout] 
[INFO] [stdout] warning: lint `box_pointers` has been removed: it does not detect other kinds of allocations, and existed only for historical reasons
[INFO] [stdout]   --> src/geobuf_pb.rs:12:10
[INFO] [stdout]    |
[INFO] [stdout] 12 | #![allow(box_pointers)]
[INFO] [stdout]    |          ^^^^^^^^^^^^
[INFO] [stdout]    |
[INFO] [stdout]    = note: `#[warn(renamed_and_removed_lints)]` on by default
[INFO] [stdout] 
[INFO] [stdout] 
[INFO] [stderr] warning: unused dependency `clap`
[INFO] [stderr]   --> Cargo.toml:16:15
[INFO] [stderr]    |
[INFO] [stderr] 16 | [dependencies.clap]
[INFO] [stderr]    |               ^^^^^
[INFO] [stderr]    |
[INFO] [stderr]    = note: `cargo::unused_dependencies` is set to `warn` by default
[INFO] [stderr] help: consider removing the dependency on `clap`
[INFO] [stderr] warning: unused dependency `protobuf-codegen`
[INFO] [stderr]   --> Cargo.toml:28:15
[INFO] [stderr]    |
[INFO] [stderr] 28 | [dependencies.protobuf-codegen]
[INFO] [stderr]    |               ^^^^^^^^^^^^^^^^^
[INFO] [stderr]    |
[INFO] [stderr] help: consider removing the dependency on `protobuf-codegen`
[INFO] [stderr] warning: `geobuf` (manifest) generated 2 warnings
[INFO] [stderr]     Finished `release` profile [optimized] target(s) in 13.00s
[INFO] running `Command { std: "docker" "inspect" "bd29659668f46d5ea66e4fe011d12d41e5c17019626d9be215cf95e33da90498", kill_on_drop: false }`
[INFO] running `Command { std: "docker" "exec" "-e" "SOURCE_DIR=/opt/rustwide/workdir" "-e" "CARGO_HOME=/opt/rustwide/cargo-home" "-e" "RUSTUP_HOME=/opt/rustwide/rustup-home" "-e" "CARGO_TARGET_DIR=/opt/rustwide/target" "-e" "CARGO_INCREMENTAL=0" "-e" "RUST_BACKTRACE=full" "-e" "RUSTFLAGS=--cap-lints=warn" "-e" "RUSTDOCFLAGS=--cap-lints=warn" "-w" "/opt/rustwide/workdir" "--user" "0:0" "bd29659668f46d5ea66e4fe011d12d41e5c17019626d9be215cf95e33da90498" "/opt/rustwide/cargo-home/bin/cargo" "+1.100.0-beta.1" "test" "--frozen" "--release", kill_on_drop: false }`
[INFO] [stderr] warning: lint `box_pointers` has been removed: it does not detect other kinds of allocations, and existed only for historical reasons
[INFO] [stderr]   --> src/geobuf_pb.rs:12:10
[INFO] [stderr]    |
[INFO] [stderr] 12 | #![allow(box_pointers)]
[INFO] [stderr]    |          ^^^^^^^^^^^^
[INFO] [stderr]    |
[INFO] [stderr]    = note: `#[warn(renamed_and_removed_lints)]` on by default
[INFO] [stderr] 
[INFO] [stderr] warning: `geobuf` (lib) generated 1 warning
[INFO] [stderr] warning: `geobuf` (lib test) generated 1 warning (1 duplicate)
[INFO] [stderr] warning: unused dependency `clap`
[INFO] [stderr]   --> Cargo.toml:16:15
[INFO] [stderr]    |
[INFO] [stderr] 16 | [dependencies.clap]
[INFO] [stderr]    |               ^^^^^
[INFO] [stderr]    |
[INFO] [stderr]    = note: `cargo::unused_dependencies` is set to `warn` by default
[INFO] [stderr] help: consider removing the dependency on `clap`
[INFO] [stderr] warning: unused dependency `protobuf-codegen`
[INFO] [stderr]   --> Cargo.toml:28:15
[INFO] [stderr]    |
[INFO] [stderr] 28 | [dependencies.protobuf-codegen]
[INFO] [stderr]    |               ^^^^^^^^^^^^^^^^^
[INFO] [stderr]    |
[INFO] [stderr] help: consider removing the dependency on `protobuf-codegen`
[INFO] [stderr] warning: `geobuf` (manifest) generated 2 warnings
[INFO] [stderr]     Finished `release` profile [optimized] target(s) in 0.09s
[INFO] [stderr]      Running unittests src/lib.rs (/opt/rustwide/target/release/build/geobuf/fc061f58ac164838/out/geobuf-fc061f58ac164838)
[INFO] [stdout] 
[INFO] [stdout] running 15 tests
[INFO] [stdout] test tests::test_precision ... FAILED
[INFO] [stdout] test tests::test_featurecollection ... FAILED
[INFO] [stdout] test tests::test_multipolygon ... FAILED
[INFO] [stdout] test tests::test_us_states ... FAILED
[INFO] [stdout] test tests::test_polygon ... FAILED
[INFO] [stdout] test tests::test_geobuf_js_issue_62 ... FAILED
[INFO] [stdout] test tests::test_feature ... FAILED
[INFO] [stdout] test tests::test_linestring ... FAILED
[INFO] [stdout] test tests::test_multipoint ... FAILED
[INFO] [stdout] test tests::test_single_multipoly ... FAILED
[INFO] [stdout] test tests::test_singlemultipolygon ... FAILED
[INFO] [stdout] test tests::test_point ... FAILED
[INFO] [stdout] test tests::test_multilinestring ... FAILED
[INFO] [stdout] test tests::test_geometrycollection ... FAILED
[INFO] [stdout] test tests::test_props ... FAILED
[INFO] [stderr] error: test failed, to rerun pass `--lib`
[INFO] [stdout] 
[INFO] [stdout] failures:
[INFO] [stdout] 
[INFO] [stdout] ---- tests::test_precision stdout ----
[INFO] [stdout] 
[INFO] [stdout] thread 'tests::test_precision' (1295) panicked at src/lib.rs:70:42:
[INFO] [stdout] called `Result::unwrap()` on an `Err` value: Os { code: 2, kind: NotFound, message: "No such file or directory" }
[INFO] [stdout] stack backtrace:
[INFO] [stdout]    0:     0x628804025347 - <<std[617be2ca0a6fd877]::sys::backtrace::BacktraceLock>::print::DisplayBacktrace as core[a373ad73a504971]::fmt::Display>::fmt
[INFO] [stdout]    1:     0x628803ff610a - core[a373ad73a504971]::fmt::write
[INFO] [stdout]    2:     0x6288040248fb - <alloc[2e1b2a31b91974c5]::vec::Vec<u8> as core[a373ad73a504971]::io::write::Write>::write_fmt
[INFO] [stdout]    3:     0x6288040243df - std[617be2ca0a6fd877]::panicking::default_hook::{closure#0}
[INFO] [stdout]    4:     0x62880402400a - std[617be2ca0a6fd877]::panicking::default_hook
[INFO] [stdout]    5:     0x628804023b45 - std[617be2ca0a6fd877]::panicking::panic_with_hook
[INFO] [stdout]    6:     0x62880404a8f1 - std[617be2ca0a6fd877]::panicking::panic_handler::{closure#0}
[INFO] [stdout]    7:     0x62880404a8a9 - std[617be2ca0a6fd877]::sys::backtrace::__rust_end_short_backtrace::<std[617be2ca0a6fd877]::panicking::panic_handler::{closure#0}, !>
[INFO] [stdout]    8:     0x62880404adac - __rustc[ea4f61d10b84890b]::rust_begin_unwind
[INFO] [stdout]    9:     0x628803ff5f9b - core[a373ad73a504971]::panicking::panic_fmt
[INFO] [stdout]   10:     0x628803ff9201 - core[a373ad73a504971]::result::unwrap_failed
[INFO] [stdout]   11:     0x628803ff3f65 - geobuf[cfd6a4fc6c919e26]::tests::test_geojson
[INFO] [stdout]   12:     0x628803ff4e75 - <geobuf[cfd6a4fc6c919e26]::tests::test_precision::{closure#0} as core[a373ad73a504971]::ops::function::FnOnce<()>>::call_once
[INFO] [stdout]   13:     0x628804062e0b - test[aada8e7e76ba119b]::__rust_begin_short_backtrace::<core[a373ad73a504971]::result::Result<(), alloc[2e1b2a31b91974c5]::string::String>, fn() -> core[a373ad73a504971]::result::Result<(), alloc[2e1b2a31b91974c5]::string::String>>
[INFO] [stdout]   14:     0x62880405e26f - test[aada8e7e76ba119b]::run_test::{closure#0}
[INFO] [stdout]   15:     0x62880405dcec - std[617be2ca0a6fd877]::sys::backtrace::__rust_begin_short_backtrace::<test[aada8e7e76ba119b]::run_test::{closure#1}, ()>
[INFO] [stdout]   16:     0x62880407e25c - <std[617be2ca0a6fd877]::thread::lifecycle::spawn_unchecked<test[aada8e7e76ba119b]::run_test::{closure#1}, ()>::{closure#1} as core[a373ad73a504971]::ops::function::FnOnce<()>>::call_once::{shim:vtable#0}
[INFO] [stdout]   17:     0x62880404c584 - <std[617be2ca0a6fd877]::sys::thread::unix::Thread>::new::thread_start
[INFO] [stdout]   18:     0x7e4f67d18dfa - <unknown>
[INFO] [stdout]   19:     0x7e4f67dac3d4 - clone
[INFO] [stdout]   20:                0x0 - <unknown>
[INFO] [stdout] 
[INFO] [stdout] ---- tests::test_featurecollection stdout ----
[INFO] [stdout] 
[INFO] [stdout] thread 'tests::test_featurecollection' (1286) panicked at src/lib.rs:70:42:
[INFO] [stdout] called `Result::unwrap()` on an `Err` value: Os { code: 2, kind: NotFound, message: "No such file or directory" }
[INFO] [stdout] stack backtrace:
[INFO] [stdout]    0:     0x628804025347 - <<std[617be2ca0a6fd877]::sys::backtrace::BacktraceLock>::print::DisplayBacktrace as core[a373ad73a504971]::fmt::Display>::fmt
[INFO] [stdout]    1:     0x628803ff610a - core[a373ad73a504971]::fmt::write
[INFO] [stdout]    2:     0x6288040248fb - <alloc[2e1b2a31b91974c5]::vec::Vec<u8> as core[a373ad73a504971]::io::write::Write>::write_fmt
[INFO] [stdout]    3:     0x6288040243df - std[617be2ca0a6fd877]::panicking::default_hook::{closure#0}
[INFO] [stdout]    4:     0x62880402400a - std[617be2ca0a6fd877]::panicking::default_hook
[INFO] [stdout]    5:     0x628804023b45 - std[617be2ca0a6fd877]::panicking::panic_with_hook
[INFO] [stdout]    6:     0x62880404a8f1 - std[617be2ca0a6fd877]::panicking::panic_handler::{closure#0}
[INFO] [stdout]    7:     0x62880404a8a9 - std[617be2ca0a6fd877]::sys::backtrace::__rust_end_short_backtrace::<std[617be2ca0a6fd877]::panicking::panic_handler::{closure#0}, !>
[INFO] [stdout]    8:     0x62880404adac - __rustc[ea4f61d10b84890b]::rust_begin_unwind
[INFO] [stdout]    9:     0x628803ff5f9b - core[a373ad73a504971]::panicking::panic_fmt
[INFO] [stdout]   10:     0x628803ff9201 - core[a373ad73a504971]::result::unwrap_failed
[INFO] [stdout]   11:     0x628803ff3f65 - geobuf[cfd6a4fc6c919e26]::tests::test_geojson
[INFO] [stdout]   12:     0x628803ff4fc5 - <geobuf[cfd6a4fc6c919e26]::tests::test_featurecollection::{closure#0} as core[a373ad73a504971]::ops::function::FnOnce<()>>::call_once
[INFO] [stdout]   13:     0x628804062e0b - test[aada8e7e76ba119b]::__rust_begin_short_backtrace::<core[a373ad73a504971]::result::Result<(), alloc[2e1b2a31b91974c5]::string::String>, fn() -> core[a373ad73a504971]::result::Result<(), alloc[2e1b2a31b91974c5]::string::String>>
[INFO] [stdout]   14:     0x62880405e26f - test[aada8e7e76ba119b]::run_test::{closure#0}
[INFO] [stdout]   15:     0x62880405dcec - std[617be2ca0a6fd877]::sys::backtrace::__rust_begin_short_backtrace::<test[aada8e7e76ba119b]::run_test::{closure#1}, ()>
[INFO] [stdout]   16:     0x62880407e25c - <std[617be2ca0a6fd877]::thread::lifecycle::spawn_unchecked<test[aada8e7e76ba119b]::run_test::{closure#1}, ()>::{closure#1} as core[a373ad73a504971]::ops::function::FnOnce<()>>::call_once::{shim:vtable#0}
[INFO] [stdout]   17:     0x62880404c584 - <std[617be2ca0a6fd877]::sys::thread::unix::Thread>::new::thread_start
[INFO] [stdout]   18:     0x7e4f67d18dfa - <unknown>
[INFO] [stdout]   19:     0x7e4f67dac3d4 - clone
[INFO] [stdout]   20:                0x0 - <unknown>
[INFO] [stdout] 
[INFO] [stdout] ---- tests::test_multipolygon stdout ----
[INFO] [stdout] 
[INFO] [stdout] thread 'tests::test_multipolygon' (1292) panicked at src/lib.rs:70:42:
[INFO] [stdout] called `Result::unwrap()` on an `Err` value: Os { code: 2, kind: NotFound, message: "No such file or directory" }
[INFO] [stdout] stack backtrace:
[INFO] [stdout]    0:     0x628804025347 - <<std[617be2ca0a6fd877]::sys::backtrace::BacktraceLock>::print::DisplayBacktrace as core[a373ad73a504971]::fmt::Display>::fmt
[INFO] [stdout]    1:     0x628803ff610a - core[a373ad73a504971]::fmt::write
[INFO] [stdout]    2:     0x6288040248fb - <alloc[2e1b2a31b91974c5]::vec::Vec<u8> as core[a373ad73a504971]::io::write::Write>::write_fmt
[INFO] [stdout]    3:     0x6288040243df - std[617be2ca0a6fd877]::panicking::default_hook::{closure#0}
[INFO] [stdout]    4:     0x62880402400a - std[617be2ca0a6fd877]::panicking::default_hook
[INFO] [stdout]    5:     0x628804023b45 - std[617be2ca0a6fd877]::panicking::panic_with_hook
[INFO] [stdout]    6:     0x62880404a8f1 - std[617be2ca0a6fd877]::panicking::panic_handler::{closure#0}
[INFO] [stdout]    7:     0x62880404a8a9 - std[617be2ca0a6fd877]::sys::backtrace::__rust_end_short_backtrace::<std[617be2ca0a6fd877]::panicking::panic_handler::{closure#0}, !>
[INFO] [stdout]    8:     0x62880404adac - __rustc[ea4f61d10b84890b]::rust_begin_unwind
[INFO] [stdout]    9:     0x628803ff5f9b - core[a373ad73a504971]::panicking::panic_fmt
[INFO] [stdout]   10:     0x628803ff9201 - core[a373ad73a504971]::result::unwrap_failed
[INFO] [stdout]   11:     0x628803ff3f65 - geobuf[cfd6a4fc6c919e26]::tests::test_geojson
[INFO] [stdout]   12:     0x628803ff4f35 - <geobuf[cfd6a4fc6c919e26]::tests::test_multipolygon::{closure#0} as core[a373ad73a504971]::ops::function::FnOnce<()>>::call_once
[INFO] [stdout]   13:     0x628804062e0b - test[aada8e7e76ba119b]::__rust_begin_short_backtrace::<core[a373ad73a504971]::result::Result<(), alloc[2e1b2a31b91974c5]::string::String>, fn() -> core[a373ad73a504971]::result::Result<(), alloc[2e1b2a31b91974c5]::string::String>>
[INFO] [stdout]   14:     0x62880405e26f - test[aada8e7e76ba119b]::run_test::{closure#0}
[INFO] [stdout]   15:     0x62880405dcec - std[617be2ca0a6fd877]::sys::backtrace::__rust_begin_short_backtrace::<test[aada8e7e76ba119b]::run_test::{closure#1}, ()>
[INFO] [stdout]   16:     0x62880407e25c - <std[617be2ca0a6fd877]::thread::lifecycle::spawn_unchecked<test[aada8e7e76ba119b]::run_test::{closure#1}, ()>::{closure#1} as core[a373ad73a504971]::ops::function::FnOnce<()>>::call_once::{shim:vtable#0}
[INFO] [stdout]   17:     0x62880404c584 - <std[617be2ca0a6fd877]::sys::thread::unix::Thread>::new::thread_start
[INFO] [stdout]   18:     0x7e4f67d18dfa - <unknown>
[INFO] [stdout]   19:     0x7e4f67dac3d4 - clone
[INFO] [stdout]   20:                0x0 - <unknown>
[INFO] [stdout] 
[INFO] [stdout] ---- tests::test_us_states stdout ----
[INFO] [stdout] 
[INFO] [stdout] thread 'tests::test_us_states' (1299) panicked at src/lib.rs:70:42:
[INFO] [stdout] called `Result::unwrap()` on an `Err` value: Os { code: 2, kind: NotFound, message: "No such file or directory" }
[INFO] [stdout] stack backtrace:
[INFO] [stdout]    0:     0x628804025347 - <<std[617be2ca0a6fd877]::sys::backtrace::BacktraceLock>::print::DisplayBacktrace as core[a373ad73a504971]::fmt::Display>::fmt
[INFO] [stdout]    1:     0x628803ff610a - core[a373ad73a504971]::fmt::write
[INFO] [stdout]    2:     0x6288040248fb - <alloc[2e1b2a31b91974c5]::vec::Vec<u8> as core[a373ad73a504971]::io::write::Write>::write_fmt
[INFO] [stdout]    3:     0x6288040243df - std[617be2ca0a6fd877]::panicking::default_hook::{closure#0}
[INFO] [stdout]    4:     0x62880402400a - std[617be2ca0a6fd877]::panicking::default_hook
[INFO] [stdout]    5:     0x628804023b45 - std[617be2ca0a6fd877]::panicking::panic_with_hook
[INFO] [stdout]    6:     0x62880404a8f1 - std[617be2ca0a6fd877]::panicking::panic_handler::{closure#0}
[INFO] [stdout]    7:     0x62880404a8a9 - std[617be2ca0a6fd877]::sys::backtrace::__rust_end_short_backtrace::<std[617be2ca0a6fd877]::panicking::panic_handler::{closure#0}, !>
[INFO] [stdout]    8:     0x62880404adac - __rustc[ea4f61d10b84890b]::rust_begin_unwind
[INFO] [stdout]    9:     0x628803ff5f9b - core[a373ad73a504971]::panicking::panic_fmt
[INFO] [stdout]   10:     0x628803ff9201 - core[a373ad73a504971]::result::unwrap_failed
[INFO] [stdout]   11:     0x628803ff3f65 - geobuf[cfd6a4fc6c919e26]::tests::test_geojson
[INFO] [stdout]   12:     0x628803ff4ea5 - <geobuf[cfd6a4fc6c919e26]::tests::test_us_states::{closure#0} as core[a373ad73a504971]::ops::function::FnOnce<()>>::call_once
[INFO] [stdout]   13:     0x628804062e0b - test[aada8e7e76ba119b]::__rust_begin_short_backtrace::<core[a373ad73a504971]::result::Result<(), alloc[2e1b2a31b91974c5]::string::String>, fn() -> core[a373ad73a504971]::result::Result<(), alloc[2e1b2a31b91974c5]::string::String>>
[INFO] [stdout]   14:     0x62880405e26f - test[aada8e7e76ba119b]::run_test::{closure#0}
[INFO] [stdout]   15:     0x62880405dcec - std[617be2ca0a6fd877]::sys::backtrace::__rust_begin_short_backtrace::<test[aada8e7e76ba119b]::run_test::{closure#1}, ()>
[INFO] [stdout]   16:     0x62880407e25c - <std[617be2ca0a6fd877]::thread::lifecycle::spawn_unchecked<test[aada8e7e76ba119b]::run_test::{closure#1}, ()>::{closure#1} as core[a373ad73a504971]::ops::function::FnOnce<()>>::call_once::{shim:vtable#0}
[INFO] [stdout]   17:     0x62880404c584 - <std[617be2ca0a6fd877]::sys::thread::unix::Thread>::new::thread_start
[INFO] [stdout]   18:     0x7e4f67d18dfa - <unknown>
[INFO] [stdout]   19:     0x7e4f67dac3d4 - clone
[INFO] [stdout]   20:                0x0 - <unknown>
[INFO] [stdout] 
[INFO] [stdout] ---- tests::test_polygon stdout ----
[INFO] [stdout] 
[INFO] [stdout] thread 'tests::test_polygon' (1294) panicked at src/lib.rs:70:42:
[INFO] [stdout] called `Result::unwrap()` on an `Err` value: Os { code: 2, kind: NotFound, message: "No such file or directory" }
[INFO] [stdout] stack backtrace:
[INFO] [stdout]    0:     0x628804025347 - <<std[617be2ca0a6fd877]::sys::backtrace::BacktraceLock>::print::DisplayBacktrace as core[a373ad73a504971]::fmt::Display>::fmt
[INFO] [stdout]    1:     0x628803ff610a - core[a373ad73a504971]::fmt::write
[INFO] [stdout]    2:     0x6288040248fb - <alloc[2e1b2a31b91974c5]::vec::Vec<u8> as core[a373ad73a504971]::io::write::Write>::write_fmt
[INFO] [stdout]    3:     0x6288040243df - std[617be2ca0a6fd877]::panicking::default_hook::{closure#0}
[INFO] [stdout]    4:     0x62880402400a - std[617be2ca0a6fd877]::panicking::default_hook
[INFO] [stdout]    5:     0x628804023b45 - std[617be2ca0a6fd877]::panicking::panic_with_hook
[INFO] [stdout]    6:     0x62880404a8f1 - std[617be2ca0a6fd877]::panicking::panic_handler::{closure#0}
[INFO] [stdout]    7:     0x62880404a8a9 - std[617be2ca0a6fd877]::sys::backtrace::__rust_end_short_backtrace::<std[617be2ca0a6fd877]::panicking::panic_handler::{closure#0}, !>
[INFO] [stdout]    8:     0x62880404adac - __rustc[ea4f61d10b84890b]::rust_begin_unwind
[INFO] [stdout]    9:     0x628803ff5f9b - core[a373ad73a504971]::panicking::panic_fmt
[INFO] [stdout]   10:     0x628803ff9201 - core[a373ad73a504971]::result::unwrap_failed
[INFO] [stdout]   11:     0x628803ff3f65 - geobuf[cfd6a4fc6c919e26]::tests::test_geojson
[INFO] [stdout]   12:     0x628803ff4e45 - <geobuf[cfd6a4fc6c919e26]::tests::test_polygon::{closure#0} as core[a373ad73a504971]::ops::function::FnOnce<()>>::call_once
[INFO] [stdout]   13:     0x628804062e0b - test[aada8e7e76ba119b]::__rust_begin_short_backtrace::<core[a373ad73a504971]::result::Result<(), alloc[2e1b2a31b91974c5]::string::String>, fn() -> core[a373ad73a504971]::result::Result<(), alloc[2e1b2a31b91974c5]::string::String>>
[INFO] [stdout]   14:     0x62880405e26f - test[aada8e7e76ba119b]::run_test::{closure#0}
[INFO] [stdout]   15:     0x62880405dcec - std[617be2ca0a6fd877]::sys::backtrace::__rust_begin_short_backtrace::<test[aada8e7e76ba119b]::run_test::{closure#1}, ()>
[INFO] [stdout]   16:     0x62880407e25c - <std[617be2ca0a6fd877]::thread::lifecycle::spawn_unchecked<test[aada8e7e76ba119b]::run_test::{closure#1}, ()>::{closure#1} as core[a373ad73a504971]::ops::function::FnOnce<()>>::call_once::{shim:vtable#0}
[INFO] [stdout]   17:     0x62880404c584 - <std[617be2ca0a6fd877]::sys::thread::unix::Thread>::new::thread_start
[INFO] [stdout]   18:     0x7e4f67d18dfa - <unknown>
[INFO] [stdout]   19:     0x7e4f67dac3d4 - clone
[INFO] [stdout]   20:                0x0 - <unknown>
[INFO] [stdout] 
[INFO] [stdout] ---- tests::test_geobuf_js_issue_62 stdout ----
[INFO] [stdout] 
[INFO] [stdout] thread 'tests::test_geobuf_js_issue_62' (1287) panicked at src/lib.rs:70:42:
[INFO] [stdout] called `Result::unwrap()` on an `Err` value: Os { code: 2, kind: NotFound, message: "No such file or directory" }
[INFO] [stdout] stack backtrace:
[INFO] [stdout]    0:     0x628804025347 - <<std[617be2ca0a6fd877]::sys::backtrace::BacktraceLock>::print::DisplayBacktrace as core[a373ad73a504971]::fmt::Display>::fmt
[INFO] [stdout]    1:     0x628803ff610a - core[a373ad73a504971]::fmt::write
[INFO] [stdout]    2:     0x6288040248fb - <alloc[2e1b2a31b91974c5]::vec::Vec<u8> as core[a373ad73a504971]::io::write::Write>::write_fmt
[INFO] [stdout]    3:     0x6288040243df - std[617be2ca0a6fd877]::panicking::default_hook::{closure#0}
[INFO] [stdout]    4:     0x62880402400a - std[617be2ca0a6fd877]::panicking::default_hook
[INFO] [stdout]    5:     0x628804023b45 - std[617be2ca0a6fd877]::panicking::panic_with_hook
[INFO] [stdout]    6:     0x62880404a8f1 - std[617be2ca0a6fd877]::panicking::panic_handler::{closure#0}
[INFO] [stdout]    7:     0x62880404a8a9 - std[617be2ca0a6fd877]::sys::backtrace::__rust_end_short_backtrace::<std[617be2ca0a6fd877]::panicking::panic_handler::{closure#0}, !>
[INFO] [stdout]    8:     0x62880404adac - __rustc[ea4f61d10b84890b]::rust_begin_unwind
[INFO] [stdout]    9:     0x628803ff5f9b - core[a373ad73a504971]::panicking::panic_fmt
[INFO] [stdout]   10:     0x628803ff9201 - core[a373ad73a504971]::result::unwrap_failed
[INFO] [stdout]   11:     0x628803ff3f65 - geobuf[cfd6a4fc6c919e26]::tests::test_geojson
[INFO] [stdout]   12:     0x628803ff4ff5 - <geobuf[cfd6a4fc6c919e26]::tests::test_geobuf_js_issue_62::{closure#0} as core[a373ad73a504971]::ops::function::FnOnce<()>>::call_once
[INFO] [stdout]   13:     0x628804062e0b - test[aada8e7e76ba119b]::__rust_begin_short_backtrace::<core[a373ad73a504971]::result::Result<(), alloc[2e1b2a31b91974c5]::string::String>, fn() -> core[a373ad73a504971]::result::Result<(), alloc[2e1b2a31b91974c5]::string::String>>
[INFO] [stdout]   14:     0x62880405e26f - test[aada8e7e76ba119b]::run_test::{closure#0}
[INFO] [stdout]   15:     0x62880405dcec - std[617be2ca0a6fd877]::sys::backtrace::__rust_begin_short_backtrace::<test[aada8e7e76ba119b]::run_test::{closure#1}, ()>
[INFO] [stdout]   16:     0x62880407e25c - <std[617be2ca0a6fd877]::thread::lifecycle::spawn_unchecked<test[aada8e7e76ba119b]::run_test::{closure#1}, ()>::{closure#1} as core[a373ad73a504971]::ops::function::FnOnce<()>>::call_once::{shim:vtable#0}
[INFO] [stdout]   17:     0x62880404c584 - <std[617be2ca0a6fd877]::sys::thread::unix::Thread>::new::thread_start
[INFO] [stdout]   18:     0x7e4f67d18dfa - <unknown>
[INFO] [stdout]   19:     0x7e4f67dac3d4 - clone
[INFO] [stdout]   20:                0x0 - <unknown>
[INFO] [stdout] 
[INFO] [stdout] ---- tests::test_feature stdout ----
[INFO] [stdout] 
[INFO] [stdout] thread 'tests::test_feature' (1285) panicked at src/lib.rs:70:42:
[INFO] [stdout] called `Result::unwrap()` on an `Err` value: Os { code: 2, kind: NotFound, message: "No such file or directory" }
[INFO] [stdout] stack backtrace:
[INFO] [stdout]    0:     0x628804025347 - <<std[617be2ca0a6fd877]::sys::backtrace::BacktraceLock>::print::DisplayBacktrace as core[a373ad73a504971]::fmt::Display>::fmt
[INFO] [stdout]    1:     0x628803ff610a - core[a373ad73a504971]::fmt::write
[INFO] [stdout]    2:     0x6288040248fb - <alloc[2e1b2a31b91974c5]::vec::Vec<u8> as core[a373ad73a504971]::io::write::Write>::write_fmt
[INFO] [stdout]    3:     0x6288040243df - std[617be2ca0a6fd877]::panicking::default_hook::{closure#0}
[INFO] [stdout]    4:     0x62880402400a - std[617be2ca0a6fd877]::panicking::default_hook
[INFO] [stdout]    5:     0x628804023b45 - std[617be2ca0a6fd877]::panicking::panic_with_hook
[INFO] [stdout]    6:     0x62880404a8f1 - std[617be2ca0a6fd877]::panicking::panic_handler::{closure#0}
[INFO] [stdout]    7:     0x62880404a8a9 - std[617be2ca0a6fd877]::sys::backtrace::__rust_end_short_backtrace::<std[617be2ca0a6fd877]::panicking::panic_handler::{closure#0}, !>
[INFO] [stdout]    8:     0x62880404adac - __rustc[ea4f61d10b84890b]::rust_begin_unwind
[INFO] [stdout]    9:     0x628803ff5f9b - core[a373ad73a504971]::panicking::panic_fmt
[INFO] [stdout]   10:     0x628803ff9201 - core[a373ad73a504971]::result::unwrap_failed
[INFO] [stdout]   11:     0x628803ff3f65 - geobuf[cfd6a4fc6c919e26]::tests::test_geojson
[INFO] [stdout]   12:     0x628803ff4e15 - <geobuf[cfd6a4fc6c919e26]::tests::test_feature::{closure#0} as core[a373ad73a504971]::ops::function::FnOnce<()>>::call_once
[INFO] [stdout]   13:     0x628804062e0b - test[aada8e7e76ba119b]::__rust_begin_short_backtrace::<core[a373ad73a504971]::result::Result<(), alloc[2e1b2a31b91974c5]::string::String>, fn() -> core[a373ad73a504971]::result::Result<(), alloc[2e1b2a31b91974c5]::string::String>>
[INFO] [stdout]   14:     0x62880405e26f - test[aada8e7e76ba119b]::run_test::{closure#0}
[INFO] [stdout]   15:     0x62880405dcec - std[617be2ca0a6fd877]::sys::backtrace::__rust_begin_short_backtrace::<test[aada8e7e76ba119b]::run_test::{closure#1}, ()>
[INFO] [stdout]   16:     0x62880407e25c - <std[617be2ca0a6fd877]::thread::lifecycle::spawn_unchecked<test[aada8e7e76ba119b]::run_test::{closure#1}, ()>::{closure#1} as core[a373ad73a504971]::ops::function::FnOnce<()>>::call_once::{shim:vtable#0}
[INFO] [stdout]   17:     0x62880404c584 - <std[617be2ca0a6fd877]::sys::thread::unix::Thread>::new::thread_start
[INFO] [stdout]   18:     0x7e4f67d18dfa - <unknown>
[INFO] [stdout]   19:     0x7e4f67dac3d4 - clone
[INFO] [stdout]   20:                0x0 - <unknown>
[INFO] [stdout] 
[INFO] [stdout] ---- tests::test_linestring stdout ----
[INFO] [stdout] 
[INFO] [stdout] thread 'tests::test_linestring' (1289) panicked at src/lib.rs:70:42:
[INFO] [stdout] called `Result::unwrap()` on an `Err` value: Os { code: 2, kind: NotFound, message: "No such file or directory" }
[INFO] [stdout] stack backtrace:
[INFO] [stdout]    0:     0x628804025347 - <<std[617be2ca0a6fd877]::sys::backtrace::BacktraceLock>::print::DisplayBacktrace as core[a373ad73a504971]::fmt::Display>::fmt
[INFO] [stdout]    1:     0x628803ff610a - core[a373ad73a504971]::fmt::write
[INFO] [stdout]    2:     0x6288040248fb - <alloc[2e1b2a31b91974c5]::vec::Vec<u8> as core[a373ad73a504971]::io::write::Write>::write_fmt
[INFO] [stdout]    3:     0x6288040243df - std[617be2ca0a6fd877]::panicking::default_hook::{closure#0}
[INFO] [stdout]    4:     0x62880402400a - std[617be2ca0a6fd877]::panicking::default_hook
[INFO] [stdout]    5:     0x628804023b45 - std[617be2ca0a6fd877]::panicking::panic_with_hook
[INFO] [stdout]    6:     0x62880404a8f1 - std[617be2ca0a6fd877]::panicking::panic_handler::{closure#0}
[INFO] [stdout]    7:     0x62880404a8a9 - std[617be2ca0a6fd877]::sys::backtrace::__rust_end_short_backtrace::<std[617be2ca0a6fd877]::panicking::panic_handler::{closure#0}, !>
[INFO] [stdout]    8:     0x62880404adac - __rustc[ea4f61d10b84890b]::rust_begin_unwind
[INFO] [stdout]    9:     0x628803ff5f9b - core[a373ad73a504971]::panicking::panic_fmt
[INFO] [stdout]   10:     0x628803ff9201 - core[a373ad73a504971]::result::unwrap_failed
[INFO] [stdout]   11:     0x628803ff3f65 - geobuf[cfd6a4fc6c919e26]::tests::test_geojson
[INFO] [stdout]   12:     0x628803ff4ed5 - <geobuf[cfd6a4fc6c919e26]::tests::test_linestring::{closure#0} as core[a373ad73a504971]::ops::function::FnOnce<()>>::call_once
[INFO] [stdout]   13:     0x628804062e0b - test[aada8e7e76ba119b]::__rust_begin_short_backtrace::<core[a373ad73a504971]::result::Result<(), alloc[2e1b2a31b91974c5]::string::String>, fn() -> core[a373ad73a504971]::result::Result<(), alloc[2e1b2a31b91974c5]::string::String>>
[INFO] [stdout]   14:     0x62880405e26f - test[aada8e7e76ba119b]::run_test::{closure#0}
[INFO] [stdout]   15:     0x62880405dcec - std[617be2ca0a6fd877]::sys::backtrace::__rust_begin_short_backtrace::<test[aada8e7e76ba119b]::run_test::{closure#1}, ()>
[INFO] [stdout]   16:     0x62880407e25c - <std[617be2ca0a6fd877]::thread::lifecycle::spawn_unchecked<test[aada8e7e76ba119b]::run_test::{closure#1}, ()>::{closure#1} as core[a373ad73a504971]::ops::function::FnOnce<()>>::call_once::{shim:vtable#0}
[INFO] [stdout]   17:     0x62880404c584 - <std[617be2ca0a6fd877]::sys::thread::unix::Thread>::new::thread_start
[INFO] [stdout]   18:     0x7e4f67d18dfa - <unknown>
[INFO] [stdout]   19:     0x7e4f67dac3d4 - clone
[INFO] [stdout]   20:                0x0 - <unknown>
[INFO] [stdout] 
[INFO] [stdout] ---- tests::test_multipoint stdout ----
[INFO] [stdout] 
[INFO] [stdout] thread 'tests::test_multipoint' (1291) panicked at src/lib.rs:70:42:
[INFO] [stdout] called `Result::unwrap()` on an `Err` value: Os { code: 2, kind: NotFound, message: "No such file or directory" }
[INFO] [stdout] stack backtrace:
[INFO] [stdout]    0:     0x628804025347 - <<std[617be2ca0a6fd877]::sys::backtrace::BacktraceLock>::print::DisplayBacktrace as core[a373ad73a504971]::fmt::Display>::fmt
[INFO] [stdout]    1:     0x628803ff610a - core[a373ad73a504971]::fmt::write
[INFO] [stdout]    2:     0x6288040248fb - <alloc[2e1b2a31b91974c5]::vec::Vec<u8> as core[a373ad73a504971]::io::write::Write>::write_fmt
[INFO] [stdout]    3:     0x6288040243df - std[617be2ca0a6fd877]::panicking::default_hook::{closure#0}
[INFO] [stdout]    4:     0x62880402400a - std[617be2ca0a6fd877]::panicking::default_hook
[INFO] [stdout]    5:     0x628804023b45 - std[617be2ca0a6fd877]::panicking::panic_with_hook
[INFO] [stdout]    6:     0x62880404a8f1 - std[617be2ca0a6fd877]::panicking::panic_handler::{closure#0}
[INFO] [stdout]    7:     0x62880404a8a9 - std[617be2ca0a6fd877]::sys::backtrace::__rust_end_short_backtrace::<std[617be2ca0a6fd877]::panicking::panic_handler::{closure#0}, !>
[INFO] [stdout]    8:     0x62880404adac - __rustc[ea4f61d10b84890b]::rust_begin_unwind
[INFO] [stdout]    9:     0x628803ff5f9b - core[a373ad73a504971]::panicking::panic_fmt
[INFO] [stdout]   10:     0x628803ff9201 - core[a373ad73a504971]::result::unwrap_failed
[INFO] [stdout]   11:     0x628803ff3f65 - geobuf[cfd6a4fc6c919e26]::tests::test_geojson
[INFO] [stdout]   12:     0x628803ff4f05 - <geobuf[cfd6a4fc6c919e26]::tests::test_multipoint::{closure#0} as core[a373ad73a504971]::ops::function::FnOnce<()>>::call_once
[INFO] [stdout]   13:     0x628804062e0b - test[aada8e7e76ba119b]::__rust_begin_short_backtrace::<core[a373ad73a504971]::result::Result<(), alloc[2e1b2a31b91974c5]::string::String>, fn() -> core[a373ad73a504971]::result::Result<(), alloc[2e1b2a31b91974c5]::string::String>>
[INFO] [stdout]   14:     0x62880405e26f - test[aada8e7e76ba119b]::run_test::{closure#0}
[INFO] [stdout]   15:     0x62880405dcec - std[617be2ca0a6fd877]::sys::backtrace::__rust_begin_short_backtrace::<test[aada8e7e76ba119b]::run_test::{closure#1}, ()>
[INFO] [stdout]   16:     0x62880407e25c - <std[617be2ca0a6fd877]::thread::lifecycle::spawn_unchecked<test[aada8e7e76ba119b]::run_test::{closure#1}, ()>::{closure#1} as core[a373ad73a504971]::ops::function::FnOnce<()>>::call_once::{shim:vtable#0}
[INFO] [stdout]   17:     0x62880404c584 - <std[617be2ca0a6fd877]::sys::thread::unix::Thread>::new::thread_start
[INFO] [stdout]   18:     0x7e4f67d18dfa - <unknown>
[INFO] [stdout]   19:     0x7e4f67dac3d4 - clone
[INFO] [stdout]   20:                0x0 - <unknown>
[INFO] [stdout] 
[INFO] [stdout] ---- tests::test_single_multipoly stdout ----
[INFO] [stdout] 
[INFO] [stdout] thread 'tests::test_single_multipoly' (1297) panicked at src/lib.rs:70:42:
[INFO] [stdout] called `Result::unwrap()` on an `Err` value: Os { code: 2, kind: NotFound, message: "No such file or directory" }
[INFO] [stdout] stack backtrace:
[INFO] [stdout]    0:     0x628804025347 - <<std[617be2ca0a6fd877]::sys::backtrace::BacktraceLock>::print::DisplayBacktrace as core[a373ad73a504971]::fmt::Display>::fmt
[INFO] [stdout]    1:     0x628803ff610a - core[a373ad73a504971]::fmt::write
[INFO] [stdout]    2:     0x6288040248fb - <alloc[2e1b2a31b91974c5]::vec::Vec<u8> as core[a373ad73a504971]::io::write::Write>::write_fmt
[INFO] [stdout]    3:     0x6288040243df - std[617be2ca0a6fd877]::panicking::default_hook::{closure#0}
[INFO] [stdout]    4:     0x62880402400a - std[617be2ca0a6fd877]::panicking::default_hook
[INFO] [stdout]    5:     0x628804023b45 - std[617be2ca0a6fd877]::panicking::panic_with_hook
[INFO] [stdout]    6:     0x62880404a8f1 - std[617be2ca0a6fd877]::panicking::panic_handler::{closure#0}
[INFO] [stdout]    7:     0x62880404a8a9 - std[617be2ca0a6fd877]::sys::backtrace::__rust_end_short_backtrace::<std[617be2ca0a6fd877]::panicking::panic_handler::{closure#0}, !>
[INFO] [stdout]    8:     0x62880404adac - __rustc[ea4f61d10b84890b]::rust_begin_unwind
[INFO] [stdout]    9:     0x628803ff5f9b - core[a373ad73a504971]::panicking::panic_fmt
[INFO] [stdout]   10:     0x628803ff9201 - core[a373ad73a504971]::result::unwrap_failed
[INFO] [stdout]   11:     0x628803ff3f65 - geobuf[cfd6a4fc6c919e26]::tests::test_geojson
[INFO] [stdout]   12:     0x628803ff4f95 - <geobuf[cfd6a4fc6c919e26]::tests::test_single_multipoly::{closure#0} as core[a373ad73a504971]::ops::function::FnOnce<()>>::call_once
[INFO] [stdout]   13:     0x628804062e0b - test[aada8e7e76ba119b]::__rust_begin_short_backtrace::<core[a373ad73a504971]::result::Result<(), alloc[2e1b2a31b91974c5]::string::String>, fn() -> core[a373ad73a504971]::result::Result<(), alloc[2e1b2a31b91974c5]::string::String>>
[INFO] [stdout]   14:     0x62880405e26f - test[aada8e7e76ba119b]::run_test::{closure#0}
[INFO] [stdout]   15:     0x62880405dcec - std[617be2ca0a6fd877]::sys::backtrace::__rust_begin_short_backtrace::<test[aada8e7e76ba119b]::run_test::{closure#1}, ()>
[INFO] [stdout]   16:     0x62880407e25c - <std[617be2ca0a6fd877]::thread::lifecycle::spawn_unchecked<test[aada8e7e76ba119b]::run_test::{closure#1}, ()>::{closure#1} as core[a373ad73a504971]::ops::function::FnOnce<()>>::call_once::{shim:vtable#0}
[INFO] [stdout]   17:     0x62880404c584 - <std[617be2ca0a6fd877]::sys::thread::unix::Thread>::new::thread_start
[INFO] [stdout]   18:     0x7e4f67d18dfa - <unknown>
[INFO] [stdout]   19:     0x7e4f67dac3d4 - clone
[INFO] [stdout]   20:                0x0 - <unknown>
[INFO] [stdout] 
[INFO] [stdout] ---- tests::test_singlemultipolygon stdout ----
[INFO] [stdout] 
[INFO] [stdout] thread 'tests::test_singlemultipolygon' (1298) panicked at src/lib.rs:70:42:
[INFO] [stdout] called `Result::unwrap()` on an `Err` value: Os { code: 2, kind: NotFound, message: "No such file or directory" }
[INFO] [stdout] stack backtrace:
[INFO] [stdout]    0:     0x628804025347 - <<std[617be2ca0a6fd877]::sys::backtrace::BacktraceLock>::print::DisplayBacktrace as core[a373ad73a504971]::fmt::Display>::fmt
[INFO] [stdout]    1:     0x628803ff610a - core[a373ad73a504971]::fmt::write
[INFO] [stdout]    2:     0x6288040248fb - <alloc[2e1b2a31b91974c5]::vec::Vec<u8> as core[a373ad73a504971]::io::write::Write>::write_fmt
[INFO] [stdout]    3:     0x6288040243df - std[617be2ca0a6fd877]::panicking::default_hook::{closure#0}
[INFO] [stdout]    4:     0x62880402400a - std[617be2ca0a6fd877]::panicking::default_hook
[INFO] [stdout]    5:     0x628804023b45 - std[617be2ca0a6fd877]::panicking::panic_with_hook
[INFO] [stdout]    6:     0x62880404a8f1 - std[617be2ca0a6fd877]::panicking::panic_handler::{closure#0}
[INFO] [stdout]    7:     0x62880404a8a9 - std[617be2ca0a6fd877]::sys::backtrace::__rust_end_short_backtrace::<std[617be2ca0a6fd877]::panicking::panic_handler::{closure#0}, !>
[INFO] [stdout]    8:     0x62880404adac - __rustc[ea4f61d10b84890b]::rust_begin_unwind
[INFO] [stdout]    9:     0x628803ff5f9b - core[a373ad73a504971]::panicking::panic_fmt
[INFO] [stdout]   10:     0x628803ff9201 - core[a373ad73a504971]::result::unwrap_failed
[INFO] [stdout]   11:     0x628803ff3f65 - geobuf[cfd6a4fc6c919e26]::tests::test_geojson
[INFO] [stdout]   12:     0x628803ff5055 - <geobuf[cfd6a4fc6c919e26]::tests::test_singlemultipolygon::{closure#0} as core[a373ad73a504971]::ops::function::FnOnce<()>>::call_once
[INFO] [stdout]   13:     0x628804062e0b - test[aada8e7e76ba119b]::__rust_begin_short_backtrace::<core[a373ad73a504971]::result::Result<(), alloc[2e1b2a31b91974c5]::string::String>, fn() -> core[a373ad73a504971]::result::Result<(), alloc[2e1b2a31b91974c5]::string::String>>
[INFO] [stdout]   14:     0x62880405e26f - test[aada8e7e76ba119b]::run_test::{closure#0}
[INFO] [stdout]   15:     0x62880405dcec - std[617be2ca0a6fd877]::sys::backtrace::__rust_begin_short_backtrace::<test[aada8e7e76ba119b]::run_test::{closure#1}, ()>
[INFO] [stdout]   16:     0x62880407e25c - <std[617be2ca0a6fd877]::thread::lifecycle::spawn_unchecked<test[aada8e7e76ba119b]::run_test::{closure#1}, ()>::{closure#1} as core[a373ad73a504971]::ops::function::FnOnce<()>>::call_once::{shim:vtable#0}
[INFO] [stdout]   17:     0x62880404c584 - <std[617be2ca0a6fd877]::sys::thread::unix::Thread>::new::thread_start
[INFO] [stdout]   18:     0x7e4f67d18dfa - <unknown>
[INFO] [stdout]   19:     0x7e4f67dac3d4 - clone
[INFO] [stdout]   20:                0x0 - <unknown>
[INFO] [stdout] 
[INFO] [stdout] ---- tests::test_point stdout ----
[INFO] [stdout] 
[INFO] [stdout] thread 'tests::test_point' (1293) panicked at src/lib.rs:70:42:
[INFO] [stdout] called `Result::unwrap()` on an `Err` value: Os { code: 2, kind: NotFound, message: "No such file or directory" }
[INFO] [stdout] stack backtrace:
[INFO] [stdout]    0:     0x628804025347 - <<std[617be2ca0a6fd877]::sys::backtrace::BacktraceLock>::print::DisplayBacktrace as core[a373ad73a504971]::fmt::Display>::fmt
[INFO] [stdout]    1:     0x628803ff610a - core[a373ad73a504971]::fmt::write
[INFO] [stdout]    2:     0x6288040248fb - <alloc[2e1b2a31b91974c5]::vec::Vec<u8> as core[a373ad73a504971]::io::write::Write>::write_fmt
[INFO] [stdout]    3:     0x6288040243df - std[617be2ca0a6fd877]::panicking::default_hook::{closure#0}
[INFO] [stdout]    4:     0x62880402400a - std[617be2ca0a6fd877]::panicking::default_hook
[INFO] [stdout]    5:     0x628804023b45 - std[617be2ca0a6fd877]::panicking::panic_with_hook
[INFO] [stdout]    6:     0x62880404a8f1 - std[617be2ca0a6fd877]::panicking::panic_handler::{closure#0}
[INFO] [stdout]    7:     0x62880404a8a9 - std[617be2ca0a6fd877]::sys::backtrace::__rust_end_short_backtrace::<std[617be2ca0a6fd877]::panicking::panic_handler::{closure#0}, !>
[INFO] [stdout]    8:     0x62880404adac - __rustc[ea4f61d10b84890b]::rust_begin_unwind
[INFO] [stdout]    9:     0x628803ff5f9b - core[a373ad73a504971]::panicking::panic_fmt
[INFO] [stdout]   10:     0x628803ff9201 - core[a373ad73a504971]::result::unwrap_failed
[INFO] [stdout]   11:     0x628803ff3f65 - geobuf[cfd6a4fc6c919e26]::tests::test_geojson
[INFO] [stdout]   12:     0x628803ff4db5 - <geobuf[cfd6a4fc6c919e26]::tests::test_point::{closure#0} as core[a373ad73a504971]::ops::function::FnOnce<()>>::call_once
[INFO] [stdout]   13:     0x628804062e0b - test[aada8e7e76ba119b]::__rust_begin_short_backtrace::<core[a373ad73a504971]::result::Result<(), alloc[2e1b2a31b91974c5]::string::String>, fn() -> core[a373ad73a504971]::result::Result<(), alloc[2e1b2a31b91974c5]::string::String>>
[INFO] [stdout]   14:     0x62880405e26f - test[aada8e7e76ba119b]::run_test::{closure#0}
[INFO] [stdout]   15:     0x62880405dcec - std[617be2ca0a6fd877]::sys::backtrace::__rust_begin_short_backtrace::<test[aada8e7e76ba119b]::run_test::{closure#1}, ()>
[INFO] [stdout]   16:     0x62880407e25c - <std[617be2ca0a6fd877]::thread::lifecycle::spawn_unchecked<test[aada8e7e76ba119b]::run_test::{closure#1}, ()>::{closure#1} as core[a373ad73a504971]::ops::function::FnOnce<()>>::call_once::{shim:vtable#0}
[INFO] [stdout]   17:     0x62880404c584 - <std[617be2ca0a6fd877]::sys::thread::unix::Thread>::new::thread_start
[INFO] [stdout]   18:     0x7e4f67d18dfa - <unknown>
[INFO] [stdout]   19:     0x7e4f67dac3d4 - clone
[INFO] [stdout]   20:                0x0 - <unknown>
[INFO] [stdout] 
[INFO] [stdout] ---- tests::test_multilinestring stdout ----
[INFO] [stdout] 
[INFO] [stdout] thread 'tests::test_multilinestring' (1290) panicked at src/lib.rs:70:42:
[INFO] [stdout] called `Result::unwrap()` on an `Err` value: Os { code: 2, kind: NotFound, message: "No such file or directory" }
[INFO] [stdout] stack backtrace:
[INFO] [stdout]    0:     0x628804025347 - <<std[617be2ca0a6fd877]::sys::backtrace::BacktraceLock>::print::DisplayBacktrace as core[a373ad73a504971]::fmt::Display>::fmt
[INFO] [stdout]    1:     0x628803ff610a - core[a373ad73a504971]::fmt::write
[INFO] [stdout]    2:     0x6288040248fb - <alloc[2e1b2a31b91974c5]::vec::Vec<u8> as core[a373ad73a504971]::io::write::Write>::write_fmt
[INFO] [stdout]    3:     0x6288040243df - std[617be2ca0a6fd877]::panicking::default_hook::{closure#0}
[INFO] [stdout]    4:     0x62880402400a - std[617be2ca0a6fd877]::panicking::default_hook
[INFO] [stdout]    5:     0x628804023b45 - std[617be2ca0a6fd877]::panicking::panic_with_hook
[INFO] [stdout]    6:     0x62880404a8f1 - std[617be2ca0a6fd877]::panicking::panic_handler::{closure#0}
[INFO] [stdout]    7:     0x62880404a8a9 - std[617be2ca0a6fd877]::sys::backtrace::__rust_end_short_backtrace::<std[617be2ca0a6fd877]::panicking::panic_handler::{closure#0}, !>
[INFO] [stdout]    8:     0x62880404adac - __rustc[ea4f61d10b84890b]::rust_begin_unwind
[INFO] [stdout]    9:     0x628803ff5f9b - core[a373ad73a504971]::panicking::panic_fmt
[INFO] [stdout]   10:     0x628803ff9201 - core[a373ad73a504971]::result::unwrap_failed
[INFO] [stdout]   11:     0x628803ff3f65 - geobuf[cfd6a4fc6c919e26]::tests::test_geojson
[INFO] [stdout]   12:     0x628803ff4f65 - <geobuf[cfd6a4fc6c919e26]::tests::test_multilinestring::{closure#0} as core[a373ad73a504971]::ops::function::FnOnce<()>>::call_once
[INFO] [stdout]   13:     0x628804062e0b - test[aada8e7e76ba119b]::__rust_begin_short_backtrace::<core[a373ad73a504971]::result::Result<(), alloc[2e1b2a31b91974c5]::string::String>, fn() -> core[a373ad73a504971]::result::Result<(), alloc[2e1b2a31b91974c5]::string::String>>
[INFO] [stdout]   14:     0x62880405e26f - test[aada8e7e76ba119b]::run_test::{closure#0}
[INFO] [stdout]   15:     0x62880405dcec - std[617be2ca0a6fd877]::sys::backtrace::__rust_begin_short_backtrace::<test[aada8e7e76ba119b]::run_test::{closure#1}, ()>
[INFO] [stdout]   16:     0x62880407e25c - <std[617be2ca0a6fd877]::thread::lifecycle::spawn_unchecked<test[aada8e7e76ba119b]::run_test::{closure#1}, ()>::{closure#1} as core[a373ad73a504971]::ops::function::FnOnce<()>>::call_once::{shim:vtable#0}
[INFO] [stdout]   17:     0x62880404c584 - <std[617be2ca0a6fd877]::sys::thread::unix::Thread>::new::thread_start
[INFO] [stdout]   18:     0x7e4f67d18dfa - <unknown>
[INFO] [stdout]   19:     0x7e4f67dac3d4 - clone
[INFO] [stdout]   20:                0x0 - <unknown>
[INFO] [stdout] 
[INFO] [stdout] ---- tests::test_geometrycollection stdout ----
[INFO] [stdout] 
[INFO] [stdout] thread 'tests::test_geometrycollection' (1288) panicked at src/lib.rs:70:42:
[INFO] [stdout] called `Result::unwrap()` on an `Err` value: Os { code: 2, kind: NotFound, message: "No such file or directory" }
[INFO] [stdout] stack backtrace:
[INFO] [stdout]    0:     0x628804025347 - <<std[617be2ca0a6fd877]::sys::backtrace::BacktraceLock>::print::DisplayBacktrace as core[a373ad73a504971]::fmt::Display>::fmt
[INFO] [stdout]    1:     0x628803ff610a - core[a373ad73a504971]::fmt::write
[INFO] [stdout]    2:     0x6288040248fb - <alloc[2e1b2a31b91974c5]::vec::Vec<u8> as core[a373ad73a504971]::io::write::Write>::write_fmt
[INFO] [stdout]    3:     0x6288040243df - std[617be2ca0a6fd877]::panicking::default_hook::{closure#0}
[INFO] [stdout]    4:     0x62880402400a - std[617be2ca0a6fd877]::panicking::default_hook
[INFO] [stdout]    5:     0x628804023b45 - std[617be2ca0a6fd877]::panicking::panic_with_hook
[INFO] [stdout]    6:     0x62880404a8f1 - std[617be2ca0a6fd877]::panicking::panic_handler::{closure#0}
[INFO] [stdout]    7:     0x62880404a8a9 - std[617be2ca0a6fd877]::sys::backtrace::__rust_end_short_backtrace::<std[617be2ca0a6fd877]::panicking::panic_handler::{closure#0}, !>
[INFO] [stdout]    8:     0x62880404adac - __rustc[ea4f61d10b84890b]::rust_begin_unwind
[INFO] [stdout]    9:     0x628803ff5f9b - core[a373ad73a504971]::panicking::panic_fmt
[INFO] [stdout]   10:     0x628803ff9201 - core[a373ad73a504971]::result::unwrap_failed
[INFO] [stdout]   11:     0x628803ff3f65 - geobuf[cfd6a4fc6c919e26]::tests::test_geojson
[INFO] [stdout]   12:     0x628803ff5025 - <geobuf[cfd6a4fc6c919e26]::tests::test_geometrycollection::{closure#0} as core[a373ad73a504971]::ops::function::FnOnce<()>>::call_once
[INFO] [stdout]   13:     0x628804062e0b - test[aada8e7e76ba119b]::__rust_begin_short_backtrace::<core[a373ad73a504971]::result::Result<(), alloc[2e1b2a31b91974c5]::string::String>, fn() -> core[a373ad73a504971]::result::Result<(), alloc[2e1b2a31b91974c5]::string::String>>
[INFO] [stdout]   14:     0x62880405e26f - test[aada8e7e76ba119b]::run_test::{closure#0}
[INFO] [stdout]   15:     0x62880405dcec - std[617be2ca0a6fd877]::sys::backtrace::__rust_begin_short_backtrace::<test[aada8e7e76ba119b]::run_test::{closure#1}, ()>
[INFO] [stdout]   16:     0x62880407e25c - <std[617be2ca0a6fd877]::thread::lifecycle::spawn_unchecked<test[aada8e7e76ba119b]::run_test::{closure#1}, ()>::{closure#1} as core[a373ad73a504971]::ops::function::FnOnce<()>>::call_once::{shim:vtable#0}
[INFO] [stdout]   17:     0x62880404c584 - <std[617be2ca0a6fd877]::sys::thread::unix::Thread>::new::thread_start
[INFO] [stdout]   18:     0x7e4f67d18dfa - <unknown>
[INFO] [stdout]   19:     0x7e4f67dac3d4 - clone
[INFO] [stdout]   20:                0x0 - <unknown>
[INFO] [stdout] 
[INFO] [stdout] ---- tests::test_props stdout ----
[INFO] [stdout] 
[INFO] [stdout] thread 'tests::test_props' (1296) panicked at src/lib.rs:70:42:
[INFO] [stdout] called `Result::unwrap()` on an `Err` value: Os { code: 2, kind: NotFound, message: "No such file or directory" }
[INFO] [stdout] stack backtrace:
[INFO] [stdout]    0:     0x628804025347 - <<std[617be2ca0a6fd877]::sys::backtrace::BacktraceLock>::print::DisplayBacktrace as core[a373ad73a504971]::fmt::Display>::fmt
[INFO] [stdout]    1:     0x628803ff610a - core[a373ad73a504971]::fmt::write
[INFO] [stdout]    2:     0x6288040248fb - <alloc[2e1b2a31b91974c5]::vec::Vec<u8> as core[a373ad73a504971]::io::write::Write>::write_fmt
[INFO] [stdout]    3:     0x6288040243df - std[617be2ca0a6fd877]::panicking::default_hook::{closure#0}
[INFO] [stdout]    4:     0x62880402400a - std[617be2ca0a6fd877]::panicking::default_hook
[INFO] [stdout]    5:     0x628804023b45 - std[617be2ca0a6fd877]::panicking::panic_with_hook
[INFO] [stdout]    6:     0x62880404a8f1 - std[617be2ca0a6fd877]::panicking::panic_handler::{closure#0}
[INFO] [stdout]    7:     0x62880404a8a9 - std[617be2ca0a6fd877]::sys::backtrace::__rust_end_short_backtrace::<std[617be2ca0a6fd877]::panicking::panic_handler::{closure#0}, !>
[INFO] [stdout]    8:     0x62880404adac - __rustc[ea4f61d10b84890b]::rust_begin_unwind
[INFO] [stdout]    9:     0x628803ff5f9b - core[a373ad73a504971]::panicking::panic_fmt
[INFO] [stdout]   10:     0x628803ff9201 - core[a373ad73a504971]::result::unwrap_failed
[INFO] [stdout]   11:     0x628803ff3f65 - geobuf[cfd6a4fc6c919e26]::tests::test_geojson
[INFO] [stdout]   12:     0x628803ff4de5 - <geobuf[cfd6a4fc6c919e26]::tests::test_props::{closure#0} as core[a373ad73a504971]::ops::function::FnOnce<()>>::call_once
[INFO] [stdout]   13:     0x628804062e0b - test[aada8e7e76ba119b]::__rust_begin_short_backtrace::<core[a373ad73a504971]::result::Result<(), alloc[2e1b2a31b91974c5]::string::String>, fn() -> core[a373ad73a504971]::result::Result<(), alloc[2e1b2a31b91974c5]::string::String>>
[INFO] [stdout]   14:     0x62880405e26f - test[aada8e7e76ba119b]::run_test::{closure#0}
[INFO] [stdout]   15:     0x62880405dcec - std[617be2ca0a6fd877]::sys::backtrace::__rust_begin_short_backtrace::<test[aada8e7e76ba119b]::run_test::{closure#1}, ()>
[INFO] [stdout]   16:     0x62880407e25c - <std[617be2ca0a6fd877]::thread::lifecycle::spawn_unchecked<test[aada8e7e76ba119b]::run_test::{closure#1}, ()>::{closure#1} as core[a373ad73a504971]::ops::function::FnOnce<()>>::call_once::{shim:vtable#0}
[INFO] [stdout]   17:     0x62880404c584 - <std[617be2ca0a6fd877]::sys::thread::unix::Thread>::new::thread_start
[INFO] [stdout]   18:     0x7e4f67d18dfa - <unknown>
[INFO] [stdout]   19:     0x7e4f67dac3d4 - clone
[INFO] [stdout]   20:                0x0 - <unknown>
[INFO] [stdout] 
[INFO] [stdout] 
[INFO] [stdout] failures:
[INFO] [stdout]     tests::test_feature
[INFO] [stdout]     tests::test_featurecollection
[INFO] [stdout]     tests::test_geobuf_js_issue_62
[INFO] [stdout]     tests::test_geometrycollection
[INFO] [stdout]     tests::test_linestring
[INFO] [stdout]     tests::test_multilinestring
[INFO] [stdout]     tests::test_multipoint
[INFO] [stdout]     tests::test_multipolygon
[INFO] [stdout]     tests::test_point
[INFO] [stdout]     tests::test_polygon
[INFO] [stdout]     tests::test_precision
[INFO] [stdout]     tests::test_props
[INFO] [stdout]     tests::test_single_multipoly
[INFO] [stdout]     tests::test_singlemultipolygon
[INFO] [stdout]     tests::test_us_states
[INFO] [stdout] 
[INFO] [stdout] test result: FAILED. 0 passed; 15 failed; 0 ignored; 0 measured; 0 filtered out; finished in 0.01s
[INFO] [stdout] 
[INFO] running `Command { std: "docker" "inspect" "bd29659668f46d5ea66e4fe011d12d41e5c17019626d9be215cf95e33da90498", kill_on_drop: false }`
[INFO] running `Command { std: "docker" "rm" "-f" "bd29659668f46d5ea66e4fe011d12d41e5c17019626d9be215cf95e33da90498", kill_on_drop: false }`
[INFO] [stdout] bd29659668f46d5ea66e4fe011d12d41e5c17019626d9be215cf95e33da90498
