[INFO] fetching crate geo-validity-check 0.1.0...
[INFO] testing geo-validity-check-0.1.0 against 1.99.0-beta.8+cargoflags=--release for beta-release-1.100-2
[INFO] extracting crate geo-validity-check 0.1.0 into /workspace/builds/worker-3-tc1/source
[INFO] started tweaking crates.io crate geo-validity-check 0.1.0
[INFO] finished tweaking crates.io crate geo-validity-check 0.1.0
[INFO] tweaked toml for crates.io crate geo-validity-check 0.1.0 written to /workspace/builds/worker-3-tc1/source/Cargo.toml
[INFO] validating manifest of crates.io crate geo-validity-check 0.1.0 on toolchain 1.99.0-beta.8
[INFO] running `Command { std: CARGO_HOME="/workspace/cargo-home" RUSTUP_HOME="/workspace/rustup-home" "/workspace/cargo-home/bin/cargo" "+1.99.0-beta.8" "metadata" "--manifest-path" "Cargo.toml" "--no-deps", kill_on_drop: false }`
[INFO] crate crates.io crate geo-validity-check 0.1.0 already has a lockfile, it will not be regenerated
[INFO] running `Command { std: CARGO_HOME="/workspace/cargo-home" RUSTUP_HOME="/workspace/rustup-home" "/workspace/cargo-home/bin/cargo" "+1.99.0-beta.8" "fetch" "--manifest-path" "Cargo.toml", kill_on_drop: false }`
[INFO] [stderr]     Updating crates.io index
[INFO] [stderr]  Downloading crates ...
[INFO] [stderr]   Downloaded c_vec v2.0.0
[INFO] [stderr]   Downloaded num v0.4.0
[INFO] [stderr]   Downloaded num-iter v0.1.43
[INFO] [stderr]   Downloaded atomic-polyfill v0.1.11
[INFO] [stderr]   Downloaded robust v0.2.3
[INFO] [stderr]   Downloaded wkt v0.10.3
[INFO] [stderr]   Downloaded semver v1.0.17
[INFO] [stderr]   Downloaded critical-section v1.1.1
[INFO] [stderr]   Downloaded num-complex v0.4.3
[INFO] [stderr]   Downloaded geos-sys v2.0.5
[INFO] [stderr]   Downloaded geo-types v0.7.9
[INFO] [stderr]   Downloaded rstar v0.10.0
[INFO] [stderr]   Downloaded spin v0.9.6
[INFO] [stderr]   Downloaded geographiclib-rs v0.2.3
[INFO] [stderr]   Downloaded serde_derive v1.0.158
[INFO] [stderr]   Downloaded heapless v0.7.16
[INFO] [stderr]   Downloaded num-bigint v0.4.3
[INFO] [stderr]   Downloaded serde v1.0.158
[INFO] [stderr]   Downloaded libm v0.2.6
[INFO] [stderr]   Downloaded geo v0.24.0
[INFO] [stderr]   Downloaded syn v2.0.3
[INFO] [stderr]   Downloaded robust v1.0.0
[INFO] [stderr]   Downloaded geos v8.2.0
[INFO] running `Command { std: "docker" "create" "-v" "/var/lib/crater-agent-workspace/builds/worker-3-tc1/source:/opt/rustwide/workdir:ro,Z" "-v" "/var/lib/crater-agent-workspace/builds/worker-3-tc1/target:/opt/rustwide/target:rw,Z" "-v" "/var/lib/crater-agent-workspace/cargo-home:/opt/rustwide/cargo-home:ro,Z" "-v" "/var/lib/crater-agent-workspace/rustup-home:/opt/rustwide/rustup-home:ro,Z" "-m" "1610612736" "--network" "none" "ghcr.io/rust-lang/crates-build-env/linux@sha256:77db811e55d90add9212f6832c23229e3de5f1c1f9905e8cb07319ea15df73ac" "sleep" "infinity", kill_on_drop: false }`
[INFO] [stdout] 1188523ac92096d95881a6526d0dc0015c76451091679a2bd76fe3c433ff49de
[INFO] running `Command { std: "docker" "start" "1188523ac92096d95881a6526d0dc0015c76451091679a2bd76fe3c433ff49de", kill_on_drop: false }`
[INFO] running `Command { std: "docker" "inspect" "1188523ac92096d95881a6526d0dc0015c76451091679a2bd76fe3c433ff49de", kill_on_drop: false }`
[INFO] running `Command { std: "docker" "exec" "-e" "SOURCE_DIR=/opt/rustwide/workdir" "-e" "CARGO_HOME=/opt/rustwide/cargo-home" "-e" "RUSTUP_HOME=/opt/rustwide/rustup-home" "-e" "CARGO_TARGET_DIR=/opt/rustwide/target" "-w" "/opt/rustwide/workdir" "--user" "0:0" "1188523ac92096d95881a6526d0dc0015c76451091679a2bd76fe3c433ff49de" "/opt/rustwide/cargo-home/bin/cargo" "+1.99.0-beta.8" "metadata" "--no-deps" "--format-version=1", kill_on_drop: false }`
[INFO] running `Command { std: "docker" "inspect" "1188523ac92096d95881a6526d0dc0015c76451091679a2bd76fe3c433ff49de", kill_on_drop: false }`
[INFO] running `Command { std: "docker" "exec" "-e" "SOURCE_DIR=/opt/rustwide/workdir" "-e" "CARGO_HOME=/opt/rustwide/cargo-home" "-e" "RUSTUP_HOME=/opt/rustwide/rustup-home" "-e" "CARGO_TARGET_DIR=/opt/rustwide/target" "-e" "CARGO_INCREMENTAL=0" "-e" "RUST_BACKTRACE=full" "-e" "RUSTFLAGS=--cap-lints=warn" "-e" "RUSTDOCFLAGS=--cap-lints=warn" "-w" "/opt/rustwide/workdir" "--user" "0:0" "1188523ac92096d95881a6526d0dc0015c76451091679a2bd76fe3c433ff49de" "/opt/rustwide/cargo-home/bin/cargo" "+1.99.0-beta.8" "build" "--frozen" "--message-format=json" "--release", kill_on_drop: false }`
[INFO] [stderr]    Compiling semver v1.0.17
[INFO] [stderr]    Compiling proc-macro2 v1.0.52
[INFO] [stderr]    Compiling lock_api v0.4.9
[INFO] [stderr]    Compiling unicode-ident v1.0.8
[INFO] [stderr]    Compiling libm v0.2.6
[INFO] [stderr]    Compiling quote v1.0.26
[INFO] [stderr]    Compiling num-traits v0.2.15
[INFO] [stderr]    Compiling serde_derive v1.0.158
[INFO] [stderr]    Compiling byteorder v1.4.3
[INFO] [stderr]    Compiling stable_deref_trait v1.2.0
[INFO] [stderr]    Compiling serde v1.0.158
[INFO] [stderr]    Compiling smallvec v1.10.0
[INFO] [stderr]    Compiling geographiclib-rs v0.2.3
[INFO] [stderr]    Compiling robust v0.2.3
[INFO] [stderr]    Compiling robust v1.0.0
[INFO] [stderr]    Compiling spin v0.9.6
[INFO] [stderr]    Compiling hash32 v0.2.1
[INFO] [stderr]    Compiling rustc_version v0.4.0
[INFO] [stderr]    Compiling heapless v0.7.16
[INFO] [stderr]    Compiling syn v2.0.3
[INFO] [stderr]    Compiling approx v0.5.1
[INFO] [stderr]    Compiling rstar v0.10.0
[INFO] [stderr]    Compiling geo-types v0.7.9
[INFO] [stderr]    Compiling geo v0.24.0
[INFO] [stderr]    Compiling geo-validity-check v0.1.0 (/opt/rustwide/workdir)
[INFO] [stderr]     Finished `release` profile [optimized] target(s) in 21.20s
[INFO] running `Command { std: "docker" "inspect" "1188523ac92096d95881a6526d0dc0015c76451091679a2bd76fe3c433ff49de", kill_on_drop: false }`
[INFO] running `Command { std: "docker" "exec" "-e" "SOURCE_DIR=/opt/rustwide/workdir" "-e" "CARGO_HOME=/opt/rustwide/cargo-home" "-e" "RUSTUP_HOME=/opt/rustwide/rustup-home" "-e" "CARGO_TARGET_DIR=/opt/rustwide/target" "-e" "CARGO_INCREMENTAL=0" "-e" "RUST_BACKTRACE=full" "-e" "RUSTFLAGS=--cap-lints=warn" "-e" "RUSTDOCFLAGS=--cap-lints=warn" "-w" "/opt/rustwide/workdir" "--user" "0:0" "1188523ac92096d95881a6526d0dc0015c76451091679a2bd76fe3c433ff49de" "/opt/rustwide/cargo-home/bin/cargo" "+1.99.0-beta.8" "test" "--frozen" "--no-run" "--message-format=json" "--release", kill_on_drop: false }`
[INFO] [stderr]    Compiling num-traits v0.2.15
[INFO] [stderr]    Compiling num-integer v0.1.45
[INFO] [stderr]    Compiling num-bigint v0.4.3
[INFO] [stderr]    Compiling num-iter v0.1.43
[INFO] [stderr]    Compiling num-rational v0.4.1
[INFO] [stderr]    Compiling libc v0.2.140
[INFO] [stderr]    Compiling thiserror v1.0.40
[INFO] [stderr]    Compiling pkg-config v0.3.26
[INFO] [stderr]    Compiling c_vec v2.0.0
[INFO] [stderr]    Compiling thiserror-impl v1.0.40
[INFO] [stderr]    Compiling geos-sys v2.0.5
[INFO] [stderr]    Compiling rstar v0.10.0
[INFO] [stderr]    Compiling approx v0.5.1
[INFO] [stderr]    Compiling num-complex v0.4.3
[INFO] [stderr]    Compiling geo-types v0.7.9
[INFO] [stderr]    Compiling geo v0.24.0
[INFO] [stderr]    Compiling wkt v0.10.3
[INFO] [stderr]    Compiling num v0.4.0
[INFO] [stderr]    Compiling geos v8.2.0
[INFO] [stderr]    Compiling geo-validity-check v0.1.0 (/opt/rustwide/workdir)
[INFO] [stdout] warning: unused import: `ProblemReport`
[INFO] [stdout]  --> examples/printing_problems.rs:4:26
[INFO] [stdout]   |
[INFO] [stdout] 4 | use geo_validity_check::{ProblemReport, Valid};
[INFO] [stdout]   |                          ^^^^^^^^^^^^^
[INFO] [stdout]   |
[INFO] [stdout]   = note: `#[warn(unused_imports)]` (part of `#[warn(unused)]`) on by default
[INFO] [stdout] 
[INFO] [stdout] 
[INFO] [stderr]     Finished `release` profile [optimized] target(s) in 21.51s
[INFO] running `Command { std: "docker" "inspect" "1188523ac92096d95881a6526d0dc0015c76451091679a2bd76fe3c433ff49de", kill_on_drop: false }`
[INFO] running `Command { std: "docker" "exec" "-e" "SOURCE_DIR=/opt/rustwide/workdir" "-e" "CARGO_HOME=/opt/rustwide/cargo-home" "-e" "RUSTUP_HOME=/opt/rustwide/rustup-home" "-e" "CARGO_TARGET_DIR=/opt/rustwide/target" "-e" "CARGO_INCREMENTAL=0" "-e" "RUST_BACKTRACE=full" "-e" "RUSTFLAGS=--cap-lints=warn" "-e" "RUSTDOCFLAGS=--cap-lints=warn" "-w" "/opt/rustwide/workdir" "--user" "0:0" "1188523ac92096d95881a6526d0dc0015c76451091679a2bd76fe3c433ff49de" "/opt/rustwide/cargo-home/bin/cargo" "+1.99.0-beta.8" "test" "--frozen" "--release", kill_on_drop: false }`
[INFO] [stderr] warning: unused import: `ProblemReport`
[INFO] [stderr]  --> examples/printing_problems.rs:4:26
[INFO] [stderr]   |
[INFO] [stderr] 4 | use geo_validity_check::{ProblemReport, Valid};
[INFO] [stderr]   |                          ^^^^^^^^^^^^^
[INFO] [stderr]   |
[INFO] [stderr]   = note: `#[warn(unused_imports)]` (part of `#[warn(unused)]`) on by default
[INFO] [stderr] 
[INFO] [stderr] warning: `geo-validity-check` (example "printing_problems") generated 1 warning (run `cargo fix --example "printing_problems" -p geo-validity-check` to apply 1 suggestion)
[INFO] [stderr]     Finished `release` profile [optimized] target(s) in 0.10s
[INFO] [stderr]      Running unittests src/lib.rs (/opt/rustwide/target/release/deps/geo_validity_check-b8ecae877843cbcb)
[INFO] [stdout] 
[INFO] [stdout] running 29 tests
[INFO] [stdout] test line::tests::test_line_invalid_not_finite_coords ... ok
[INFO] [stdout] test line::tests::test_line_valid ... ok
[INFO] [stdout] test line::tests::test_line_invalid_same_points ... ok
[INFO] [stdout] test multilinestring::tests::test_multilinestring_valid ... ok
[INFO] [stdout] test linestring::tests::test_linestring_valid ... ok
[INFO] [stdout] test linestring::tests::test_linestring_invalid_empty ... ok
[INFO] [stdout] test multipoint::tests::test_multipoint_valid ... ok
[INFO] [stdout] test point::tests::test_point_valid ... ok
[INFO] [stdout] test multipoint::tests::test_multipoint_invalid ... ok
[INFO] [stdout] test geometrycollection::tests::test_geometrycollection_contain_invalid_element ... ok
[INFO] [stdout] test linestring::tests::test_linestring_invalid_too_few_points_with_duplicate ... ok
[INFO] [stdout] test multilinestring::tests::test_multilinestring_invalid_too_few_points_with_duplicate ... ok
[INFO] [stdout] test polygon::tests::test_polygon_invalid_too_few_point_exterior_ring ... ok
[INFO] [stdout] test point::tests::test_point_invalid ... FAILED
[INFO] [stdout] test linestring::tests::test_linestring_invalid_too_few_points_without_duplicate ... ok
[INFO] [stdout] test triangle::tests::test_triangle_valid ... ok
[INFO] [stdout] test polygon::tests::test_polygon_invalid_exterior_is_not_simple ... ok
[INFO] [stdout] test polygon::tests::test_polygon_invalid_interior_rings_crosses ... ok
[INFO] [stdout] test multipolygon::tests::test_multipolygon_invalid ... ok
[INFO] [stdout] test polygon::tests::test_polygon_invalid_spike ... ok
[INFO] [stdout] test polygon::tests::test_polygon_invalid_interior_ring_touches_exterior_ring_as_line ... ok
[INFO] [stdout] test polygon::tests::test_polygon_valid_interior_ring_touches_exterior_ring ... ok
[INFO] [stdout] test polygon::tests::test_polygon_invalid_interior_rings_touch_at_line ... ok
[INFO] [stdout] test triangle::tests::test_triangle_invalid_points_collinear ... ok
[INFO] [stdout] test polygon::tests::test_polygon_valid ... ok
[INFO] [stdout] test polygon::tests::test_polygon_invalid_interior_not_fully_contained_in_exterior ... ok
[INFO] [stdout] test triangle::tests::test_triangle_invalid_same_points ... ok
[INFO] [stdout] test polygon::tests::test_polygon_invalid_interior_ring_contained_in_interior_ring ... ok
[INFO] [stdout] test polygon::tests::test_polygon_valid_interior_rings_touch_at_point ... ok
[INFO] [stdout] 
[INFO] [stdout] failures:
[INFO] [stdout] 
[INFO] [stdout] ---- point::tests::test_point_invalid stdout ----
[INFO] [stdout] 
[INFO] [stdout] thread 'point::tests::test_point_invalid' (1418) panicked at src/point.rs:51:9:
[INFO] [stdout] assertion `left == right` failed
[INFO] [stdout]   left: false
[INFO] [stdout]  right: true
[INFO] [stdout] stack backtrace:
[INFO] [stdout]    0:     0x56dcb961d461 - <<std[70759c8f55707aa4]::sys::backtrace::BacktraceLock>::print::DisplayBacktrace as core[df12db4294e9bfd3]::fmt::Display>::fmt
[INFO] [stdout]    1:     0x56dcb963224a - core[df12db4294e9bfd3]::fmt::write
[INFO] [stdout]    2:     0x56dcb96218fc - <alloc[2182bb758b4b3781]::vec::Vec<u8> as core[df12db4294e9bfd3]::io::write::Write>::write_fmt
[INFO] [stdout]    3:     0x56dcb95f9a56 - std[70759c8f55707aa4]::panicking::default_hook::{closure#0}
[INFO] [stdout]    4:     0x56dcb9615bc9 - std[70759c8f55707aa4]::panicking::default_hook
[INFO] [stdout]    5:     0x56dcb95aa910 - test[9d35eded1c95d3be]::test_main_inner::<test[9d35eded1c95d3be]::test_main_static::{closure#0}>::{closure#0}
[INFO] [stdout]    6:     0x56dcb9615d82 - std[70759c8f55707aa4]::panicking::panic_with_hook
[INFO] [stdout]    7:     0x56dcb95f9b02 - std[70759c8f55707aa4]::panicking::panic_handler::{closure#0}
[INFO] [stdout]    8:     0x56dcb95f2889 - std[70759c8f55707aa4]::sys::backtrace::__rust_end_short_backtrace::<std[70759c8f55707aa4]::panicking::panic_handler::{closure#0}, !>
[INFO] [stdout]    9:     0x56dcb95fa6fd - __rustc[8fa7c3cbc660c2b3]::rust_begin_unwind
[INFO] [stdout]   10:     0x56dcb96329ac - core[df12db4294e9bfd3]::panicking::panic_fmt
[INFO] [stdout]   11:     0x56dcb96328c3 - core[df12db4294e9bfd3]::panicking::assert_failed_inner
[INFO] [stdout]   12:     0x56dcb9594b6e - core[df12db4294e9bfd3]::panicking::assert_failed::<bool, bool>
[INFO] [stdout]   13:     0x56dcb957e28e - <geo_validity_check[ce2ec56f91ba36ba]::point::tests::test_point_invalid::{closure#0} as core[df12db4294e9bfd3]::ops::function::FnOnce<()>>::call_once
[INFO] [stdout]   14:     0x56dcb959dbfb - test[9d35eded1c95d3be]::__rust_begin_short_backtrace::<core[df12db4294e9bfd3]::result::Result<(), alloc[2182bb758b4b3781]::string::String>, fn() -> core[df12db4294e9bfd3]::result::Result<(), alloc[2182bb758b4b3781]::string::String>>
[INFO] [stdout]   15:     0x56dcb95ab265 - test[9d35eded1c95d3be]::run_test::{closure#0}
[INFO] [stdout]   16:     0x56dcb95a4b24 - std[70759c8f55707aa4]::sys::backtrace::__rust_begin_short_backtrace::<test[9d35eded1c95d3be]::run_test::{closure#1}, ()>
[INFO] [stdout]   17:     0x56dcb95ae3c2 - <std[70759c8f55707aa4]::thread::lifecycle::spawn_unchecked<test[9d35eded1c95d3be]::run_test::{closure#1}, ()>::{closure#1} as core[df12db4294e9bfd3]::ops::function::FnOnce<()>>::call_once::{shim:vtable#0}
[INFO] [stdout]   18:     0x56dcb961cd39 - <std[70759c8f55707aa4]::sys::thread::unix::Thread>::new::thread_start
[INFO] [stdout]   19:     0x784d4e5f9dfa - <unknown>
[INFO] [stdout]   20:     0x784d4e68d3d4 - clone
[INFO] [stdout]   21:                0x0 - <unknown>
[INFO] [stdout] 
[INFO] [stdout] 
[INFO] [stdout] failures:
[INFO] [stdout]     point::tests::test_point_invalid
[INFO] [stdout] 
[INFO] [stdout] test result: FAILED. 28 passed; 1 failed; 0 ignored; 0 measured; 0 filtered out; finished in 0.02s
[INFO] [stdout] 
[INFO] [stderr] error: test failed, to rerun pass `--lib`
[INFO] running `Command { std: "docker" "inspect" "1188523ac92096d95881a6526d0dc0015c76451091679a2bd76fe3c433ff49de", kill_on_drop: false }`
[INFO] running `Command { std: "docker" "rm" "-f" "1188523ac92096d95881a6526d0dc0015c76451091679a2bd76fe3c433ff49de", kill_on_drop: false }`
[INFO] [stdout] 1188523ac92096d95881a6526d0dc0015c76451091679a2bd76fe3c433ff49de
