[INFO] fetching crate geo-aid-math 0.7.1...
[INFO] testing geo-aid-math-0.7.1 against 1.99.0-beta.8+cargoflags=--release for beta-release-1.100-2
[INFO] extracting crate geo-aid-math 0.7.1 into /workspace/builds/worker-5-tc1/source
[INFO] removed /workspace/builds/worker-5-tc1/source/.cargo/config.toml
[INFO] started tweaking crates.io crate geo-aid-math 0.7.1
[INFO] finished tweaking crates.io crate geo-aid-math 0.7.1
[INFO] tweaked toml for crates.io crate geo-aid-math 0.7.1 written to /workspace/builds/worker-5-tc1/source/Cargo.toml
[INFO] validating manifest of crates.io crate geo-aid-math 0.7.1 on toolchain 1.99.0-beta.8
[INFO] running `Command { std: CARGO_HOME="/workspace/cargo-home" RUSTUP_HOME="/workspace/rustup-home" "/workspace/cargo-home/bin/cargo" "+1.99.0-beta.8" "metadata" "--manifest-path" "Cargo.toml" "--no-deps", kill_on_drop: false }`
[INFO] running `Command { std: CARGO_HOME="/workspace/cargo-home" RUSTUP_HOME="/workspace/rustup-home" "/workspace/cargo-home/bin/cargo" "+1.99.0-beta.8" "generate-lockfile" "--manifest-path" "Cargo.toml", kill_on_drop: false }`
[INFO] [stderr]     Updating crates.io index
[INFO] [stderr]      Locking 58 packages to highest compatible versions
[INFO] [stderr]       Adding cranelift v0.110.3 (available: v0.136.3)
[INFO] [stderr]       Adding cranelift-jit v0.110.3 (available: v0.136.3)
[INFO] [stderr]       Adding cranelift-module v0.110.3 (available: v0.136.3)
[INFO] [stderr]       Adding cranelift-native v0.110.3 (available: v0.136.3)
[INFO] running `Command { std: CARGO_HOME="/workspace/cargo-home" RUSTUP_HOME="/workspace/rustup-home" "/workspace/cargo-home/bin/cargo" "+1.99.0-beta.8" "fetch" "--manifest-path" "Cargo.toml", kill_on_drop: false }`
[INFO] [stderr]  Downloading crates ...
[INFO] [stderr]   Downloaded cranelift-isle v0.110.3
[INFO] [stderr]   Downloaded cranelift-native v0.110.3
[INFO] [stderr]   Downloaded cranelift-entity v0.110.3
[INFO] [stderr]   Downloaded cranelift-codegen-shared v0.110.3
[INFO] [stderr]   Downloaded cranelift v0.110.3
[INFO] [stderr]   Downloaded cranelift-bitset v0.110.3
[INFO] [stderr]   Downloaded cranelift-control v0.110.3
[INFO] [stderr]   Downloaded region v2.2.0
[INFO] [stderr]   Downloaded cranelift-bforest v0.110.3
[INFO] [stderr]   Downloaded wasmtime-jit-icache-coherence v23.0.3
[INFO] [stderr]   Downloaded cranelift-module v0.110.3
[INFO] [stderr]   Downloaded cranelift-jit v0.110.3
[INFO] [stderr]   Downloaded arbitrary v1.5.0
[INFO] [stderr]   Downloaded cranelift-frontend v0.110.3
[INFO] [stderr]   Downloaded cranelift-codegen-meta v0.110.3
[INFO] [stderr]   Downloaded regalloc2 v0.9.3
[INFO] [stderr]   Downloaded cranelift-codegen v0.110.3
[INFO] running `Command { std: "docker" "create" "-v" "/var/lib/crater-agent-workspace/builds/worker-5-tc1/source:/opt/rustwide/workdir:ro,Z" "-v" "/var/lib/crater-agent-workspace/builds/worker-5-tc1/target:/opt/rustwide/target:rw,Z" "-v" "/var/lib/crater-agent-workspace/cargo-home:/opt/rustwide/cargo-home:ro,Z" "-v" "/var/lib/crater-agent-workspace/rustup-home:/opt/rustwide/rustup-home:ro,Z" "-m" "1610612736" "--network" "none" "ghcr.io/rust-lang/crates-build-env/linux@sha256:77db811e55d90add9212f6832c23229e3de5f1c1f9905e8cb07319ea15df73ac" "sleep" "infinity", kill_on_drop: false }`
[INFO] [stdout] 49bf21e801617aa26a1f40aa461436ce9320b958a07d590f9f80b83813d9a0bc
[INFO] running `Command { std: "docker" "start" "49bf21e801617aa26a1f40aa461436ce9320b958a07d590f9f80b83813d9a0bc", kill_on_drop: false }`
[INFO] running `Command { std: "docker" "inspect" "49bf21e801617aa26a1f40aa461436ce9320b958a07d590f9f80b83813d9a0bc", kill_on_drop: false }`
[INFO] running `Command { std: "docker" "exec" "-e" "SOURCE_DIR=/opt/rustwide/workdir" "-e" "CARGO_HOME=/opt/rustwide/cargo-home" "-e" "RUSTUP_HOME=/opt/rustwide/rustup-home" "-e" "CARGO_TARGET_DIR=/opt/rustwide/target" "-w" "/opt/rustwide/workdir" "--user" "0:0" "49bf21e801617aa26a1f40aa461436ce9320b958a07d590f9f80b83813d9a0bc" "/opt/rustwide/cargo-home/bin/cargo" "+1.99.0-beta.8" "metadata" "--no-deps" "--format-version=1", kill_on_drop: false }`
[INFO] running `Command { std: "docker" "inspect" "49bf21e801617aa26a1f40aa461436ce9320b958a07d590f9f80b83813d9a0bc", kill_on_drop: false }`
[INFO] running `Command { std: "docker" "exec" "-e" "SOURCE_DIR=/opt/rustwide/workdir" "-e" "CARGO_HOME=/opt/rustwide/cargo-home" "-e" "RUSTUP_HOME=/opt/rustwide/rustup-home" "-e" "CARGO_TARGET_DIR=/opt/rustwide/target" "-e" "CARGO_INCREMENTAL=0" "-e" "RUST_BACKTRACE=full" "-e" "RUSTFLAGS=--cap-lints=warn" "-e" "RUSTDOCFLAGS=--cap-lints=warn" "-w" "/opt/rustwide/workdir" "--user" "0:0" "49bf21e801617aa26a1f40aa461436ce9320b958a07d590f9f80b83813d9a0bc" "/opt/rustwide/cargo-home/bin/cargo" "+1.99.0-beta.8" "build" "--frozen" "--message-format=json" "--release", kill_on_drop: false }`
[INFO] [stderr]    Compiling cranelift-isle v0.110.3
[INFO] [stderr]    Compiling cranelift-codegen-shared v0.110.3
[INFO] [stderr]    Compiling target-lexicon v0.12.16
[INFO] [stderr]    Compiling cranelift-bitset v0.110.3
[INFO] [stderr]    Compiling slice-group-by v0.3.1
[INFO] [stderr]    Compiling hashbrown v0.13.2
[INFO] [stderr]    Compiling arbitrary v1.5.0
[INFO] [stderr]    Compiling gimli v0.28.1
[INFO] [stderr]    Compiling cranelift-codegen-meta v0.110.3
[INFO] [stderr]    Compiling cranelift-entity v0.110.3
[INFO] [stderr]    Compiling hashbrown v0.14.5
[INFO] [stderr]    Compiling cranelift-bforest v0.110.3
[INFO] [stderr]    Compiling bumpalo v3.20.3
[INFO] [stderr]    Compiling regalloc2 v0.9.3
[INFO] [stderr]    Compiling anyhow v1.0.104
[INFO] [stderr]    Compiling region v2.2.0
[INFO] [stderr]    Compiling cranelift-control v0.110.3
[INFO] [stderr]    Compiling wasmtime-jit-icache-coherence v23.0.3
[INFO] [stderr]    Compiling cranelift-codegen v0.110.3
[INFO] [stderr]    Compiling cranelift-frontend v0.110.3
[INFO] [stderr]    Compiling cranelift-native v0.110.3
[INFO] [stderr]    Compiling cranelift-module v0.110.3
[INFO] [stderr]    Compiling cranelift-jit v0.110.3
[INFO] [stderr]    Compiling cranelift v0.110.3
[INFO] [stderr]    Compiling geo-aid-math v0.7.1 (/opt/rustwide/workdir)
[INFO] [stderr]     Finished `release` profile [optimized] target(s) in 1m 38s
[INFO] running `Command { std: "docker" "inspect" "49bf21e801617aa26a1f40aa461436ce9320b958a07d590f9f80b83813d9a0bc", kill_on_drop: false }`
[INFO] running `Command { std: "docker" "exec" "-e" "SOURCE_DIR=/opt/rustwide/workdir" "-e" "CARGO_HOME=/opt/rustwide/cargo-home" "-e" "RUSTUP_HOME=/opt/rustwide/rustup-home" "-e" "CARGO_TARGET_DIR=/opt/rustwide/target" "-e" "CARGO_INCREMENTAL=0" "-e" "RUST_BACKTRACE=full" "-e" "RUSTFLAGS=--cap-lints=warn" "-e" "RUSTDOCFLAGS=--cap-lints=warn" "-w" "/opt/rustwide/workdir" "--user" "0:0" "49bf21e801617aa26a1f40aa461436ce9320b958a07d590f9f80b83813d9a0bc" "/opt/rustwide/cargo-home/bin/cargo" "+1.99.0-beta.8" "test" "--frozen" "--no-run" "--message-format=json" "--release", kill_on_drop: false }`
[INFO] [stderr]    Compiling geo-aid-math v0.7.1 (/opt/rustwide/workdir)
[INFO] [stderr]     Finished `release` profile [optimized] target(s) in 2.09s
[INFO] running `Command { std: "docker" "inspect" "49bf21e801617aa26a1f40aa461436ce9320b958a07d590f9f80b83813d9a0bc", kill_on_drop: false }`
[INFO] running `Command { std: "docker" "exec" "-e" "SOURCE_DIR=/opt/rustwide/workdir" "-e" "CARGO_HOME=/opt/rustwide/cargo-home" "-e" "RUSTUP_HOME=/opt/rustwide/rustup-home" "-e" "CARGO_TARGET_DIR=/opt/rustwide/target" "-e" "CARGO_INCREMENTAL=0" "-e" "RUST_BACKTRACE=full" "-e" "RUSTFLAGS=--cap-lints=warn" "-e" "RUSTDOCFLAGS=--cap-lints=warn" "-w" "/opt/rustwide/workdir" "--user" "0:0" "49bf21e801617aa26a1f40aa461436ce9320b958a07d590f9f80b83813d9a0bc" "/opt/rustwide/cargo-home/bin/cargo" "+1.99.0-beta.8" "test" "--frozen" "--release", kill_on_drop: false }`
[INFO] [stderr]     Finished `release` profile [optimized] target(s) in 0.06s
[INFO] [stderr]      Running unittests src/lib.rs (/opt/rustwide/target/release/deps/geo_aid_math-7e686dba41e2489a)
[INFO] [stdout] 
[INFO] [stdout] running 3 tests
[INFO] [stdout] test shared::tests::test_exp ... FAILED
[INFO] [stdout] test shared::tests::test_log ... FAILED
[INFO] [stdout] test shared::tests::test_sin ... FAILED
[INFO] [stdout] 
[INFO] [stdout] failures:
[INFO] [stdout] 
[INFO] [stdout] ---- shared::tests::test_exp stdout ----
[INFO] [stdout] 
[INFO] [stdout] thread 'shared::tests::test_exp' (1388) panicked at /opt/rustwide/cargo-home/registry/src/index.crates.io-1949cf8c6b5b557f/cranelift-jit-0.110.3/src/backend.rs:345:21:
[INFO] [stdout] can't resolve symbol exp
[INFO] [stdout] stack backtrace:
[INFO] [stdout]    0:     0x5edb7aa9cff1 - <<std[70759c8f55707aa4]::sys::backtrace::BacktraceLock>::print::DisplayBacktrace as core[df12db4294e9bfd3]::fmt::Display>::fmt
[INFO] [stdout]    1:     0x5edb7aab46aa - core[df12db4294e9bfd3]::fmt::write
[INFO] [stdout]    2:     0x5edb7aaa198c - <alloc[2182bb758b4b3781]::vec::Vec<u8> as core[df12db4294e9bfd3]::io::write::Write>::write_fmt
[INFO] [stdout]    3:     0x5edb7aa78fb6 - std[70759c8f55707aa4]::panicking::default_hook::{closure#0}
[INFO] [stdout]    4:     0x5edb7aa95689 - std[70759c8f55707aa4]::panicking::default_hook
[INFO] [stdout]    5:     0x5edb7a887250 - test[9d35eded1c95d3be]::test_main_inner::<test[9d35eded1c95d3be]::test_main_static::{closure#0}>::{closure#0}
[INFO] [stdout]    6:     0x5edb7aa95842 - std[70759c8f55707aa4]::panicking::panic_with_hook
[INFO] [stdout]    7:     0x5edb7aa79062 - std[70759c8f55707aa4]::panicking::panic_handler::{closure#0}
[INFO] [stdout]    8:     0x5edb7aa71859 - std[70759c8f55707aa4]::sys::backtrace::__rust_end_short_backtrace::<std[70759c8f55707aa4]::panicking::panic_handler::{closure#0}, !>
[INFO] [stdout]    9:     0x5edb7aa79d6d - __rustc[8fa7c3cbc660c2b3]::rust_begin_unwind
[INFO] [stdout]   10:     0x5edb7aab4e0c - core[df12db4294e9bfd3]::panicking::panic_fmt
[INFO] [stdout]   11:     0x5edb7a8bd94f - <cranelift_jit[476457edb8df183e]::backend::JITModule>::get_address
[INFO] [stdout]   12:     0x5edb7a8bfe5a - <cranelift_jit[476457edb8df183e]::compiled_blob::CompiledBlob>::perform_relocations::<<cranelift_jit[476457edb8df183e]::backend::JITModule>::finalize_definitions::{closure#0}, <cranelift_jit[476457edb8df183e]::backend::JITModule>::finalize_definitions::{closure#1}, <cranelift_jit[476457edb8df183e]::backend::JITModule>::finalize_definitions::{closure#2}>
[INFO] [stdout]   13:     0x5edb7a8be35e - <cranelift_jit[476457edb8df183e]::backend::JITModule>::finalize_definitions
[INFO] [stdout]   14:     0x5edb7a87643b - geo_aid_math[b513535cfa841656]::compiler::compile::<[geo_aid_math[b513535cfa841656]::Expr; 2usize]>
[INFO] [stdout]   15:     0x5edb7a8723df - <geo_aid_math[b513535cfa841656]::shared::tests::test_exp::{closure#0} as core[df12db4294e9bfd3]::ops::function::FnOnce<()>>::call_once
[INFO] [stdout]   16:     0x5edb7a87a53b - test[9d35eded1c95d3be]::__rust_begin_short_backtrace::<core[df12db4294e9bfd3]::result::Result<(), alloc[2182bb758b4b3781]::string::String>, fn() -> core[df12db4294e9bfd3]::result::Result<(), alloc[2182bb758b4b3781]::string::String>>
[INFO] [stdout]   17:     0x5edb7a887ba5 - test[9d35eded1c95d3be]::run_test::{closure#0}
[INFO] [stdout]   18:     0x5edb7a881464 - std[70759c8f55707aa4]::sys::backtrace::__rust_begin_short_backtrace::<test[9d35eded1c95d3be]::run_test::{closure#1}, ()>
[INFO] [stdout]   19:     0x5edb7a88ad02 - <std[70759c8f55707aa4]::thread::lifecycle::spawn_unchecked<test[9d35eded1c95d3be]::run_test::{closure#1}, ()>::{closure#1} as core[df12db4294e9bfd3]::ops::function::FnOnce<()>>::call_once::{shim:vtable#0}
[INFO] [stdout]   20:     0x5edb7aa9c8c9 - <std[70759c8f55707aa4]::sys::thread::unix::Thread>::new::thread_start
[INFO] [stdout]   21:     0x7690181e5dfa - <unknown>
[INFO] [stdout]   22:     0x7690182793d4 - clone
[INFO] [stdout]   23:                0x0 - <unknown>
[INFO] [stdout] 
[INFO] [stdout] ---- shared::tests::test_log stdout ----
[INFO] [stdout] 
[INFO] [stdout] thread 'shared::tests::test_log' (1389) panicked at /opt/rustwide/cargo-home/registry/src/index.crates.io-1949cf8c6b5b557f/cranelift-jit-0.110.3/src/backend.rs:345:21:
[INFO] [stdout] can't resolve symbol sqrt
[INFO] [stdout] stack backtrace:
[INFO] [stdout]    0:     0x5edb7aa9cff1 - <<std[70759c8f55707aa4]::sys::backtrace::BacktraceLock>::print::DisplayBacktrace as core[df12db4294e9bfd3]::fmt::Display>::fmt
[INFO] [stdout]    1:     0x5edb7aab46aa - core[df12db4294e9bfd3]::fmt::write
[INFO] [stdout]    2:     0x5edb7aaa198c - <alloc[2182bb758b4b3781]::vec::Vec<u8> as core[df12db4294e9bfd3]::io::write::Write>::write_fmt
[INFO] [stdout]    3:     0x5edb7aa78fb6 - std[70759c8f55707aa4]::panicking::default_hook::{closure#0}
[INFO] [stdout]    4:     0x5edb7aa95689 - std[70759c8f55707aa4]::panicking::default_hook
[INFO] [stdout]    5:     0x5edb7a887250 - test[9d35eded1c95d3be]::test_main_inner::<test[9d35eded1c95d3be]::test_main_static::{closure#0}>::{closure#0}
[INFO] [stdout]    6:     0x5edb7aa95842 - std[70759c8f55707aa4]::panicking::panic_with_hook
[INFO] [stdout]    7:     0x5edb7aa79062 - std[70759c8f55707aa4]::panicking::panic_handler::{closure#0}
[INFO] [stdout]    8:     0x5edb7aa71859 - std[70759c8f55707aa4]::sys::backtrace::__rust_end_short_backtrace::<std[70759c8f55707aa4]::panicking::panic_handler::{closure#0}, !>
[INFO] [stdout]    9:     0x5edb7aa79d6d - __rustc[8fa7c3cbc660c2b3]::rust_begin_unwind
[INFO] [stdout]   10:     0x5edb7aab4e0c - core[df12db4294e9bfd3]::panicking::panic_fmt
[INFO] [stdout]   11:     0x5edb7a8bd94f - <cranelift_jit[476457edb8df183e]::backend::JITModule>::get_address
[INFO] [stdout]   12:     0x5edb7a8bfe5a - <cranelift_jit[476457edb8df183e]::compiled_blob::CompiledBlob>::perform_relocations::<<cranelift_jit[476457edb8df183e]::backend::JITModule>::finalize_definitions::{closure#0}, <cranelift_jit[476457edb8df183e]::backend::JITModule>::finalize_definitions::{closure#1}, <cranelift_jit[476457edb8df183e]::backend::JITModule>::finalize_definitions::{closure#2}>
[INFO] [stdout]   13:     0x5edb7a8be35e - <cranelift_jit[476457edb8df183e]::backend::JITModule>::finalize_definitions
[INFO] [stdout]   14:     0x5edb7a87643b - geo_aid_math[b513535cfa841656]::compiler::compile::<[geo_aid_math[b513535cfa841656]::Expr; 2usize]>
[INFO] [stdout]   15:     0x5edb7a872982 - <geo_aid_math[b513535cfa841656]::shared::tests::test_log::{closure#0} as core[df12db4294e9bfd3]::ops::function::FnOnce<()>>::call_once
[INFO] [stdout]   16:     0x5edb7a87a53b - test[9d35eded1c95d3be]::__rust_begin_short_backtrace::<core[df12db4294e9bfd3]::result::Result<(), alloc[2182bb758b4b3781]::string::String>, fn() -> core[df12db4294e9bfd3]::result::Result<(), alloc[2182bb758b4b3781]::string::String>>
[INFO] [stdout]   17:     0x5edb7a887ba5 - test[9d35eded1c95d3be]::run_test::{closure#0}
[INFO] [stdout]   18:     0x5edb7a881464 - std[70759c8f55707aa4]::sys::backtrace::__rust_begin_short_backtrace::<test[9d35eded1c95d3be]::run_test::{closure#1}, ()>
[INFO] [stdout]   19:     0x5edb7a88ad02 - <std[70759c8f55707aa4]::thread::lifecycle::spawn_unchecked<test[9d35eded1c95d3be]::run_test::{closure#1}, ()>::{closure#1} as core[df12db4294e9bfd3]::ops::function::FnOnce<()>>::call_once::{shim:vtable#0}
[INFO] [stdout]   20:     0x5edb7aa9c8c9 - <std[70759c8f55707aa4]::sys::thread::unix::Thread>::new::thread_start
[INFO] [stdout]   21:     0x7690181e5dfa - <unknown>
[INFO] [stdout]   22:     0x7690182793d4 - clone
[INFO] [stdout]   23:                0x0 - <unknown>
[INFO] [stdout] 
[INFO] [stdout] ---- shared::tests::test_sin stdout ----
[INFO] [stdout] 
[INFO] [stdout] thread 'shared::tests::test_sin' (1390) panicked at /opt/rustwide/cargo-home/registry/src/index.crates.io-1949cf8c6b5b557f/cranelift-jit-0.110.3/src/backend.rs:345:21:
[INFO] [stdout] can't resolve symbol cos
[INFO] [stdout] stack backtrace:
[INFO] [stdout]    0:     0x5edb7aa9cff1 - <<std[70759c8f55707aa4]::sys::backtrace::BacktraceLock>::print::DisplayBacktrace as core[df12db4294e9bfd3]::fmt::Display>::fmt
[INFO] [stdout]    1:     0x5edb7aab46aa - core[df12db4294e9bfd3]::fmt::write
[INFO] [stdout]    2:     0x5edb7aaa198c - <alloc[2182bb758b4b3781]::vec::Vec<u8> as core[df12db4294e9bfd3]::io::write::Write>::write_fmt
[INFO] [stdout]    3:     0x5edb7aa78fb6 - std[70759c8f55707aa4]::panicking::default_hook::{closure#0}
[INFO] [stdout]    4:     0x5edb7aa95689 - std[70759c8f55707aa4]::panicking::default_hook
[INFO] [stdout]    5:     0x5edb7a887250 - test[9d35eded1c95d3be]::test_main_inner::<test[9d35eded1c95d3be]::test_main_static::{closure#0}>::{closure#0}
[INFO] [stdout]    6:     0x5edb7aa95842 - std[70759c8f55707aa4]::panicking::panic_with_hook
[INFO] [stdout]    7:     0x5edb7aa79062 - std[70759c8f55707aa4]::panicking::panic_handler::{closure#0}
[INFO] [stdout]    8:     0x5edb7aa71859 - std[70759c8f55707aa4]::sys::backtrace::__rust_end_short_backtrace::<std[70759c8f55707aa4]::panicking::panic_handler::{closure#0}, !>
[INFO] [stdout]    9:     0x5edb7aa79d6d - __rustc[8fa7c3cbc660c2b3]::rust_begin_unwind
[INFO] [stdout]   10:     0x5edb7aab4e0c - core[df12db4294e9bfd3]::panicking::panic_fmt
[INFO] [stdout]   11:     0x5edb7a8bd94f - <cranelift_jit[476457edb8df183e]::backend::JITModule>::get_address
[INFO] [stdout]   12:     0x5edb7a8bfe5a - <cranelift_jit[476457edb8df183e]::compiled_blob::CompiledBlob>::perform_relocations::<<cranelift_jit[476457edb8df183e]::backend::JITModule>::finalize_definitions::{closure#0}, <cranelift_jit[476457edb8df183e]::backend::JITModule>::finalize_definitions::{closure#1}, <cranelift_jit[476457edb8df183e]::backend::JITModule>::finalize_definitions::{closure#2}>
[INFO] [stdout]   13:     0x5edb7a8be35e - <cranelift_jit[476457edb8df183e]::backend::JITModule>::finalize_definitions
[INFO] [stdout]   14:     0x5edb7a87643b - geo_aid_math[b513535cfa841656]::compiler::compile::<[geo_aid_math[b513535cfa841656]::Expr; 2usize]>
[INFO] [stdout]   15:     0x5edb7a872d10 - <geo_aid_math[b513535cfa841656]::shared::tests::test_sin::{closure#0} as core[df12db4294e9bfd3]::ops::function::FnOnce<()>>::call_once
[INFO] [stdout]   16:     0x5edb7a87a53b - test[9d35eded1c95d3be]::__rust_begin_short_backtrace::<core[df12db4294e9bfd3]::result::Result<(), alloc[2182bb758b4b3781]::string::String>, fn() -> core[df12db4294e9bfd3]::result::Result<(), alloc[2182bb758b4b3781]::string::String>>
[INFO] [stdout]   17:     0x5edb7a887ba5 - test[9d35eded1c95d3be]::run_test::{closure#0}
[INFO] [stdout]   18:     0x5edb7a881464 - std[70759c8f55707aa4]::sys::backtrace::__rust_begin_short_backtrace::<test[9d35eded1c95d3be]::run_test::{closure#1}, ()>
[INFO] [stdout]   19:     0x5edb7a88ad02 - <std[70759c8f55707aa4]::thread::lifecycle::spawn_unchecked<test[9d35eded1c95d3be]::run_test::{closure#1}, ()>::{closure#1} as core[df12db4294e9bfd3]::ops::function::FnOnce<()>>::call_once::{shim:vtable#0}
[INFO] [stdout]   20:     0x5edb7aa9c8c9 - <std[70759c8f55707aa4]::sys::thread::unix::Thread>::new::thread_start
[INFO] [stdout]   21:     0x7690181e5dfa - <unknown>
[INFO] [stdout]   22:     0x7690182793d4 - clone
[INFO] [stdout]   23:                0x0 - <unknown>
[INFO] [stdout] 
[INFO] [stdout] 
[INFO] [stdout] failures:
[INFO] [stdout]     shared::tests::test_exp
[INFO] [stdout]     shared::tests::test_log
[INFO] [stdout]     shared::tests::test_sin
[INFO] [stdout] 
[INFO] [stdout] test result: FAILED. 0 passed; 3 failed; 0 ignored; 0 measured; 0 filtered out; finished in 0.00s
[INFO] [stdout] 
[INFO] [stderr] error: test failed, to rerun pass `--lib`
[INFO] running `Command { std: "docker" "inspect" "49bf21e801617aa26a1f40aa461436ce9320b958a07d590f9f80b83813d9a0bc", kill_on_drop: false }`
[INFO] running `Command { std: "docker" "rm" "-f" "49bf21e801617aa26a1f40aa461436ce9320b958a07d590f9f80b83813d9a0bc", kill_on_drop: false }`
[INFO] [stdout] 49bf21e801617aa26a1f40aa461436ce9320b958a07d590f9f80b83813d9a0bc
