[INFO] fetching crate gengo-bin 0.15.0...
[INFO] testing gengo-bin-0.15.0 against 1.100.0-beta.1+cargoflags=--release for beta-release-1.100-2
[INFO] extracting crate gengo-bin 0.15.0 into /workspace/builds/worker-6-tc2/source
[INFO] started tweaking crates.io crate gengo-bin 0.15.0
[INFO] removed 0 missing tests
[INFO] finished tweaking crates.io crate gengo-bin 0.15.0
[INFO] tweaked toml for crates.io crate gengo-bin 0.15.0 written to /workspace/builds/worker-6-tc2/source/Cargo.toml
[INFO] validating manifest of crates.io crate gengo-bin 0.15.0 on toolchain 1.100.0-beta.1
[INFO] running `Command { std: CARGO_HOME="/workspace/cargo-home" RUSTUP_HOME="/workspace/rustup-home" "/workspace/cargo-home/bin/cargo" "+1.100.0-beta.1" "metadata" "--manifest-path" "Cargo.toml" "--no-deps", kill_on_drop: false }`
[INFO] crate crates.io crate gengo-bin 0.15.0 already has a lockfile, it will not be regenerated
[INFO] running `Command { std: CARGO_HOME="/workspace/cargo-home" RUSTUP_HOME="/workspace/rustup-home" "/workspace/cargo-home/bin/cargo" "+1.100.0-beta.1" "fetch" "--manifest-path" "Cargo.toml", kill_on_drop: false }`
[INFO] running `Command { std: "docker" "create" "-v" "/var/lib/crater-agent-workspace/builds/worker-6-tc2/source:/opt/rustwide/workdir:ro,Z" "-v" "/var/lib/crater-agent-workspace/builds/worker-6-tc2/target:/opt/rustwide/target:rw,Z" "-v" "/var/lib/crater-agent-workspace/cargo-home:/opt/rustwide/cargo-home:ro,Z" "-v" "/var/lib/crater-agent-workspace/rustup-home:/opt/rustwide/rustup-home:ro,Z" "-m" "1610612736" "--network" "none" "ghcr.io/rust-lang/crates-build-env/linux@sha256:77db811e55d90add9212f6832c23229e3de5f1c1f9905e8cb07319ea15df73ac" "sleep" "infinity", kill_on_drop: false }`
[INFO] [stdout] e26bd2182e2aabf9312a97ea8db2f85e5e000d8be9f76027d6366c893dc56313
[INFO] running `Command { std: "docker" "start" "e26bd2182e2aabf9312a97ea8db2f85e5e000d8be9f76027d6366c893dc56313", kill_on_drop: false }`
[INFO] running `Command { std: "docker" "inspect" "e26bd2182e2aabf9312a97ea8db2f85e5e000d8be9f76027d6366c893dc56313", kill_on_drop: false }`
[INFO] running `Command { std: "docker" "exec" "-e" "SOURCE_DIR=/opt/rustwide/workdir" "-e" "CARGO_HOME=/opt/rustwide/cargo-home" "-e" "RUSTUP_HOME=/opt/rustwide/rustup-home" "-e" "CARGO_TARGET_DIR=/opt/rustwide/target" "-w" "/opt/rustwide/workdir" "--user" "0:0" "e26bd2182e2aabf9312a97ea8db2f85e5e000d8be9f76027d6366c893dc56313" "/opt/rustwide/cargo-home/bin/cargo" "+1.100.0-beta.1" "metadata" "--no-deps" "--format-version=1", kill_on_drop: false }`
[INFO] running `Command { std: "docker" "inspect" "e26bd2182e2aabf9312a97ea8db2f85e5e000d8be9f76027d6366c893dc56313", kill_on_drop: false }`
[INFO] running `Command { std: "docker" "exec" "-e" "SOURCE_DIR=/opt/rustwide/workdir" "-e" "CARGO_HOME=/opt/rustwide/cargo-home" "-e" "RUSTUP_HOME=/opt/rustwide/rustup-home" "-e" "CARGO_TARGET_DIR=/opt/rustwide/target" "-e" "CARGO_INCREMENTAL=0" "-e" "RUST_BACKTRACE=full" "-e" "RUSTFLAGS=--cap-lints=warn" "-e" "RUSTDOCFLAGS=--cap-lints=warn" "-w" "/opt/rustwide/workdir" "--user" "0:0" "e26bd2182e2aabf9312a97ea8db2f85e5e000d8be9f76027d6366c893dc56313" "/opt/rustwide/cargo-home/bin/cargo" "+1.100.0-beta.1" "build" "--frozen" "--message-format=json" "--release", kill_on_drop: false }`
[INFO] [stderr]    Compiling memchr v2.7.4
[INFO] [stderr]    Compiling unicode-ident v1.0.13
[INFO] [stderr]    Compiling getrandom v0.4.3
[INFO] [stderr]    Compiling gix-trace v0.1.21
[INFO] [stderr]    Compiling smallvec v1.15.1
[INFO] [stderr]    Compiling unicode-normalization v0.1.22
[INFO] [stderr]    Compiling walkdir v2.4.0
[INFO] [stderr]    Compiling crc32fast v1.5.0
[INFO] [stderr]    Compiling proc-macro2 v1.0.107
[INFO] [stderr]    Compiling crossbeam-channel v0.5.15
[INFO] [stderr]    Compiling typenum v1.19.0
[INFO] [stderr]    Compiling bitflags v2.4.1
[INFO] [stderr]    Compiling parking_lot_core v0.9.12
[INFO] [stderr]    Compiling aho-corasick v1.1.2
[INFO] [stderr]    Compiling quote v1.0.47
[INFO] [stderr]    Compiling parking_lot v0.12.5
[INFO] [stderr]    Compiling syn v2.0.117
[INFO] [stderr]    Compiling byteorder v1.5.0
[INFO] [stderr]    Compiling heapless v0.8.0
[INFO] [stderr]    Compiling hash32 v0.3.1
[INFO] [stderr]    Compiling prodash v31.0.0
[INFO] [stderr]    Compiling stable_deref_trait v1.2.0
[INFO] [stderr]    Compiling generic-array v0.14.7
[INFO] [stderr]    Compiling allocator-api2 v0.2.16
[INFO] [stderr]    Compiling equivalent v1.0.1
[INFO] [stderr]    Compiling jiff v0.2.28
[INFO] [stderr]    Compiling hashbrown v0.17.1
[INFO] [stderr]    Compiling rustix v1.1.4
[INFO] [stderr]    Compiling faster-hex v0.10.0
[INFO] [stderr]    Compiling block-buffer v0.10.4
[INFO] [stderr]    Compiling crypto-common v0.1.7
[INFO] [stderr]    Compiling digest v0.10.7
[INFO] [stderr]    Compiling regex-automata v0.4.18
[INFO] [stderr]    Compiling sha1 v0.10.6
[INFO] [stderr]    Compiling sha1-checked v0.10.0
[INFO] [stderr]    Compiling memmap2 v0.9.11
[INFO] [stderr]    Compiling nonempty v0.12.0
[INFO] [stderr]    Compiling memoffset v0.9.0
[INFO] [stderr]    Compiling unicode-bom v2.0.3
[INFO] [stderr]    Compiling crossbeam-epoch v0.9.15
[INFO] [stderr]    Compiling gix-sec v0.14.2
[INFO] [stderr]    Compiling shell-words v1.1.0
[INFO] [stderr]    Compiling thiserror-impl v2.0.18
[INFO] [stderr]    Compiling rustversion v1.0.22
[INFO] [stderr]    Compiling indexmap v2.14.0
[INFO] [stderr]    Compiling crossbeam-deque v0.8.3
[INFO] [stderr]    Compiling unsafe-libyaml v0.2.11
[INFO] [stderr]    Compiling arrayvec v0.7.4
[INFO] [stderr]    Compiling itoa v1.0.17
[INFO] [stderr]    Compiling zlib-rs v0.6.3
[INFO] [stderr]    Compiling tempfile v3.27.0
[INFO] [stderr]    Compiling ryu v1.0.15
[INFO] [stderr]    Compiling serde_yaml v0.9.34+deprecated
[INFO] [stderr]    Compiling thiserror v2.0.18
[INFO] [stderr]    Compiling uluru v3.0.0
[INFO] [stderr]    Compiling filetime v0.2.29
[INFO] [stderr]    Compiling bisync_macros v0.2.3
[INFO] [stderr]    Compiling clru v0.6.1
[INFO] [stderr]    Compiling arc-swap v1.9.0
[INFO] [stderr]    Compiling bisync v0.3.0
[INFO] [stderr]    Compiling rayon-core v1.13.0
[INFO] [stderr]    Compiling serde_derive v1.0.228
[INFO] [stderr]    Compiling bstr v1.12.0
[INFO] [stderr]    Compiling gengo-language v0.15.0
[INFO] [stderr]    Compiling gix-validate v0.11.3
[INFO] [stderr]    Compiling gix-path v0.12.3
[INFO] [stderr]    Compiling gix-utils v0.3.5
[INFO] [stderr]    Compiling gix-error v0.2.5
[INFO] [stderr]    Compiling gix-features v0.49.0
[INFO] [stderr]    Compiling gix-date v0.15.6
[INFO] [stderr]    Compiling gix-chunk v0.7.3
[INFO] [stderr]    Compiling gix-hash v0.26.0
[INFO] [stderr]    Compiling gix-actor v0.41.2
[INFO] [stderr]    Compiling gix-fs v0.22.0
[INFO] [stderr]    Compiling gix-hashtable v0.16.0
[INFO] [stderr]    Compiling gix-tempfile v24.0.0
[INFO] [stderr]    Compiling gix-object v0.63.0
[INFO] [stderr]    Compiling gix-quote v0.7.2
[INFO] [stderr]    Compiling gix-lock v24.0.0
[INFO] [stderr]    Compiling gix-glob v0.27.0
[INFO] [stderr]    Compiling gix-commitgraph v0.38.0
[INFO] [stderr]    Compiling gix-attributes v0.34.0
[INFO] [stderr]    Compiling gix-revwalk v0.34.0
[INFO] [stderr]    Compiling gix-ref v0.66.0
[INFO] [stderr]    Compiling gix-command v0.9.1
[INFO] [stderr]    Compiling gix-url v0.37.0
[INFO] [stderr]    Compiling gix-config-value v0.19.0
[INFO] [stderr]    Compiling gix-packetline v0.22.0
[INFO] [stderr]    Compiling gix-traverse v0.60.0
[INFO] [stderr]    Compiling gix-revision v0.48.0
[INFO] [stderr]    Compiling gix-bitmap v0.3.3
[INFO] [stderr]    Compiling gix-zlib v0.1.0
[INFO] [stderr]    Compiling gix-refspec v0.44.0
[INFO] [stderr]    Compiling gix-index v0.54.0
[INFO] [stderr]    Compiling gix-pack v0.73.0
[INFO] [stderr]    Compiling gix-config v0.59.0
[INFO] [stderr]    Compiling gix-transport v0.58.0
[INFO] [stderr]    Compiling gix-pathspec v0.19.0
[INFO] [stderr]    Compiling gix-ignore v0.22.0
[INFO] [stderr]    Compiling gix-shallow v0.13.0
[INFO] [stderr]    Compiling encoding_rs v0.8.33
[INFO] [stderr]    Compiling colorchoice v1.0.0
[INFO] [stderr]    Compiling anstyle-query v1.0.0
[INFO] [stderr]    Compiling log v0.4.27
[INFO] [stderr]    Compiling either v1.9.0
[INFO] [stderr]    Compiling zmij v1.0.2
[INFO] [stderr]    Compiling rayon v1.12.0
[INFO] [stderr]    Compiling globset v0.4.18
[INFO] [stderr]    Compiling anstream v1.0.0
[INFO] [stderr]    Compiling gix-protocol v0.64.0
[INFO] [stderr]    Compiling gix-submodule v0.33.0
[INFO] [stderr]    Compiling gix-filter v0.33.0
[INFO] [stderr]    Compiling gix-worktree v0.55.0
[INFO] [stderr]    Compiling gix-odb v0.83.0
[INFO] [stderr]    Compiling gix-discover v0.54.0
[INFO] [stderr]    Compiling gix-diff v0.66.0
[INFO] [stderr]    Compiling serde v1.0.228
[INFO] [stderr]    Compiling regex v1.13.1
[INFO] [stderr]    Compiling terminal_size v0.4.4
[INFO] [stderr]    Compiling syn v3.0.3
[INFO] [stderr]    Compiling clap_builder v4.6.6
[INFO] [stderr]    Compiling gix v0.86.0
[INFO] [stderr]    Compiling ignore v0.4.33
[INFO] [stderr]    Compiling chromaterm v0.1.1
[INFO] [stderr]    Compiling serde_json v1.0.151
[INFO] [stderr]    Compiling relative-luminance v1.0.0
[INFO] [stderr]    Compiling clap_derive v4.6.4
[INFO] [stderr]    Compiling gengo v0.15.0
[INFO] [stderr]    Compiling clap v4.6.6
[INFO] [stderr]    Compiling gengo-bin v0.15.0 (/opt/rustwide/workdir)
[INFO] [stderr]     Finished `release` profile [optimized] target(s) in 3m 58s
[INFO] running `Command { std: "docker" "inspect" "e26bd2182e2aabf9312a97ea8db2f85e5e000d8be9f76027d6366c893dc56313", kill_on_drop: false }`
[INFO] running `Command { std: "docker" "exec" "-e" "SOURCE_DIR=/opt/rustwide/workdir" "-e" "CARGO_HOME=/opt/rustwide/cargo-home" "-e" "RUSTUP_HOME=/opt/rustwide/rustup-home" "-e" "CARGO_TARGET_DIR=/opt/rustwide/target" "-e" "CARGO_INCREMENTAL=0" "-e" "RUST_BACKTRACE=full" "-e" "RUSTFLAGS=--cap-lints=warn" "-e" "RUSTDOCFLAGS=--cap-lints=warn" "-w" "/opt/rustwide/workdir" "--user" "0:0" "e26bd2182e2aabf9312a97ea8db2f85e5e000d8be9f76027d6366c893dc56313" "/opt/rustwide/cargo-home/bin/cargo" "+1.100.0-beta.1" "test" "--frozen" "--no-run" "--message-format=json" "--release", kill_on_drop: false }`
[INFO] [stderr]    Compiling console v0.16.3
[INFO] [stderr]    Compiling similar v2.2.1
[INFO] [stderr]    Compiling insta v1.48.0
[INFO] [stderr]    Compiling gengo-bin v0.15.0 (/opt/rustwide/workdir)
[INFO] [stderr]     Finished `release` profile [optimized] target(s) in 22.77s
[INFO] running `Command { std: "docker" "inspect" "e26bd2182e2aabf9312a97ea8db2f85e5e000d8be9f76027d6366c893dc56313", kill_on_drop: false }`
[INFO] running `Command { std: "docker" "exec" "-e" "SOURCE_DIR=/opt/rustwide/workdir" "-e" "CARGO_HOME=/opt/rustwide/cargo-home" "-e" "RUSTUP_HOME=/opt/rustwide/rustup-home" "-e" "CARGO_TARGET_DIR=/opt/rustwide/target" "-e" "CARGO_INCREMENTAL=0" "-e" "RUST_BACKTRACE=full" "-e" "RUSTFLAGS=--cap-lints=warn" "-e" "RUSTDOCFLAGS=--cap-lints=warn" "-w" "/opt/rustwide/workdir" "--user" "0:0" "e26bd2182e2aabf9312a97ea8db2f85e5e000d8be9f76027d6366c893dc56313" "/opt/rustwide/cargo-home/bin/cargo" "+1.100.0-beta.1" "test" "--frozen" "--release", kill_on_drop: false }`
[INFO] [stderr]     Finished `release` profile [optimized] target(s) in 0.28s
[INFO] [stdout] 
[INFO] [stderr]      Running unittests src/lib.rs (/opt/rustwide/target/release/build/gengo-bin/64696da5a0a02e0a/out/gengo_bin-64696da5a0a02e0a)
[INFO] [stdout] running 0 tests
[INFO] [stderr]      Running unittests src/bin/gengo.rs (/opt/rustwide/target/release/build/gengo-bin/8e0a9ee7267ab4ad/out/gengo-8e0a9ee7267ab4ad)
[INFO] [stdout] 
[INFO] [stdout] test result: ok. 0 passed; 0 failed; 0 ignored; 0 measured; 0 filtered out; finished in 0.00s
[INFO] [stdout] 
[INFO] [stdout] 
[INFO] [stderr]      Running tests/test_cli.rs (/opt/rustwide/target/release/build/gengo-bin/86df2b826d165206/out/test_cli-86df2b826d165206)
[INFO] [stdout] running 0 tests
[INFO] [stdout] 
[INFO] [stdout] test result: ok. 0 passed; 0 failed; 0 ignored; 0 measured; 0 filtered out; finished in 0.00s
[INFO] [stdout] 
[INFO] [stdout] 
[INFO] [stdout] running 3 tests
[INFO] [stdout] test test_json_output_on_javascript_repo ... FAILED
[INFO] [stdout] test test_color_breakdown_javascript_repo ... FAILED
[INFO] [stdout] test test_color_javascript_repo ... FAILED
[INFO] [stderr] error: test failed, to rerun pass `--test test_cli`
[INFO] [stdout] 
[INFO] [stdout] failures:
[INFO] [stdout] 
[INFO] [stdout] ---- test_json_output_on_javascript_repo stdout ----
[INFO] [stdout] 
[INFO] [stdout] thread 'test_json_output_on_javascript_repo' (2480) panicked at tests/test_cli.rs:88:5:
[INFO] [stdout] called `Result::unwrap()` on an `Err` value: Error("EOF while parsing a value", line: 1, column: 0)
[INFO] [stdout] stack backtrace:
[INFO] [stdout]    0:     0x608df2e5ae71 - <<std[617be2ca0a6fd877]::sys::backtrace::BacktraceLock>::print::DisplayBacktrace as core[a373ad73a504971]::fmt::Display>::fmt
[INFO] [stdout]    1:     0x608df2e732fa - core[a373ad73a504971]::fmt::write
[INFO] [stdout]    2:     0x608df2e5f6ec - <alloc[2e1b2a31b91974c5]::vec::Vec<u8> as core[a373ad73a504971]::io::write::Write>::write_fmt
[INFO] [stdout]    3:     0x608df2e32cd6 - std[617be2ca0a6fd877]::panicking::default_hook::{closure#0}
[INFO] [stdout]    4:     0x608df2e51ab9 - std[617be2ca0a6fd877]::panicking::default_hook
[INFO] [stdout]    5:     0x608df2d75330 - test[aada8e7e76ba119b]::test_main_inner::{closure#0}
[INFO] [stdout]    6:     0x608df2e51de2 - std[617be2ca0a6fd877]::panicking::panic_with_hook
[INFO] [stdout]    7:     0x608df2e32d82 - std[617be2ca0a6fd877]::panicking::panic_handler::{closure#0}
[INFO] [stdout]    8:     0x608df2e2b539 - std[617be2ca0a6fd877]::sys::backtrace::__rust_end_short_backtrace::<std[617be2ca0a6fd877]::panicking::panic_handler::{closure#0}, !>
[INFO] [stdout]    9:     0x608df2e33aad - __rustc[ea4f61d10b84890b]::rust_begin_unwind
[INFO] [stdout]   10:     0x608df2e73adc - core[a373ad73a504971]::panicking::panic_fmt
[INFO] [stdout]   11:     0x608df2e738b2 - core[a373ad73a504971]::result::unwrap_failed
[INFO] [stdout]   12:     0x608df29f421c - <test_cli[b40af984da0da5e4]::test_json_output_on_javascript_repo::{closure#0} as core[a373ad73a504971]::ops::function::FnOnce<()>>::call_once
[INFO] [stdout]   13:     0x608df2d6877b - test[aada8e7e76ba119b]::__rust_begin_short_backtrace::<core[a373ad73a504971]::result::Result<(), alloc[2e1b2a31b91974c5]::string::String>, fn() -> core[a373ad73a504971]::result::Result<(), alloc[2e1b2a31b91974c5]::string::String>>
[INFO] [stdout]   14:     0x608df2d75955 - test[aada8e7e76ba119b]::run_test::{closure#0}
[INFO] [stdout]   15:     0x608df2d6f244 - std[617be2ca0a6fd877]::sys::backtrace::__rust_begin_short_backtrace::<test[aada8e7e76ba119b]::run_test::{closure#1}, ()>
[INFO] [stdout]   16:     0x608df2d789e2 - <std[617be2ca0a6fd877]::thread::lifecycle::spawn_unchecked<test[aada8e7e76ba119b]::run_test::{closure#1}, ()>::{closure#1} as core[a373ad73a504971]::ops::function::FnOnce<()>>::call_once::{shim:vtable#0}
[INFO] [stdout]   17:     0x608df2e59dcf - <std[617be2ca0a6fd877]::sys::thread::unix::Thread>::new::thread_start
[INFO] [stdout]   18:     0x74b7a8a8fdfa - <unknown>
[INFO] [stdout]   19:     0x74b7a8b233d4 - clone
[INFO] [stdout]   20:                0x0 - <unknown>
[INFO] [stdout] 
[INFO] [stdout] ---- test_color_breakdown_javascript_repo stdout ----
[INFO] [stdout] ━━━━━━━━━━━━━━━━━━━━━━━━━━━━━━━ Snapshot Summary ━━━━━━━━━━━━━━━━━━━━━━━━━━━━━━━
[INFO] [stdout] Snapshot file: tests/snapshots/test_cli__color_breakdown_javascript_repo.snap
[INFO] [stdout] Snapshot: color_breakdown_javascript_repo
[INFO] [stdout] Source: tests/test_cli.rs:72
[INFO] [stdout] ────────────────────────────────────────────────────────────────────────────────
[INFO] [stdout] Expression: stdout
[INFO] [stdout] ────────────────────────────────────────────────────────────────────────────────
[INFO] [stdout] -old snapshot
[INFO] [stdout] +new results
[INFO] [stdout] ────────────┬───────────────────────────────────────────────────────────────────
[INFO] [stdout]     1       │-␛[38;2;255;255;255m␛[48;2;0;0;0m 40.79% 62      Plain Text␛[0m␛[0m␊
[INFO] [stdout]     2       │-␛[38;2;255;255;255m␛[48;2;47;116;192m 40.79% 62      TypeScript␛[0m␛[0m␊
[INFO] [stdout]     3       │-␛[38;2;0;0;0m␛[48;2;240;220;78m 18.42% 28      JavaScript␛[0m␛[0m␊
[INFO] [stdout]     4       │-
[INFO] [stdout]     5       │-␛[38;2;0;0;0m␛[48;2;240;220;78mJavaScript␛[0m␛[0m␊
[INFO] [stdout]     6       │-  ␛[38;2;0;0;0m␛[48;2;240;220;78mbin.js␛[0m␛[0m␊
[INFO] [stdout]     7       │-
[INFO] [stdout]     8       │-␛[38;2;255;255;255m␛[48;2;0;0;0mPlain Text␛[0m␛[0m␊
[INFO] [stdout]     9       │-  ␛[38;2;255;255;255m␛[48;2;0;0;0mdist/bin.js␛[0m␛[0m␊
[INFO] [stdout]    10       │-
[INFO] [stdout]    11       │-␛[38;2;255;255;255m␛[48;2;47;116;192mTypeScript␛[0m␛[0m␊
[INFO] [stdout]    12       │-  ␛[38;2;255;255;255m␛[48;2;47;116;192msrc/bin.ts␛[0m␛[0m
[INFO] [stdout] ────────────┴───────────────────────────────────────────────────────────────────
[INFO] [stdout] 
[INFO] [stdout] thread 'test_color_breakdown_javascript_repo' (2478) panicked at tests/test_cli.rs:72:5:
[INFO] [stdout] called `Result::unwrap()` on an `Err` value: FileIo(Os { code: 30, kind: ReadOnlyFilesystem, message: "Read-only file system" }, "/opt/rustwide/workdir/tests/snapshots/test_cli__color_breakdown_javascript_repo.snap.new")
[INFO] [stdout] stack backtrace:
[INFO] [stdout]    0:     0x608df2e5ae71 - <<std[617be2ca0a6fd877]::sys::backtrace::BacktraceLock>::print::DisplayBacktrace as core[a373ad73a504971]::fmt::Display>::fmt
[INFO] [stdout]    1:     0x608df2e732fa - core[a373ad73a504971]::fmt::write
[INFO] [stdout]    2:     0x608df2e5f6ec - <alloc[2e1b2a31b91974c5]::vec::Vec<u8> as core[a373ad73a504971]::io::write::Write>::write_fmt
[INFO] [stdout]    3:     0x608df2e32cd6 - std[617be2ca0a6fd877]::panicking::default_hook::{closure#0}
[INFO] [stdout]    4:     0x608df2e51ab9 - std[617be2ca0a6fd877]::panicking::default_hook
[INFO] [stdout]    5:     0x608df2d75330 - test[aada8e7e76ba119b]::test_main_inner::{closure#0}
[INFO] [stdout]    6:     0x608df2e51de2 - std[617be2ca0a6fd877]::panicking::panic_with_hook
[INFO] [stdout]    7:     0x608df2e32d82 - std[617be2ca0a6fd877]::panicking::panic_handler::{closure#0}
[INFO] [stdout]    8:     0x608df2e2b539 - std[617be2ca0a6fd877]::sys::backtrace::__rust_end_short_backtrace::<std[617be2ca0a6fd877]::panicking::panic_handler::{closure#0}, !>
[INFO] [stdout]    9:     0x608df2e33aad - __rustc[ea4f61d10b84890b]::rust_begin_unwind
[INFO] [stdout]   10:     0x608df2e73adc - core[a373ad73a504971]::panicking::panic_fmt
[INFO] [stdout]   11:     0x608df2e738b2 - core[a373ad73a504971]::result::unwrap_failed
[INFO] [stdout]   12:     0x608df29f473a - <test_cli[b40af984da0da5e4]::test_color_breakdown_javascript_repo::{closure#0} as core[a373ad73a504971]::ops::function::FnOnce<()>>::call_once
[INFO] [stdout]   13:     0x608df2d6877b - test[aada8e7e76ba119b]::__rust_begin_short_backtrace::<core[a373ad73a504971]::result::Result<(), alloc[2e1b2a31b91974c5]::string::String>, fn() -> core[a373ad73a504971]::result::Result<(), alloc[2e1b2a31b91974c5]::string::String>>
[INFO] [stdout]   14:     0x608df2d75955 - test[aada8e7e76ba119b]::run_test::{closure#0}
[INFO] [stdout]   15:     0x608df2d6f244 - std[617be2ca0a6fd877]::sys::backtrace::__rust_begin_short_backtrace::<test[aada8e7e76ba119b]::run_test::{closure#1}, ()>
[INFO] [stdout]   16:     0x608df2d789e2 - <std[617be2ca0a6fd877]::thread::lifecycle::spawn_unchecked<test[aada8e7e76ba119b]::run_test::{closure#1}, ()>::{closure#1} as core[a373ad73a504971]::ops::function::FnOnce<()>>::call_once::{shim:vtable#0}
[INFO] [stdout]   17:     0x608df2e59dcf - <std[617be2ca0a6fd877]::sys::thread::unix::Thread>::new::thread_start
[INFO] [stdout]   18:     0x74b7a8a8fdfa - <unknown>
[INFO] [stdout]   19:     0x74b7a8b233d4 - clone
[INFO] [stdout]   20:                0x0 - <unknown>
[INFO] [stdout] 
[INFO] [stdout] ---- test_color_javascript_repo stdout ----
[INFO] [stdout] ━━━━━━━━━━━━━━━━━━━━━━━━━━━━━━━ Snapshot Summary ━━━━━━━━━━━━━━━━━━━━━━━━━━━━━━━
[INFO] [stdout] Snapshot file: tests/snapshots/test_cli__color_javascript_repo.snap
[INFO] [stdout] Snapshot: color_javascript_repo
[INFO] [stdout] Source: tests/test_cli.rs:65
[INFO] [stdout] ────────────────────────────────────────────────────────────────────────────────
[INFO] [stdout] Expression: stdout
[INFO] [stdout] ────────────────────────────────────────────────────────────────────────────────
[INFO] [stdout] -old snapshot
[INFO] [stdout] +new results
[INFO] [stdout] ────────────┬───────────────────────────────────────────────────────────────────
[INFO] [stdout]     1       │-␛[38;2;255;255;255m␛[48;2;0;0;0m 40.79% 62      Plain Text␛[0m␛[0m␊
[INFO] [stdout]     2       │-␛[38;2;255;255;255m␛[48;2;47;116;192m 40.79% 62      TypeScript␛[0m␛[0m␊
[INFO] [stdout]     3       │-␛[38;2;0;0;0m␛[48;2;240;220;78m 18.42% 28      JavaScript␛[0m␛[0m
[INFO] [stdout] ────────────┴───────────────────────────────────────────────────────────────────
[INFO] [stdout] 
[INFO] [stdout] thread 'test_color_javascript_repo' (2479) panicked at tests/test_cli.rs:65:5:
[INFO] [stdout] called `Result::unwrap()` on an `Err` value: FileIo(Os { code: 30, kind: ReadOnlyFilesystem, message: "Read-only file system" }, "/opt/rustwide/workdir/tests/snapshots/test_cli__color_javascript_repo.snap.new")
[INFO] [stdout] stack backtrace:
[INFO] [stdout]    0:     0x608df2e5ae71 - <<std[617be2ca0a6fd877]::sys::backtrace::BacktraceLock>::print::DisplayBacktrace as core[a373ad73a504971]::fmt::Display>::fmt
[INFO] [stdout]    1:     0x608df2e732fa - core[a373ad73a504971]::fmt::write
[INFO] [stdout]    2:     0x608df2e5f6ec - <alloc[2e1b2a31b91974c5]::vec::Vec<u8> as core[a373ad73a504971]::io::write::Write>::write_fmt
[INFO] [stdout]    3:     0x608df2e32cd6 - std[617be2ca0a6fd877]::panicking::default_hook::{closure#0}
[INFO] [stdout]    4:     0x608df2e51ab9 - std[617be2ca0a6fd877]::panicking::default_hook
[INFO] [stdout]    5:     0x608df2d75330 - test[aada8e7e76ba119b]::test_main_inner::{closure#0}
[INFO] [stdout]    6:     0x608df2e51de2 - std[617be2ca0a6fd877]::panicking::panic_with_hook
[INFO] [stdout]    7:     0x608df2e32d82 - std[617be2ca0a6fd877]::panicking::panic_handler::{closure#0}
[INFO] [stdout]    8:     0x608df2e2b539 - std[617be2ca0a6fd877]::sys::backtrace::__rust_end_short_backtrace::<std[617be2ca0a6fd877]::panicking::panic_handler::{closure#0}, !>
[INFO] [stdout]    9:     0x608df2e33aad - __rustc[ea4f61d10b84890b]::rust_begin_unwind
[INFO] [stdout]   10:     0x608df2e73adc - core[a373ad73a504971]::panicking::panic_fmt
[INFO] [stdout]   11:     0x608df2e738b2 - core[a373ad73a504971]::result::unwrap_failed
[INFO] [stdout]   12:     0x608df29f3d3a - <test_cli[b40af984da0da5e4]::test_color_javascript_repo::{closure#0} as core[a373ad73a504971]::ops::function::FnOnce<()>>::call_once
[INFO] [stdout]   13:     0x608df2d6877b - test[aada8e7e76ba119b]::__rust_begin_short_backtrace::<core[a373ad73a504971]::result::Result<(), alloc[2e1b2a31b91974c5]::string::String>, fn() -> core[a373ad73a504971]::result::Result<(), alloc[2e1b2a31b91974c5]::string::String>>
[INFO] [stdout]   14:     0x608df2d75955 - test[aada8e7e76ba119b]::run_test::{closure#0}
[INFO] [stdout]   15:     0x608df2d6f244 - std[617be2ca0a6fd877]::sys::backtrace::__rust_begin_short_backtrace::<test[aada8e7e76ba119b]::run_test::{closure#1}, ()>
[INFO] [stdout]   16:     0x608df2d789e2 - <std[617be2ca0a6fd877]::thread::lifecycle::spawn_unchecked<test[aada8e7e76ba119b]::run_test::{closure#1}, ()>::{closure#1} as core[a373ad73a504971]::ops::function::FnOnce<()>>::call_once::{shim:vtable#0}
[INFO] [stdout]   17:     0x608df2e59dcf - <std[617be2ca0a6fd877]::sys::thread::unix::Thread>::new::thread_start
[INFO] [stdout]   18:     0x74b7a8a8fdfa - <unknown>
[INFO] [stdout]   19:     0x74b7a8b233d4 - clone
[INFO] [stdout]   20:                0x0 - <unknown>
[INFO] [stdout] 
[INFO] [stdout] 
[INFO] [stdout] failures:
[INFO] [stdout]     test_color_breakdown_javascript_repo
[INFO] [stdout]     test_color_javascript_repo
[INFO] [stdout]     test_json_output_on_javascript_repo
[INFO] [stdout] 
[INFO] [stdout] test result: FAILED. 0 passed; 3 failed; 0 ignored; 0 measured; 0 filtered out; finished in 0.44s
[INFO] [stdout] 
[INFO] running `Command { std: "docker" "inspect" "e26bd2182e2aabf9312a97ea8db2f85e5e000d8be9f76027d6366c893dc56313", kill_on_drop: false }`
[INFO] running `Command { std: "docker" "rm" "-f" "e26bd2182e2aabf9312a97ea8db2f85e5e000d8be9f76027d6366c893dc56313", kill_on_drop: false }`
[INFO] [stdout] e26bd2182e2aabf9312a97ea8db2f85e5e000d8be9f76027d6366c893dc56313
