[INFO] fetching crate genfile 0.11.1...
[INFO] testing genfile-0.11.1 against 1.99.0-beta.8+cargoflags=--release for beta-release-1.100-2
[INFO] extracting crate genfile 0.11.1 into /workspace/builds/worker-0-tc1/source
[INFO] started tweaking crates.io crate genfile 0.11.1
[INFO] removed 0 missing tests
[INFO] finished tweaking crates.io crate genfile 0.11.1
[INFO] tweaked toml for crates.io crate genfile 0.11.1 written to /workspace/builds/worker-0-tc1/source/Cargo.toml
[INFO] validating manifest of crates.io crate genfile 0.11.1 on toolchain 1.99.0-beta.8
[INFO] running `Command { std: CARGO_HOME="/workspace/cargo-home" RUSTUP_HOME="/workspace/rustup-home" "/workspace/cargo-home/bin/cargo" "+1.99.0-beta.8" "metadata" "--manifest-path" "Cargo.toml" "--no-deps", kill_on_drop: false }`
[INFO] crate crates.io crate genfile 0.11.1 already has a lockfile, it will not be regenerated
[INFO] running `Command { std: CARGO_HOME="/workspace/cargo-home" RUSTUP_HOME="/workspace/rustup-home" "/workspace/cargo-home/bin/cargo" "+1.99.0-beta.8" "fetch" "--manifest-path" "Cargo.toml", kill_on_drop: false }`
[INFO] [stderr] warning: Cargo.toml: `lints.rust.unsafe-code` is deprecated in favor of `lints.rust.unsafe_code` and will not work in a future edition
[INFO] [stderr] warning: `genfile` (manifest) generated 1 warning
[INFO] [stderr]     Blocking waiting for file lock on package cache
[INFO] [stderr]     Updating crates.io index
[INFO] [stderr]     Blocking waiting for file lock on package cache
[INFO] [stderr]  Downloading crates ...
[INFO] [stderr]   Downloaded walkdir v2.5.0
[INFO] [stderr]   Downloaded same-file v1.0.6
[INFO] [stderr]   Downloaded potential_utf v0.1.6
[INFO] [stderr]   Downloaded url v2.5.8
[INFO] [stderr]   Downloaded zerofrom-derive v0.1.7
[INFO] [stderr]   Downloaded yoke-derive v0.8.2
[INFO] [stderr]   Downloaded home v0.5.12
[INFO] [stderr]   Downloaded thiserror v1.0.69
[INFO] [stderr]   Downloaded tinystr v0.8.4
[INFO] [stderr]   Downloaded zerovec-derive v0.11.6
[INFO] [stderr]   Downloaded yoke v0.8.3
[INFO] [stderr]   Downloaded displaydoc v0.2.7
[INFO] [stderr]   Downloaded utf8parse v0.2.2
[INFO] [stderr]   Downloaded stable_deref_trait v1.2.1
[INFO] [stderr]   Downloaded error-code v3.4.0
[INFO] [stderr]   Downloaded ref-cast-impl v1.0.27
[INFO] [stderr]   Downloaded endian-type v0.2.0
[INFO] [stderr]   Downloaded ref-cast v1.0.27
[INFO] [stderr]   Downloaded percent-encoding v2.3.2
[INFO] [stderr]   Downloaded zerofrom v0.1.8
[INFO] [stderr]   Downloaded siphasher v1.0.3
[INFO] [stderr]   Downloaded unicode-xid v0.2.6
[INFO] [stderr]   Downloaded form_urlencoded v1.2.2
[INFO] [stderr]   Downloaded float-cmp v0.10.0
[INFO] [stderr]   Downloaded konst_macro_rules v0.2.19
[INFO] [stderr]   Downloaded utf8_iter v1.0.4
[INFO] [stderr]   Downloaded cfg_aliases v0.2.2
[INFO] [stderr]   Downloaded lazy_static v1.5.0
[INFO] [stderr]   Downloaded nibble_vec v0.1.0
[INFO] [stderr]   Downloaded cfg_aliases v0.1.1
[INFO] [stderr]   Downloaded idna_adapter v1.2.2
[INFO] [stderr]   Downloaded writeable v0.6.4
[INFO] [stderr]   Downloaded strs_tools_meta v0.21.1
[INFO] [stderr]   Downloaded bytecount v0.6.9
[INFO] [stderr]   Downloaded value-trait v0.12.2
[INFO] [stderr]   Downloaded simdutf8 v0.1.5
[INFO] [stderr]   Downloaded fastrand v2.5.0
[INFO] [stderr]   Downloaded convert_case v0.6.0
[INFO] [stderr]   Downloaded derive_more-impl v1.0.0
[INFO] [stderr]   Downloaded synstructure v0.13.2
[INFO] [stderr]   Downloaded foldhash v0.2.0
[INFO] [stderr]   Downloaded cfg-if v1.0.4
[INFO] [stderr]   Downloaded clipboard-win v5.4.1
[INFO] [stderr]   Downloaded phf_codegen v0.14.0
[INFO] [stderr]   Downloaded phf_generator v0.14.0
[INFO] [stderr]   Downloaded phf v0.14.0
[INFO] [stderr]   Downloaded mod_interface_meta v0.64.1
[INFO] [stderr]   Downloaded clone_dyn_types v0.50.0
[INFO] [stderr]   Downloaded lexical v7.0.5
[INFO] [stderr]   Downloaded lexical-core v1.0.6
[INFO] [stderr]   Downloaded phf_shared v0.14.0
[INFO] [stderr]   Downloaded const_format_proc_macros v0.2.34
[INFO] [stderr]   Downloaded convert_case v0.11.0
[INFO] [stderr]   Downloaded thiserror-impl v1.0.69
[INFO] [stderr]   Downloaded lru v0.18.3
[INFO] [stderr]   Downloaded error_tools v0.41.1
[INFO] [stderr]   Downloaded icu_provider v2.3.1
[INFO] [stderr]   Downloaded lexical-parse-integer v1.0.6
[INFO] [stderr]   Downloaded phf_macros v0.14.0
[INFO] [stderr]   Downloaded mod_interface v0.66.1
[INFO] [stderr]   Downloaded interval_adapter v0.44.0
[INFO] [stderr]   Downloaded litemap v0.8.3
[INFO] [stderr]   Downloaded component_model_types v0.56.0
[INFO] [stderr]   Downloaded halfbrown v0.4.0
[INFO] [stderr]   Downloaded unsafe-libyaml v0.2.11
[INFO] [stderr]   Downloaded either v1.18.0
[INFO] [stderr]   Downloaded derive_tools v0.70.1
[INFO] [stderr]   Downloaded derive_tools_meta v0.66.1
[INFO] [stderr]   Downloaded windows-interface v0.59.3
[INFO] [stderr]   Downloaded iana-time-zone-haiku v0.1.2
[INFO] [stderr]   Downloaded icu_normalizer_data v2.3.0
[INFO] [stderr]   Downloaded lexical-write-integer v1.0.6
[INFO] [stderr]   Downloaded ryu v1.0.23
[INFO] [stderr]   Downloaded allocator-api2 v0.2.21
[INFO] [stderr]   Downloaded num-traits v0.2.19
[INFO] [stderr]   Downloaded log v0.4.34
[INFO] [stderr]   Downloaded konst v0.2.20
[INFO] [stderr]   Downloaded derive_more v1.0.0
[INFO] [stderr]   Downloaded wasm-bindgen-macro v0.2.127
[INFO] [stderr]   Downloaded futures-task v0.3.34
[INFO] [stderr]   Downloaded futures-core v0.3.34
[INFO] [stderr]   Downloaded windows-implement v0.60.2
[INFO] [stderr]   Downloaded difflib v0.4.0
[INFO] [stderr]   Downloaded zerotrie v0.2.5
[INFO] [stderr]   Downloaded icu_locale_core v2.3.0
[INFO] [stderr]   Downloaded serde_yaml_ng v0.10.0
[INFO] [stderr]   Downloaded const_format v0.2.36
[INFO] [stderr]   Downloaded wasm-bindgen-shared v0.2.127
[INFO] [stderr]   Downloaded windows-strings v0.5.1
[INFO] [stderr]   Downloaded icu_properties v2.3.0
[INFO] [stderr]   Downloaded icu_collections v2.3.0
[INFO] [stderr]   Downloaded indexmap v2.14.1
[INFO] [stderr]   Downloaded unicode-segmentation v1.13.3
[INFO] [stderr]   Downloaded macro_tools v0.88.1
[INFO] [stderr]   Downloaded windows-result v0.4.1
[INFO] [stderr]   Downloaded unilang_parser v0.39.2
[INFO] [stderr]   Downloaded lexical-util v1.0.7
[INFO] [stderr]   Downloaded lexical-write-float v1.0.6
[INFO] [stderr]   Downloaded itertools v0.11.0
[INFO] [stderr]   Downloaded strsim v0.11.1
[INFO] [stderr]   Downloaded hashbrown v0.16.1
[INFO] [stderr]   Downloaded idna v1.1.0
[INFO] [stderr]   Downloaded zerovec v0.11.8
[INFO] [stderr]   Downloaded rustyline v18.0.1
[INFO] [stderr]   Downloaded shlex v2.0.1
[INFO] [stderr]   Downloaded target-triple v1.0.1
[INFO] [stderr]   Downloaded icu_properties_data v2.3.0
[INFO] [stderr]   Downloaded strs_tools v0.49.1
[INFO] [stderr]   Downloaded aho-corasick v1.1.5
[INFO] [stderr]   Downloaded simd-json v0.17.3
[INFO] [stderr]   Downloaded regex v1.13.1
[INFO] [stderr]   Downloaded fnv v1.0.7
[INFO] [stderr]   Downloaded lexical-parse-float v1.0.6
[INFO] [stderr]   Downloaded radix_trie v0.3.0
[INFO] [stderr]   Downloaded rand_chacha v0.3.1
[INFO] [stderr]   Downloaded derive_builder_macro v0.20.2
[INFO] [stderr]   Downloaded normalize-line-endings v0.3.0
[INFO] [stderr]   Downloaded predicates-tree v1.0.13
[INFO] [stderr]   Downloaded wait-timeout v0.2.1
[INFO] [stderr]   Downloaded ident_case v1.0.1
[INFO] [stderr]   Downloaded termtree v0.5.1
[INFO] [stderr]   Downloaded unicode-width v0.2.2
[INFO] [stderr]   Downloaded syn v3.0.4
[INFO] [stderr]   Downloaded nix v0.31.3
[INFO] [stderr]   Downloaded regex-syntax v0.8.11
[INFO] [stderr]   Downloaded darling_macro v0.20.11
[INFO] [stderr]   Downloaded globwalk v0.9.1
[INFO] [stderr]   Downloaded icu_normalizer v2.3.0
[INFO] [stderr]   Downloaded android_system_properties v0.1.6
[INFO] [stderr]   Downloaded unilang v0.59.1
[INFO] [stderr]   Downloaded regex-automata v0.4.18
[INFO] [stderr]   Downloaded rustversion v1.0.23
[INFO] [stderr]   Downloaded find-msvc-tools v0.1.11
[INFO] [stderr]   Downloaded glob v0.3.4
[INFO] [stderr]   Downloaded assert_fs v1.1.4
[INFO] [stderr]   Downloaded anstyle v1.0.14
[INFO] [stderr]   Downloaded predicates-core v1.0.10
[INFO] [stderr]   Downloaded convert_case v0.10.0
[INFO] [stderr]   Downloaded pest_derive v2.9.0
[INFO] [stderr]   Downloaded wasi v0.11.1+wasi-snapshot-preview1
[INFO] [stderr]   Downloaded derive_builder_core v0.20.2
[INFO] [stderr]   Downloaded rand_core v0.6.4
[INFO] [stderr]   Downloaded dissimilar v1.0.11
[INFO] [stderr]   Downloaded mod_interface_meta v0.65.1
[INFO] [stderr]   Downloaded pest_generator v2.9.0
[INFO] [stderr]   Downloaded assert_cmd v2.2.2
[INFO] [stderr]   Downloaded predicates v3.1.4
[INFO] [stderr]   Downloaded anyhow v1.0.104
[INFO] [stderr]   Downloaded core-foundation-sys v0.8.7
[INFO] [stderr]   Downloaded getrandom v0.2.17
[INFO] [stderr]   Downloaded ppv-lite86 v0.2.21
[INFO] [stderr]   Downloaded darling v0.20.11
[INFO] [stderr]   Downloaded iana-time-zone v0.1.65
[INFO] [stderr]   Downloaded windows-core v0.62.2
[INFO] [stderr]   Downloaded pest_meta v2.9.0
[INFO] [stderr]   Downloaded crossbeam-deque v0.8.7
[INFO] [stderr]   Downloaded former_types v2.44.1
[INFO] [stderr]   Downloaded mod_interface v0.67.1
[INFO] [stderr]   Downloaded ucd-trie v0.1.7
[INFO] [stderr]   Downloaded num-order v1.2.0
[INFO] [stderr]   Downloaded crossbeam-epoch v0.9.20
[INFO] [stderr]   Downloaded trybuild v1.0.120
[INFO] [stderr]   Downloaded globset v0.4.20
[INFO] [stderr]   Downloaded tempfile v3.27.0
[INFO] [stderr]   Downloaded derive_builder v0.20.2
[INFO] [stderr]   Downloaded num-modular v0.6.5
[INFO] [stderr]   Downloaded r-efi v6.0.0
[INFO] [stderr]   Downloaded serde_yaml v0.9.34+deprecated
[INFO] [stderr]   Downloaded collection_tools v0.71.1
[INFO] [stderr]   Downloaded getrandom v0.4.3
[INFO] [stderr]   Downloaded derive_tools v0.71.1
[INFO] [stderr]   Downloaded error_tools v0.42.1
[INFO] [stderr]   Downloaded wasm-bindgen v0.2.127
[INFO] [stderr]   Downloaded darling_core v0.20.11
[INFO] [stderr]   Downloaded ignore v0.4.33
[INFO] [stderr]   Downloaded crossbeam-utils v0.8.22
[INFO] [stderr]   Downloaded wasm-bindgen-macro-support v0.2.127
[INFO] [stderr]   Downloaded bumpalo v3.20.3
[INFO] [stderr]   Downloaded base64 v0.23.1
[INFO] [stderr]   Downloaded cc v1.4.4
[INFO] [stderr]   Downloaded rand v0.8.8
[INFO] [stderr]   Downloaded derive_more-impl v2.1.1
[INFO] [stderr]   Downloaded genfile_core v0.14.1
[INFO] [stderr]   Downloaded former_meta v2.49.1
[INFO] [stderr]   Downloaded macro_tools v0.89.1
[INFO] [stderr]   Downloaded cli_fmt v0.13.1
[INFO] [stderr]   Downloaded js-sys v0.3.104
[INFO] [stderr]   Downloaded zerocopy-derive v0.8.56
[INFO] [stderr]   Downloaded derive_more v2.1.1
[INFO] [stderr]   Downloaded handlebars v6.4.4
[INFO] [stderr]   Downloaded test_tools v0.19.1
[INFO] [stderr]   Downloaded futures-util v0.3.34
[INFO] [stderr]   Downloaded pest v2.9.0
[INFO] [stderr]   Downloaded itertools v0.15.0
[INFO] [stderr]   Downloaded chrono v0.4.45
[INFO] [stderr]   Downloaded zerocopy v0.8.56
[INFO] [stderr]   Downloaded former v2.53.1
[INFO] [stderr]   Downloaded bstr v1.13.1
[INFO] running `Command { std: "docker" "create" "-v" "/var/lib/crater-agent-workspace/builds/worker-0-tc1/source:/opt/rustwide/workdir:ro,Z" "-v" "/var/lib/crater-agent-workspace/builds/worker-0-tc1/target:/opt/rustwide/target:rw,Z" "-v" "/var/lib/crater-agent-workspace/cargo-home:/opt/rustwide/cargo-home:ro,Z" "-v" "/var/lib/crater-agent-workspace/rustup-home:/opt/rustwide/rustup-home:ro,Z" "-m" "1610612736" "--network" "none" "ghcr.io/rust-lang/crates-build-env/linux@sha256:77db811e55d90add9212f6832c23229e3de5f1c1f9905e8cb07319ea15df73ac" "sleep" "infinity", kill_on_drop: false }`
[INFO] [stdout] 0747fb6c878eac75f1860eefccf95cc2ab0408bd576eb03304822ad1897a9d5e
[INFO] running `Command { std: "docker" "start" "0747fb6c878eac75f1860eefccf95cc2ab0408bd576eb03304822ad1897a9d5e", kill_on_drop: false }`
[INFO] running `Command { std: "docker" "inspect" "0747fb6c878eac75f1860eefccf95cc2ab0408bd576eb03304822ad1897a9d5e", kill_on_drop: false }`
[INFO] running `Command { std: "docker" "exec" "-e" "SOURCE_DIR=/opt/rustwide/workdir" "-e" "CARGO_HOME=/opt/rustwide/cargo-home" "-e" "RUSTUP_HOME=/opt/rustwide/rustup-home" "-e" "CARGO_TARGET_DIR=/opt/rustwide/target" "-w" "/opt/rustwide/workdir" "--user" "0:0" "0747fb6c878eac75f1860eefccf95cc2ab0408bd576eb03304822ad1897a9d5e" "/opt/rustwide/cargo-home/bin/cargo" "+1.99.0-beta.8" "metadata" "--no-deps" "--format-version=1", kill_on_drop: false }`
[INFO] running `Command { std: "docker" "inspect" "0747fb6c878eac75f1860eefccf95cc2ab0408bd576eb03304822ad1897a9d5e", kill_on_drop: false }`
[INFO] running `Command { std: "docker" "exec" "-e" "SOURCE_DIR=/opt/rustwide/workdir" "-e" "CARGO_HOME=/opt/rustwide/cargo-home" "-e" "RUSTUP_HOME=/opt/rustwide/rustup-home" "-e" "CARGO_TARGET_DIR=/opt/rustwide/target" "-e" "CARGO_INCREMENTAL=0" "-e" "RUST_BACKTRACE=full" "-e" "RUSTFLAGS=--cap-lints=warn" "-e" "RUSTDOCFLAGS=--cap-lints=warn" "-w" "/opt/rustwide/workdir" "--user" "0:0" "0747fb6c878eac75f1860eefccf95cc2ab0408bd576eb03304822ad1897a9d5e" "/opt/rustwide/cargo-home/bin/cargo" "+1.99.0-beta.8" "build" "--frozen" "--message-format=json" "--release", kill_on_drop: false }`
[INFO] [stderr] warning: Cargo.toml: `lints.rust.unsafe-code` is deprecated in favor of `lints.rust.unsafe_code` and will not work in a future edition
[INFO] [stderr] warning: `genfile` (manifest) generated 1 warning
[INFO] [stderr]    Compiling proc-macro2 v1.0.107
[INFO] [stderr]    Compiling unicode-ident v1.0.24
[INFO] [stderr]    Compiling quote v1.0.47
[INFO] [stderr]    Compiling unicode-segmentation v1.13.3
[INFO] [stderr]    Compiling serde_core v1.0.229
[INFO] [stderr]    Compiling unicode-xid v0.2.6
[INFO] [stderr]    Compiling stable_deref_trait v1.2.1
[INFO] [stderr]    Compiling konst_macro_rules v0.2.19
[INFO] [stderr]    Compiling either v1.18.0
[INFO] [stderr]    Compiling component_model_types v0.56.0
[INFO] [stderr]    Compiling memchr v2.8.3
[INFO] [stderr]    Compiling interval_adapter v0.44.0
[INFO] [stderr]    Compiling clone_dyn_types v0.50.0
[INFO] [stderr]    Compiling equivalent v1.0.2
[INFO] [stderr]    Compiling foldhash v0.2.0
[INFO] [stderr]    Compiling allocator-api2 v0.2.21
[INFO] [stderr]    Compiling serde v1.0.229
[INFO] [stderr]    Compiling cfg_aliases v0.2.2
[INFO] [stderr]    Compiling lexical-util v1.0.7
[INFO] [stderr]    Compiling writeable v0.6.4
[INFO] [stderr]    Compiling autocfg v1.5.1
[INFO] [stderr]    Compiling litemap v0.8.3
[INFO] [stderr]    Compiling fnv v1.0.7
[INFO] [stderr]    Compiling strsim v0.11.1
[INFO] [stderr]    Compiling konst v0.2.20
[INFO] [stderr]    Compiling ident_case v1.0.1
[INFO] [stderr]    Compiling smallvec v1.15.2
[INFO] [stderr]    Compiling itertools v0.11.0
[INFO] [stderr]    Compiling siphasher v1.0.3
[INFO] [stderr]    Compiling itoa v1.0.18
[INFO] [stderr]    Compiling icu_properties_data v2.3.0
[INFO] [stderr]    Compiling zmij v1.0.23
[INFO] [stderr]    Compiling fastrand v2.5.0
[INFO] [stderr]    Compiling convert_case v0.6.0
[INFO] [stderr]    Compiling icu_normalizer_data v2.3.0
[INFO] [stderr]    Compiling utf8_iter v1.0.4
[INFO] [stderr]    Compiling convert_case v0.11.0
[INFO] [stderr]    Compiling phf_shared v0.14.0
[INFO] [stderr]    Compiling hashbrown v0.17.1
[INFO] [stderr]    Compiling itertools v0.15.0
[INFO] [stderr]    Compiling num-traits v0.2.19
[INFO] [stderr]    Compiling lexical-write-integer v1.0.6
[INFO] [stderr]    Compiling lexical-parse-integer v1.0.6
[INFO] [stderr]    Compiling aho-corasick v1.1.5
[INFO] [stderr]    Compiling ucd-trie v0.1.7
[INFO] [stderr]    Compiling ryu v1.0.23
[INFO] [stderr]    Compiling serde_json v1.0.151
[INFO] [stderr]    Compiling cfg_aliases v0.1.1
[INFO] [stderr]    Compiling derive_tools v0.70.1
[INFO] [stderr]    Compiling phf_generator v0.14.0
[INFO] [stderr]    Compiling lexical-parse-float v1.0.6
[INFO] [stderr]    Compiling convert_case v0.10.0
[INFO] [stderr]    Compiling lexical-write-float v1.0.6
[INFO] [stderr]    Compiling pest v2.9.0
[INFO] [stderr]    Compiling syn v2.0.119
[INFO] [stderr]    Compiling syn v3.0.4
[INFO] [stderr]    Compiling thiserror v2.0.20
[INFO] [stderr]    Compiling const_format_proc_macros v0.2.34
[INFO] [stderr]    Compiling libc v0.2.189
[INFO] [stderr]    Compiling indexmap v2.14.1
[INFO] [stderr]    Compiling lexical-core v1.0.6
[INFO] [stderr]    Compiling hashbrown v0.16.1
[INFO] [stderr]    Compiling nix v0.31.3
[INFO] [stderr]    Compiling derive_tools v0.71.1
[INFO] [stderr]    Compiling log v0.4.34
[INFO] [stderr]    Compiling same-file v1.0.6
[INFO] [stderr]    Compiling thiserror v1.0.69
[INFO] [stderr]    Compiling regex-syntax v0.8.11
[INFO] [stderr]    Compiling unsafe-libyaml v0.2.11
[INFO] [stderr]    Compiling anyhow v1.0.104
[INFO] [stderr]    Compiling ref-cast v1.0.27
[INFO] [stderr]    Compiling collection_tools v0.71.1
[INFO] [stderr]    Compiling unicode-width v0.2.2
[INFO] [stderr]    Compiling const_format v0.2.36
[INFO] [stderr]    Compiling former_types v2.44.1
[INFO] [stderr]    Compiling walkdir v2.5.0
[INFO] [stderr]    Compiling float-cmp v0.10.0
[INFO] [stderr]    Compiling lexical v7.0.5
[INFO] [stderr]    Compiling phf_codegen v0.14.0
[INFO] [stderr]    Compiling nibble_vec v0.1.0
[INFO] [stderr]    Compiling cfg-if v1.0.4
[INFO] [stderr]    Compiling bytecount v0.6.9
[INFO] [stderr]    Compiling endian-type v0.2.0
[INFO] [stderr]    Compiling bitflags v2.13.1
[INFO] [stderr]    Compiling lazy_static v1.5.0
[INFO] [stderr]    Compiling num-modular v0.6.5
[INFO] [stderr]    Compiling percent-encoding v2.3.2
[INFO] [stderr]    Compiling strs_tools_meta v0.21.1
[INFO] [stderr]    Compiling form_urlencoded v1.2.2
[INFO] [stderr]    Compiling strs_tools v0.49.1
[INFO] [stderr]    Compiling pest_meta v2.9.0
[INFO] [stderr]    Compiling radix_trie v0.3.0
[INFO] [stderr]    Compiling regex-automata v0.4.18
[INFO] [stderr]    Compiling iana-time-zone v0.1.65
[INFO] [stderr]    Compiling num-order v1.2.0
[INFO] [stderr]    Compiling home v0.5.12
[INFO] [stderr]    Compiling simdutf8 v0.1.5
[INFO] [stderr]    Compiling utf8parse v0.2.2
[INFO] [stderr]    Compiling unilang_parser v0.39.2
[INFO] [stderr]    Compiling lru v0.18.3
[INFO] [stderr]    Compiling serde_yaml_ng v0.10.0
[INFO] [stderr]    Compiling base64 v0.23.1
[INFO] [stderr]    Compiling cli_fmt v0.13.1
[INFO] [stderr]    Compiling macro_tools v0.89.1
[INFO] [stderr]    Compiling synstructure v0.13.2
[INFO] [stderr]    Compiling macro_tools v0.88.1
[INFO] [stderr]    Compiling darling_core v0.20.11
[INFO] [stderr]    Compiling pest_generator v2.9.0
[INFO] [stderr]    Compiling zerovec-derive v0.11.6
[INFO] [stderr]    Compiling displaydoc v0.2.7
[INFO] [stderr]    Compiling serde_derive v1.0.229
[INFO] [stderr]    Compiling thiserror-impl v2.0.20
[INFO] [stderr]    Compiling ref-cast-impl v1.0.27
[INFO] [stderr]    Compiling former_meta v2.49.1
[INFO] [stderr]    Compiling unilang v0.59.1
[INFO] [stderr]    Compiling zerofrom-derive v0.1.7
[INFO] [stderr]    Compiling yoke-derive v0.8.2
[INFO] [stderr]    Compiling derive_tools_meta v0.66.1
[INFO] [stderr]    Compiling derive_more-impl v1.0.0
[INFO] [stderr]    Compiling derive_more-impl v2.1.1
[INFO] [stderr]    Compiling thiserror-impl v1.0.69
[INFO] [stderr]    Compiling phf_macros v0.14.0
[INFO] [stderr]    Compiling pest_derive v2.9.0
[INFO] [stderr]    Compiling regex v1.13.1
[INFO] [stderr]    Compiling rustyline v18.0.1
[INFO] [stderr]    Compiling derive_more v1.0.0
[INFO] [stderr]    Compiling derive_more v2.1.1
[INFO] [stderr]    Compiling mod_interface_meta v0.64.1
[INFO] [stderr]    Compiling mod_interface_meta v0.65.1
[INFO] [stderr]    Compiling error_tools v0.41.1
[INFO] [stderr]    Compiling zerofrom v0.1.8
[INFO] [stderr]    Compiling mod_interface v0.67.1
[INFO] [stderr]    Compiling yoke v0.8.3
[INFO] [stderr]    Compiling phf v0.14.0
[INFO] [stderr]    Compiling zerovec v0.11.8
[INFO] [stderr]    Compiling zerotrie v0.2.5
[INFO] [stderr]    Compiling error_tools v0.42.1
[INFO] [stderr]    Compiling mod_interface v0.66.1
[INFO] [stderr]    Compiling darling_macro v0.20.11
[INFO] [stderr]    Compiling darling v0.20.11
[INFO] [stderr]    Compiling derive_builder_core v0.20.2
[INFO] [stderr]    Compiling tinystr v0.8.4
[INFO] [stderr]    Compiling potential_utf v0.1.6
[INFO] [stderr]    Compiling icu_locale_core v2.3.0
[INFO] [stderr]    Compiling icu_collections v2.3.0
[INFO] [stderr]    Compiling former v2.53.1
[INFO] [stderr]    Compiling halfbrown v0.4.0
[INFO] [stderr]    Compiling chrono v0.4.45
[INFO] [stderr]    Compiling serde_yaml v0.9.34+deprecated
[INFO] [stderr]    Compiling derive_builder_macro v0.20.2
[INFO] [stderr]    Compiling derive_builder v0.20.2
[INFO] [stderr]    Compiling handlebars v6.4.4
[INFO] [stderr]    Compiling value-trait v0.12.2
[INFO] [stderr]    Compiling icu_provider v2.3.1
[INFO] [stderr]    Compiling simd-json v0.17.3
[INFO] [stderr]    Compiling icu_normalizer v2.3.0
[INFO] [stderr]    Compiling icu_properties v2.3.0
[INFO] [stderr]    Compiling genfile_core v0.14.1
[INFO] [stderr]    Compiling idna_adapter v1.2.2
[INFO] [stderr]    Compiling idna v1.1.0
[INFO] [stderr]    Compiling url v2.5.8
[INFO] [stderr]    Compiling genfile v0.11.1 (/opt/rustwide/workdir)
[INFO] [stderr]     Finished `release` profile [optimized] target(s) in 1m 42s
[INFO] running `Command { std: "docker" "inspect" "0747fb6c878eac75f1860eefccf95cc2ab0408bd576eb03304822ad1897a9d5e", kill_on_drop: false }`
[INFO] running `Command { std: "docker" "exec" "-e" "SOURCE_DIR=/opt/rustwide/workdir" "-e" "CARGO_HOME=/opt/rustwide/cargo-home" "-e" "RUSTUP_HOME=/opt/rustwide/rustup-home" "-e" "CARGO_TARGET_DIR=/opt/rustwide/target" "-e" "CARGO_INCREMENTAL=0" "-e" "RUST_BACKTRACE=full" "-e" "RUSTFLAGS=--cap-lints=warn" "-e" "RUSTDOCFLAGS=--cap-lints=warn" "-w" "/opt/rustwide/workdir" "--user" "0:0" "0747fb6c878eac75f1860eefccf95cc2ab0408bd576eb03304822ad1897a9d5e" "/opt/rustwide/cargo-home/bin/cargo" "+1.99.0-beta.8" "test" "--frozen" "--no-run" "--message-format=json" "--release", kill_on_drop: false }`
[INFO] [stderr] warning: Cargo.toml: `lints.rust.unsafe-code` is deprecated in favor of `lints.rust.unsafe_code` and will not work in a future edition
[INFO] [stderr] warning: `genfile` (manifest) generated 1 warning
[INFO] [stderr]    Compiling serde_core v1.0.229
[INFO] [stderr]    Compiling aho-corasick v1.1.5
[INFO] [stderr]    Compiling num-traits v0.2.19
[INFO] [stderr]    Compiling bitflags v2.13.1
[INFO] [stderr]    Compiling fastrand v2.5.0
[INFO] [stderr]    Compiling crossbeam-utils v0.8.22
[INFO] [stderr]    Compiling zerocopy v0.8.56
[INFO] [stderr]    Compiling crossbeam-epoch v0.9.20
[INFO] [stderr]    Compiling crossbeam-deque v0.8.7
[INFO] [stderr]    Compiling getrandom v0.2.17
[INFO] [stderr]    Compiling target-triple v1.0.1
[INFO] [stderr]    Compiling semver v1.0.28
[INFO] [stderr]    Compiling getrandom v0.4.3
[INFO] [stderr]    Compiling predicates-core v1.0.10
[INFO] [stderr]    Compiling winnow v1.0.4
[INFO] [stderr]    Compiling rustix v1.1.4
[INFO] [stderr]    Compiling toml_writer v1.1.2+spec-1.1.0
[INFO] [stderr]    Compiling phf_generator v0.14.0
[INFO] [stderr]    Compiling linux-raw-sys v0.12.1
[INFO] [stderr]    Compiling nix v0.31.3
[INFO] [stderr]    Compiling phf_codegen v0.14.0
[INFO] [stderr]    Compiling rustc_version v0.4.1
[INFO] [stderr]    Compiling rustversion v1.0.23
[INFO] [stderr]    Compiling rand_core v0.6.4
[INFO] [stderr]    Compiling anstyle v1.0.14
[INFO] [stderr]    Compiling normalize-line-endings v0.3.0
[INFO] [stderr]    Compiling toml_parser v1.1.3+spec-1.1.0
[INFO] [stderr]    Compiling difflib v0.4.0
[INFO] [stderr]    Compiling termtree v0.5.1
[INFO] [stderr]    Compiling once_cell v1.21.4
[INFO] [stderr]    Compiling test_tools v0.19.1
[INFO] [stderr]    Compiling predicates-tree v1.0.13
[INFO] [stderr]    Compiling termcolor v1.4.1
[INFO] [stderr]    Compiling dissimilar v1.0.11
[INFO] [stderr]    Compiling glob v0.3.4
[INFO] [stderr]    Compiling assert_cmd v2.2.2
[INFO] [stderr]    Compiling wait-timeout v0.2.1
[INFO] [stderr]    Compiling regex-automata v0.4.18
[INFO] [stderr]    Compiling float-cmp v0.10.0
[INFO] [stderr]    Compiling strs_tools v0.49.1
[INFO] [stderr]    Compiling unilang_parser v0.39.2
[INFO] [stderr]    Compiling serde v1.0.229
[INFO] [stderr]    Compiling serde_json v1.0.151
[INFO] [stderr]    Compiling rustyline v18.0.1
[INFO] [stderr]    Compiling toml_datetime v1.1.1+spec-1.1.0
[INFO] [stderr]    Compiling serde_spanned v1.1.1
[INFO] [stderr]    Compiling tempfile v3.27.0
[INFO] [stderr]    Compiling toml v1.1.4+spec-1.1.0
[INFO] [stderr]    Compiling halfbrown v0.4.0
[INFO] [stderr]    Compiling serde_yaml v0.9.34+deprecated
[INFO] [stderr]    Compiling chrono v0.4.45
[INFO] [stderr]    Compiling serde_yaml_ng v0.10.0
[INFO] [stderr]    Compiling value-trait v0.12.2
[INFO] [stderr]    Compiling handlebars v6.4.4
[INFO] [stderr]    Compiling simd-json v0.17.3
[INFO] [stderr]    Compiling ppv-lite86 v0.2.21
[INFO] [stderr]    Compiling rand_chacha v0.3.1
[INFO] [stderr]    Compiling trybuild v1.0.120
[INFO] [stderr]    Compiling regex v1.13.1
[INFO] [stderr]    Compiling bstr v1.13.1
[INFO] [stderr]    Compiling rand v0.8.8
[INFO] [stderr]    Compiling globset v0.4.20
[INFO] [stderr]    Compiling predicates v3.1.4
[INFO] [stderr]    Compiling genfile_core v0.14.1
[INFO] [stderr]    Compiling ignore v0.4.33
[INFO] [stderr]    Compiling unilang v0.59.1
[INFO] [stderr]    Compiling globwalk v0.9.1
[INFO] [stderr]    Compiling assert_fs v1.1.4
[INFO] [stderr]    Compiling genfile v0.11.1 (/opt/rustwide/workdir)
[INFO] [stderr]     Finished `release` profile [optimized] target(s) in 1m 29s
[INFO] running `Command { std: "docker" "inspect" "0747fb6c878eac75f1860eefccf95cc2ab0408bd576eb03304822ad1897a9d5e", kill_on_drop: false }`
[INFO] running `Command { std: "docker" "exec" "-e" "SOURCE_DIR=/opt/rustwide/workdir" "-e" "CARGO_HOME=/opt/rustwide/cargo-home" "-e" "RUSTUP_HOME=/opt/rustwide/rustup-home" "-e" "CARGO_TARGET_DIR=/opt/rustwide/target" "-e" "CARGO_INCREMENTAL=0" "-e" "RUST_BACKTRACE=full" "-e" "RUSTFLAGS=--cap-lints=warn" "-e" "RUSTDOCFLAGS=--cap-lints=warn" "-w" "/opt/rustwide/workdir" "--user" "0:0" "0747fb6c878eac75f1860eefccf95cc2ab0408bd576eb03304822ad1897a9d5e" "/opt/rustwide/cargo-home/bin/cargo" "+1.99.0-beta.8" "test" "--frozen" "--release", kill_on_drop: false }`
[INFO] [stderr] warning: Cargo.toml: `lints.rust.unsafe-code` is deprecated in favor of `lints.rust.unsafe_code` and will not work in a future edition
[INFO] [stderr] warning: `genfile` (manifest) generated 1 warning
[INFO] [stderr]     Finished `release` profile [optimized] target(s) in 0.50s
[INFO] [stderr]      Running unittests src/lib.rs (/opt/rustwide/target/release/deps/genfile-a1f5c60ffd95b11a)
[INFO] [stdout] 
[INFO] [stderr]      Running unittests src/main.rs (/opt/rustwide/target/release/deps/genfile-6af2a97065139555)
[INFO] [stdout] running 0 tests
[INFO] [stdout] 
[INFO] [stdout] test result: ok. 0 passed; 0 failed; 0 ignored; 0 measured; 0 filtered out; finished in 0.00s
[INFO] [stdout] 
[INFO] [stdout] 
[INFO] [stdout] running 0 tests
[INFO] [stdout] 
[INFO] [stdout] test result: ok. 0 passed; 0 failed; 0 ignored; 0 measured; 0 filtered out; finished in 0.00s
[INFO] [stdout] 
[INFO] [stderr]      Running tests/analysis_test.rs (/opt/rustwide/target/release/deps/analysis_test-b51fafaf7706032c)
[INFO] [stdout] 
[INFO] [stdout] running 8 tests
[INFO] [stdout] test cli_runner::tests::cargo_run_command_is_configured ... ok
[INFO] [stdout] test cli_runner::tests::project_dir_exists ... ok
[INFO] [stdout] test cli_runner::tests::repl_command_is_configured ... ok
[INFO] [stdout] test analysis_commands_require_loaded_archive has been running for over 60 seconds
[INFO] [stdout] test analyze_provides_comprehensive_overview has been running for over 60 seconds
[INFO] [stdout] test discover_parameters_finds_template_variables has been running for over 60 seconds
[INFO] [stdout] test info_displays_archive_metadata has been running for over 60 seconds
[INFO] [stdout] test status_shows_archive_readiness has been running for over 60 seconds
[INFO] [stdout] test analyze_provides_comprehensive_overview ... ok
[INFO] [stdout] test discover_parameters_finds_template_variables ... ok
[INFO] [stdout] test info_displays_archive_metadata ... ok
[INFO] [stdout] test status_shows_archive_readiness ... ok
[INFO] [stdout] test analysis_commands_require_loaded_archive ... ok
[INFO] [stdout] 
[INFO] [stdout] test result: ok. 8 passed; 0 failed; 0 ignored; 0 measured; 0 filtered out; finished in 64.02s
[INFO] [stdout] 
[INFO] [stderr]      Running tests/archive_commands_test.rs (/opt/rustwide/target/release/deps/archive_commands_test-14391316eb6ba0a5)
[INFO] [stdout] 
[INFO] [stdout] running 16 tests
[INFO] [stdout] test cli_runner::tests::project_dir_exists ... ok
[INFO] [stdout] test cli_runner::tests::cargo_run_command_is_configured ... ok
[INFO] [stdout] test cli_runner::tests::repl_command_is_configured ... ok
[INFO] [stdout] test pack_nonexistent_input_returns_error ... ok
[INFO] [stdout] test archive_from_directory_packs_files ... ok
[INFO] [stdout] test pack_dry_run_preview ... ok
[INFO] [stdout] test archive_save_without_loaded_archive_returns_error ... ok
[INFO] [stdout] test test_load_reads_yaml_archive_by_extension ... ok
[INFO] [stdout] test archive_load_nonexistent_file_returns_error ... ok
[INFO] [stdout] test archive_from_directory_nonexistent_returns_error ... ok
[INFO] [stdout] test archive_new_creates_empty_archive ... ok
[INFO] [stdout] test pack_creates_portable_archive_from_directory ... ok
[INFO] [stdout] test pack_with_verbosity_levels ... ok
[INFO] [stdout] test test_pack_output_loads_in_new_session ... ok
[INFO] [stdout] test archive_save_and_load_roundtrip ... ok
[INFO] [stdout] test archive_save_with_different_verbosity_levels ... ok
[INFO] [stdout] 
[INFO] [stdout] test result: ok. 16 passed; 0 failed; 0 ignored; 0 measured; 0 filtered out; finished in 1.87s
[INFO] [stdout] 
[INFO] [stderr]      Running tests/cli_runner.rs (/opt/rustwide/target/release/deps/cli_runner-aab9349920c93b69)
[INFO] [stdout] 
[INFO] [stdout] running 3 tests
[INFO] [stderr]      Running tests/content_commands_test.rs (/opt/rustwide/target/release/deps/content_commands_test-ff6d2b0fb1b22ab5)
[INFO] [stdout] test tests::cargo_run_command_is_configured ... ok
[INFO] [stdout] test tests::project_dir_exists ... ok
[INFO] [stdout] test tests::repl_command_is_configured ... ok
[INFO] [stdout] 
[INFO] [stdout] test result: ok. 3 passed; 0 failed; 0 ignored; 0 measured; 0 filtered out; finished in 0.00s
[INFO] [stdout] 
[INFO] [stdout] 
[INFO] [stdout] running 13 tests
[INFO] [stdout] test cli_runner::tests::project_dir_exists ... ok
[INFO] [stdout] test cli_runner::tests::repl_command_is_configured ... ok
[INFO] [stdout] test cli_runner::tests::cargo_run_command_is_configured ... ok
[INFO] [stdout] test content_internalize_converts_refs_to_inline ... ok
[INFO] [stdout] test test_content_internalize_produces_self_contained_archive ... ok
[INFO] [stdout] test content_internalize_without_archive_returns_error ... ok
[INFO] [stdout] test content_externalize_creates_file_refs ... ok
[INFO] [stdout] test content_list_without_archive_returns_error ... ok
[INFO] [stdout] test content_externalize_without_archive_returns_error ... ok
[INFO] [stdout] test content_list_shows_inline_files ... ok
[INFO] [stdout] test content_internalize_dry_run ... ok
[INFO] [stdout] test content_externalize_dry_run ... ok
[INFO] [stdout] test content_list_filter_by_type ... ok
[INFO] [stdout] 
[INFO] [stdout] test result: ok. 13 passed; 0 failed; 0 ignored; 0 measured; 0 filtered out; finished in 0.95s
[INFO] [stdout] 
[INFO] [stderr]      Running tests/file_commands_test.rs (/opt/rustwide/target/release/deps/file_commands_test-2b103bb95f4944ff)
[INFO] [stdout] 
[INFO] [stdout] running 13 tests
[INFO] [stdout] test cli_runner::tests::project_dir_exists ... ok
[INFO] [stdout] test cli_runner::tests::cargo_run_command_is_configured ... ok
[INFO] [stdout] test cli_runner::tests::repl_command_is_configured ... ok
[INFO] [stdout] test file_show_nonexistent_returns_error ... ok
[INFO] [stdout] test file_show_displays_content ... ok
[INFO] [stdout] test file_add_with_inline_content ... ok
[INFO] [stdout] test file_remove_deletes_file ... ok
[INFO] [stdout] test test_file_add_binary_file ... ok
[INFO] [stdout] test file_add_without_content_or_from_file_returns_error ... ok
[INFO] [stdout] test file_remove_nonexistent_returns_error ... ok
[INFO] [stdout] test file_add_without_archive_returns_error ... ok
[INFO] [stdout] test file_add_from_source_file ... ok
[INFO] [stdout] test file_list_shows_all_files ... ok
[INFO] [stdout] 
[INFO] [stdout] test result: ok. 13 passed; 0 failed; 0 ignored; 0 measured; 0 filtered out; finished in 0.82s
[INFO] [stdout] 
[INFO] [stderr]      Running tests/help_system_test.rs (/opt/rustwide/target/release/deps/help_system_test-0ce870829dd0dbf9)
[INFO] [stderr]      Running tests/invariant_test.rs (/opt/rustwide/target/release/deps/invariant_test-b4efbcd194441fb3)
[INFO] [stdout] 
[INFO] [stdout] running 0 tests
[INFO] [stdout] 
[INFO] [stdout] test result: ok. 0 passed; 0 failed; 0 ignored; 0 measured; 0 filtered out; finished in 0.00s
[INFO] [stdout] 
[INFO] [stdout] 
[INFO] [stdout] running 8 tests
[INFO] [stdout] test cli_runner::tests::cargo_run_command_is_configured ... ok
[INFO] [stdout] test cli_runner::tests::project_dir_exists ... ok
[INFO] [stdout] test test_all_implemented_commands_have_coverage ... ok
[INFO] [stdout] test cli_runner::tests::repl_command_is_configured ... ok
[INFO] [stdout] test test_tests_use_manifest_directory_paths ... ok
[INFO] [stdout] test test_dotdot_in_archive_load_path_rejected ... ok
[INFO] [stdout] test test_failed_command_exits_nonzero ... ok
[INFO] [stderr]      Running tests/materialization_test.rs (/opt/rustwide/target/release/deps/materialization_test-332260fc9c52eb67)
[INFO] [stdout] test test_error_message_uses_bracketed_format ... ok
[INFO] [stdout] 
[INFO] [stdout] test result: ok. 8 passed; 0 failed; 0 ignored; 0 measured; 0 filtered out; finished in 0.32s
[INFO] [stdout] 
[INFO] [stdout] 
[INFO] [stdout] running 11 tests
[INFO] [stdout] test cli_runner::tests::cargo_run_command_is_configured ... ok
[INFO] [stdout] test cli_runner::tests::repl_command_is_configured ... ok
[INFO] [stdout] test cli_runner::tests::project_dir_exists ... ok
[INFO] [stdout] test unpack_dry_run_preview ... ok
[INFO] [stdout] test materialize_dry_run_preview ... ok
[INFO] [stdout] test unpack_without_archive_returns_error ... ok
[INFO] [stdout] test test_path_traversal_destination_rejected ... FAILED
[INFO] [stdout] test materialize_fails_without_mandatory_parameters ... ok
[INFO] [stdout] test materialize_renders_templates_with_parameters ... ok
[INFO] [stdout] test materialize_without_archive_returns_error ... ok
[INFO] [stderr] error: test failed, to rerun pass `--test materialization_test`
[INFO] [stdout] test unpack_preserves_template_variables ... ok
[INFO] [stdout] 
[INFO] [stdout] failures:
[INFO] [stdout] 
[INFO] [stdout] ---- test_path_traversal_destination_rejected stdout ----
[INFO] [stdout] 
[INFO] [stdout] thread 'test_path_traversal_destination_rejected' (8532) panicked at tests/materialization_test.rs:495:3:
[INFO] [stdout] Path traversal in destination must cause failure. stdout: genfile REPL v0.1.0
[INFO] [stdout] Type '.help' for help, 'exit' to quit
[INFO] [stdout] 
[INFO] [stdout] genfile[0]> Packed archive to: /tmp/test_traversal_archive.json
[INFO] [stdout] genfile[1]> Loaded archive: test_traversal_source
[INFO] [stdout] genfile[2]> Materialized 1 files to /tmp/traversal_safe/../../../etc/mat_traversal_test
[INFO] [stdout] genfile[3]> 
[INFO] [stdout] Goodbye!
[INFO] [stdout] 
[INFO] [stdout] stack backtrace:
[INFO] [stdout]    0:     0x5ecc19579291 - <<std[70759c8f55707aa4]::sys::backtrace::BacktraceLock>::print::DisplayBacktrace as core[df12db4294e9bfd3]::fmt::Display>::fmt
[INFO] [stdout]    1:     0x5ecc1958d7ca - core[df12db4294e9bfd3]::fmt::write
[INFO] [stdout]    2:     0x5ecc1957d9ac - <alloc[2182bb758b4b3781]::vec::Vec<u8> as core[df12db4294e9bfd3]::io::write::Write>::write_fmt
[INFO] [stdout]    3:     0x5ecc19553cf6 - std[70759c8f55707aa4]::panicking::default_hook::{closure#0}
[INFO] [stdout]    4:     0x5ecc19570ce9 - std[70759c8f55707aa4]::panicking::default_hook
[INFO] [stdout]    5:     0x5ecc1950bbb0 - test[9d35eded1c95d3be]::test_main_inner::<test[9d35eded1c95d3be]::test_main_static::{closure#0}>::{closure#0}
[INFO] [stdout]    6:     0x5ecc19570ea2 - std[70759c8f55707aa4]::panicking::panic_with_hook
[INFO] [stdout]    7:     0x5ecc19553da2 - std[70759c8f55707aa4]::panicking::panic_handler::{closure#0}
[INFO] [stdout]    8:     0x5ecc1954c879 - std[70759c8f55707aa4]::sys::backtrace::__rust_end_short_backtrace::<std[70759c8f55707aa4]::panicking::panic_handler::{closure#0}, !>
[INFO] [stdout]    9:     0x5ecc1955499d - __rustc[8fa7c3cbc660c2b3]::rust_begin_unwind
[INFO] [stdout]   10:     0x5ecc1958defc - core[df12db4294e9bfd3]::panicking::panic_fmt
[INFO] [stdout]   11:     0x5ecc194fbe37 - <materialization_test[a301f5500378ab28]::test_path_traversal_destination_rejected::{closure#0} as core[df12db4294e9bfd3]::ops::function::FnOnce<()>>::call_once
[INFO] [stdout]   12:     0x5ecc194fee9b - test[9d35eded1c95d3be]::__rust_begin_short_backtrace::<core[df12db4294e9bfd3]::result::Result<(), alloc[2182bb758b4b3781]::string::String>, fn() -> core[df12db4294e9bfd3]::result::Result<(), alloc[2182bb758b4b3781]::string::String>>
[INFO] [stdout]   13:     0x5ecc1950c505 - test[9d35eded1c95d3be]::run_test::{closure#0}
[INFO] [stdout]   14:     0x5ecc19505dc4 - std[70759c8f55707aa4]::sys::backtrace::__rust_begin_short_backtrace::<test[9d35eded1c95d3be]::run_test::{closure#1}, ()>
[INFO] [stdout]   15:     0x5ecc1950f662 - <std[70759c8f55707aa4]::thread::lifecycle::spawn_unchecked<test[9d35eded1c95d3be]::run_test::{closure#1}, ()>::{closure#1} as core[df12db4294e9bfd3]::ops::function::FnOnce<()>>::call_once::{shim:vtable#0}
[INFO] [stdout]   16:     0x5ecc19578609 - <std[70759c8f55707aa4]::sys::thread::unix::Thread>::new::thread_start
[INFO] [stdout]   17:     0x75796ca5ddfa - <unknown>
[INFO] [stdout]   18:     0x75796caf13d4 - clone
[INFO] [stdout]   19:                0x0 - <unknown>
[INFO] [stdout] 
[INFO] [stdout] 
[INFO] [stdout] failures:
[INFO] [stdout]     test_path_traversal_destination_rejected
[INFO] [stdout] 
[INFO] [stdout] test result: FAILED. 10 passed; 1 failed; 0 ignored; 0 measured; 0 filtered out; finished in 0.62s
[INFO] [stdout] 
[INFO] running `Command { std: "docker" "inspect" "0747fb6c878eac75f1860eefccf95cc2ab0408bd576eb03304822ad1897a9d5e", kill_on_drop: false }`
[INFO] running `Command { std: "docker" "rm" "-f" "0747fb6c878eac75f1860eefccf95cc2ab0408bd576eb03304822ad1897a9d5e", kill_on_drop: false }`
[INFO] [stdout] 0747fb6c878eac75f1860eefccf95cc2ab0408bd576eb03304822ad1897a9d5e
