[INFO] fetching crate genesys-dice-command-parser 0.1.1...
[INFO] testing genesys-dice-command-parser-0.1.1 against 1.100.0-beta.1+cargoflags=--release for beta-release-1.100-2
[INFO] extracting crate genesys-dice-command-parser 0.1.1 into /workspace/builds/worker-4-tc2/source
[INFO] started tweaking crates.io crate genesys-dice-command-parser 0.1.1
[INFO] finished tweaking crates.io crate genesys-dice-command-parser 0.1.1
[INFO] tweaked toml for crates.io crate genesys-dice-command-parser 0.1.1 written to /workspace/builds/worker-4-tc2/source/Cargo.toml
[INFO] validating manifest of crates.io crate genesys-dice-command-parser 0.1.1 on toolchain 1.100.0-beta.1
[INFO] running `Command { std: CARGO_HOME="/workspace/cargo-home" RUSTUP_HOME="/workspace/rustup-home" "/workspace/cargo-home/bin/cargo" "+1.100.0-beta.1" "metadata" "--manifest-path" "Cargo.toml" "--no-deps", kill_on_drop: false }`
[INFO] running `Command { std: CARGO_HOME="/workspace/cargo-home" RUSTUP_HOME="/workspace/rustup-home" "/workspace/cargo-home/bin/cargo" "+1.100.0-beta.1" "generate-lockfile" "--manifest-path" "Cargo.toml", kill_on_drop: false }`
[INFO] [stderr]     Updating crates.io index
[INFO] [stderr]      Locking 9 packages to highest compatible versions
[INFO] [stderr]       Adding nom v7.1.3 (available: v8.0.0)
[INFO] [stderr]       Adding thiserror v1.0.69 (available: v2.0.21)
[INFO] running `Command { std: CARGO_HOME="/workspace/cargo-home" RUSTUP_HOME="/workspace/rustup-home" "/workspace/cargo-home/bin/cargo" "+1.100.0-beta.1" "fetch" "--manifest-path" "Cargo.toml", kill_on_drop: false }`
[INFO] running `Command { std: "docker" "create" "-v" "/var/lib/crater-agent-workspace/builds/worker-4-tc2/source:/opt/rustwide/workdir:ro,Z" "-v" "/var/lib/crater-agent-workspace/builds/worker-4-tc2/target:/opt/rustwide/target:rw,Z" "-v" "/var/lib/crater-agent-workspace/cargo-home:/opt/rustwide/cargo-home:ro,Z" "-v" "/var/lib/crater-agent-workspace/rustup-home:/opt/rustwide/rustup-home:ro,Z" "-m" "1610612736" "--network" "none" "ghcr.io/rust-lang/crates-build-env/linux@sha256:77db811e55d90add9212f6832c23229e3de5f1c1f9905e8cb07319ea15df73ac" "sleep" "infinity", kill_on_drop: false }`
[INFO] [stdout] 41d18dbf99376ed4fa825d146449793cf8cb858ec36ea58be133ad9b653c6695
[INFO] running `Command { std: "docker" "start" "41d18dbf99376ed4fa825d146449793cf8cb858ec36ea58be133ad9b653c6695", kill_on_drop: false }`
[INFO] running `Command { std: "docker" "inspect" "41d18dbf99376ed4fa825d146449793cf8cb858ec36ea58be133ad9b653c6695", kill_on_drop: false }`
[INFO] running `Command { std: "docker" "exec" "-e" "SOURCE_DIR=/opt/rustwide/workdir" "-e" "CARGO_HOME=/opt/rustwide/cargo-home" "-e" "RUSTUP_HOME=/opt/rustwide/rustup-home" "-e" "CARGO_TARGET_DIR=/opt/rustwide/target" "-w" "/opt/rustwide/workdir" "--user" "0:0" "41d18dbf99376ed4fa825d146449793cf8cb858ec36ea58be133ad9b653c6695" "/opt/rustwide/cargo-home/bin/cargo" "+1.100.0-beta.1" "metadata" "--no-deps" "--format-version=1", kill_on_drop: false }`
[INFO] running `Command { std: "docker" "inspect" "41d18dbf99376ed4fa825d146449793cf8cb858ec36ea58be133ad9b653c6695", kill_on_drop: false }`
[INFO] running `Command { std: "docker" "exec" "-e" "SOURCE_DIR=/opt/rustwide/workdir" "-e" "CARGO_HOME=/opt/rustwide/cargo-home" "-e" "RUSTUP_HOME=/opt/rustwide/rustup-home" "-e" "CARGO_TARGET_DIR=/opt/rustwide/target" "-e" "CARGO_INCREMENTAL=0" "-e" "RUST_BACKTRACE=full" "-e" "RUSTFLAGS=--cap-lints=warn" "-e" "RUSTDOCFLAGS=--cap-lints=warn" "-w" "/opt/rustwide/workdir" "--user" "0:0" "41d18dbf99376ed4fa825d146449793cf8cb858ec36ea58be133ad9b653c6695" "/opt/rustwide/cargo-home/bin/cargo" "+1.100.0-beta.1" "build" "--frozen" "--message-format=json" "--release", kill_on_drop: false }`
[INFO] [stderr]    Compiling nom v7.1.3
[INFO] [stderr]    Compiling genesys-dice-command-parser v0.1.1 (/opt/rustwide/workdir)
[INFO] [stderr]     Finished `release` profile [optimized] target(s) in 2.73s
[INFO] running `Command { std: "docker" "inspect" "41d18dbf99376ed4fa825d146449793cf8cb858ec36ea58be133ad9b653c6695", kill_on_drop: false }`
[INFO] running `Command { std: "docker" "exec" "-e" "SOURCE_DIR=/opt/rustwide/workdir" "-e" "CARGO_HOME=/opt/rustwide/cargo-home" "-e" "RUSTUP_HOME=/opt/rustwide/rustup-home" "-e" "CARGO_TARGET_DIR=/opt/rustwide/target" "-e" "CARGO_INCREMENTAL=0" "-e" "RUST_BACKTRACE=full" "-e" "RUSTFLAGS=--cap-lints=warn" "-e" "RUSTDOCFLAGS=--cap-lints=warn" "-w" "/opt/rustwide/workdir" "--user" "0:0" "41d18dbf99376ed4fa825d146449793cf8cb858ec36ea58be133ad9b653c6695" "/opt/rustwide/cargo-home/bin/cargo" "+1.100.0-beta.1" "test" "--frozen" "--no-run" "--message-format=json" "--release", kill_on_drop: false }`
[INFO] [stderr]    Compiling genesys-dice-command-parser v0.1.1 (/opt/rustwide/workdir)
[INFO] [stderr]     Finished `release` profile [optimized] target(s) in 0.74s
[INFO] running `Command { std: "docker" "inspect" "41d18dbf99376ed4fa825d146449793cf8cb858ec36ea58be133ad9b653c6695", kill_on_drop: false }`
[INFO] running `Command { std: "docker" "exec" "-e" "SOURCE_DIR=/opt/rustwide/workdir" "-e" "CARGO_HOME=/opt/rustwide/cargo-home" "-e" "RUSTUP_HOME=/opt/rustwide/rustup-home" "-e" "CARGO_TARGET_DIR=/opt/rustwide/target" "-e" "CARGO_INCREMENTAL=0" "-e" "RUST_BACKTRACE=full" "-e" "RUSTFLAGS=--cap-lints=warn" "-e" "RUSTDOCFLAGS=--cap-lints=warn" "-w" "/opt/rustwide/workdir" "--user" "0:0" "41d18dbf99376ed4fa825d146449793cf8cb858ec36ea58be133ad9b653c6695" "/opt/rustwide/cargo-home/bin/cargo" "+1.100.0-beta.1" "test" "--frozen" "--release", kill_on_drop: false }`
[INFO] [stderr]     Finished `release` profile [optimized] target(s) in 0.03s
[INFO] [stderr]      Running unittests src/lib.rs (/opt/rustwide/target/release/build/genesys-dice-command-parser/c57e84bffedca1f1/out/genesys_dice_command_parser-c57e84bffedca1f1)
[INFO] [stdout] 
[INFO] [stdout] running 3 tests
[INFO] [stdout] test tests::test_parse_dice_as_value ... ok
[INFO] [stdout] test tests::test_parse_dice ... ok
[INFO] [stdout] test tests::test_parse_group ... FAILED
[INFO] [stdout] 
[INFO] [stdout] failures:
[INFO] [stdout] 
[INFO] [stdout] ---- tests::test_parse_group stdout ----
[INFO] [stdout] 
[INFO] [stdout] thread 'tests::test_parse_group' (162) panicked at src/lib.rs:271:9:
[INFO] [stdout] assertion `left == right` failed
[INFO] [stdout]   left: Ok(("", [DiceRoll { number_of_dice_to_roll: 3, die: Proficiency }, DiceRoll { number_of_dice_to_roll: 6, die: Challenge }]))
[INFO] [stdout]  right: Ok(("", [DiceRoll { number_of_dice_to_roll: 6, die: Challenge }, DiceRoll { number_of_dice_to_roll: 3, die: Proficiency }]))
[INFO] [stdout] stack backtrace:
[INFO] [stdout]    0:     0x6316d9df1481 - <<std[617be2ca0a6fd877]::sys::backtrace::BacktraceLock>::print::DisplayBacktrace as core[a373ad73a504971]::fmt::Display>::fmt
[INFO] [stdout]    1:     0x6316d9e0565a - core[a373ad73a504971]::fmt::write
[INFO] [stdout]    2:     0x6316d9df569c - <alloc[2e1b2a31b91974c5]::vec::Vec<u8> as core[a373ad73a504971]::io::write::Write>::write_fmt
[INFO] [stdout]    3:     0x6316d9dcd8e6 - std[617be2ca0a6fd877]::panicking::default_hook::{closure#0}
[INFO] [stdout]    4:     0x6316d9de9b19 - std[617be2ca0a6fd877]::panicking::default_hook
[INFO] [stdout]    5:     0x6316d9d861c0 - test[aada8e7e76ba119b]::test_main_inner::{closure#0}
[INFO] [stdout]    6:     0x6316d9de9cd2 - std[617be2ca0a6fd877]::panicking::panic_with_hook
[INFO] [stdout]    7:     0x6316d9dcd992 - std[617be2ca0a6fd877]::panicking::panic_handler::{closure#0}
[INFO] [stdout]    8:     0x6316d9dc66a9 - std[617be2ca0a6fd877]::sys::backtrace::__rust_end_short_backtrace::<std[617be2ca0a6fd877]::panicking::panic_handler::{closure#0}, !>
[INFO] [stdout]    9:     0x6316d9dce59d - __rustc[ea4f61d10b84890b]::rust_begin_unwind
[INFO] [stdout]   10:     0x6316d9e05d8c - core[a373ad73a504971]::panicking::panic_fmt
[INFO] [stdout]   11:     0x6316d9e05ca3 - core[a373ad73a504971]::panicking::assert_failed_inner
[INFO] [stdout]   12:     0x6316d9d765b5 - core[a373ad73a504971]::panicking::assert_failed::<core[a373ad73a504971]::result::Result<(&str, alloc[2e1b2a31b91974c5]::vec::Vec<genesys_dice_command_parser[b8b9ad8e0708d9a]::dice_roll::DiceRoll>), nom[fca0bc1c19f66dd8]::internal::Err<nom[fca0bc1c19f66dd8]::error::Error<&str>>>, core[a373ad73a504971]::result::Result<(&str, alloc[2e1b2a31b91974c5]::vec::Vec<genesys_dice_command_parser[b8b9ad8e0708d9a]::dice_roll::DiceRoll>), nom[fca0bc1c19f66dd8]::internal::Err<nom[fca0bc1c19f66dd8]::error::Error<&str>>>>
[INFO] [stdout]   13:     0x6316d9d776c7 - <genesys_dice_command_parser[b8b9ad8e0708d9a]::tests::test_parse_group::{closure#0} as core[a373ad73a504971]::ops::function::FnOnce<()>>::call_once
[INFO] [stdout]   14:     0x6316d9d7960b - test[aada8e7e76ba119b]::__rust_begin_short_backtrace::<core[a373ad73a504971]::result::Result<(), alloc[2e1b2a31b91974c5]::string::String>, fn() -> core[a373ad73a504971]::result::Result<(), alloc[2e1b2a31b91974c5]::string::String>>
[INFO] [stdout]   15:     0x6316d9d867e5 - test[aada8e7e76ba119b]::run_test::{closure#0}
[INFO] [stdout]   16:     0x6316d9d800d4 - std[617be2ca0a6fd877]::sys::backtrace::__rust_begin_short_backtrace::<test[aada8e7e76ba119b]::run_test::{closure#1}, ()>
[INFO] [stdout]   17:     0x6316d9d89872 - <std[617be2ca0a6fd877]::thread::lifecycle::spawn_unchecked<test[aada8e7e76ba119b]::run_test::{closure#1}, ()>::{closure#1} as core[a373ad73a504971]::ops::function::FnOnce<()>>::call_once::{shim:vtable#0}
[INFO] [stdout]   18:     0x6316d9df0cdf - <std[617be2ca0a6fd877]::sys::thread::unix::Thread>::new::thread_start
[INFO] [stdout]   19:     0x786ff585edfa - <unknown>
[INFO] [stdout]   20:     0x786ff58f23d4 - clone
[INFO] [stdout]   21:                0x0 - <unknown>
[INFO] [stdout] 
[INFO] [stdout] 
[INFO] [stdout] failures:
[INFO] [stdout]     tests::test_parse_group
[INFO] [stdout] 
[INFO] [stdout] test result: FAILED. 2 passed; 1 failed; 0 ignored; 0 measured; 0 filtered out; finished in 0.01s
[INFO] [stdout] 
[INFO] [stderr] error: test failed, to rerun pass `--lib`
[INFO] running `Command { std: "docker" "inspect" "41d18dbf99376ed4fa825d146449793cf8cb858ec36ea58be133ad9b653c6695", kill_on_drop: false }`
[INFO] running `Command { std: "docker" "rm" "-f" "41d18dbf99376ed4fa825d146449793cf8cb858ec36ea58be133ad9b653c6695", kill_on_drop: false }`
[INFO] [stdout] 41d18dbf99376ed4fa825d146449793cf8cb858ec36ea58be133ad9b653c6695
