[INFO] fetching crate generic_relation_helpers 0.2.0...
[INFO] testing generic_relation_helpers-0.2.0 against 1.99.0-beta.8+cargoflags=--release for beta-release-1.100-2
[INFO] extracting crate generic_relation_helpers 0.2.0 into /workspace/builds/worker-1-tc1/source
[INFO] started tweaking crates.io crate generic_relation_helpers 0.2.0
[INFO] removed 0 missing examples
[INFO] removed 0 missing tests
[INFO] finished tweaking crates.io crate generic_relation_helpers 0.2.0
[INFO] tweaked toml for crates.io crate generic_relation_helpers 0.2.0 written to /workspace/builds/worker-1-tc1/source/Cargo.toml
[INFO] validating manifest of crates.io crate generic_relation_helpers 0.2.0 on toolchain 1.99.0-beta.8
[INFO] running `Command { std: CARGO_HOME="/workspace/cargo-home" RUSTUP_HOME="/workspace/rustup-home" "/workspace/cargo-home/bin/cargo" "+1.99.0-beta.8" "metadata" "--manifest-path" "Cargo.toml" "--no-deps", kill_on_drop: false }`
[INFO] crate crates.io crate generic_relation_helpers 0.2.0 already has a lockfile, it will not be regenerated
[INFO] running `Command { std: CARGO_HOME="/workspace/cargo-home" RUSTUP_HOME="/workspace/rustup-home" "/workspace/cargo-home/bin/cargo" "+1.99.0-beta.8" "fetch" "--manifest-path" "Cargo.toml", kill_on_drop: false }`
[INFO] running `Command { std: "docker" "create" "-v" "/var/lib/crater-agent-workspace/builds/worker-1-tc1/source:/opt/rustwide/workdir:ro,Z" "-v" "/var/lib/crater-agent-workspace/builds/worker-1-tc1/target:/opt/rustwide/target:rw,Z" "-v" "/var/lib/crater-agent-workspace/cargo-home:/opt/rustwide/cargo-home:ro,Z" "-v" "/var/lib/crater-agent-workspace/rustup-home:/opt/rustwide/rustup-home:ro,Z" "-m" "1610612736" "--network" "none" "ghcr.io/rust-lang/crates-build-env/linux@sha256:77db811e55d90add9212f6832c23229e3de5f1c1f9905e8cb07319ea15df73ac" "sleep" "infinity", kill_on_drop: false }`
[INFO] [stdout] a33b0593cda822da5eb657370a9b7d88737d638682a748de96f42737db79ee2d
[INFO] running `Command { std: "docker" "start" "a33b0593cda822da5eb657370a9b7d88737d638682a748de96f42737db79ee2d", kill_on_drop: false }`
[INFO] running `Command { std: "docker" "inspect" "a33b0593cda822da5eb657370a9b7d88737d638682a748de96f42737db79ee2d", kill_on_drop: false }`
[INFO] running `Command { std: "docker" "exec" "-e" "SOURCE_DIR=/opt/rustwide/workdir" "-e" "CARGO_HOME=/opt/rustwide/cargo-home" "-e" "RUSTUP_HOME=/opt/rustwide/rustup-home" "-e" "CARGO_TARGET_DIR=/opt/rustwide/target" "-w" "/opt/rustwide/workdir" "--user" "0:0" "a33b0593cda822da5eb657370a9b7d88737d638682a748de96f42737db79ee2d" "/opt/rustwide/cargo-home/bin/cargo" "+1.99.0-beta.8" "metadata" "--no-deps" "--format-version=1", kill_on_drop: false }`
[INFO] running `Command { std: "docker" "inspect" "a33b0593cda822da5eb657370a9b7d88737d638682a748de96f42737db79ee2d", kill_on_drop: false }`
[INFO] running `Command { std: "docker" "exec" "-e" "SOURCE_DIR=/opt/rustwide/workdir" "-e" "CARGO_HOME=/opt/rustwide/cargo-home" "-e" "RUSTUP_HOME=/opt/rustwide/rustup-home" "-e" "CARGO_TARGET_DIR=/opt/rustwide/target" "-e" "CARGO_INCREMENTAL=0" "-e" "RUST_BACKTRACE=full" "-e" "RUSTFLAGS=--cap-lints=warn" "-e" "RUSTDOCFLAGS=--cap-lints=warn" "-w" "/opt/rustwide/workdir" "--user" "0:0" "a33b0593cda822da5eb657370a9b7d88737d638682a748de96f42737db79ee2d" "/opt/rustwide/cargo-home/bin/cargo" "+1.99.0-beta.8" "build" "--frozen" "--message-format=json" "--release", kill_on_drop: false }`
[INFO] [stderr]    Compiling proc-macro2 v1.0.106
[INFO] [stderr]    Compiling quote v1.0.45
[INFO] [stderr]    Compiling num-traits v0.2.19
[INFO] [stderr]    Compiling syn v2.0.117
[INFO] [stderr]    Compiling chrono v0.4.44
[INFO] [stderr]    Compiling serde_derive v1.0.228
[INFO] [stderr]    Compiling serde v1.0.228
[INFO] [stderr]    Compiling generic_relation_helpers v0.2.0 (/opt/rustwide/workdir)
[INFO] [stdout] warning: trait method `get_FK_field_of_source_secondary` should have a snake case name
[INFO] [stdout]   --> src/traits/trait_communs.rs:24:8
[INFO] [stdout]    |
[INFO] [stdout] 24 |     fn get_FK_field_of_source_secondary(&self) -> &str;
[INFO] [stdout]    |        ^^^^^^^^^^^^^^^^^^^^^^^^^^^^^^^^ help: convert the identifier to snake case (notice the capitalization): `get_fk_field_of_source_secondary`
[INFO] [stdout]    |
[INFO] [stdout]    = note: `#[warn(non_snake_case)]` (part of `#[warn(nonstandard_style)]`) on by default
[INFO] [stdout] 
[INFO] [stdout] 
[INFO] [stdout] warning: variable `hasmap_indexed__enfants` should have a snake case name
[INFO] [stdout]   --> src/propers_link_childrens_with_parent.rs:59:13
[INFO] [stdout]    |
[INFO] [stdout] 59 |     let mut hasmap_indexed__enfants:HashMap<&str,&TEnfant> =HashMap::new();
[INFO] [stdout]    |             ^^^^^^^^^^^^^^^^^^^^^^^ help: convert the identifier to snake case: `hasmap_indexed_enfants`
[INFO] [stdout] 
[INFO] [stdout] 
[INFO] [stderr]     Finished `release` profile [optimized] target(s) in 8.40s
[INFO] running `Command { std: "docker" "inspect" "a33b0593cda822da5eb657370a9b7d88737d638682a748de96f42737db79ee2d", kill_on_drop: false }`
[INFO] running `Command { std: "docker" "exec" "-e" "SOURCE_DIR=/opt/rustwide/workdir" "-e" "CARGO_HOME=/opt/rustwide/cargo-home" "-e" "RUSTUP_HOME=/opt/rustwide/rustup-home" "-e" "CARGO_TARGET_DIR=/opt/rustwide/target" "-e" "CARGO_INCREMENTAL=0" "-e" "RUST_BACKTRACE=full" "-e" "RUSTFLAGS=--cap-lints=warn" "-e" "RUSTDOCFLAGS=--cap-lints=warn" "-w" "/opt/rustwide/workdir" "--user" "0:0" "a33b0593cda822da5eb657370a9b7d88737d638682a748de96f42737db79ee2d" "/opt/rustwide/cargo-home/bin/cargo" "+1.99.0-beta.8" "test" "--frozen" "--no-run" "--message-format=json" "--release", kill_on_drop: false }`
[INFO] [stderr]    Compiling generic_relation_helpers v0.2.0 (/opt/rustwide/workdir)
[INFO] [stdout] warning: trait method `get_FK_field_of_source_secondary` should have a snake case name
[INFO] [stdout]   --> src/traits/trait_communs.rs:24:8
[INFO] [stdout]    |
[INFO] [stdout] 24 |     fn get_FK_field_of_source_secondary(&self) -> &str;
[INFO] [stdout]    |        ^^^^^^^^^^^^^^^^^^^^^^^^^^^^^^^^ help: convert the identifier to snake case (notice the capitalization): `get_fk_field_of_source_secondary`
[INFO] [stdout]    |
[INFO] [stdout]    = note: `#[warn(non_snake_case)]` (part of `#[warn(nonstandard_style)]`) on by default
[INFO] [stdout] 
[INFO] [stdout] 
[INFO] [stdout] warning: variable `hasmap_indexed__enfants` should have a snake case name
[INFO] [stdout]   --> src/propers_link_childrens_with_parent.rs:59:13
[INFO] [stdout]    |
[INFO] [stdout] 59 |     let mut hasmap_indexed__enfants:HashMap<&str,&TEnfant> =HashMap::new();
[INFO] [stdout]    |             ^^^^^^^^^^^^^^^^^^^^^^^ help: convert the identifier to snake case: `hasmap_indexed_enfants`
[INFO] [stdout] 
[INFO] [stdout] 
[INFO] [stdout] warning: trait method `get_FK_field_of_source_secondary` should have a snake case name
[INFO] [stdout]   --> src/traits/trait_communs.rs:24:8
[INFO] [stdout]    |
[INFO] [stdout] 24 |     fn get_FK_field_of_source_secondary(&self) -> &str;
[INFO] [stdout]    |        ^^^^^^^^^^^^^^^^^^^^^^^^^^^^^^^^ help: convert the identifier to snake case (notice the capitalization): `get_fk_field_of_source_secondary`
[INFO] [stdout]    |
[INFO] [stdout]    = note: `#[warn(non_snake_case)]` (part of `#[warn(nonstandard_style)]`) on by default
[INFO] [stdout] 
[INFO] [stdout] 
[INFO] [stdout] warning: variable `hasmap_indexed__enfants` should have a snake case name
[INFO] [stdout]   --> src/propers_link_childrens_with_parent.rs:59:13
[INFO] [stdout]    |
[INFO] [stdout] 59 |     let mut hasmap_indexed__enfants:HashMap<&str,&TEnfant> =HashMap::new();
[INFO] [stdout]    |             ^^^^^^^^^^^^^^^^^^^^^^^ help: convert the identifier to snake case: `hasmap_indexed_enfants`
[INFO] [stdout] 
[INFO] [stdout] 
[INFO] [stderr]     Finished `release` profile [optimized] target(s) in 2.13s
[INFO] running `Command { std: "docker" "inspect" "a33b0593cda822da5eb657370a9b7d88737d638682a748de96f42737db79ee2d", kill_on_drop: false }`
[INFO] running `Command { std: "docker" "exec" "-e" "SOURCE_DIR=/opt/rustwide/workdir" "-e" "CARGO_HOME=/opt/rustwide/cargo-home" "-e" "RUSTUP_HOME=/opt/rustwide/rustup-home" "-e" "CARGO_TARGET_DIR=/opt/rustwide/target" "-e" "CARGO_INCREMENTAL=0" "-e" "RUST_BACKTRACE=full" "-e" "RUSTFLAGS=--cap-lints=warn" "-e" "RUSTDOCFLAGS=--cap-lints=warn" "-w" "/opt/rustwide/workdir" "--user" "0:0" "a33b0593cda822da5eb657370a9b7d88737d638682a748de96f42737db79ee2d" "/opt/rustwide/cargo-home/bin/cargo" "+1.99.0-beta.8" "test" "--frozen" "--release", kill_on_drop: false }`
[INFO] [stderr] warning: trait method `get_FK_field_of_source_secondary` should have a snake case name
[INFO] [stderr]   --> src/traits/trait_communs.rs:24:8
[INFO] [stderr]    |
[INFO] [stderr] 24 |     fn get_FK_field_of_source_secondary(&self) -> &str;
[INFO] [stderr]    |        ^^^^^^^^^^^^^^^^^^^^^^^^^^^^^^^^ help: convert the identifier to snake case (notice the capitalization): `get_fk_field_of_source_secondary`
[INFO] [stderr]    |
[INFO] [stderr]    = note: `#[warn(non_snake_case)]` (part of `#[warn(nonstandard_style)]`) on by default
[INFO] [stderr] 
[INFO] [stderr] warning: variable `hasmap_indexed__enfants` should have a snake case name
[INFO] [stderr]   --> src/propers_link_childrens_with_parent.rs:59:13
[INFO] [stderr]    |
[INFO] [stderr] 59 |     let mut hasmap_indexed__enfants:HashMap<&str,&TEnfant> =HashMap::new();
[INFO] [stderr]    |             ^^^^^^^^^^^^^^^^^^^^^^^ help: convert the identifier to snake case: `hasmap_indexed_enfants`
[INFO] [stderr] 
[INFO] [stderr] warning: `generic_relation_helpers` (lib) generated 2 warnings
[INFO] [stderr] warning: `generic_relation_helpers` (lib test) generated 2 warnings (2 duplicates)
[INFO] [stderr]     Finished `release` profile [optimized] target(s) in 0.04s
[INFO] [stderr]      Running unittests src/lib.rs (/opt/rustwide/target/release/deps/generic_relation_helpers-776ddef44f00d5ef)
[INFO] [stdout] 
[INFO] [stdout] running 0 tests
[INFO] [stdout] 
[INFO] [stdout] test result: ok. 0 passed; 0 failed; 0 ignored; 0 measured; 0 filtered out; finished in 0.00s
[INFO] [stdout] 
[INFO] [stderr]      Running tests/test_get_childrens.rs (/opt/rustwide/target/release/deps/test_get_childrens-43a5f8d562e9b174)
[INFO] [stdout] 
[INFO] [stdout] running 8 tests
[INFO] [stdout] test test_get_childrens_artem_hotel ... ok
[INFO] [stdout] test test_get_childrens_fusion_attributs_liaison ... ok
[INFO] [stdout] test test_get_childrens_retourne_vide_si_enfants_vide ... ok
[INFO] [stdout] test test_get_childrens_ignore_orphelin_absent_de_source ... ok
[INFO] [stdout] test test_get_childrens_retourne_vide_si_pas_de_match ... ok
[INFO] [stdout] test test_get_childrens_retourne_bons_enfants ... ok
[INFO] [stderr]      Running tests/test_get_parents.rs (/opt/rustwide/target/release/deps/test_get_parents-0a436f90fce56d5c)
[INFO] [stdout] test test_get_childrens_match_key_fait_la_correspondance ... ok
[INFO] [stdout] test test_get_childrens_retourne_vide_si_slice_vide ... ok
[INFO] [stdout] 
[INFO] [stdout] test result: ok. 8 passed; 0 failed; 0 ignored; 0 measured; 0 filtered out; finished in 0.01s
[INFO] [stdout] 
[INFO] [stdout] 
[INFO] [stdout] running 15 tests
[INFO] [stdout] test test_build_from_parent_extrait_enfants_depuis_hashmap ... ok
[INFO] [stdout] test test_filtre_aucun_resultat ... ok
[INFO] [stdout] test test_build_from_son_construit_correctement ... ok
[INFO] [stdout] test test_filtre_contains_retourne_parents_qui_contiennent ... FAILED
[INFO] [stdout] test test_filtre_finished_retourne_parents_qui_terminent_par ... FAILED
[INFO] [stdout] test test_filtre_equal_insensible_casse ... FAILED
[INFO] [stdout] test test_filtre_equal_retourne_un_seul_parent ... FAILED
[INFO] [stdout] test test_sans_filtre_retourne_tous_les_parents ... FAILED
[INFO] [stdout] test test_adresse_et_poster_correctement_transmis ... FAILED
[INFO] [stdout] test test_orphelin_dans_source_enfants_est_ignore ... FAILED
[INFO] [stdout] test test_parent_sans_enfants_retourne_vec_vide ... FAILED
[INFO] [stdout] test test_filtre_begin_retourne_parents_qui_commencent_par ... FAILED
[INFO] [stdout] test test_adresse_none_retournee_correctement ... FAILED
[INFO] [stdout] test test_sans_filtre_enfants_correctement_associes ... FAILED
[INFO] [stdout] test test_get_values_of_property_alimente_hashmap_correctement ... FAILED
[INFO] [stdout] 
[INFO] [stdout] failures:
[INFO] [stdout] 
[INFO] [stdout] ---- test_filtre_contains_retourne_parents_qui_contiennent stdout ----
[INFO] [stdout] 
[INFO] [stdout] thread 'test_filtre_contains_retourne_parents_qui_contiennent' (503) panicked at tests/test_get_parents.rs:79:59:
[INFO] [stdout] called `Option::unwrap()` on a `None` value
[INFO] [stdout] stack backtrace:
[INFO] [stdout]    0:     0x61c6711f1b71 - <<std[70759c8f55707aa4]::sys::backtrace::BacktraceLock>::print::DisplayBacktrace as core[df12db4294e9bfd3]::fmt::Display>::fmt
[INFO] [stdout]    1:     0x61c6712065ca - core[df12db4294e9bfd3]::fmt::write
[INFO] [stdout]    2:     0x61c6711f600c - <alloc[2182bb758b4b3781]::vec::Vec<u8> as core[df12db4294e9bfd3]::io::write::Write>::write_fmt
[INFO] [stdout]    3:     0x61c6711ce166 - std[70759c8f55707aa4]::panicking::default_hook::{closure#0}
[INFO] [stdout]    4:     0x61c6711ea2d9 - std[70759c8f55707aa4]::panicking::default_hook
[INFO] [stdout]    5:     0x61c671183070 - test[9d35eded1c95d3be]::test_main_inner::<test[9d35eded1c95d3be]::test_main_static::{closure#0}>::{closure#0}
[INFO] [stdout]    6:     0x61c6711ea492 - std[70759c8f55707aa4]::panicking::panic_with_hook
[INFO] [stdout]    7:     0x61c6711ce244 - std[70759c8f55707aa4]::panicking::panic_handler::{closure#0}
[INFO] [stdout]    8:     0x61c6711c6f99 - std[70759c8f55707aa4]::sys::backtrace::__rust_end_short_backtrace::<std[70759c8f55707aa4]::panicking::panic_handler::{closure#0}, !>
[INFO] [stdout]    9:     0x61c6711cee0d - __rustc[8fa7c3cbc660c2b3]::rust_begin_unwind
[INFO] [stdout]   10:     0x61c671206cfc - core[df12db4294e9bfd3]::panicking::panic_fmt
[INFO] [stdout]   11:     0x61c671206cc2 - core[df12db4294e9bfd3]::panicking::panic
[INFO] [stdout]   12:     0x61c671206a79 - core[df12db4294e9bfd3]::option::unwrap_failed
[INFO] [stdout]   13:     0x61c671168e7b - <test_get_parents[5ff0180089d06b3a]::ParentTest as generic_relation_helpers[11a8ec0c399681e]::traits::trait_communs::HasFields>::get_fields
[INFO] [stdout]   14:     0x61c67116e561 - <core[df12db4294e9bfd3]::iter::adapters::map::Map<core[df12db4294e9bfd3]::slice::iter::Iter<&str>, generic_relation_helpers[11a8ec0c399681e]::helpers::builder_hasmap_for_fields::build_hashmap_from_fields<test_get_parents[5ff0180089d06b3a]::ParentTest>::{closure#0}> as core[df12db4294e9bfd3]::iter::traits::iterator::Iterator>::fold::<(), core[df12db4294e9bfd3]::iter::traits::iterator::Iterator::for_each::call<(alloc[2182bb758b4b3781]::string::String, serde_json[b11822bdc2111be3]::value::Value), <hashbrown[521704cfbecc9503]::map::HashMap<alloc[2182bb758b4b3781]::string::String, serde_json[b11822bdc2111be3]::value::Value, std[70759c8f55707aa4]::hash::random::RandomState> as core[df12db4294e9bfd3]::iter::traits::collect::Extend<(alloc[2182bb758b4b3781]::string::String, serde_json[b11822bdc2111be3]::value::Value)>>::extend<core[df12db4294e9bfd3]::iter::adapters::map::Map<core[df12db4294e9bfd3]::slice::iter::Iter<&str>, generic_relation_helpers[11a8ec0c399681e]::helpers::builder_hasmap_for_fields::build_hashmap_from_fields<test_get_parents[5ff0180089d06b3a]::ParentTest>::{closure#0}>>::{closure#0}>::{closure#0}>
[INFO] [stdout]   15:     0x61c671172c2e - generic_relation_helpers[11a8ec0c399681e]::helpers::builder_hasmap_for_fields::build_hashmap_from_fields::<test_get_parents[5ff0180089d06b3a]::ParentTest>
[INFO] [stdout]   16:     0x61c671168cfc - <test_get_parents[5ff0180089d06b3a]::ParentTest as generic_relation_helpers[11a8ec0c399681e]::traits::trait_communs::GetValueFieldForSourceParent<test_get_parents[5ff0180089d06b3a]::EnfantTest>>::get_values_of_property
[INFO] [stdout]   17:     0x61c671171fce - <core[df12db4294e9bfd3]::iter::adapters::map::Map<core[df12db4294e9bfd3]::iter::adapters::filter::Filter<core[df12db4294e9bfd3]::slice::iter::Iter<test_get_parents[5ff0180089d06b3a]::ParentTest>, generic_relation_helpers[11a8ec0c399681e]::propers_link_childrens_with_parent::get_parents_with_their_childrens<test_get_parents[5ff0180089d06b3a]::ParentTest, test_get_parents[5ff0180089d06b3a]::JointureTest, test_get_parents[5ff0180089d06b3a]::EnfantTest, test_get_parents[5ff0180089d06b3a]::DestinationTest>::{closure#2}>, generic_relation_helpers[11a8ec0c399681e]::propers_link_childrens_with_parent::get_parents_with_their_childrens<test_get_parents[5ff0180089d06b3a]::ParentTest, test_get_parents[5ff0180089d06b3a]::JointureTest, test_get_parents[5ff0180089d06b3a]::EnfantTest, test_get_parents[5ff0180089d06b3a]::DestinationTest>::{closure#3}> as core[df12db4294e9bfd3]::iter::traits::iterator::Iterator>::next
[INFO] [stdout]   18:     0x61c671170946 - generic_relation_helpers[11a8ec0c399681e]::propers_link_childrens_with_parent::get_parents_with_their_childrens::<test_get_parents[5ff0180089d06b3a]::ParentTest, test_get_parents[5ff0180089d06b3a]::JointureTest, test_get_parents[5ff0180089d06b3a]::EnfantTest, test_get_parents[5ff0180089d06b3a]::DestinationTest>
[INFO] [stdout]   19:     0x61c67116c0bc - <test_get_parents[5ff0180089d06b3a]::test_filtre_contains_retourne_parents_qui_contiennent::{closure#0} as core[df12db4294e9bfd3]::ops::function::FnOnce<()>>::call_once
[INFO] [stdout]   20:     0x61c67117635b - test[9d35eded1c95d3be]::__rust_begin_short_backtrace::<core[df12db4294e9bfd3]::result::Result<(), alloc[2182bb758b4b3781]::string::String>, fn() -> core[df12db4294e9bfd3]::result::Result<(), alloc[2182bb758b4b3781]::string::String>>
[INFO] [stdout]   21:     0x61c6711839c5 - test[9d35eded1c95d3be]::run_test::{closure#0}
[INFO] [stdout]   22:     0x61c67117d284 - std[70759c8f55707aa4]::sys::backtrace::__rust_begin_short_backtrace::<test[9d35eded1c95d3be]::run_test::{closure#1}, ()>
[INFO] [stdout]   23:     0x61c671186b22 - <std[70759c8f55707aa4]::thread::lifecycle::spawn_unchecked<test[9d35eded1c95d3be]::run_test::{closure#1}, ()>::{closure#1} as core[df12db4294e9bfd3]::ops::function::FnOnce<()>>::call_once::{shim:vtable#0}
[INFO] [stdout]   24:     0x61c6711f1449 - <std[70759c8f55707aa4]::sys::thread::unix::Thread>::new::thread_start
[INFO] [stdout]   25:     0x7bbeae75edfa - <unknown>
[INFO] [stdout]   26:     0x7bbeae7f23d4 - clone
[INFO] [stdout]   27:                0x0 - <unknown>
[INFO] [stdout] 
[INFO] [stdout] ---- test_filtre_finished_retourne_parents_qui_terminent_par stdout ----
[INFO] [stdout] 
[INFO] [stdout] thread 'test_filtre_finished_retourne_parents_qui_terminent_par' (506) panicked at tests/test_get_parents.rs:79:59:
[INFO] [stdout] called `Option::unwrap()` on a `None` value
[INFO] [stdout] stack backtrace:
[INFO] [stdout]    0:     0x61c6711f1b71 - <<std[70759c8f55707aa4]::sys::backtrace::BacktraceLock>::print::DisplayBacktrace as core[df12db4294e9bfd3]::fmt::Display>::fmt
[INFO] [stdout]    1:     0x61c6712065ca - core[df12db4294e9bfd3]::fmt::write
[INFO] [stdout]    2:     0x61c6711f600c - <alloc[2182bb758b4b3781]::vec::Vec<u8> as core[df12db4294e9bfd3]::io::write::Write>::write_fmt
[INFO] [stdout]    3:     0x61c6711ce166 - std[70759c8f55707aa4]::panicking::default_hook::{closure#0}
[INFO] [stdout]    4:     0x61c6711ea2d9 - std[70759c8f55707aa4]::panicking::default_hook
[INFO] [stdout]    5:     0x61c671183070 - test[9d35eded1c95d3be]::test_main_inner::<test[9d35eded1c95d3be]::test_main_static::{closure#0}>::{closure#0}
[INFO] [stdout]    6:     0x61c6711ea492 - std[70759c8f55707aa4]::panicking::panic_with_hook
[INFO] [stdout]    7:     0x61c6711ce244 - std[70759c8f55707aa4]::panicking::panic_handler::{closure#0}
[INFO] [stdout]    8:     0x61c6711c6f99 - std[70759c8f55707aa4]::sys::backtrace::__rust_end_short_backtrace::<std[70759c8f55707aa4]::panicking::panic_handler::{closure#0}, !>
[INFO] [stdout]    9:     0x61c6711cee0d - __rustc[8fa7c3cbc660c2b3]::rust_begin_unwind
[INFO] [stdout]   10:     0x61c671206cfc - core[df12db4294e9bfd3]::panicking::panic_fmt
[INFO] [stdout]   11:     0x61c671206cc2 - core[df12db4294e9bfd3]::panicking::panic
[INFO] [stdout]   12:     0x61c671206a79 - core[df12db4294e9bfd3]::option::unwrap_failed
[INFO] [stdout]   13:     0x61c671168e7b - <test_get_parents[5ff0180089d06b3a]::ParentTest as generic_relation_helpers[11a8ec0c399681e]::traits::trait_communs::HasFields>::get_fields
[INFO] [stdout]   14:     0x61c67116e561 - <core[df12db4294e9bfd3]::iter::adapters::map::Map<core[df12db4294e9bfd3]::slice::iter::Iter<&str>, generic_relation_helpers[11a8ec0c399681e]::helpers::builder_hasmap_for_fields::build_hashmap_from_fields<test_get_parents[5ff0180089d06b3a]::ParentTest>::{closure#0}> as core[df12db4294e9bfd3]::iter::traits::iterator::Iterator>::fold::<(), core[df12db4294e9bfd3]::iter::traits::iterator::Iterator::for_each::call<(alloc[2182bb758b4b3781]::string::String, serde_json[b11822bdc2111be3]::value::Value), <hashbrown[521704cfbecc9503]::map::HashMap<alloc[2182bb758b4b3781]::string::String, serde_json[b11822bdc2111be3]::value::Value, std[70759c8f55707aa4]::hash::random::RandomState> as core[df12db4294e9bfd3]::iter::traits::collect::Extend<(alloc[2182bb758b4b3781]::string::String, serde_json[b11822bdc2111be3]::value::Value)>>::extend<core[df12db4294e9bfd3]::iter::adapters::map::Map<core[df12db4294e9bfd3]::slice::iter::Iter<&str>, generic_relation_helpers[11a8ec0c399681e]::helpers::builder_hasmap_for_fields::build_hashmap_from_fields<test_get_parents[5ff0180089d06b3a]::ParentTest>::{closure#0}>>::{closure#0}>::{closure#0}>
[INFO] [stdout]   15:     0x61c671172c2e - generic_relation_helpers[11a8ec0c399681e]::helpers::builder_hasmap_for_fields::build_hashmap_from_fields::<test_get_parents[5ff0180089d06b3a]::ParentTest>
[INFO] [stdout]   16:     0x61c671168cfc - <test_get_parents[5ff0180089d06b3a]::ParentTest as generic_relation_helpers[11a8ec0c399681e]::traits::trait_communs::GetValueFieldForSourceParent<test_get_parents[5ff0180089d06b3a]::EnfantTest>>::get_values_of_property
[INFO] [stdout]   17:     0x61c671171fce - <core[df12db4294e9bfd3]::iter::adapters::map::Map<core[df12db4294e9bfd3]::iter::adapters::filter::Filter<core[df12db4294e9bfd3]::slice::iter::Iter<test_get_parents[5ff0180089d06b3a]::ParentTest>, generic_relation_helpers[11a8ec0c399681e]::propers_link_childrens_with_parent::get_parents_with_their_childrens<test_get_parents[5ff0180089d06b3a]::ParentTest, test_get_parents[5ff0180089d06b3a]::JointureTest, test_get_parents[5ff0180089d06b3a]::EnfantTest, test_get_parents[5ff0180089d06b3a]::DestinationTest>::{closure#2}>, generic_relation_helpers[11a8ec0c399681e]::propers_link_childrens_with_parent::get_parents_with_their_childrens<test_get_parents[5ff0180089d06b3a]::ParentTest, test_get_parents[5ff0180089d06b3a]::JointureTest, test_get_parents[5ff0180089d06b3a]::EnfantTest, test_get_parents[5ff0180089d06b3a]::DestinationTest>::{closure#3}> as core[df12db4294e9bfd3]::iter::traits::iterator::Iterator>::next
[INFO] [stdout]   18:     0x61c671170946 - generic_relation_helpers[11a8ec0c399681e]::propers_link_childrens_with_parent::get_parents_with_their_childrens::<test_get_parents[5ff0180089d06b3a]::ParentTest, test_get_parents[5ff0180089d06b3a]::JointureTest, test_get_parents[5ff0180089d06b3a]::EnfantTest, test_get_parents[5ff0180089d06b3a]::DestinationTest>
[INFO] [stdout]   19:     0x61c67116c3a4 - <test_get_parents[5ff0180089d06b3a]::test_filtre_finished_retourne_parents_qui_terminent_par::{closure#0} as core[df12db4294e9bfd3]::ops::function::FnOnce<()>>::call_once
[INFO] [stdout]   20:     0x61c67117635b - test[9d35eded1c95d3be]::__rust_begin_short_backtrace::<core[df12db4294e9bfd3]::result::Result<(), alloc[2182bb758b4b3781]::string::String>, fn() -> core[df12db4294e9bfd3]::result::Result<(), alloc[2182bb758b4b3781]::string::String>>
[INFO] [stdout]   21:     0x61c6711839c5 - test[9d35eded1c95d3be]::run_test::{closure#0}
[INFO] [stdout]   22:     0x61c67117d284 - std[70759c8f55707aa4]::sys::backtrace::__rust_begin_short_backtrace::<test[9d35eded1c95d3be]::run_test::{closure#1}, ()>
[INFO] [stdout]   23:     0x61c671186b22 - <std[70759c8f55707aa4]::thread::lifecycle::spawn_unchecked<test[9d35eded1c95d3be]::run_test::{closure#1}, ()>::{closure#1} as core[df12db4294e9bfd3]::ops::function::FnOnce<()>>::call_once::{shim:vtable#0}
[INFO] [stdout]   24:     0x61c6711f1449 - <std[70759c8f55707aa4]::sys::thread::unix::Thread>::new::thread_start
[INFO] [stdout]   25:     0x7bbeae75edfa - <unknown>
[INFO] [stdout]   26:     0x7bbeae7f23d4 - clone
[INFO] [stdout]   27:                0x0 - <unknown>
[INFO] [stdout] 
[INFO] [stdout] ---- test_filtre_equal_insensible_casse stdout ----
[INFO] [stdout] 
[INFO] [stdout] thread 'test_filtre_equal_insensible_casse' (504) panicked at tests/test_get_parents.rs:79:59:
[INFO] [stdout] called `Option::unwrap()` on a `None` value
[INFO] [stdout] stack backtrace:
[INFO] [stdout]    0:     0x61c6711f1b71 - <<std[70759c8f55707aa4]::sys::backtrace::BacktraceLock>::print::DisplayBacktrace as core[df12db4294e9bfd3]::fmt::Display>::fmt
[INFO] [stdout]    1:     0x61c6712065ca - core[df12db4294e9bfd3]::fmt::write
[INFO] [stdout]    2:     0x61c6711f600c - <alloc[2182bb758b4b3781]::vec::Vec<u8> as core[df12db4294e9bfd3]::io::write::Write>::write_fmt
[INFO] [stdout]    3:     0x61c6711ce166 - std[70759c8f55707aa4]::panicking::default_hook::{closure#0}
[INFO] [stdout]    4:     0x61c6711ea2d9 - std[70759c8f55707aa4]::panicking::default_hook
[INFO] [stdout]    5:     0x61c671183070 - test[9d35eded1c95d3be]::test_main_inner::<test[9d35eded1c95d3be]::test_main_static::{closure#0}>::{closure#0}
[INFO] [stdout]    6:     0x61c6711ea492 - std[70759c8f55707aa4]::panicking::panic_with_hook
[INFO] [stdout]    7:     0x61c6711ce244 - std[70759c8f55707aa4]::panicking::panic_handler::{closure#0}
[INFO] [stdout]    8:     0x61c6711c6f99 - std[70759c8f55707aa4]::sys::backtrace::__rust_end_short_backtrace::<std[70759c8f55707aa4]::panicking::panic_handler::{closure#0}, !>
[INFO] [stdout]    9:     0x61c6711cee0d - __rustc[8fa7c3cbc660c2b3]::rust_begin_unwind
[INFO] [stdout]   10:     0x61c671206cfc - core[df12db4294e9bfd3]::panicking::panic_fmt
[INFO] [stdout]   11:     0x61c671206cc2 - core[df12db4294e9bfd3]::panicking::panic
[INFO] [stdout]   12:     0x61c671206a79 - core[df12db4294e9bfd3]::option::unwrap_failed
[INFO] [stdout]   13:     0x61c671168e7b - <test_get_parents[5ff0180089d06b3a]::ParentTest as generic_relation_helpers[11a8ec0c399681e]::traits::trait_communs::HasFields>::get_fields
[INFO] [stdout]   14:     0x61c67116e561 - <core[df12db4294e9bfd3]::iter::adapters::map::Map<core[df12db4294e9bfd3]::slice::iter::Iter<&str>, generic_relation_helpers[11a8ec0c399681e]::helpers::builder_hasmap_for_fields::build_hashmap_from_fields<test_get_parents[5ff0180089d06b3a]::ParentTest>::{closure#0}> as core[df12db4294e9bfd3]::iter::traits::iterator::Iterator>::fold::<(), core[df12db4294e9bfd3]::iter::traits::iterator::Iterator::for_each::call<(alloc[2182bb758b4b3781]::string::String, serde_json[b11822bdc2111be3]::value::Value), <hashbrown[521704cfbecc9503]::map::HashMap<alloc[2182bb758b4b3781]::string::String, serde_json[b11822bdc2111be3]::value::Value, std[70759c8f55707aa4]::hash::random::RandomState> as core[df12db4294e9bfd3]::iter::traits::collect::Extend<(alloc[2182bb758b4b3781]::string::String, serde_json[b11822bdc2111be3]::value::Value)>>::extend<core[df12db4294e9bfd3]::iter::adapters::map::Map<core[df12db4294e9bfd3]::slice::iter::Iter<&str>, generic_relation_helpers[11a8ec0c399681e]::helpers::builder_hasmap_for_fields::build_hashmap_from_fields<test_get_parents[5ff0180089d06b3a]::ParentTest>::{closure#0}>>::{closure#0}>::{closure#0}>
[INFO] [stdout]   15:     0x61c671172c2e - generic_relation_helpers[11a8ec0c399681e]::helpers::builder_hasmap_for_fields::build_hashmap_from_fields::<test_get_parents[5ff0180089d06b3a]::ParentTest>
[INFO] [stdout]   16:     0x61c671168cfc - <test_get_parents[5ff0180089d06b3a]::ParentTest as generic_relation_helpers[11a8ec0c399681e]::traits::trait_communs::GetValueFieldForSourceParent<test_get_parents[5ff0180089d06b3a]::EnfantTest>>::get_values_of_property
[INFO] [stdout]   17:     0x61c671171fce - <core[df12db4294e9bfd3]::iter::adapters::map::Map<core[df12db4294e9bfd3]::iter::adapters::filter::Filter<core[df12db4294e9bfd3]::slice::iter::Iter<test_get_parents[5ff0180089d06b3a]::ParentTest>, generic_relation_helpers[11a8ec0c399681e]::propers_link_childrens_with_parent::get_parents_with_their_childrens<test_get_parents[5ff0180089d06b3a]::ParentTest, test_get_parents[5ff0180089d06b3a]::JointureTest, test_get_parents[5ff0180089d06b3a]::EnfantTest, test_get_parents[5ff0180089d06b3a]::DestinationTest>::{closure#2}>, generic_relation_helpers[11a8ec0c399681e]::propers_link_childrens_with_parent::get_parents_with_their_childrens<test_get_parents[5ff0180089d06b3a]::ParentTest, test_get_parents[5ff0180089d06b3a]::JointureTest, test_get_parents[5ff0180089d06b3a]::EnfantTest, test_get_parents[5ff0180089d06b3a]::DestinationTest>::{closure#3}> as core[df12db4294e9bfd3]::iter::traits::iterator::Iterator>::next
[INFO] [stdout]   18:     0x61c671170946 - generic_relation_helpers[11a8ec0c399681e]::propers_link_childrens_with_parent::get_parents_with_their_childrens::<test_get_parents[5ff0180089d06b3a]::ParentTest, test_get_parents[5ff0180089d06b3a]::JointureTest, test_get_parents[5ff0180089d06b3a]::EnfantTest, test_get_parents[5ff0180089d06b3a]::DestinationTest>
[INFO] [stdout]   19:     0x61c671169410 - <test_get_parents[5ff0180089d06b3a]::test_filtre_equal_insensible_casse::{closure#0} as core[df12db4294e9bfd3]::ops::function::FnOnce<()>>::call_once
[INFO] [stdout]   20:     0x61c67117635b - test[9d35eded1c95d3be]::__rust_begin_short_backtrace::<core[df12db4294e9bfd3]::result::Result<(), alloc[2182bb758b4b3781]::string::String>, fn() -> core[df12db4294e9bfd3]::result::Result<(), alloc[2182bb758b4b3781]::string::String>>
[INFO] [stdout]   21:     0x61c6711839c5 - test[9d35eded1c95d3be]::run_test::{closure#0}
[INFO] [stdout]   22:     0x61c67117d284 - std[70759c8f55707aa4]::sys::backtrace::__rust_begin_short_backtrace::<test[9d35eded1c95d3be]::run_test::{closure#1}, ()>
[INFO] [stdout]   23:     0x61c671186b22 - <std[70759c8f55707aa4]::thread::lifecycle::spawn_unchecked<test[9d35eded1c95d3be]::run_test::{closure#1}, ()>::{closure#1} as core[df12db4294e9bfd3]::ops::function::FnOnce<()>>::call_once::{shim:vtable#0}
[INFO] [stdout]   24:     0x61c6711f1449 - <std[70759c8f55707aa4]::sys::thread::unix::Thread>::new::thread_start
[INFO] [stdout]   25:     0x7bbeae75edfa - <unknown>
[INFO] [stdout]   26:     0x7bbeae7f23d4 - clone
[INFO] [stdout]   27:                0x0 - <unknown>
[INFO] [stdout] 
[INFO] [stdout] ---- test_filtre_equal_retourne_un_seul_parent stdout ----
[INFO] [stdout] 
[INFO] [stdout] thread 'test_filtre_equal_retourne_un_seul_parent' (505) panicked at tests/test_get_parents.rs:79:59:
[INFO] [stdout] called `Option::unwrap()` on a `None` value
[INFO] [stdout] stack backtrace:
[INFO] [stdout]    0:     0x61c6711f1b71 - <<std[70759c8f55707aa4]::sys::backtrace::BacktraceLock>::print::DisplayBacktrace as core[df12db4294e9bfd3]::fmt::Display>::fmt
[INFO] [stdout]    1:     0x61c6712065ca - core[df12db4294e9bfd3]::fmt::write
[INFO] [stdout]    2:     0x61c6711f600c - <alloc[2182bb758b4b3781]::vec::Vec<u8> as core[df12db4294e9bfd3]::io::write::Write>::write_fmt
[INFO] [stdout]    3:     0x61c6711ce166 - std[70759c8f55707aa4]::panicking::default_hook::{closure#0}
[INFO] [stdout]    4:     0x61c6711ea2d9 - std[70759c8f55707aa4]::panicking::default_hook
[INFO] [stdout]    5:     0x61c671183070 - test[9d35eded1c95d3be]::test_main_inner::<test[9d35eded1c95d3be]::test_main_static::{closure#0}>::{closure#0}
[INFO] [stdout]    6:     0x61c6711ea492 - std[70759c8f55707aa4]::panicking::panic_with_hook
[INFO] [stdout]    7:     0x61c6711ce244 - std[70759c8f55707aa4]::panicking::panic_handler::{closure#0}
[INFO] [stdout]    8:     0x61c6711c6f99 - std[70759c8f55707aa4]::sys::backtrace::__rust_end_short_backtrace::<std[70759c8f55707aa4]::panicking::panic_handler::{closure#0}, !>
[INFO] [stdout]    9:     0x61c6711cee0d - __rustc[8fa7c3cbc660c2b3]::rust_begin_unwind
[INFO] [stdout]   10:     0x61c671206cfc - core[df12db4294e9bfd3]::panicking::panic_fmt
[INFO] [stdout]   11:     0x61c671206cc2 - core[df12db4294e9bfd3]::panicking::panic
[INFO] [stdout]   12:     0x61c671206a79 - core[df12db4294e9bfd3]::option::unwrap_failed
[INFO] [stdout]   13:     0x61c671168e7b - <test_get_parents[5ff0180089d06b3a]::ParentTest as generic_relation_helpers[11a8ec0c399681e]::traits::trait_communs::HasFields>::get_fields
[INFO] [stdout]   14:     0x61c67116e561 - <core[df12db4294e9bfd3]::iter::adapters::map::Map<core[df12db4294e9bfd3]::slice::iter::Iter<&str>, generic_relation_helpers[11a8ec0c399681e]::helpers::builder_hasmap_for_fields::build_hashmap_from_fields<test_get_parents[5ff0180089d06b3a]::ParentTest>::{closure#0}> as core[df12db4294e9bfd3]::iter::traits::iterator::Iterator>::fold::<(), core[df12db4294e9bfd3]::iter::traits::iterator::Iterator::for_each::call<(alloc[2182bb758b4b3781]::string::String, serde_json[b11822bdc2111be3]::value::Value), <hashbrown[521704cfbecc9503]::map::HashMap<alloc[2182bb758b4b3781]::string::String, serde_json[b11822bdc2111be3]::value::Value, std[70759c8f55707aa4]::hash::random::RandomState> as core[df12db4294e9bfd3]::iter::traits::collect::Extend<(alloc[2182bb758b4b3781]::string::String, serde_json[b11822bdc2111be3]::value::Value)>>::extend<core[df12db4294e9bfd3]::iter::adapters::map::Map<core[df12db4294e9bfd3]::slice::iter::Iter<&str>, generic_relation_helpers[11a8ec0c399681e]::helpers::builder_hasmap_for_fields::build_hashmap_from_fields<test_get_parents[5ff0180089d06b3a]::ParentTest>::{closure#0}>>::{closure#0}>::{closure#0}>
[INFO] [stdout]   15:     0x61c671172c2e - generic_relation_helpers[11a8ec0c399681e]::helpers::builder_hasmap_for_fields::build_hashmap_from_fields::<test_get_parents[5ff0180089d06b3a]::ParentTest>
[INFO] [stdout]   16:     0x61c671168cfc - <test_get_parents[5ff0180089d06b3a]::ParentTest as generic_relation_helpers[11a8ec0c399681e]::traits::trait_communs::GetValueFieldForSourceParent<test_get_parents[5ff0180089d06b3a]::EnfantTest>>::get_values_of_property
[INFO] [stdout]   17:     0x61c671171fce - <core[df12db4294e9bfd3]::iter::adapters::map::Map<core[df12db4294e9bfd3]::iter::adapters::filter::Filter<core[df12db4294e9bfd3]::slice::iter::Iter<test_get_parents[5ff0180089d06b3a]::ParentTest>, generic_relation_helpers[11a8ec0c399681e]::propers_link_childrens_with_parent::get_parents_with_their_childrens<test_get_parents[5ff0180089d06b3a]::ParentTest, test_get_parents[5ff0180089d06b3a]::JointureTest, test_get_parents[5ff0180089d06b3a]::EnfantTest, test_get_parents[5ff0180089d06b3a]::DestinationTest>::{closure#2}>, generic_relation_helpers[11a8ec0c399681e]::propers_link_childrens_with_parent::get_parents_with_their_childrens<test_get_parents[5ff0180089d06b3a]::ParentTest, test_get_parents[5ff0180089d06b3a]::JointureTest, test_get_parents[5ff0180089d06b3a]::EnfantTest, test_get_parents[5ff0180089d06b3a]::DestinationTest>::{closure#3}> as core[df12db4294e9bfd3]::iter::traits::iterator::Iterator>::next
[INFO] [stdout]   18:     0x61c671170946 - generic_relation_helpers[11a8ec0c399681e]::propers_link_childrens_with_parent::get_parents_with_their_childrens::<test_get_parents[5ff0180089d06b3a]::ParentTest, test_get_parents[5ff0180089d06b3a]::JointureTest, test_get_parents[5ff0180089d06b3a]::EnfantTest, test_get_parents[5ff0180089d06b3a]::DestinationTest>
[INFO] [stdout]   19:     0x61c671169c99 - <test_get_parents[5ff0180089d06b3a]::test_filtre_equal_retourne_un_seul_parent::{closure#0} as core[df12db4294e9bfd3]::ops::function::FnOnce<()>>::call_once
[INFO] [stdout]   20:     0x61c67117635b - test[9d35eded1c95d3be]::__rust_begin_short_backtrace::<core[df12db4294e9bfd3]::result::Result<(), alloc[2182bb758b4b3781]::string::String>, fn() -> core[df12db4294e9bfd3]::result::Result<(), alloc[2182bb758b4b3781]::string::String>>
[INFO] [stdout]   21:     0x61c6711839c5 - test[9d35eded1c95d3be]::run_test::{closure#0}
[INFO] [stdout]   22:     0x61c67117d284 - std[70759c8f55707aa4]::sys::backtrace::__rust_begin_short_backtrace::<test[9d35eded1c95d3be]::run_test::{closure#1}, ()>
[INFO] [stdout]   23:     0x61c671186b22 - <std[70759c8f55707aa4]::thread::lifecycle::spawn_unchecked<test[9d35eded1c95d3be]::run_test::{closure#1}, ()>::{closure#1} as core[df12db4294e9bfd3]::ops::function::FnOnce<()>>::call_once::{shim:vtable#0}
[INFO] [stdout]   24:     0x61c6711f1449 - <std[70759c8f55707aa4]::sys::thread::unix::Thread>::new::thread_start
[INFO] [stdout]   25:     0x7bbeae75edfa - <unknown>
[INFO] [stdout]   26:     0x7bbeae7f23d4 - clone
[INFO] [stdout]   27:                0x0 - <unknown>
[INFO] [stdout] 
[INFO] [stdout] ---- test_sans_filtre_retourne_tous_les_parents stdout ----
[INFO] [stdout] 
[INFO] [stdout] thread 'test_sans_filtre_retourne_tous_les_parents' (511) panicked at tests/test_get_parents.rs:79:59:
[INFO] [stdout] called `Option::unwrap()` on a `None` value
[INFO] [stdout] stack backtrace:
[INFO] [stdout]    0:     0x61c6711f1b71 - <<std[70759c8f55707aa4]::sys::backtrace::BacktraceLock>::print::DisplayBacktrace as core[df12db4294e9bfd3]::fmt::Display>::fmt
[INFO] [stdout]    1:     0x61c6712065ca - core[df12db4294e9bfd3]::fmt::write
[INFO] [stdout]    2:     0x61c6711f600c - <alloc[2182bb758b4b3781]::vec::Vec<u8> as core[df12db4294e9bfd3]::io::write::Write>::write_fmt
[INFO] [stdout]    3:     0x61c6711ce166 - std[70759c8f55707aa4]::panicking::default_hook::{closure#0}
[INFO] [stdout]    4:     0x61c6711ea2d9 - std[70759c8f55707aa4]::panicking::default_hook
[INFO] [stdout]    5:     0x61c671183070 - test[9d35eded1c95d3be]::test_main_inner::<test[9d35eded1c95d3be]::test_main_static::{closure#0}>::{closure#0}
[INFO] [stdout]    6:     0x61c6711ea492 - std[70759c8f55707aa4]::panicking::panic_with_hook
[INFO] [stdout]    7:     0x61c6711ce244 - std[70759c8f55707aa4]::panicking::panic_handler::{closure#0}
[INFO] [stdout]    8:     0x61c6711c6f99 - std[70759c8f55707aa4]::sys::backtrace::__rust_end_short_backtrace::<std[70759c8f55707aa4]::panicking::panic_handler::{closure#0}, !>
[INFO] [stdout]    9:     0x61c6711cee0d - __rustc[8fa7c3cbc660c2b3]::rust_begin_unwind
[INFO] [stdout]   10:     0x61c671206cfc - core[df12db4294e9bfd3]::panicking::panic_fmt
[INFO] [stdout]   11:     0x61c671206cc2 - core[df12db4294e9bfd3]::panicking::panic
[INFO] [stdout]   12:     0x61c671206a79 - core[df12db4294e9bfd3]::option::unwrap_failed
[INFO] [stdout]   13:     0x61c671168e7b - <test_get_parents[5ff0180089d06b3a]::ParentTest as generic_relation_helpers[11a8ec0c399681e]::traits::trait_communs::HasFields>::get_fields
[INFO] [stdout]   14:     0x61c67116e561 - <core[df12db4294e9bfd3]::iter::adapters::map::Map<core[df12db4294e9bfd3]::slice::iter::Iter<&str>, generic_relation_helpers[11a8ec0c399681e]::helpers::builder_hasmap_for_fields::build_hashmap_from_fields<test_get_parents[5ff0180089d06b3a]::ParentTest>::{closure#0}> as core[df12db4294e9bfd3]::iter::traits::iterator::Iterator>::fold::<(), core[df12db4294e9bfd3]::iter::traits::iterator::Iterator::for_each::call<(alloc[2182bb758b4b3781]::string::String, serde_json[b11822bdc2111be3]::value::Value), <hashbrown[521704cfbecc9503]::map::HashMap<alloc[2182bb758b4b3781]::string::String, serde_json[b11822bdc2111be3]::value::Value, std[70759c8f55707aa4]::hash::random::RandomState> as core[df12db4294e9bfd3]::iter::traits::collect::Extend<(alloc[2182bb758b4b3781]::string::String, serde_json[b11822bdc2111be3]::value::Value)>>::extend<core[df12db4294e9bfd3]::iter::adapters::map::Map<core[df12db4294e9bfd3]::slice::iter::Iter<&str>, generic_relation_helpers[11a8ec0c399681e]::helpers::builder_hasmap_for_fields::build_hashmap_from_fields<test_get_parents[5ff0180089d06b3a]::ParentTest>::{closure#0}>>::{closure#0}>::{closure#0}>
[INFO] [stdout]   15:     0x61c671172c2e - generic_relation_helpers[11a8ec0c399681e]::helpers::builder_hasmap_for_fields::build_hashmap_from_fields::<test_get_parents[5ff0180089d06b3a]::ParentTest>
[INFO] [stdout]   16:     0x61c671168cfc - <test_get_parents[5ff0180089d06b3a]::ParentTest as generic_relation_helpers[11a8ec0c399681e]::traits::trait_communs::GetValueFieldForSourceParent<test_get_parents[5ff0180089d06b3a]::EnfantTest>>::get_values_of_property
[INFO] [stdout]   17:     0x61c671171fce - <core[df12db4294e9bfd3]::iter::adapters::map::Map<core[df12db4294e9bfd3]::iter::adapters::filter::Filter<core[df12db4294e9bfd3]::slice::iter::Iter<test_get_parents[5ff0180089d06b3a]::ParentTest>, generic_relation_helpers[11a8ec0c399681e]::propers_link_childrens_with_parent::get_parents_with_their_childrens<test_get_parents[5ff0180089d06b3a]::ParentTest, test_get_parents[5ff0180089d06b3a]::JointureTest, test_get_parents[5ff0180089d06b3a]::EnfantTest, test_get_parents[5ff0180089d06b3a]::DestinationTest>::{closure#2}>, generic_relation_helpers[11a8ec0c399681e]::propers_link_childrens_with_parent::get_parents_with_their_childrens<test_get_parents[5ff0180089d06b3a]::ParentTest, test_get_parents[5ff0180089d06b3a]::JointureTest, test_get_parents[5ff0180089d06b3a]::EnfantTest, test_get_parents[5ff0180089d06b3a]::DestinationTest>::{closure#3}> as core[df12db4294e9bfd3]::iter::traits::iterator::Iterator>::next
[INFO] [stdout]   18:     0x61c671170946 - generic_relation_helpers[11a8ec0c399681e]::propers_link_childrens_with_parent::get_parents_with_their_childrens::<test_get_parents[5ff0180089d06b3a]::ParentTest, test_get_parents[5ff0180089d06b3a]::JointureTest, test_get_parents[5ff0180089d06b3a]::EnfantTest, test_get_parents[5ff0180089d06b3a]::DestinationTest>
[INFO] [stdout]   19:     0x61c67116a51d - <test_get_parents[5ff0180089d06b3a]::test_sans_filtre_retourne_tous_les_parents::{closure#0} as core[df12db4294e9bfd3]::ops::function::FnOnce<()>>::call_once
[INFO] [stdout]   20:     0x61c67117635b - test[9d35eded1c95d3be]::__rust_begin_short_backtrace::<core[df12db4294e9bfd3]::result::Result<(), alloc[2182bb758b4b3781]::string::String>, fn() -> core[df12db4294e9bfd3]::result::Result<(), alloc[2182bb758b4b3781]::string::String>>
[INFO] [stdout]   21:     0x61c6711839c5 - test[9d35eded1c95d3be]::run_test::{closure#0}
[INFO] [stdout]   22:     0x61c67117d284 - std[70759c8f55707aa4]::sys::backtrace::__rust_begin_short_backtrace::<test[9d35eded1c95d3be]::run_test::{closure#1}, ()>
[INFO] [stdout]   23:     0x61c671186b22 - <std[70759c8f55707aa4]::thread::lifecycle::spawn_unchecked<test[9d35eded1c95d3be]::run_test::{closure#1}, ()>::{closure#1} as core[df12db4294e9bfd3]::ops::function::FnOnce<()>>::call_once::{shim:vtable#0}
[INFO] [stdout]   24:     0x61c6711f1449 - <std[70759c8f55707aa4]::sys::thread::unix::Thread>::new::thread_start
[INFO] [stdout]   25:     0x7bbeae75edfa - <unknown>
[INFO] [stdout]   26:     0x7bbeae7f23d4 - clone
[INFO] [stdout]   27:                0x0 - <unknown>
[INFO] [stdout] 
[INFO] [stdout] ---- test_adresse_et_poster_correctement_transmis stdout ----
[INFO] [stdout] 
[INFO] [stdout] thread 'test_adresse_et_poster_correctement_transmis' (497) panicked at tests/test_get_parents.rs:79:59:
[INFO] [stdout] called `Option::unwrap()` on a `None` value
[INFO] [stdout] stack backtrace:
[INFO] [stdout]    0:     0x61c6711f1b71 - <<std[70759c8f55707aa4]::sys::backtrace::BacktraceLock>::print::DisplayBacktrace as core[df12db4294e9bfd3]::fmt::Display>::fmt
[INFO] [stdout]    1:     0x61c6712065ca - core[df12db4294e9bfd3]::fmt::write
[INFO] [stdout]    2:     0x61c6711f600c - <alloc[2182bb758b4b3781]::vec::Vec<u8> as core[df12db4294e9bfd3]::io::write::Write>::write_fmt
[INFO] [stdout]    3:     0x61c6711ce166 - std[70759c8f55707aa4]::panicking::default_hook::{closure#0}
[INFO] [stdout]    4:     0x61c6711ea2d9 - std[70759c8f55707aa4]::panicking::default_hook
[INFO] [stdout]    5:     0x61c671183070 - test[9d35eded1c95d3be]::test_main_inner::<test[9d35eded1c95d3be]::test_main_static::{closure#0}>::{closure#0}
[INFO] [stdout]    6:     0x61c6711ea492 - std[70759c8f55707aa4]::panicking::panic_with_hook
[INFO] [stdout]    7:     0x61c6711ce244 - std[70759c8f55707aa4]::panicking::panic_handler::{closure#0}
[INFO] [stdout]    8:     0x61c6711c6f99 - std[70759c8f55707aa4]::sys::backtrace::__rust_end_short_backtrace::<std[70759c8f55707aa4]::panicking::panic_handler::{closure#0}, !>
[INFO] [stdout]    9:     0x61c6711cee0d - __rustc[8fa7c3cbc660c2b3]::rust_begin_unwind
[INFO] [stdout]   10:     0x61c671206cfc - core[df12db4294e9bfd3]::panicking::panic_fmt
[INFO] [stdout]   11:     0x61c671206cc2 - core[df12db4294e9bfd3]::panicking::panic
[INFO] [stdout]   12:     0x61c671206a79 - core[df12db4294e9bfd3]::option::unwrap_failed
[INFO] [stdout]   13:     0x61c671168e7b - <test_get_parents[5ff0180089d06b3a]::ParentTest as generic_relation_helpers[11a8ec0c399681e]::traits::trait_communs::HasFields>::get_fields
[INFO] [stdout]   14:     0x61c67116e561 - <core[df12db4294e9bfd3]::iter::adapters::map::Map<core[df12db4294e9bfd3]::slice::iter::Iter<&str>, generic_relation_helpers[11a8ec0c399681e]::helpers::builder_hasmap_for_fields::build_hashmap_from_fields<test_get_parents[5ff0180089d06b3a]::ParentTest>::{closure#0}> as core[df12db4294e9bfd3]::iter::traits::iterator::Iterator>::fold::<(), core[df12db4294e9bfd3]::iter::traits::iterator::Iterator::for_each::call<(alloc[2182bb758b4b3781]::string::String, serde_json[b11822bdc2111be3]::value::Value), <hashbrown[521704cfbecc9503]::map::HashMap<alloc[2182bb758b4b3781]::string::String, serde_json[b11822bdc2111be3]::value::Value, std[70759c8f55707aa4]::hash::random::RandomState> as core[df12db4294e9bfd3]::iter::traits::collect::Extend<(alloc[2182bb758b4b3781]::string::String, serde_json[b11822bdc2111be3]::value::Value)>>::extend<core[df12db4294e9bfd3]::iter::adapters::map::Map<core[df12db4294e9bfd3]::slice::iter::Iter<&str>, generic_relation_helpers[11a8ec0c399681e]::helpers::builder_hasmap_for_fields::build_hashmap_from_fields<test_get_parents[5ff0180089d06b3a]::ParentTest>::{closure#0}>>::{closure#0}>::{closure#0}>
[INFO] [stdout]   15:     0x61c671172c2e - generic_relation_helpers[11a8ec0c399681e]::helpers::builder_hasmap_for_fields::build_hashmap_from_fields::<test_get_parents[5ff0180089d06b3a]::ParentTest>
[INFO] [stdout]   16:     0x61c671168cfc - <test_get_parents[5ff0180089d06b3a]::ParentTest as generic_relation_helpers[11a8ec0c399681e]::traits::trait_communs::GetValueFieldForSourceParent<test_get_parents[5ff0180089d06b3a]::EnfantTest>>::get_values_of_property
[INFO] [stdout]   17:     0x61c671171fce - <core[df12db4294e9bfd3]::iter::adapters::map::Map<core[df12db4294e9bfd3]::iter::adapters::filter::Filter<core[df12db4294e9bfd3]::slice::iter::Iter<test_get_parents[5ff0180089d06b3a]::ParentTest>, generic_relation_helpers[11a8ec0c399681e]::propers_link_childrens_with_parent::get_parents_with_their_childrens<test_get_parents[5ff0180089d06b3a]::ParentTest, test_get_parents[5ff0180089d06b3a]::JointureTest, test_get_parents[5ff0180089d06b3a]::EnfantTest, test_get_parents[5ff0180089d06b3a]::DestinationTest>::{closure#2}>, generic_relation_helpers[11a8ec0c399681e]::propers_link_childrens_with_parent::get_parents_with_their_childrens<test_get_parents[5ff0180089d06b3a]::ParentTest, test_get_parents[5ff0180089d06b3a]::JointureTest, test_get_parents[5ff0180089d06b3a]::EnfantTest, test_get_parents[5ff0180089d06b3a]::DestinationTest>::{closure#3}> as core[df12db4294e9bfd3]::iter::traits::iterator::Iterator>::next
[INFO] [stdout]   18:     0x61c671170946 - generic_relation_helpers[11a8ec0c399681e]::propers_link_childrens_with_parent::get_parents_with_their_childrens::<test_get_parents[5ff0180089d06b3a]::ParentTest, test_get_parents[5ff0180089d06b3a]::JointureTest, test_get_parents[5ff0180089d06b3a]::EnfantTest, test_get_parents[5ff0180089d06b3a]::DestinationTest>
[INFO] [stdout]   19:     0x61c67116a809 - <test_get_parents[5ff0180089d06b3a]::test_adresse_et_poster_correctement_transmis::{closure#0} as core[df12db4294e9bfd3]::ops::function::FnOnce<()>>::call_once
[INFO] [stdout]   20:     0x61c67117635b - test[9d35eded1c95d3be]::__rust_begin_short_backtrace::<core[df12db4294e9bfd3]::result::Result<(), alloc[2182bb758b4b3781]::string::String>, fn() -> core[df12db4294e9bfd3]::result::Result<(), alloc[2182bb758b4b3781]::string::String>>
[INFO] [stdout]   21:     0x61c6711839c5 - test[9d35eded1c95d3be]::run_test::{closure#0}
[INFO] [stdout]   22:     0x61c67117d284 - std[70759c8f55707aa4]::sys::backtrace::__rust_begin_short_backtrace::<test[9d35eded1c95d3be]::run_test::{closure#1}, ()>
[INFO] [stdout]   23:     0x61c671186b22 - <std[70759c8f55707aa4]::thread::lifecycle::spawn_unchecked<test[9d35eded1c95d3be]::run_test::{closure#1}, ()>::{closure#1} as core[df12db4294e9bfd3]::ops::function::FnOnce<()>>::call_once::{shim:vtable#0}
[INFO] [stdout]   24:     0x61c6711f1449 - <std[70759c8f55707aa4]::sys::thread::unix::Thread>::new::thread_start
[INFO] [stdout]   25:     0x7bbeae75edfa - <unknown>
[INFO] [stdout]   26:     0x7bbeae7f23d4 - clone
[INFO] [stdout]   27:                0x0 - <unknown>
[INFO] [stdout] 
[INFO] [stdout] ---- test_orphelin_dans_source_enfants_est_ignore stdout ----
[INFO] [stdout] 
[INFO] [stdout] thread 'test_orphelin_dans_source_enfants_est_ignore' (508) panicked at tests/test_get_parents.rs:79:59:
[INFO] [stdout] called `Option::unwrap()` on a `None` value
[INFO] [stdout] stack backtrace:
[INFO] [stdout]    0:     0x61c6711f1b71 - <<std[70759c8f55707aa4]::sys::backtrace::BacktraceLock>::print::DisplayBacktrace as core[df12db4294e9bfd3]::fmt::Display>::fmt
[INFO] [stdout]    1:     0x61c6712065ca - core[df12db4294e9bfd3]::fmt::write
[INFO] [stdout]    2:     0x61c6711f600c - <alloc[2182bb758b4b3781]::vec::Vec<u8> as core[df12db4294e9bfd3]::io::write::Write>::write_fmt
[INFO] [stdout]    3:     0x61c6711ce166 - std[70759c8f55707aa4]::panicking::default_hook::{closure#0}
[INFO] [stdout]    4:     0x61c6711ea2d9 - std[70759c8f55707aa4]::panicking::default_hook
[INFO] [stdout]    5:     0x61c671183070 - test[9d35eded1c95d3be]::test_main_inner::<test[9d35eded1c95d3be]::test_main_static::{closure#0}>::{closure#0}
[INFO] [stdout]    6:     0x61c6711ea492 - std[70759c8f55707aa4]::panicking::panic_with_hook
[INFO] [stdout]    7:     0x61c6711ce244 - std[70759c8f55707aa4]::panicking::panic_handler::{closure#0}
[INFO] [stdout]    8:     0x61c6711c6f99 - std[70759c8f55707aa4]::sys::backtrace::__rust_end_short_backtrace::<std[70759c8f55707aa4]::panicking::panic_handler::{closure#0}, !>
[INFO] [stdout]    9:     0x61c6711cee0d - __rustc[8fa7c3cbc660c2b3]::rust_begin_unwind
[INFO] [stdout]   10:     0x61c671206cfc - core[df12db4294e9bfd3]::panicking::panic_fmt
[INFO] [stdout]   11:     0x61c671206cc2 - core[df12db4294e9bfd3]::panicking::panic
[INFO] [stdout]   12:     0x61c671206a79 - core[df12db4294e9bfd3]::option::unwrap_failed
[INFO] [stdout]   13:     0x61c671168e7b - <test_get_parents[5ff0180089d06b3a]::ParentTest as generic_relation_helpers[11a8ec0c399681e]::traits::trait_communs::HasFields>::get_fields
[INFO] [stdout]   14:     0x61c67116e561 - <core[df12db4294e9bfd3]::iter::adapters::map::Map<core[df12db4294e9bfd3]::slice::iter::Iter<&str>, generic_relation_helpers[11a8ec0c399681e]::helpers::builder_hasmap_for_fields::build_hashmap_from_fields<test_get_parents[5ff0180089d06b3a]::ParentTest>::{closure#0}> as core[df12db4294e9bfd3]::iter::traits::iterator::Iterator>::fold::<(), core[df12db4294e9bfd3]::iter::traits::iterator::Iterator::for_each::call<(alloc[2182bb758b4b3781]::string::String, serde_json[b11822bdc2111be3]::value::Value), <hashbrown[521704cfbecc9503]::map::HashMap<alloc[2182bb758b4b3781]::string::String, serde_json[b11822bdc2111be3]::value::Value, std[70759c8f55707aa4]::hash::random::RandomState> as core[df12db4294e9bfd3]::iter::traits::collect::Extend<(alloc[2182bb758b4b3781]::string::String, serde_json[b11822bdc2111be3]::value::Value)>>::extend<core[df12db4294e9bfd3]::iter::adapters::map::Map<core[df12db4294e9bfd3]::slice::iter::Iter<&str>, generic_relation_helpers[11a8ec0c399681e]::helpers::builder_hasmap_for_fields::build_hashmap_from_fields<test_get_parents[5ff0180089d06b3a]::ParentTest>::{closure#0}>>::{closure#0}>::{closure#0}>
[INFO] [stdout]   15:     0x61c671172c2e - generic_relation_helpers[11a8ec0c399681e]::helpers::builder_hasmap_for_fields::build_hashmap_from_fields::<test_get_parents[5ff0180089d06b3a]::ParentTest>
[INFO] [stdout]   16:     0x61c671168cfc - <test_get_parents[5ff0180089d06b3a]::ParentTest as generic_relation_helpers[11a8ec0c399681e]::traits::trait_communs::GetValueFieldForSourceParent<test_get_parents[5ff0180089d06b3a]::EnfantTest>>::get_values_of_property
[INFO] [stdout]   17:     0x61c671171fce - <core[df12db4294e9bfd3]::iter::adapters::map::Map<core[df12db4294e9bfd3]::iter::adapters::filter::Filter<core[df12db4294e9bfd3]::slice::iter::Iter<test_get_parents[5ff0180089d06b3a]::ParentTest>, generic_relation_helpers[11a8ec0c399681e]::propers_link_childrens_with_parent::get_parents_with_their_childrens<test_get_parents[5ff0180089d06b3a]::ParentTest, test_get_parents[5ff0180089d06b3a]::JointureTest, test_get_parents[5ff0180089d06b3a]::EnfantTest, test_get_parents[5ff0180089d06b3a]::DestinationTest>::{closure#2}>, generic_relation_helpers[11a8ec0c399681e]::propers_link_childrens_with_parent::get_parents_with_their_childrens<test_get_parents[5ff0180089d06b3a]::ParentTest, test_get_parents[5ff0180089d06b3a]::JointureTest, test_get_parents[5ff0180089d06b3a]::EnfantTest, test_get_parents[5ff0180089d06b3a]::DestinationTest>::{closure#3}> as core[df12db4294e9bfd3]::iter::traits::iterator::Iterator>::next
[INFO] [stdout]   18:     0x61c671170946 - generic_relation_helpers[11a8ec0c399681e]::propers_link_childrens_with_parent::get_parents_with_their_childrens::<test_get_parents[5ff0180089d06b3a]::ParentTest, test_get_parents[5ff0180089d06b3a]::JointureTest, test_get_parents[5ff0180089d06b3a]::EnfantTest, test_get_parents[5ff0180089d06b3a]::DestinationTest>
[INFO] [stdout]   19:     0x61c67116ac58 - <test_get_parents[5ff0180089d06b3a]::test_orphelin_dans_source_enfants_est_ignore::{closure#0} as core[df12db4294e9bfd3]::ops::function::FnOnce<()>>::call_once
[INFO] [stdout]   20:     0x61c67117635b - test[9d35eded1c95d3be]::__rust_begin_short_backtrace::<core[df12db4294e9bfd3]::result::Result<(), alloc[2182bb758b4b3781]::string::String>, fn() -> core[df12db4294e9bfd3]::result::Result<(), alloc[2182bb758b4b3781]::string::String>>
[INFO] [stdout]   21:     0x61c6711839c5 - test[9d35eded1c95d3be]::run_test::{closure#0}
[INFO] [stdout]   22:     0x61c67117d284 - std[70759c8f55707aa4]::sys::backtrace::__rust_begin_short_backtrace::<test[9d35eded1c95d3be]::run_test::{closure#1}, ()>
[INFO] [stdout]   23:     0x61c671186b22 - <std[70759c8f55707aa4]::thread::lifecycle::spawn_unchecked<test[9d35eded1c95d3be]::run_test::{closure#1}, ()>::{closure#1} as core[df12db4294e9bfd3]::ops::function::FnOnce<()>>::call_once::{shim:vtable#0}
[INFO] [stdout]   24:     0x61c6711f1449 - <std[70759c8f55707aa4]::sys::thread::unix::Thread>::new::thread_start
[INFO] [stdout]   25:     0x7bbeae75edfa - <unknown>
[INFO] [stdout]   26:     0x7bbeae7f23d4 - clone
[INFO] [stdout]   27:                0x0 - <unknown>
[INFO] [stdout] 
[INFO] [stdout] ---- test_parent_sans_enfants_retourne_vec_vide stdout ----
[INFO] [stdout] 
[INFO] [stdout] thread 'test_parent_sans_enfants_retourne_vec_vide' (509) panicked at tests/test_get_parents.rs:78:61:
[INFO] [stdout] called `Option::unwrap()` on a `None` value
[INFO] [stdout] stack backtrace:
[INFO] [stdout]    0:     0x61c6711f1b71 - <<std[70759c8f55707aa4]::sys::backtrace::BacktraceLock>::print::DisplayBacktrace as core[df12db4294e9bfd3]::fmt::Display>::fmt
[INFO] [stdout]    1:     0x61c6712065ca - core[df12db4294e9bfd3]::fmt::write
[INFO] [stdout]    2:     0x61c6711f600c - <alloc[2182bb758b4b3781]::vec::Vec<u8> as core[df12db4294e9bfd3]::io::write::Write>::write_fmt
[INFO] [stdout]    3:     0x61c6711ce166 - std[70759c8f55707aa4]::panicking::default_hook::{closure#0}
[INFO] [stdout]    4:     0x61c6711ea2d9 - std[70759c8f55707aa4]::panicking::default_hook
[INFO] [stdout]    5:     0x61c671183070 - test[9d35eded1c95d3be]::test_main_inner::<test[9d35eded1c95d3be]::test_main_static::{closure#0}>::{closure#0}
[INFO] [stdout]    6:     0x61c6711ea492 - std[70759c8f55707aa4]::panicking::panic_with_hook
[INFO] [stdout]    7:     0x61c6711ce244 - std[70759c8f55707aa4]::panicking::panic_handler::{closure#0}
[INFO] [stdout]    8:     0x61c6711c6f99 - std[70759c8f55707aa4]::sys::backtrace::__rust_end_short_backtrace::<std[70759c8f55707aa4]::panicking::panic_handler::{closure#0}, !>
[INFO] [stdout]    9:     0x61c6711cee0d - __rustc[8fa7c3cbc660c2b3]::rust_begin_unwind
[INFO] [stdout]   10:     0x61c671206cfc - core[df12db4294e9bfd3]::panicking::panic_fmt
[INFO] [stdout]   11:     0x61c671206cc2 - core[df12db4294e9bfd3]::panicking::panic
[INFO] [stdout]   12:     0x61c671206a79 - core[df12db4294e9bfd3]::option::unwrap_failed
[INFO] [stdout]   13:     0x61c671168e88 - <test_get_parents[5ff0180089d06b3a]::ParentTest as generic_relation_helpers[11a8ec0c399681e]::traits::trait_communs::HasFields>::get_fields
[INFO] [stdout]   14:     0x61c67116e561 - <core[df12db4294e9bfd3]::iter::adapters::map::Map<core[df12db4294e9bfd3]::slice::iter::Iter<&str>, generic_relation_helpers[11a8ec0c399681e]::helpers::builder_hasmap_for_fields::build_hashmap_from_fields<test_get_parents[5ff0180089d06b3a]::ParentTest>::{closure#0}> as core[df12db4294e9bfd3]::iter::traits::iterator::Iterator>::fold::<(), core[df12db4294e9bfd3]::iter::traits::iterator::Iterator::for_each::call<(alloc[2182bb758b4b3781]::string::String, serde_json[b11822bdc2111be3]::value::Value), <hashbrown[521704cfbecc9503]::map::HashMap<alloc[2182bb758b4b3781]::string::String, serde_json[b11822bdc2111be3]::value::Value, std[70759c8f55707aa4]::hash::random::RandomState> as core[df12db4294e9bfd3]::iter::traits::collect::Extend<(alloc[2182bb758b4b3781]::string::String, serde_json[b11822bdc2111be3]::value::Value)>>::extend<core[df12db4294e9bfd3]::iter::adapters::map::Map<core[df12db4294e9bfd3]::slice::iter::Iter<&str>, generic_relation_helpers[11a8ec0c399681e]::helpers::builder_hasmap_for_fields::build_hashmap_from_fields<test_get_parents[5ff0180089d06b3a]::ParentTest>::{closure#0}>>::{closure#0}>::{closure#0}>
[INFO] [stdout]   15:     0x61c671172c2e - generic_relation_helpers[11a8ec0c399681e]::helpers::builder_hasmap_for_fields::build_hashmap_from_fields::<test_get_parents[5ff0180089d06b3a]::ParentTest>
[INFO] [stdout]   16:     0x61c671168cfc - <test_get_parents[5ff0180089d06b3a]::ParentTest as generic_relation_helpers[11a8ec0c399681e]::traits::trait_communs::GetValueFieldForSourceParent<test_get_parents[5ff0180089d06b3a]::EnfantTest>>::get_values_of_property
[INFO] [stdout]   17:     0x61c671171fce - <core[df12db4294e9bfd3]::iter::adapters::map::Map<core[df12db4294e9bfd3]::iter::adapters::filter::Filter<core[df12db4294e9bfd3]::slice::iter::Iter<test_get_parents[5ff0180089d06b3a]::ParentTest>, generic_relation_helpers[11a8ec0c399681e]::propers_link_childrens_with_parent::get_parents_with_their_childrens<test_get_parents[5ff0180089d06b3a]::ParentTest, test_get_parents[5ff0180089d06b3a]::JointureTest, test_get_parents[5ff0180089d06b3a]::EnfantTest, test_get_parents[5ff0180089d06b3a]::DestinationTest>::{closure#2}>, generic_relation_helpers[11a8ec0c399681e]::propers_link_childrens_with_parent::get_parents_with_their_childrens<test_get_parents[5ff0180089d06b3a]::ParentTest, test_get_parents[5ff0180089d06b3a]::JointureTest, test_get_parents[5ff0180089d06b3a]::EnfantTest, test_get_parents[5ff0180089d06b3a]::DestinationTest>::{closure#3}> as core[df12db4294e9bfd3]::iter::traits::iterator::Iterator>::next
[INFO] [stdout]   18:     0x61c671170946 - generic_relation_helpers[11a8ec0c399681e]::propers_link_childrens_with_parent::get_parents_with_their_childrens::<test_get_parents[5ff0180089d06b3a]::ParentTest, test_get_parents[5ff0180089d06b3a]::JointureTest, test_get_parents[5ff0180089d06b3a]::EnfantTest, test_get_parents[5ff0180089d06b3a]::DestinationTest>
[INFO] [stdout]   19:     0x61c67116a282 - <test_get_parents[5ff0180089d06b3a]::test_parent_sans_enfants_retourne_vec_vide::{closure#0} as core[df12db4294e9bfd3]::ops::function::FnOnce<()>>::call_once
[INFO] [stdout]   20:     0x61c67117635b - test[9d35eded1c95d3be]::__rust_begin_short_backtrace::<core[df12db4294e9bfd3]::result::Result<(), alloc[2182bb758b4b3781]::string::String>, fn() -> core[df12db4294e9bfd3]::result::Result<(), alloc[2182bb758b4b3781]::string::String>>
[INFO] [stdout]   21:     0x61c6711839c5 - test[9d35eded1c95d3be]::run_test::{closure#0}
[INFO] [stdout]   22:     0x61c67117d284 - std[70759c8f55707aa4]::sys::backtrace::__rust_begin_short_backtrace::<test[9d35eded1c95d3be]::run_test::{closure#1}, ()>
[INFO] [stdout]   23:     0x61c671186b22 - <std[70759c8f55707aa4]::thread::lifecycle::spawn_unchecked<test[9d35eded1c95d3be]::run_test::{closure#1}, ()>::{closure#1} as core[df12db4294e9bfd3]::ops::function::FnOnce<()>>::call_once::{shim:vtable#0}
[INFO] [stdout]   24:     0x61c6711f1449 - <std[70759c8f55707aa4]::sys::thread::unix::Thread>::new::thread_start
[INFO] [stdout]   25:     0x7bbeae75edfa - <unknown>
[INFO] [stdout]   26:     0x7bbeae7f23d4 - clone
[INFO] [stdout]   27:                0x0 - <unknown>
[INFO] [stdout] 
[INFO] [stdout] ---- test_filtre_begin_retourne_parents_qui_commencent_par stdout ----
[INFO] [stdout] 
[INFO] [stdout] thread 'test_filtre_begin_retourne_parents_qui_commencent_par' (502) panicked at tests/test_get_parents.rs:79:59:
[INFO] [stdout] called `Option::unwrap()` on a `None` value
[INFO] [stdout] stack backtrace:
[INFO] [stdout]    0:     0x61c6711f1b71 - <<std[70759c8f55707aa4]::sys::backtrace::BacktraceLock>::print::DisplayBacktrace as core[df12db4294e9bfd3]::fmt::Display>::fmt
[INFO] [stdout]    1:     0x61c6712065ca - core[df12db4294e9bfd3]::fmt::write
[INFO] [stdout]    2:     0x61c6711f600c - <alloc[2182bb758b4b3781]::vec::Vec<u8> as core[df12db4294e9bfd3]::io::write::Write>::write_fmt
[INFO] [stdout]    3:     0x61c6711ce166 - std[70759c8f55707aa4]::panicking::default_hook::{closure#0}
[INFO] [stdout]    4:     0x61c6711ea2d9 - std[70759c8f55707aa4]::panicking::default_hook
[INFO] [stdout]    5:     0x61c671183070 - test[9d35eded1c95d3be]::test_main_inner::<test[9d35eded1c95d3be]::test_main_static::{closure#0}>::{closure#0}
[INFO] [stdout]    6:     0x61c6711ea492 - std[70759c8f55707aa4]::panicking::panic_with_hook
[INFO] [stdout]    7:     0x61c6711ce244 - std[70759c8f55707aa4]::panicking::panic_handler::{closure#0}
[INFO] [stdout]    8:     0x61c6711c6f99 - std[70759c8f55707aa4]::sys::backtrace::__rust_end_short_backtrace::<std[70759c8f55707aa4]::panicking::panic_handler::{closure#0}, !>
[INFO] [stdout]    9:     0x61c6711cee0d - __rustc[8fa7c3cbc660c2b3]::rust_begin_unwind
[INFO] [stdout]   10:     0x61c671206cfc - core[df12db4294e9bfd3]::panicking::panic_fmt
[INFO] [stdout]   11:     0x61c671206cc2 - core[df12db4294e9bfd3]::panicking::panic
[INFO] [stdout]   12:     0x61c671206a79 - core[df12db4294e9bfd3]::option::unwrap_failed
[INFO] [stdout]   13:     0x61c671168e7b - <test_get_parents[5ff0180089d06b3a]::ParentTest as generic_relation_helpers[11a8ec0c399681e]::traits::trait_communs::HasFields>::get_fields
[INFO] [stdout]   14:     0x61c67116e561 - <core[df12db4294e9bfd3]::iter::adapters::map::Map<core[df12db4294e9bfd3]::slice::iter::Iter<&str>, generic_relation_helpers[11a8ec0c399681e]::helpers::builder_hasmap_for_fields::build_hashmap_from_fields<test_get_parents[5ff0180089d06b3a]::ParentTest>::{closure#0}> as core[df12db4294e9bfd3]::iter::traits::iterator::Iterator>::fold::<(), core[df12db4294e9bfd3]::iter::traits::iterator::Iterator::for_each::call<(alloc[2182bb758b4b3781]::string::String, serde_json[b11822bdc2111be3]::value::Value), <hashbrown[521704cfbecc9503]::map::HashMap<alloc[2182bb758b4b3781]::string::String, serde_json[b11822bdc2111be3]::value::Value, std[70759c8f55707aa4]::hash::random::RandomState> as core[df12db4294e9bfd3]::iter::traits::collect::Extend<(alloc[2182bb758b4b3781]::string::String, serde_json[b11822bdc2111be3]::value::Value)>>::extend<core[df12db4294e9bfd3]::iter::adapters::map::Map<core[df12db4294e9bfd3]::slice::iter::Iter<&str>, generic_relation_helpers[11a8ec0c399681e]::helpers::builder_hasmap_for_fields::build_hashmap_from_fields<test_get_parents[5ff0180089d06b3a]::ParentTest>::{closure#0}>>::{closure#0}>::{closure#0}>
[INFO] [stdout]   15:     0x61c671172c2e - generic_relation_helpers[11a8ec0c399681e]::helpers::builder_hasmap_for_fields::build_hashmap_from_fields::<test_get_parents[5ff0180089d06b3a]::ParentTest>
[INFO] [stdout]   16:     0x61c671168cfc - <test_get_parents[5ff0180089d06b3a]::ParentTest as generic_relation_helpers[11a8ec0c399681e]::traits::trait_communs::GetValueFieldForSourceParent<test_get_parents[5ff0180089d06b3a]::EnfantTest>>::get_values_of_property
[INFO] [stdout]   17:     0x61c671171fce - <core[df12db4294e9bfd3]::iter::adapters::map::Map<core[df12db4294e9bfd3]::iter::adapters::filter::Filter<core[df12db4294e9bfd3]::slice::iter::Iter<test_get_parents[5ff0180089d06b3a]::ParentTest>, generic_relation_helpers[11a8ec0c399681e]::propers_link_childrens_with_parent::get_parents_with_their_childrens<test_get_parents[5ff0180089d06b3a]::ParentTest, test_get_parents[5ff0180089d06b3a]::JointureTest, test_get_parents[5ff0180089d06b3a]::EnfantTest, test_get_parents[5ff0180089d06b3a]::DestinationTest>::{closure#2}>, generic_relation_helpers[11a8ec0c399681e]::propers_link_childrens_with_parent::get_parents_with_their_childrens<test_get_parents[5ff0180089d06b3a]::ParentTest, test_get_parents[5ff0180089d06b3a]::JointureTest, test_get_parents[5ff0180089d06b3a]::EnfantTest, test_get_parents[5ff0180089d06b3a]::DestinationTest>::{closure#3}> as core[df12db4294e9bfd3]::iter::traits::iterator::Iterator>::next
[INFO] [stdout]   18:     0x61c671170946 - generic_relation_helpers[11a8ec0c399681e]::propers_link_childrens_with_parent::get_parents_with_their_childrens::<test_get_parents[5ff0180089d06b3a]::ParentTest, test_get_parents[5ff0180089d06b3a]::JointureTest, test_get_parents[5ff0180089d06b3a]::EnfantTest, test_get_parents[5ff0180089d06b3a]::DestinationTest>
[INFO] [stdout]   19:     0x61c67116bdd8 - <test_get_parents[5ff0180089d06b3a]::test_filtre_begin_retourne_parents_qui_commencent_par::{closure#0} as core[df12db4294e9bfd3]::ops::function::FnOnce<()>>::call_once
[INFO] [stdout]   20:     0x61c67117635b - test[9d35eded1c95d3be]::__rust_begin_short_backtrace::<core[df12db4294e9bfd3]::result::Result<(), alloc[2182bb758b4b3781]::string::String>, fn() -> core[df12db4294e9bfd3]::result::Result<(), alloc[2182bb758b4b3781]::string::String>>
[INFO] [stdout]   21:     0x61c6711839c5 - test[9d35eded1c95d3be]::run_test::{closure#0}
[INFO] [stdout]   22:     0x61c67117d284 - std[70759c8f55707aa4]::sys::backtrace::__rust_begin_short_backtrace::<test[9d35eded1c95d3be]::run_test::{closure#1}, ()>
[INFO] [stdout]   23:     0x61c671186b22 - <std[70759c8f55707aa4]::thread::lifecycle::spawn_unchecked<test[9d35eded1c95d3be]::run_test::{closure#1}, ()>::{closure#1} as core[df12db4294e9bfd3]::ops::function::FnOnce<()>>::call_once::{shim:vtable#0}
[INFO] [stdout]   24:     0x61c6711f1449 - <std[70759c8f55707aa4]::sys::thread::unix::Thread>::new::thread_start
[INFO] [stdout]   25:     0x7bbeae75edfa - <unknown>
[INFO] [stdout]   26:     0x7bbeae7f23d4 - clone
[INFO] [stdout]   27:                0x0 - <unknown>
[INFO] [stdout] 
[INFO] [stdout] ---- test_adresse_none_retournee_correctement stdout ----
[INFO] [stdout] 
[INFO] [stdout] thread 'test_adresse_none_retournee_correctement' (498) panicked at tests/test_get_parents.rs:78:61:
[INFO] [stdout] called `Option::unwrap()` on a `None` value
[INFO] [stdout] stack backtrace:
[INFO] [stdout]    0:     0x61c6711f1b71 - <<std[70759c8f55707aa4]::sys::backtrace::BacktraceLock>::print::DisplayBacktrace as core[df12db4294e9bfd3]::fmt::Display>::fmt
[INFO] [stdout]    1:     0x61c6712065ca - core[df12db4294e9bfd3]::fmt::write
[INFO] [stdout]    2:     0x61c6711f600c - <alloc[2182bb758b4b3781]::vec::Vec<u8> as core[df12db4294e9bfd3]::io::write::Write>::write_fmt
[INFO] [stdout]    3:     0x61c6711ce166 - std[70759c8f55707aa4]::panicking::default_hook::{closure#0}
[INFO] [stdout]    4:     0x61c6711ea2d9 - std[70759c8f55707aa4]::panicking::default_hook
[INFO] [stdout]    5:     0x61c671183070 - test[9d35eded1c95d3be]::test_main_inner::<test[9d35eded1c95d3be]::test_main_static::{closure#0}>::{closure#0}
[INFO] [stdout]    6:     0x61c6711ea492 - std[70759c8f55707aa4]::panicking::panic_with_hook
[INFO] [stdout]    7:     0x61c6711ce244 - std[70759c8f55707aa4]::panicking::panic_handler::{closure#0}
[INFO] [stdout]    8:     0x61c6711c6f99 - std[70759c8f55707aa4]::sys::backtrace::__rust_end_short_backtrace::<std[70759c8f55707aa4]::panicking::panic_handler::{closure#0}, !>
[INFO] [stdout]    9:     0x61c6711cee0d - __rustc[8fa7c3cbc660c2b3]::rust_begin_unwind
[INFO] [stdout]   10:     0x61c671206cfc - core[df12db4294e9bfd3]::panicking::panic_fmt
[INFO] [stdout]   11:     0x61c671206cc2 - core[df12db4294e9bfd3]::panicking::panic
[INFO] [stdout]   12:     0x61c671206a79 - core[df12db4294e9bfd3]::option::unwrap_failed
[INFO] [stdout]   13:     0x61c671168e88 - <test_get_parents[5ff0180089d06b3a]::ParentTest as generic_relation_helpers[11a8ec0c399681e]::traits::trait_communs::HasFields>::get_fields
[INFO] [stdout]   14:     0x61c67116e561 - <core[df12db4294e9bfd3]::iter::adapters::map::Map<core[df12db4294e9bfd3]::slice::iter::Iter<&str>, generic_relation_helpers[11a8ec0c399681e]::helpers::builder_hasmap_for_fields::build_hashmap_from_fields<test_get_parents[5ff0180089d06b3a]::ParentTest>::{closure#0}> as core[df12db4294e9bfd3]::iter::traits::iterator::Iterator>::fold::<(), core[df12db4294e9bfd3]::iter::traits::iterator::Iterator::for_each::call<(alloc[2182bb758b4b3781]::string::String, serde_json[b11822bdc2111be3]::value::Value), <hashbrown[521704cfbecc9503]::map::HashMap<alloc[2182bb758b4b3781]::string::String, serde_json[b11822bdc2111be3]::value::Value, std[70759c8f55707aa4]::hash::random::RandomState> as core[df12db4294e9bfd3]::iter::traits::collect::Extend<(alloc[2182bb758b4b3781]::string::String, serde_json[b11822bdc2111be3]::value::Value)>>::extend<core[df12db4294e9bfd3]::iter::adapters::map::Map<core[df12db4294e9bfd3]::slice::iter::Iter<&str>, generic_relation_helpers[11a8ec0c399681e]::helpers::builder_hasmap_for_fields::build_hashmap_from_fields<test_get_parents[5ff0180089d06b3a]::ParentTest>::{closure#0}>>::{closure#0}>::{closure#0}>
[INFO] [stdout]   15:     0x61c671172c2e - generic_relation_helpers[11a8ec0c399681e]::helpers::builder_hasmap_for_fields::build_hashmap_from_fields::<test_get_parents[5ff0180089d06b3a]::ParentTest>
[INFO] [stdout]   16:     0x61c671168cfc - <test_get_parents[5ff0180089d06b3a]::ParentTest as generic_relation_helpers[11a8ec0c399681e]::traits::trait_communs::GetValueFieldForSourceParent<test_get_parents[5ff0180089d06b3a]::EnfantTest>>::get_values_of_property
[INFO] [stdout]   17:     0x61c671171fce - <core[df12db4294e9bfd3]::iter::adapters::map::Map<core[df12db4294e9bfd3]::iter::adapters::filter::Filter<core[df12db4294e9bfd3]::slice::iter::Iter<test_get_parents[5ff0180089d06b3a]::ParentTest>, generic_relation_helpers[11a8ec0c399681e]::propers_link_childrens_with_parent::get_parents_with_their_childrens<test_get_parents[5ff0180089d06b3a]::ParentTest, test_get_parents[5ff0180089d06b3a]::JointureTest, test_get_parents[5ff0180089d06b3a]::EnfantTest, test_get_parents[5ff0180089d06b3a]::DestinationTest>::{closure#2}>, generic_relation_helpers[11a8ec0c399681e]::propers_link_childrens_with_parent::get_parents_with_their_childrens<test_get_parents[5ff0180089d06b3a]::ParentTest, test_get_parents[5ff0180089d06b3a]::JointureTest, test_get_parents[5ff0180089d06b3a]::EnfantTest, test_get_parents[5ff0180089d06b3a]::DestinationTest>::{closure#3}> as core[df12db4294e9bfd3]::iter::traits::iterator::Iterator>::next
[INFO] [stdout]   18:     0x61c671170946 - generic_relation_helpers[11a8ec0c399681e]::propers_link_childrens_with_parent::get_parents_with_their_childrens::<test_get_parents[5ff0180089d06b3a]::ParentTest, test_get_parents[5ff0180089d06b3a]::JointureTest, test_get_parents[5ff0180089d06b3a]::EnfantTest, test_get_parents[5ff0180089d06b3a]::DestinationTest>
[INFO] [stdout]   19:     0x61c671169895 - <test_get_parents[5ff0180089d06b3a]::test_adresse_none_retournee_correctement::{closure#0} as core[df12db4294e9bfd3]::ops::function::FnOnce<()>>::call_once
[INFO] [stdout]   20:     0x61c67117635b - test[9d35eded1c95d3be]::__rust_begin_short_backtrace::<core[df12db4294e9bfd3]::result::Result<(), alloc[2182bb758b4b3781]::string::String>, fn() -> core[df12db4294e9bfd3]::result::Result<(), alloc[2182bb758b4b3781]::string::String>>
[INFO] [stdout]   21:     0x61c6711839c5 - test[9d35eded1c95d3be]::run_test::{closure#0}
[INFO] [stdout]   22:     0x61c67117d284 - std[70759c8f55707aa4]::sys::backtrace::__rust_begin_short_backtrace::<test[9d35eded1c95d3be]::run_test::{closure#1}, ()>
[INFO] [stdout]   23:     0x61c671186b22 - <std[70759c8f55707aa4]::thread::lifecycle::spawn_unchecked<test[9d35eded1c95d3be]::run_test::{closure#1}, ()>::{closure#1} as core[df12db4294e9bfd3]::ops::function::FnOnce<()>>::call_once::{shim:vtable#0}
[INFO] [stdout]   24:     0x61c6711f1449 - <std[70759c8f55707aa4]::sys::thread::unix::Thread>::new::thread_start
[INFO] [stdout]   25:     0x7bbeae75edfa - <unknown>
[INFO] [stdout]   26:     0x7bbeae7f23d4 - clone
[INFO] [stdout]   27:                0x0 - <unknown>
[INFO] [stdout] 
[INFO] [stdout] ---- test_sans_filtre_enfants_correctement_associes stdout ----
[INFO] [stdout] 
[INFO] [stdout] thread 'test_sans_filtre_enfants_correctement_associes' (510) panicked at tests/test_get_parents.rs:79:59:
[INFO] [stdout] called `Option::unwrap()` on a `None` value
[INFO] [stdout] stack backtrace:
[INFO] [stdout]    0:     0x61c6711f1b71 - <<std[70759c8f55707aa4]::sys::backtrace::BacktraceLock>::print::DisplayBacktrace as core[df12db4294e9bfd3]::fmt::Display>::fmt
[INFO] [stdout]    1:     0x61c6712065ca - core[df12db4294e9bfd3]::fmt::write
[INFO] [stdout]    2:     0x61c6711f600c - <alloc[2182bb758b4b3781]::vec::Vec<u8> as core[df12db4294e9bfd3]::io::write::Write>::write_fmt
[INFO] [stdout]    3:     0x61c6711ce166 - std[70759c8f55707aa4]::panicking::default_hook::{closure#0}
[INFO] [stdout]    4:     0x61c6711ea2d9 - std[70759c8f55707aa4]::panicking::default_hook
[INFO] [stdout]    5:     0x61c671183070 - test[9d35eded1c95d3be]::test_main_inner::<test[9d35eded1c95d3be]::test_main_static::{closure#0}>::{closure#0}
[INFO] [stdout]    6:     0x61c6711ea492 - std[70759c8f55707aa4]::panicking::panic_with_hook
[INFO] [stdout]    7:     0x61c6711ce244 - std[70759c8f55707aa4]::panicking::panic_handler::{closure#0}
[INFO] [stdout]    8:     0x61c6711c6f99 - std[70759c8f55707aa4]::sys::backtrace::__rust_end_short_backtrace::<std[70759c8f55707aa4]::panicking::panic_handler::{closure#0}, !>
[INFO] [stdout]    9:     0x61c6711cee0d - __rustc[8fa7c3cbc660c2b3]::rust_begin_unwind
[INFO] [stdout]   10:     0x61c671206cfc - core[df12db4294e9bfd3]::panicking::panic_fmt
[INFO] [stdout]   11:     0x61c671206cc2 - core[df12db4294e9bfd3]::panicking::panic
[INFO] [stdout]   12:     0x61c671206a79 - core[df12db4294e9bfd3]::option::unwrap_failed
[INFO] [stdout]   13:     0x61c671168e7b - <test_get_parents[5ff0180089d06b3a]::ParentTest as generic_relation_helpers[11a8ec0c399681e]::traits::trait_communs::HasFields>::get_fields
[INFO] [stdout]   14:     0x61c67116e561 - <core[df12db4294e9bfd3]::iter::adapters::map::Map<core[df12db4294e9bfd3]::slice::iter::Iter<&str>, generic_relation_helpers[11a8ec0c399681e]::helpers::builder_hasmap_for_fields::build_hashmap_from_fields<test_get_parents[5ff0180089d06b3a]::ParentTest>::{closure#0}> as core[df12db4294e9bfd3]::iter::traits::iterator::Iterator>::fold::<(), core[df12db4294e9bfd3]::iter::traits::iterator::Iterator::for_each::call<(alloc[2182bb758b4b3781]::string::String, serde_json[b11822bdc2111be3]::value::Value), <hashbrown[521704cfbecc9503]::map::HashMap<alloc[2182bb758b4b3781]::string::String, serde_json[b11822bdc2111be3]::value::Value, std[70759c8f55707aa4]::hash::random::RandomState> as core[df12db4294e9bfd3]::iter::traits::collect::Extend<(alloc[2182bb758b4b3781]::string::String, serde_json[b11822bdc2111be3]::value::Value)>>::extend<core[df12db4294e9bfd3]::iter::adapters::map::Map<core[df12db4294e9bfd3]::slice::iter::Iter<&str>, generic_relation_helpers[11a8ec0c399681e]::helpers::builder_hasmap_for_fields::build_hashmap_from_fields<test_get_parents[5ff0180089d06b3a]::ParentTest>::{closure#0}>>::{closure#0}>::{closure#0}>
[INFO] [stdout]   15:     0x61c671172c2e - generic_relation_helpers[11a8ec0c399681e]::helpers::builder_hasmap_for_fields::build_hashmap_from_fields::<test_get_parents[5ff0180089d06b3a]::ParentTest>
[INFO] [stdout]   16:     0x61c671168cfc - <test_get_parents[5ff0180089d06b3a]::ParentTest as generic_relation_helpers[11a8ec0c399681e]::traits::trait_communs::GetValueFieldForSourceParent<test_get_parents[5ff0180089d06b3a]::EnfantTest>>::get_values_of_property
[INFO] [stdout]   17:     0x61c671171fce - <core[df12db4294e9bfd3]::iter::adapters::map::Map<core[df12db4294e9bfd3]::iter::adapters::filter::Filter<core[df12db4294e9bfd3]::slice::iter::Iter<test_get_parents[5ff0180089d06b3a]::ParentTest>, generic_relation_helpers[11a8ec0c399681e]::propers_link_childrens_with_parent::get_parents_with_their_childrens<test_get_parents[5ff0180089d06b3a]::ParentTest, test_get_parents[5ff0180089d06b3a]::JointureTest, test_get_parents[5ff0180089d06b3a]::EnfantTest, test_get_parents[5ff0180089d06b3a]::DestinationTest>::{closure#2}>, generic_relation_helpers[11a8ec0c399681e]::propers_link_childrens_with_parent::get_parents_with_their_childrens<test_get_parents[5ff0180089d06b3a]::ParentTest, test_get_parents[5ff0180089d06b3a]::JointureTest, test_get_parents[5ff0180089d06b3a]::EnfantTest, test_get_parents[5ff0180089d06b3a]::DestinationTest>::{closure#3}> as core[df12db4294e9bfd3]::iter::traits::iterator::Iterator>::next
[INFO] [stdout]   18:     0x61c671170946 - generic_relation_helpers[11a8ec0c399681e]::propers_link_childrens_with_parent::get_parents_with_their_childrens::<test_get_parents[5ff0180089d06b3a]::ParentTest, test_get_parents[5ff0180089d06b3a]::JointureTest, test_get_parents[5ff0180089d06b3a]::EnfantTest, test_get_parents[5ff0180089d06b3a]::DestinationTest>
[INFO] [stdout]   19:     0x61c67116afc1 - <test_get_parents[5ff0180089d06b3a]::test_sans_filtre_enfants_correctement_associes::{closure#0} as core[df12db4294e9bfd3]::ops::function::FnOnce<()>>::call_once
[INFO] [stdout]   20:     0x61c67117635b - test[9d35eded1c95d3be]::__rust_begin_short_backtrace::<core[df12db4294e9bfd3]::result::Result<(), alloc[2182bb758b4b3781]::string::String>, fn() -> core[df12db4294e9bfd3]::result::Result<(), alloc[2182bb758b4b3781]::string::String>>
[INFO] [stdout]   21:     0x61c6711839c5 - test[9d35eded1c95d3be]::run_test::{closure#0}
[INFO] [stdout]   22:     0x61c67117d284 - std[70759c8f55707aa4]::sys::backtrace::__rust_begin_short_backtrace::<test[9d35eded1c95d3be]::run_test::{closure#1}, ()>
[INFO] [stdout]   23:     0x61c671186b22 - <std[70759c8f55707aa4]::thread::lifecycle::spawn_unchecked<test[9d35eded1c95d3be]::run_test::{closure#1}, ()>::{closure#1} as core[df12db4294e9bfd3]::ops::function::FnOnce<()>>::call_once::{shim:vtable#0}
[INFO] [stdout]   24:     0x61c6711f1449 - <std[70759c8f55707aa4]::sys::thread::unix::Thread>::new::thread_start
[INFO] [stdout]   25:     0x7bbeae75edfa - <unknown>
[INFO] [stdout]   26:     0x7bbeae7f23d4 - clone
[INFO] [stdout]   27:                0x0 - <unknown>
[INFO] [stdout] 
[INFO] [stdout] ---- test_get_values_of_property_alimente_hashmap_correctement stdout ----
[INFO] [stdout] 
[INFO] [stdout] thread 'test_get_values_of_property_alimente_hashmap_correctement' (507) panicked at tests/test_get_parents.rs:79:59:
[INFO] [stdout] called `Option::unwrap()` on a `None` value
[INFO] [stdout] stack backtrace:
[INFO] [stdout]    0:     0x61c6711f1b71 - <<std[70759c8f55707aa4]::sys::backtrace::BacktraceLock>::print::DisplayBacktrace as core[df12db4294e9bfd3]::fmt::Display>::fmt
[INFO] [stdout]    1:     0x61c6712065ca - core[df12db4294e9bfd3]::fmt::write
[INFO] [stdout]    2:     0x61c6711f600c - <alloc[2182bb758b4b3781]::vec::Vec<u8> as core[df12db4294e9bfd3]::io::write::Write>::write_fmt
[INFO] [stdout]    3:     0x61c6711ce166 - std[70759c8f55707aa4]::panicking::default_hook::{closure#0}
[INFO] [stdout]    4:     0x61c6711ea2d9 - std[70759c8f55707aa4]::panicking::default_hook
[INFO] [stdout]    5:     0x61c671183070 - test[9d35eded1c95d3be]::test_main_inner::<test[9d35eded1c95d3be]::test_main_static::{closure#0}>::{closure#0}
[INFO] [stdout]    6:     0x61c6711ea492 - std[70759c8f55707aa4]::panicking::panic_with_hook
[INFO] [stdout]    7:     0x61c6711ce244 - std[70759c8f55707aa4]::panicking::panic_handler::{closure#0}
[INFO] [stdout]    8:     0x61c6711c6f99 - std[70759c8f55707aa4]::sys::backtrace::__rust_end_short_backtrace::<std[70759c8f55707aa4]::panicking::panic_handler::{closure#0}, !>
[INFO] [stdout]    9:     0x61c6711cee0d - __rustc[8fa7c3cbc660c2b3]::rust_begin_unwind
[INFO] [stdout]   10:     0x61c671206cfc - core[df12db4294e9bfd3]::panicking::panic_fmt
[INFO] [stdout]   11:     0x61c671206cc2 - core[df12db4294e9bfd3]::panicking::panic
[INFO] [stdout]   12:     0x61c671206a79 - core[df12db4294e9bfd3]::option::unwrap_failed
[INFO] [stdout]   13:     0x61c671168e7b - <test_get_parents[5ff0180089d06b3a]::ParentTest as generic_relation_helpers[11a8ec0c399681e]::traits::trait_communs::HasFields>::get_fields
[INFO] [stdout]   14:     0x61c67116e561 - <core[df12db4294e9bfd3]::iter::adapters::map::Map<core[df12db4294e9bfd3]::slice::iter::Iter<&str>, generic_relation_helpers[11a8ec0c399681e]::helpers::builder_hasmap_for_fields::build_hashmap_from_fields<test_get_parents[5ff0180089d06b3a]::ParentTest>::{closure#0}> as core[df12db4294e9bfd3]::iter::traits::iterator::Iterator>::fold::<(), core[df12db4294e9bfd3]::iter::traits::iterator::Iterator::for_each::call<(alloc[2182bb758b4b3781]::string::String, serde_json[b11822bdc2111be3]::value::Value), <hashbrown[521704cfbecc9503]::map::HashMap<alloc[2182bb758b4b3781]::string::String, serde_json[b11822bdc2111be3]::value::Value, std[70759c8f55707aa4]::hash::random::RandomState> as core[df12db4294e9bfd3]::iter::traits::collect::Extend<(alloc[2182bb758b4b3781]::string::String, serde_json[b11822bdc2111be3]::value::Value)>>::extend<core[df12db4294e9bfd3]::iter::adapters::map::Map<core[df12db4294e9bfd3]::slice::iter::Iter<&str>, generic_relation_helpers[11a8ec0c399681e]::helpers::builder_hasmap_for_fields::build_hashmap_from_fields<test_get_parents[5ff0180089d06b3a]::ParentTest>::{closure#0}>>::{closure#0}>::{closure#0}>
[INFO] [stdout]   15:     0x61c671172c2e - generic_relation_helpers[11a8ec0c399681e]::helpers::builder_hasmap_for_fields::build_hashmap_from_fields::<test_get_parents[5ff0180089d06b3a]::ParentTest>
[INFO] [stdout]   16:     0x61c671168cfc - <test_get_parents[5ff0180089d06b3a]::ParentTest as generic_relation_helpers[11a8ec0c399681e]::traits::trait_communs::GetValueFieldForSourceParent<test_get_parents[5ff0180089d06b3a]::EnfantTest>>::get_values_of_property
[INFO] [stdout]   17:     0x61c67116c77b - <test_get_parents[5ff0180089d06b3a]::test_get_values_of_property_alimente_hashmap_correctement::{closure#0} as core[df12db4294e9bfd3]::ops::function::FnOnce<()>>::call_once
[INFO] [stdout]   18:     0x61c67117635b - test[9d35eded1c95d3be]::__rust_begin_short_backtrace::<core[df12db4294e9bfd3]::result::Result<(), alloc[2182bb758b4b3781]::string::String>, fn() -> core[df12db4294e9bfd3]::result::Result<(), alloc[2182bb758b4b3781]::string::String>>
[INFO] [stdout]   19:     0x61c6711839c5 - test[9d35eded1c95d3be]::run_test::{closure#0}
[INFO] [stdout]   20:     0x61c67117d284 - std[70759c8f55707aa4]::sys::backtrace::__rust_begin_short_backtrace::<test[9d35eded1c95d3be]::run_test::{closure#1}, ()>
[INFO] [stdout]   21:     0x61c671186b22 - <std[70759c8f55707aa4]::thread::lifecycle::spawn_unchecked<test[9d35eded1c95d3be]::run_test::{closure#1}, ()>::{closure#1} as core[df12db4294e9bfd3]::ops::function::FnOnce<()>>::call_once::{shim:vtable#0}
[INFO] [stdout]   22:     0x61c6711f1449 - <std[70759c8f55707aa4]::sys::thread::unix::Thread>::new::thread_start
[INFO] [stdout]   23:     0x7bbeae75edfa - <unknown>
[INFO] [stdout]   24:     0x7bbeae7f23d4 - clone
[INFO] [stdout]   25:                0x0 - <unknown>
[INFO] [stdout] 
[INFO] [stdout] 
[INFO] [stdout] failures:
[INFO] [stdout]     test_adresse_et_poster_correctement_transmis
[INFO] [stdout]     test_adresse_none_retournee_correctement
[INFO] [stdout]     test_filtre_begin_retourne_parents_qui_commencent_par
[INFO] [stdout]     test_filtre_contains_retourne_parents_qui_contiennent
[INFO] [stdout]     test_filtre_equal_insensible_casse
[INFO] [stdout]     test_filtre_equal_retourne_un_seul_parent
[INFO] [stdout]     test_filtre_finished_retourne_parents_qui_terminent_par
[INFO] [stdout]     test_get_values_of_property_alimente_hashmap_correctement
[INFO] [stdout]     test_orphelin_dans_source_enfants_est_ignore
[INFO] [stdout]     test_parent_sans_enfants_retourne_vec_vide
[INFO] [stdout]     test_sans_filtre_enfants_correctement_associes
[INFO] [stdout]     test_sans_filtre_retourne_tous_les_parents
[INFO] [stdout] 
[INFO] [stdout] test result: FAILED. 3 passed; 12 failed; 0 ignored; 0 measured; 0 filtered out; finished in 0.01s
[INFO] [stdout] 
[INFO] [stderr] error: test failed, to rerun pass `--test test_get_parents`
[INFO] running `Command { std: "docker" "inspect" "a33b0593cda822da5eb657370a9b7d88737d638682a748de96f42737db79ee2d", kill_on_drop: false }`
[INFO] running `Command { std: "docker" "rm" "-f" "a33b0593cda822da5eb657370a9b7d88737d638682a748de96f42737db79ee2d", kill_on_drop: false }`
[INFO] [stdout] a33b0593cda822da5eb657370a9b7d88737d638682a748de96f42737db79ee2d
