[INFO] fetching crate generic-lang 3.1.0...
[INFO] testing generic-lang-3.1.0 against 1.99.0-beta.8+cargoflags=--release for beta-release-1.100-2
[INFO] extracting crate generic-lang 3.1.0 into /workspace/builds/worker-1-tc1/source
[INFO] started tweaking crates.io crate generic-lang 3.1.0
[INFO] removed 0 missing tests
[INFO] finished tweaking crates.io crate generic-lang 3.1.0
[INFO] tweaked toml for crates.io crate generic-lang 3.1.0 written to /workspace/builds/worker-1-tc1/source/Cargo.toml
[INFO] validating manifest of crates.io crate generic-lang 3.1.0 on toolchain 1.99.0-beta.8
[INFO] running `Command { std: CARGO_HOME="/workspace/cargo-home" RUSTUP_HOME="/workspace/rustup-home" "/workspace/cargo-home/bin/cargo" "+1.99.0-beta.8" "metadata" "--manifest-path" "Cargo.toml" "--no-deps", kill_on_drop: false }`
[INFO] crate crates.io crate generic-lang 3.1.0 already has a lockfile, it will not be regenerated
[INFO] running `Command { std: CARGO_HOME="/workspace/cargo-home" RUSTUP_HOME="/workspace/rustup-home" "/workspace/cargo-home/bin/cargo" "+1.99.0-beta.8" "fetch" "--manifest-path" "Cargo.toml", kill_on_drop: false }`
[INFO] [stderr]     Updating crates.io index
[INFO] [stderr]  Downloading crates ...
[INFO] [stderr]   Downloaded zmij v1.0.20
[INFO] [stderr]   Downloaded path-slash v0.2.1
[INFO] [stderr]   Downloaded shrinkwraprs v0.3.0
[INFO] [stderr]   Downloaded winapi-util v0.1.10
[INFO] [stderr]   Downloaded generic-lang-api v0.1.3
[INFO] [stderr]   Downloaded generic-lang-lib v3.1.0
[INFO] running `Command { std: "docker" "create" "-v" "/var/lib/crater-agent-workspace/builds/worker-1-tc1/source:/opt/rustwide/workdir:ro,Z" "-v" "/var/lib/crater-agent-workspace/builds/worker-1-tc1/target:/opt/rustwide/target:rw,Z" "-v" "/var/lib/crater-agent-workspace/cargo-home:/opt/rustwide/cargo-home:ro,Z" "-v" "/var/lib/crater-agent-workspace/rustup-home:/opt/rustwide/rustup-home:ro,Z" "-m" "1610612736" "--network" "none" "ghcr.io/rust-lang/crates-build-env/linux@sha256:77db811e55d90add9212f6832c23229e3de5f1c1f9905e8cb07319ea15df73ac" "sleep" "infinity", kill_on_drop: false }`
[INFO] [stdout] 8ab3ab1995839497804decfef43e222846e62063072c2276a7d6e01d7066d240
[INFO] running `Command { std: "docker" "start" "8ab3ab1995839497804decfef43e222846e62063072c2276a7d6e01d7066d240", kill_on_drop: false }`
[INFO] running `Command { std: "docker" "inspect" "8ab3ab1995839497804decfef43e222846e62063072c2276a7d6e01d7066d240", kill_on_drop: false }`
[INFO] running `Command { std: "docker" "exec" "-e" "SOURCE_DIR=/opt/rustwide/workdir" "-e" "CARGO_HOME=/opt/rustwide/cargo-home" "-e" "RUSTUP_HOME=/opt/rustwide/rustup-home" "-e" "CARGO_TARGET_DIR=/opt/rustwide/target" "-w" "/opt/rustwide/workdir" "--user" "0:0" "8ab3ab1995839497804decfef43e222846e62063072c2276a7d6e01d7066d240" "/opt/rustwide/cargo-home/bin/cargo" "+1.99.0-beta.8" "metadata" "--no-deps" "--format-version=1", kill_on_drop: false }`
[INFO] running `Command { std: "docker" "inspect" "8ab3ab1995839497804decfef43e222846e62063072c2276a7d6e01d7066d240", kill_on_drop: false }`
[INFO] running `Command { std: "docker" "exec" "-e" "SOURCE_DIR=/opt/rustwide/workdir" "-e" "CARGO_HOME=/opt/rustwide/cargo-home" "-e" "RUSTUP_HOME=/opt/rustwide/rustup-home" "-e" "CARGO_TARGET_DIR=/opt/rustwide/target" "-e" "CARGO_INCREMENTAL=0" "-e" "RUST_BACKTRACE=full" "-e" "RUSTFLAGS=--cap-lints=warn" "-e" "RUSTDOCFLAGS=--cap-lints=warn" "-w" "/opt/rustwide/workdir" "--user" "0:0" "8ab3ab1995839497804decfef43e222846e62063072c2276a7d6e01d7066d240" "/opt/rustwide/cargo-home/bin/cargo" "+1.99.0-beta.8" "build" "--frozen" "--message-format=json" "--release", kill_on_drop: false }`
[INFO] [stderr]    Compiling unicode-ident v1.0.17
[INFO] [stderr]    Compiling libc v0.2.169
[INFO] [stderr]    Compiling hashbrown v0.15.5
[INFO] [stderr]    Compiling toml_datetime v0.6.8
[INFO] [stderr]    Compiling httparse v1.10.1
[INFO] [stderr]    Compiling cc v1.4.0
[INFO] [stderr]    Compiling num-traits v0.2.19
[INFO] [stderr]    Compiling winnow v0.7.3
[INFO] [stderr]    Compiling getrandom v0.4.1
[INFO] [stderr]    Compiling zmij v1.0.20
[INFO] [stderr]    Compiling libm v0.2.11
[INFO] [stderr]    Compiling rustls v0.23.42
[INFO] [stderr]    Compiling rustversion v1.0.19
[INFO] [stderr]    Compiling serde_core v1.0.228
[INFO] [stderr]    Compiling slotmap v1.1.1
[INFO] [stderr]    Compiling http v1.4.2
[INFO] [stderr]    Compiling miniz_oxide v0.8.9
[INFO] [stderr]    Compiling crc32fast v1.5.0
[INFO] [stderr]    Compiling anstyle-query v1.1.2
[INFO] [stderr]    Compiling colorchoice v1.0.3
[INFO] [stderr]    Compiling serde_json v1.0.149
[INFO] [stderr]    Compiling proc-macro2 v1.0.106
[INFO] [stderr]    Compiling once_cell v1.20.3
[INFO] [stderr]    Compiling either v1.13.0
[INFO] [stderr]    Compiling is_terminal_polyfill v1.70.1
[INFO] [stderr]    Compiling anstream v1.0.0
[INFO] [stderr]    Compiling chacha20 v0.10.0
[INFO] [stderr]    Compiling itertools v0.8.2
[INFO] [stderr]    Compiling webpki-roots v1.0.9
[INFO] [stderr]    Compiling generic-lang-lib v3.1.0
[INFO] [stderr]    Compiling utf8-zero v0.8.1
[INFO] [stderr]    Compiling convert_case v0.11.0
[INFO] [stderr]    Compiling quote v1.0.45
[INFO] [stderr]    Compiling indexmap v2.7.1
[INFO] [stderr]    Compiling clap_builder v4.6.2
[INFO] [stderr]    Compiling syn v2.0.117
[INFO] [stderr]    Compiling syn v3.0.3
[INFO] [stderr]    Compiling ring v0.17.14
[INFO] [stderr]    Compiling getrandom v0.2.17
[INFO] [stderr]    Compiling syn v1.0.109
[INFO] [stderr]    Compiling num-integer v0.1.46
[INFO] [stderr]    Compiling ureq-proto v0.6.0
[INFO] [stderr]    Compiling include_dir_macros v0.7.4
[INFO] [stderr]    Compiling flate2 v1.1.9
[INFO] [stderr]    Compiling num-bigint v0.4.8
[INFO] [stderr]    Compiling include_dir v0.7.4
[INFO] [stderr]    Compiling rand v0.10.2
[INFO] [stderr]    Compiling humansize v2.1.3
[INFO] [stderr]    Compiling libloading v0.9.0
[INFO] [stderr]    Compiling generic-lang-api v0.1.3
[INFO] [stderr]    Compiling path-slash v0.2.1
[INFO] [stderr]    Compiling toml_edit v0.22.24
[INFO] [stderr]    Compiling derive_more-impl v2.1.1
[INFO] [stderr]    Compiling strum_macros v0.28.0
[INFO] [stderr]    Compiling thiserror-impl v2.0.19
[INFO] [stderr]    Compiling clap_derive v4.6.4
[INFO] [stderr]    Compiling derive_more v2.1.1
[INFO] [stderr]    Compiling derivative v2.2.0
[INFO] [stderr]    Compiling shrinkwraprs v0.3.0
[INFO] [stderr]    Compiling proc-macro-crate v3.2.0
[INFO] [stderr]    Compiling thiserror v2.0.19
[INFO] [stderr]    Compiling strum v0.28.0
[INFO] [stderr]    Compiling num_enum_derive v0.7.6
[INFO] [stderr]    Compiling clap v4.6.4
[INFO] [stderr]    Compiling num_enum v0.7.6
[INFO] [stderr]    Compiling rustls-webpki v0.103.13
[INFO] [stderr]    Compiling ureq v3.3.0
[INFO] [stderr]    Compiling generic-lang v3.1.0 (/opt/rustwide/workdir)
[INFO] [stderr]     Finished `release` profile [optimized] target(s) in 1m 33s
[INFO] running `Command { std: "docker" "inspect" "8ab3ab1995839497804decfef43e222846e62063072c2276a7d6e01d7066d240", kill_on_drop: false }`
[INFO] running `Command { std: "docker" "exec" "-e" "SOURCE_DIR=/opt/rustwide/workdir" "-e" "CARGO_HOME=/opt/rustwide/cargo-home" "-e" "RUSTUP_HOME=/opt/rustwide/rustup-home" "-e" "CARGO_TARGET_DIR=/opt/rustwide/target" "-e" "CARGO_INCREMENTAL=0" "-e" "RUST_BACKTRACE=full" "-e" "RUSTFLAGS=--cap-lints=warn" "-e" "RUSTDOCFLAGS=--cap-lints=warn" "-w" "/opt/rustwide/workdir" "--user" "0:0" "8ab3ab1995839497804decfef43e222846e62063072c2276a7d6e01d7066d240" "/opt/rustwide/cargo-home/bin/cargo" "+1.99.0-beta.8" "test" "--frozen" "--no-run" "--message-format=json" "--release", kill_on_drop: false }`
[INFO] [stderr]    Compiling bitflags v2.8.0
[INFO] [stderr]    Compiling getrandom v0.3.4
[INFO] [stderr]    Compiling rustix v1.0.8
[INFO] [stderr]    Compiling tempfile v3.23.0
[INFO] [stderr]    Compiling generic-lang v3.1.0 (/opt/rustwide/workdir)
[INFO] [stderr]     Finished `release` profile [optimized] target(s) in 5.68s
[INFO] running `Command { std: "docker" "inspect" "8ab3ab1995839497804decfef43e222846e62063072c2276a7d6e01d7066d240", kill_on_drop: false }`
[INFO] running `Command { std: "docker" "exec" "-e" "SOURCE_DIR=/opt/rustwide/workdir" "-e" "CARGO_HOME=/opt/rustwide/cargo-home" "-e" "RUSTUP_HOME=/opt/rustwide/rustup-home" "-e" "CARGO_TARGET_DIR=/opt/rustwide/target" "-e" "CARGO_INCREMENTAL=0" "-e" "RUST_BACKTRACE=full" "-e" "RUSTFLAGS=--cap-lints=warn" "-e" "RUSTDOCFLAGS=--cap-lints=warn" "-w" "/opt/rustwide/workdir" "--user" "0:0" "8ab3ab1995839497804decfef43e222846e62063072c2276a7d6e01d7066d240" "/opt/rustwide/cargo-home/bin/cargo" "+1.99.0-beta.8" "test" "--frozen" "--release", kill_on_drop: false }`
[INFO] [stderr]     Finished `release` profile [optimized] target(s) in 0.15s
[INFO] [stderr]      Running unittests src/main.rs (/opt/rustwide/target/release/deps/generic-ca105bd888e47e56)
[INFO] [stdout] 
[INFO] [stdout] running 7 tests
[INFO] [stdout] test tests::unknown_flag_before_a_file_is_a_usage_error ... ok
[INFO] [stdout] test tests::no_file_means_repl ... ok
[INFO] [stdout] test tests::everything_after_the_file_goes_to_the_script ... ok
[INFO] [stdout] test tests::version_before_a_file_is_the_interpreter_version ... ok
[INFO] [stderr]      Running tests/exit_codes.rs (/opt/rustwide/target/release/deps/exit_codes-f99e475c3524af4c)
[INFO] [stdout] test tests::plain_script_arguments_pass_through ... ok
[INFO] [stdout] test tests::test_mode_before_the_file ... ok
[INFO] [stdout] test tests::double_dash_escapes_a_dashed_file_name ... ok
[INFO] [stdout] 
[INFO] [stdout] test result: ok. 7 passed; 0 failed; 0 ignored; 0 measured; 0 filtered out; finished in 0.01s
[INFO] [stdout] 
[INFO] [stdout] 
[INFO] [stdout] running 10 tests
[INFO] [stdout] test failing_test_file_exits_one ... FAILED
[INFO] [stdout] test erroring_test_file_exits_one ... FAILED
[INFO] [stdout] test passing_test_file_exits_zero ... FAILED
[INFO] [stdout] test clean_script_exits_zero ... ok
[INFO] [stdout] test compile_error_exits_sixty_five ... ok
[INFO] [stdout] test directory_with_failures_exits_one ... FAILED
[INFO] [stdout] test uncaught_exception_exits_seventy ... ok
[INFO] [stdout] test missing_script_exits_seventy_four ... ok
[INFO] [stdout] test missing_path_exits_seventy_four ... ok
[INFO] [stdout] test test_flag_without_a_path_exits_sixty_four ... ok
[INFO] [stdout] 
[INFO] [stdout] failures:
[INFO] [stdout] 
[INFO] [stdout] ---- failing_test_file_exits_one stdout ----
[INFO] [stdout] 
[INFO] [stdout] thread 'failing_test_file_exits_one' (1900) panicked at tests/exit_codes.rs:50:5:
[INFO] [stdout] assertion `left == right` failed
[INFO] [stdout]   left: 74
[INFO] [stdout]  right: 1
[INFO] [stdout] stack backtrace:
[INFO] [stdout]    0:     0x56c694bc6411 - <<std[70759c8f55707aa4]::sys::backtrace::BacktraceLock>::print::DisplayBacktrace as core[df12db4294e9bfd3]::fmt::Display>::fmt
[INFO] [stdout]    1:     0x56c694bda5ea - core[df12db4294e9bfd3]::fmt::write
[INFO] [stdout]    2:     0x56c694bca8ac - <alloc[2182bb758b4b3781]::vec::Vec<u8> as core[df12db4294e9bfd3]::io::write::Write>::write_fmt
[INFO] [stdout]    3:     0x56c694ba1bc6 - std[70759c8f55707aa4]::panicking::default_hook::{closure#0}
[INFO] [stdout]    4:     0x56c694bbe989 - std[70759c8f55707aa4]::panicking::default_hook
[INFO] [stdout]    5:     0x56c694b5a0a0 - test[9d35eded1c95d3be]::test_main_inner::<test[9d35eded1c95d3be]::test_main_static::{closure#0}>::{closure#0}
[INFO] [stdout]    6:     0x56c694bbeb42 - std[70759c8f55707aa4]::panicking::panic_with_hook
[INFO] [stdout]    7:     0x56c694ba1c72 - std[70759c8f55707aa4]::panicking::panic_handler::{closure#0}
[INFO] [stdout]    8:     0x56c694b9a8d9 - std[70759c8f55707aa4]::sys::backtrace::__rust_end_short_backtrace::<std[70759c8f55707aa4]::panicking::panic_handler::{closure#0}, !>
[INFO] [stdout]    9:     0x56c694ba286d - __rustc[8fa7c3cbc660c2b3]::rust_begin_unwind
[INFO] [stdout]   10:     0x56c694bdad1c - core[df12db4294e9bfd3]::panicking::panic_fmt
[INFO] [stdout]   11:     0x56c694bdac33 - core[df12db4294e9bfd3]::panicking::assert_failed_inner
[INFO] [stdout]   12:     0x56c694b9a475 - core[df12db4294e9bfd3]::panicking::assert_failed::<i32, i32>
[INFO] [stdout]   13:     0x56c694b4cc2c - <exit_codes[33079a03e5532466]::failing_test_file_exits_one::{closure#0} as core[df12db4294e9bfd3]::ops::function::FnOnce<()>>::call_once
[INFO] [stdout]   14:     0x56c694b4d38b - test[9d35eded1c95d3be]::__rust_begin_short_backtrace::<core[df12db4294e9bfd3]::result::Result<(), alloc[2182bb758b4b3781]::string::String>, fn() -> core[df12db4294e9bfd3]::result::Result<(), alloc[2182bb758b4b3781]::string::String>>
[INFO] [stdout]   15:     0x56c694b5a9f5 - test[9d35eded1c95d3be]::run_test::{closure#0}
[INFO] [stdout]   16:     0x56c694b542b4 - std[70759c8f55707aa4]::sys::backtrace::__rust_begin_short_backtrace::<test[9d35eded1c95d3be]::run_test::{closure#1}, ()>
[INFO] [stdout]   17:     0x56c694b5db52 - <std[70759c8f55707aa4]::thread::lifecycle::spawn_unchecked<test[9d35eded1c95d3be]::run_test::{closure#1}, ()>::{closure#1} as core[df12db4294e9bfd3]::ops::function::FnOnce<()>>::call_once::{shim:vtable#0}
[INFO] [stdout]   18:     0x56c694bc5af9 - <std[70759c8f55707aa4]::sys::thread::unix::Thread>::new::thread_start
[INFO] [stdout]   19:     0x7392f967fdfa - <unknown>
[INFO] [stdout]   20:     0x7392f97133d4 - clone
[INFO] [stdout]   21:                0x0 - <unknown>
[INFO] [stdout] 
[INFO] [stdout] ---- erroring_test_file_exits_one stdout ----
[INFO] [stdout] 
[INFO] [stdout] thread 'erroring_test_file_exits_one' (1899) panicked at tests/exit_codes.rs:56:5:
[INFO] [stdout] assertion `left == right` failed
[INFO] [stdout]   left: 74
[INFO] [stdout]  right: 1
[INFO] [stdout] stack backtrace:
[INFO] [stdout]    0:     0x56c694bc6411 - <<std[70759c8f55707aa4]::sys::backtrace::BacktraceLock>::print::DisplayBacktrace as core[df12db4294e9bfd3]::fmt::Display>::fmt
[INFO] [stdout]    1:     0x56c694bda5ea - core[df12db4294e9bfd3]::fmt::write
[INFO] [stdout]    2:     0x56c694bca8ac - <alloc[2182bb758b4b3781]::vec::Vec<u8> as core[df12db4294e9bfd3]::io::write::Write>::write_fmt
[INFO] [stdout]    3:     0x56c694ba1bc6 - std[70759c8f55707aa4]::panicking::default_hook::{closure#0}
[INFO] [stdout]    4:     0x56c694bbe989 - std[70759c8f55707aa4]::panicking::default_hook
[INFO] [stdout]    5:     0x56c694b5a0a0 - test[9d35eded1c95d3be]::test_main_inner::<test[9d35eded1c95d3be]::test_main_static::{closure#0}>::{closure#0}
[INFO] [stdout]    6:     0x56c694bbeb42 - std[70759c8f55707aa4]::panicking::panic_with_hook
[INFO] [stdout]    7:     0x56c694ba1c72 - std[70759c8f55707aa4]::panicking::panic_handler::{closure#0}
[INFO] [stdout]    8:     0x56c694b9a8d9 - std[70759c8f55707aa4]::sys::backtrace::__rust_end_short_backtrace::<std[70759c8f55707aa4]::panicking::panic_handler::{closure#0}, !>
[INFO] [stdout]    9:     0x56c694ba286d - __rustc[8fa7c3cbc660c2b3]::rust_begin_unwind
[INFO] [stdout]   10:     0x56c694bdad1c - core[df12db4294e9bfd3]::panicking::panic_fmt
[INFO] [stdout]   11:     0x56c694bdac33 - core[df12db4294e9bfd3]::panicking::assert_failed_inner
[INFO] [stdout]   12:     0x56c694b9a475 - core[df12db4294e9bfd3]::panicking::assert_failed::<i32, i32>
[INFO] [stdout]   13:     0x56c694b4ccfc - <exit_codes[33079a03e5532466]::erroring_test_file_exits_one::{closure#0} as core[df12db4294e9bfd3]::ops::function::FnOnce<()>>::call_once
[INFO] [stdout]   14:     0x56c694b4d38b - test[9d35eded1c95d3be]::__rust_begin_short_backtrace::<core[df12db4294e9bfd3]::result::Result<(), alloc[2182bb758b4b3781]::string::String>, fn() -> core[df12db4294e9bfd3]::result::Result<(), alloc[2182bb758b4b3781]::string::String>>
[INFO] [stdout]   15:     0x56c694b5a9f5 - test[9d35eded1c95d3be]::run_test::{closure#0}
[INFO] [stdout]   16:     0x56c694b542b4 - std[70759c8f55707aa4]::sys::backtrace::__rust_begin_short_backtrace::<test[9d35eded1c95d3be]::run_test::{closure#1}, ()>
[INFO] [stdout]   17:     0x56c694b5db52 - <std[70759c8f55707aa4]::thread::lifecycle::spawn_unchecked<test[9d35eded1c95d3be]::run_test::{closure#1}, ()>::{closure#1} as core[df12db4294e9bfd3]::ops::function::FnOnce<()>>::call_once::{shim:vtable#0}
[INFO] [stdout]   18:     0x56c694bc5af9 - <std[70759c8f55707aa4]::sys::thread::unix::Thread>::new::thread_start
[INFO] [stdout]   19:     0x7392f967fdfa - <unknown>
[INFO] [stdout]   20:     0x7392f97133d4 - clone
[INFO] [stdout]   21:                0x0 - <unknown>
[INFO] [stdout] 
[INFO] [stdout] ---- passing_test_file_exits_zero stdout ----
[INFO] [stdout] 
[INFO] [stdout] thread 'passing_test_file_exits_zero' (1903) panicked at tests/exit_codes.rs:40:5:
[INFO] [stdout] assertion `left == right` failed
[INFO] [stdout]   left: 74
[INFO] [stdout]  right: 0
[INFO] [stdout] stack backtrace:
[INFO] [stdout]    0:     0x56c694bc6411 - <<std[70759c8f55707aa4]::sys::backtrace::BacktraceLock>::print::DisplayBacktrace as core[df12db4294e9bfd3]::fmt::Display>::fmt
[INFO] [stdout]    1:     0x56c694bda5ea - core[df12db4294e9bfd3]::fmt::write
[INFO] [stdout]    2:     0x56c694bca8ac - <alloc[2182bb758b4b3781]::vec::Vec<u8> as core[df12db4294e9bfd3]::io::write::Write>::write_fmt
[INFO] [stdout]    3:     0x56c694ba1bc6 - std[70759c8f55707aa4]::panicking::default_hook::{closure#0}
[INFO] [stdout]    4:     0x56c694bbe989 - std[70759c8f55707aa4]::panicking::default_hook
[INFO] [stdout]    5:     0x56c694b5a0a0 - test[9d35eded1c95d3be]::test_main_inner::<test[9d35eded1c95d3be]::test_main_static::{closure#0}>::{closure#0}
[INFO] [stdout]    6:     0x56c694bbeb42 - std[70759c8f55707aa4]::panicking::panic_with_hook
[INFO] [stdout]    7:     0x56c694ba1c72 - std[70759c8f55707aa4]::panicking::panic_handler::{closure#0}
[INFO] [stdout]    8:     0x56c694b9a8d9 - std[70759c8f55707aa4]::sys::backtrace::__rust_end_short_backtrace::<std[70759c8f55707aa4]::panicking::panic_handler::{closure#0}, !>
[INFO] [stdout]    9:     0x56c694ba286d - __rustc[8fa7c3cbc660c2b3]::rust_begin_unwind
[INFO] [stdout]   10:     0x56c694bdad1c - core[df12db4294e9bfd3]::panicking::panic_fmt
[INFO] [stdout]   11:     0x56c694bdac33 - core[df12db4294e9bfd3]::panicking::assert_failed_inner
[INFO] [stdout]   12:     0x56c694b9a475 - core[df12db4294e9bfd3]::panicking::assert_failed::<i32, i32>
[INFO] [stdout]   13:     0x56c694b4cdcb - <exit_codes[33079a03e5532466]::passing_test_file_exits_zero::{closure#0} as core[df12db4294e9bfd3]::ops::function::FnOnce<()>>::call_once
[INFO] [stdout]   14:     0x56c694b4d38b - test[9d35eded1c95d3be]::__rust_begin_short_backtrace::<core[df12db4294e9bfd3]::result::Result<(), alloc[2182bb758b4b3781]::string::String>, fn() -> core[df12db4294e9bfd3]::result::Result<(), alloc[2182bb758b4b3781]::string::String>>
[INFO] [stdout]   15:     0x56c694b5a9f5 - test[9d35eded1c95d3be]::run_test::{closure#0}
[INFO] [stdout]   16:     0x56c694b542b4 - std[70759c8f55707aa4]::sys::backtrace::__rust_begin_short_backtrace::<test[9d35eded1c95d3be]::run_test::{closure#1}, ()>
[INFO] [stdout]   17:     0x56c694b5db52 - <std[70759c8f55707aa4]::thread::lifecycle::spawn_unchecked<test[9d35eded1c95d3be]::run_test::{closure#1}, ()>::{closure#1} as core[df12db4294e9bfd3]::ops::function::FnOnce<()>>::call_once::{shim:vtable#0}
[INFO] [stdout]   18:     0x56c694bc5af9 - <std[70759c8f55707aa4]::sys::thread::unix::Thread>::new::thread_start
[INFO] [stdout]   19:     0x7392f967fdfa - <unknown>
[INFO] [stdout]   20:     0x7392f97133d4 - clone
[INFO] [stdout]   21:                0x0 - <unknown>
[INFO] [stdout] 
[INFO] [stdout] ---- directory_with_failures_exits_one stdout ----
[INFO] [stdout] 
[INFO] [stdout] thread 'directory_with_failures_exits_one' (1898) panicked at tests/exit_codes.rs:62:5:
[INFO] [stdout] assertion `left == right` failed
[INFO] [stdout]   left: 74
[INFO] [stdout]  right: 1
[INFO] [stdout] stack backtrace:
[INFO] [stdout]    0:     0x56c694bc6411 - <<std[70759c8f55707aa4]::sys::backtrace::BacktraceLock>::print::DisplayBacktrace as core[df12db4294e9bfd3]::fmt::Display>::fmt
[INFO] [stdout]    1:     0x56c694bda5ea - core[df12db4294e9bfd3]::fmt::write
[INFO] [stdout]    2:     0x56c694bca8ac - <alloc[2182bb758b4b3781]::vec::Vec<u8> as core[df12db4294e9bfd3]::io::write::Write>::write_fmt
[INFO] [stdout]    3:     0x56c694ba1bc6 - std[70759c8f55707aa4]::panicking::default_hook::{closure#0}
[INFO] [stdout]    4:     0x56c694bbe989 - std[70759c8f55707aa4]::panicking::default_hook
[INFO] [stdout]    5:     0x56c694b5a0a0 - test[9d35eded1c95d3be]::test_main_inner::<test[9d35eded1c95d3be]::test_main_static::{closure#0}>::{closure#0}
[INFO] [stdout]    6:     0x56c694bbeb42 - std[70759c8f55707aa4]::panicking::panic_with_hook
[INFO] [stdout]    7:     0x56c694ba1c72 - std[70759c8f55707aa4]::panicking::panic_handler::{closure#0}
[INFO] [stdout]    8:     0x56c694b9a8d9 - std[70759c8f55707aa4]::sys::backtrace::__rust_end_short_backtrace::<std[70759c8f55707aa4]::panicking::panic_handler::{closure#0}, !>
[INFO] [stdout]    9:     0x56c694ba286d - __rustc[8fa7c3cbc660c2b3]::rust_begin_unwind
[INFO] [stdout]   10:     0x56c694bdad1c - core[df12db4294e9bfd3]::panicking::panic_fmt
[INFO] [stdout]   11:     0x56c694bdac33 - core[df12db4294e9bfd3]::panicking::assert_failed_inner
[INFO] [stdout]   12:     0x56c694b9a475 - core[df12db4294e9bfd3]::panicking::assert_failed::<i32, i32>
[INFO] [stdout]   13:     0x56c694b4d10c - <exit_codes[33079a03e5532466]::directory_with_failures_exits_one::{closure#0} as core[df12db4294e9bfd3]::ops::function::FnOnce<()>>::call_once
[INFO] [stdout]   14:     0x56c694b4d38b - test[9d35eded1c95d3be]::__rust_begin_short_backtrace::<core[df12db4294e9bfd3]::result::Result<(), alloc[2182bb758b4b3781]::string::String>, fn() -> core[df12db4294e9bfd3]::result::Result<(), alloc[2182bb758b4b3781]::string::String>>
[INFO] [stdout]   15:     0x56c694b5a9f5 - test[9d35eded1c95d3be]::run_test::{closure#0}
[INFO] [stdout]   16:     0x56c694b542b4 - std[70759c8f55707aa4]::sys::backtrace::__rust_begin_short_backtrace::<test[9d35eded1c95d3be]::run_test::{closure#1}, ()>
[INFO] [stdout]   17:     0x56c694b5db52 - <std[70759c8f55707aa4]::thread::lifecycle::spawn_unchecked<test[9d35eded1c95d3be]::run_test::{closure#1}, ()>::{closure#1} as core[df12db4294e9bfd3]::ops::function::FnOnce<()>>::call_once::{shim:vtable#0}
[INFO] [stdout]   18:     0x56c694bc5af9 - <std[70759c8f55707aa4]::sys::thread::unix::Thread>::new::thread_start
[INFO] [stdout]   19:     0x7392f967fdfa - <unknown>
[INFO] [stdout]   20:     0x7392f97133d4 - clone
[INFO] [stdout]   21:                0x0 - <unknown>
[INFO] [stdout] 
[INFO] [stdout] 
[INFO] [stdout] failures:
[INFO] [stdout]     directory_with_failures_exits_one
[INFO] [stdout]     erroring_test_file_exits_one
[INFO] [stdout]     failing_test_file_exits_one
[INFO] [stdout]     passing_test_file_exits_zero
[INFO] [stdout] 
[INFO] [stdout] test result: FAILED. 6 passed; 4 failed; 0 ignored; 0 measured; 0 filtered out; finished in 0.08s
[INFO] [stdout] 
[INFO] [stderr] error: test failed, to rerun pass `--test exit_codes`
[INFO] running `Command { std: "docker" "inspect" "8ab3ab1995839497804decfef43e222846e62063072c2276a7d6e01d7066d240", kill_on_drop: false }`
[INFO] running `Command { std: "docker" "rm" "-f" "8ab3ab1995839497804decfef43e222846e62063072c2276a7d6e01d7066d240", kill_on_drop: false }`
[INFO] [stdout] 8ab3ab1995839497804decfef43e222846e62063072c2276a7d6e01d7066d240
