[INFO] fetching crate genanki-rs 0.4.0...
[INFO] testing genanki-rs-0.4.0 against 1.99.0-beta.8+cargoflags=--release for beta-release-1.100-2
[INFO] extracting crate genanki-rs 0.4.0 into /workspace/builds/worker-1-tc1/source
[INFO] started tweaking crates.io crate genanki-rs 0.4.0
[INFO] finished tweaking crates.io crate genanki-rs 0.4.0
[INFO] tweaked toml for crates.io crate genanki-rs 0.4.0 written to /workspace/builds/worker-1-tc1/source/Cargo.toml
[INFO] validating manifest of crates.io crate genanki-rs 0.4.0 on toolchain 1.99.0-beta.8
[INFO] running `Command { std: CARGO_HOME="/workspace/cargo-home" RUSTUP_HOME="/workspace/rustup-home" "/workspace/cargo-home/bin/cargo" "+1.99.0-beta.8" "metadata" "--manifest-path" "Cargo.toml" "--no-deps", kill_on_drop: false }`
[INFO] running `Command { std: CARGO_HOME="/workspace/cargo-home" RUSTUP_HOME="/workspace/rustup-home" "/workspace/cargo-home/bin/cargo" "+1.99.0-beta.8" "generate-lockfile" "--manifest-path" "Cargo.toml", kill_on_drop: false }`
[INFO] [stderr]     Blocking waiting for file lock on package cache
[INFO] [stderr]     Updating crates.io index
[INFO] [stderr]      Locking 108 packages to highest compatible versions
[INFO] [stderr]       Adding fancy-regex v0.5.0 (available: v0.19.2)
[INFO] [stderr]       Adding indoc-impl v0.3.6 (available: v0.3.7)
[INFO] [stderr]       Adding pyo3 v0.13.2 (available: v0.30.1)
[INFO] [stderr]       Adding ramhorns v0.10.2 (available: v1.0.1)
[INFO] [stderr]       Adding rusqlite v0.25.4 (available: v0.40.2)
[INFO] [stderr]       Adding serial_test v0.5.1 (available: v4.0.1)
[INFO] [stderr]       Adding thiserror v1.0.69 (available: v2.0.21)
[INFO] [stderr]       Adding uuid v0.8.2 (available: v1.28.0)
[INFO] [stderr]       Adding wasi v0.10.0+wasi-snapshot-preview1 (available: v0.10.2+wasi-snapshot-preview1)
[INFO] [stderr]       Adding zip v0.5.13 (available: v9.0.5)
[INFO] running `Command { std: CARGO_HOME="/workspace/cargo-home" RUSTUP_HOME="/workspace/rustup-home" "/workspace/cargo-home/bin/cargo" "+1.99.0-beta.8" "fetch" "--manifest-path" "Cargo.toml", kill_on_drop: false }`
[INFO] [stderr]  Downloading crates ...
[INFO] [stderr]   Downloaded hashlink v0.7.0
[INFO] [stderr]   Downloaded serial_test v0.5.1
[INFO] [stderr]   Downloaded serial_test_derive v0.5.1
[INFO] [stderr]   Downloaded rusqlite v0.25.4
[INFO] [stderr]   Downloaded ctor v0.1.26
[INFO] [stderr]   Downloaded pyo3-macros v0.13.2
[INFO] [stderr]   Downloaded ramhorns-derive v0.10.2
[INFO] [stderr]   Downloaded beef v0.4.4
[INFO] [stderr]   Downloaded inventory-impl v0.1.11
[INFO] [stderr]   Downloaded ramhorns v0.10.2
[INFO] [stderr]   Downloaded paste-impl v0.1.18
[INFO] [stderr]   Downloaded logos v0.11.4
[INFO] [stderr]   Downloaded paste v0.1.18
[INFO] [stderr]   Downloaded logos-derive v0.11.5
[INFO] [stderr]   Downloaded inventory v0.1.11
[INFO] [stderr]   Downloaded ghost v0.1.23
[INFO] [stderr]   Downloaded pyo3-macros-backend v0.13.2
[INFO] [stderr]   Downloaded fancy-regex v0.5.0
[INFO] [stderr]   Downloaded pulldown-cmark v0.7.2
[INFO] [stderr]   Downloaded pyo3 v0.13.2
[INFO] [stderr]   Downloaded libsqlite3-sys v0.22.2
[INFO] running `Command { std: "docker" "create" "-v" "/var/lib/crater-agent-workspace/builds/worker-1-tc1/source:/opt/rustwide/workdir:ro,Z" "-v" "/var/lib/crater-agent-workspace/builds/worker-1-tc1/target:/opt/rustwide/target:rw,Z" "-v" "/var/lib/crater-agent-workspace/cargo-home:/opt/rustwide/cargo-home:ro,Z" "-v" "/var/lib/crater-agent-workspace/rustup-home:/opt/rustwide/rustup-home:ro,Z" "-m" "1610612736" "--network" "none" "ghcr.io/rust-lang/crates-build-env/linux@sha256:77db811e55d90add9212f6832c23229e3de5f1c1f9905e8cb07319ea15df73ac" "sleep" "infinity", kill_on_drop: false }`
[INFO] [stdout] 27eb6e0c3dc58e2317ddf06438019fd5e5a4a90a4b7aedc52c2ab404c8e4ea53
[INFO] running `Command { std: "docker" "start" "27eb6e0c3dc58e2317ddf06438019fd5e5a4a90a4b7aedc52c2ab404c8e4ea53", kill_on_drop: false }`
[INFO] running `Command { std: "docker" "inspect" "27eb6e0c3dc58e2317ddf06438019fd5e5a4a90a4b7aedc52c2ab404c8e4ea53", kill_on_drop: false }`
[INFO] running `Command { std: "docker" "exec" "-e" "SOURCE_DIR=/opt/rustwide/workdir" "-e" "CARGO_HOME=/opt/rustwide/cargo-home" "-e" "RUSTUP_HOME=/opt/rustwide/rustup-home" "-e" "CARGO_TARGET_DIR=/opt/rustwide/target" "-w" "/opt/rustwide/workdir" "--user" "0:0" "27eb6e0c3dc58e2317ddf06438019fd5e5a4a90a4b7aedc52c2ab404c8e4ea53" "/opt/rustwide/cargo-home/bin/cargo" "+1.99.0-beta.8" "metadata" "--no-deps" "--format-version=1", kill_on_drop: false }`
[INFO] running `Command { std: "docker" "inspect" "27eb6e0c3dc58e2317ddf06438019fd5e5a4a90a4b7aedc52c2ab404c8e4ea53", kill_on_drop: false }`
[INFO] running `Command { std: "docker" "exec" "-e" "SOURCE_DIR=/opt/rustwide/workdir" "-e" "CARGO_HOME=/opt/rustwide/cargo-home" "-e" "RUSTUP_HOME=/opt/rustwide/rustup-home" "-e" "CARGO_TARGET_DIR=/opt/rustwide/target" "-e" "CARGO_INCREMENTAL=0" "-e" "RUST_BACKTRACE=full" "-e" "RUSTFLAGS=--cap-lints=warn" "-e" "RUSTDOCFLAGS=--cap-lints=warn" "-w" "/opt/rustwide/workdir" "--user" "0:0" "27eb6e0c3dc58e2317ddf06438019fd5e5a4a90a4b7aedc52c2ab404c8e4ea53" "/opt/rustwide/cargo-home/bin/cargo" "+1.99.0-beta.8" "build" "--frozen" "--message-format=json" "--release", kill_on_drop: false }`
[INFO] [stderr]    Compiling crunchy v0.2.4
[INFO] [stderr]    Compiling tiny-keccak v2.0.2
[INFO] [stderr]    Compiling bzip2-sys v0.1.13+1.0.8
[INFO] [stderr]    Compiling getrandom v0.2.17
[INFO] [stderr]    Compiling crc32fast v1.5.2
[INFO] [stderr]    Compiling libsqlite3-sys v0.22.2
[INFO] [stderr]    Compiling ahash v0.7.8
[INFO] [stderr]    Compiling regex-syntax v0.6.29
[INFO] [stderr]    Compiling beef v0.4.4
[INFO] [stderr]    Compiling utf8-ranges v1.0.5
[INFO] [stderr]    Compiling pulldown-cmark v0.7.2
[INFO] [stderr]    Compiling rustix v1.1.5
[INFO] [stderr]    Compiling getopts v0.2.24
[INFO] [stderr]    Compiling thiserror-impl v1.0.69
[INFO] [stderr]    Compiling syn v3.0.9
[INFO] [stderr]    Compiling bit-vec v0.6.3
[INFO] [stderr]    Compiling unicase v2.10.0
[INFO] [stderr]    Compiling getrandom v0.4.3
[INFO] [stderr]    Compiling ramhorns-derive v0.10.2
[INFO] [stderr]    Compiling time v0.1.45
[INFO] [stderr]    Compiling bzip2 v0.4.4
[INFO] [stderr]    Compiling arrayvec v0.5.2
[INFO] [stderr]    Compiling const-random-macro v0.1.16
[INFO] [stderr]    Compiling hashbrown v0.11.2
[INFO] [stderr]    Compiling flate2 v1.1.10
[INFO] [stderr]    Compiling bit-set v0.5.3
[INFO] [stderr]    Compiling fancy-regex v0.5.0
[INFO] [stderr]    Compiling const-random v0.1.18
[INFO] [stderr]    Compiling ahash v0.3.8
[INFO] [stderr]    Compiling thiserror v1.0.69
[INFO] [stderr]    Compiling zip v0.5.13
[INFO] [stderr]    Compiling serde_derive v1.0.229
[INFO] [stderr]    Compiling hashlink v0.7.0
[INFO] [stderr]    Compiling logos-derive v0.11.5
[INFO] [stderr]    Compiling tempfile v3.27.0
[INFO] [stderr]    Compiling logos v0.11.4
[INFO] [stderr]    Compiling ramhorns v0.10.2
[INFO] [stderr]    Compiling serde v1.0.229
[INFO] [stderr]    Compiling rusqlite v0.25.4
[INFO] [stderr]    Compiling genanki-rs v0.4.0 (/opt/rustwide/workdir)
[INFO] [stderr]     Finished `release` profile [optimized] target(s) in 1m 29s
[INFO] running `Command { std: "docker" "inspect" "27eb6e0c3dc58e2317ddf06438019fd5e5a4a90a4b7aedc52c2ab404c8e4ea53", kill_on_drop: false }`
[INFO] running `Command { std: "docker" "exec" "-e" "SOURCE_DIR=/opt/rustwide/workdir" "-e" "CARGO_HOME=/opt/rustwide/cargo-home" "-e" "RUSTUP_HOME=/opt/rustwide/rustup-home" "-e" "CARGO_TARGET_DIR=/opt/rustwide/target" "-e" "CARGO_INCREMENTAL=0" "-e" "RUST_BACKTRACE=full" "-e" "RUSTFLAGS=--cap-lints=warn" "-e" "RUSTDOCFLAGS=--cap-lints=warn" "-w" "/opt/rustwide/workdir" "--user" "0:0" "27eb6e0c3dc58e2317ddf06438019fd5e5a4a90a4b7aedc52c2ab404c8e4ea53" "/opt/rustwide/cargo-home/bin/cargo" "+1.99.0-beta.8" "test" "--frozen" "--no-run" "--message-format=json" "--release", kill_on_drop: false }`
[INFO] [stderr]    Compiling proc-macro-hack v0.5.20+deprecated
[INFO] [stderr]    Compiling parking_lot_core v0.8.6
[INFO] [stderr]    Compiling instant v0.1.13
[INFO] [stderr]    Compiling unindent v0.1.11
[INFO] [stderr]    Compiling inventory v0.1.11
[INFO] [stderr]    Compiling inventory-impl v0.1.11
[INFO] [stderr]    Compiling pyo3-macros-backend v0.13.2
[INFO] [stderr]    Compiling ctor v0.1.26
[INFO] [stderr]    Compiling ghost v0.1.23
[INFO] [stderr]    Compiling pyo3 v0.13.2
[INFO] [stderr]    Compiling serial_test_derive v0.5.1
[INFO] [stderr]    Compiling uuid v0.8.2
[INFO] [stderr]    Compiling parking_lot v0.11.2
[INFO] [stderr]    Compiling serial_test v0.5.1
[INFO] [stderr]    Compiling paste-impl v0.1.18
[INFO] [stderr]    Compiling indoc-impl v0.3.6
[INFO] [stderr]    Compiling pyo3-macros v0.13.2
[INFO] [stderr]    Compiling indoc v0.3.6
[INFO] [stderr]    Compiling paste v0.1.18
[INFO] [stderr]    Compiling genanki-rs v0.4.0 (/opt/rustwide/workdir)
[INFO] [stderr]     Finished `release` profile [optimized] target(s) in 16.78s
[INFO] [stderr] warning: the following packages contain code that will be rejected by a future version of Rust: pyo3 v0.13.2, pyo3-macros-backend v0.13.2
[INFO] [stderr] note: to see what the problems were, use the option `--future-incompat-report`, or run `cargo report future-incompatibilities --id 3`
[INFO] running `Command { std: "docker" "inspect" "27eb6e0c3dc58e2317ddf06438019fd5e5a4a90a4b7aedc52c2ab404c8e4ea53", kill_on_drop: false }`
[INFO] running `Command { std: "docker" "exec" "-e" "SOURCE_DIR=/opt/rustwide/workdir" "-e" "CARGO_HOME=/opt/rustwide/cargo-home" "-e" "RUSTUP_HOME=/opt/rustwide/rustup-home" "-e" "CARGO_TARGET_DIR=/opt/rustwide/target" "-e" "CARGO_INCREMENTAL=0" "-e" "RUST_BACKTRACE=full" "-e" "RUSTFLAGS=--cap-lints=warn" "-e" "RUSTDOCFLAGS=--cap-lints=warn" "-w" "/opt/rustwide/workdir" "--user" "0:0" "27eb6e0c3dc58e2317ddf06438019fd5e5a4a90a4b7aedc52c2ab404c8e4ea53" "/opt/rustwide/cargo-home/bin/cargo" "+1.99.0-beta.8" "test" "--frozen" "--release", kill_on_drop: false }`
[INFO] [stderr]     Finished `release` profile [optimized] target(s) in 0.11s
[INFO] [stderr] warning: the following packages contain code that will be rejected by a future version of Rust: pyo3 v0.13.2, pyo3-macros-backend v0.13.2
[INFO] [stderr] note: to see what the problems were, use the option `--future-incompat-report`, or run `cargo report future-incompatibilities --id 3`
[INFO] [stderr]      Running unittests src/lib.rs (/opt/rustwide/target/release/deps/genanki_rs-669b867e840d0f4f)
[INFO] [stdout] 
[INFO] [stdout] running 39 tests
[INFO] [stdout] test model::tests::cloze_newlines_in_deletion ... ok
[INFO] [stdout] test model::tests::cloze_indices_do_not_start_at_1 ... ok
[INFO] [stdout] test note::tests::find_invalid_html_tags_in_field_ng_empty_space ... ok
[INFO] [stdout] test note::tests::find_invalid_html_tags_in_field_ng_invalid_characters ... ok
[INFO] [stdout] test note::tests::find_invalid_html_tags_in_field_ng_invalid_characters_end ... ok
[INFO] [stdout] test note::tests::find_invalid_html_tags_in_field_ok ... ok
[INFO] [stdout] test note::tests::find_invalid_html_tags_in_field_ok_br3 ... ok
[INFO] [stdout] test note::tests::find_invalid_html_tags_in_field_ng_empty ... ok
[INFO] [stdout] test note::tests::find_invalid_html_tags_in_field_ok_multiple ... ok
[INFO] [stdout] test note::tests::find_invalid_html_tags_in_field_ok_with_space ... ok
[INFO] [stdout] test note::tests::find_invalid_html_tags_in_field_ok_br ... ok
[INFO] [stdout] test model::tests::build_all_fields ... ok
[INFO] [stdout] test model::tests::cloze_multi_field ... ok
[INFO] [stdout] test note::tests::option_builder ... ok
[INFO] [stdout] test note::tests::tags_new ... ok
[INFO] [stdout] test note::tests::find_invalid_html_tags_in_field_ok_attrs ... ok
[INFO] [stdout] test note::tests::find_invalid_html_tags_in_field_ok_br2 ... ok
[INFO] [stdout] test note::tests::tags_new_panic - should panic ... ok
[INFO] [stdout] test tests::model_req ... ok
[INFO] [stdout] test tests::model_req_with_hint ... ok
[INFO] [stdout] test model::tests::cloze ... ok
[INFO] [stdout] test tests::note_generate_cards_based_on_req_with_hint ... ok
[INFO] [stdout] test tests::notes_generate_cards_based_on_req_cn ... ok
[INFO] [stdout] test builtin_models::tests::builtin_models ... ok
[INFO] [stdout] test tests::model_req_cn ... ok
[INFO] [stdout] test tests::generated_deck_has_valid_cards ... FAILED
[INFO] [stdout] test tests::media_files_absolute_paths ... FAILED
[INFO] [stdout] test tests::media_files ... FAILED
[INFO] [stdout] test tests::card_added_date_is_recent ... FAILED
[INFO] [stdout] test tests::deck_with_description ... FAILED
[INFO] [stdout] test tests::import_anki ... FAILED
[INFO] [stdout] test tests::generated_deck_can_be_imported ... FAILED
[INFO] [stdout] test tests::multi_deck_package ... FAILED
[INFO] [stdout] test tests::model_with_latex_pre_and_post ... FAILED
[INFO] [stdout] test tests::test_model_with_sort_field_index ... FAILED
[INFO] [stdout] test note::tests::num_fields_more_than_model_panic - should panic ... ok
[INFO] [stdout] test note::tests::num_fields_equals_model_ok ... ok
[INFO] [stdout] test note::tests::num_fields_less_than_model_panic - should panic ... ok
[INFO] [stdout] test note::tests::ok ... ok
[INFO] [stderr] error: test failed, to rerun pass `--lib`
[INFO] [stdout] 
[INFO] [stdout] failures:
[INFO] [stdout] 
[INFO] [stdout] ---- tests::generated_deck_has_valid_cards stdout ----
[INFO] [stdout] 
[INFO] [stdout] thread 'tests::generated_deck_has_valid_cards' (1526) panicked at src/lib.rs:335:14:
[INFO] [stdout] called `Result::unwrap()` on an `Err` value: PyErr { type: <class 'ModuleNotFoundError'>, value: ModuleNotFoundError("No module named 'anki'"), traceback: Some(<traceback object at 0x79f868635c00>) }
[INFO] [stdout] stack backtrace:
[INFO] [stdout]    0:     0x609db499c401 - <<std[70759c8f55707aa4]::sys::backtrace::BacktraceLock>::print::DisplayBacktrace as core[df12db4294e9bfd3]::fmt::Display>::fmt
[INFO] [stdout]    1:     0x609db49b288a - core[df12db4294e9bfd3]::fmt::write
[INFO] [stdout]    2:     0x609db49a121c - <alloc[2182bb758b4b3781]::vec::Vec<u8> as core[df12db4294e9bfd3]::io::write::Write>::write_fmt
[INFO] [stdout]    3:     0x609db4976b36 - std[70759c8f55707aa4]::panicking::default_hook::{closure#0}
[INFO] [stdout]    4:     0x609db4993fa9 - std[70759c8f55707aa4]::panicking::default_hook
[INFO] [stdout]    5:     0x609db46d12f0 - test[9d35eded1c95d3be]::test_main_inner::<test[9d35eded1c95d3be]::test_main_static::{closure#0}>::{closure#0}
[INFO] [stdout]    6:     0x609db49942d2 - std[70759c8f55707aa4]::panicking::panic_with_hook
[INFO] [stdout]    7:     0x609db4976be2 - std[70759c8f55707aa4]::panicking::panic_handler::{closure#0}
[INFO] [stdout]    8:     0x609db496f1f9 - std[70759c8f55707aa4]::sys::backtrace::__rust_end_short_backtrace::<std[70759c8f55707aa4]::panicking::panic_handler::{closure#0}, !>
[INFO] [stdout]    9:     0x609db49778ed - __rustc[8fa7c3cbc660c2b3]::rust_begin_unwind
[INFO] [stdout]   10:     0x609db49b306c - core[df12db4294e9bfd3]::panicking::panic_fmt
[INFO] [stdout]   11:     0x609db49b2e42 - core[df12db4294e9bfd3]::result::unwrap_failed
[INFO] [stdout]   12:     0x609db46b6ed8 - <genanki_rs[9e3bf77f398b01a7]::tests::TestSetup>::new
[INFO] [stdout]   13:     0x609db46bdd87 - <genanki_rs[9e3bf77f398b01a7]::tests::generated_deck_has_valid_cards::{closure#0} as core[df12db4294e9bfd3]::ops::function::FnOnce<()>>::call_once
[INFO] [stdout]   14:     0x609db4705744 - serial_test[8e76f91238306507]::serial_core
[INFO] [stdout]   15:     0x609db46aa188 - <genanki_rs[9e3bf77f398b01a7]::tests::generated_deck_has_valid_cards::{closure#0} as core[df12db4294e9bfd3]::ops::function::FnOnce<()>>::call_once
[INFO] [stdout]   16:     0x609db46c45db - test[9d35eded1c95d3be]::__rust_begin_short_backtrace::<core[df12db4294e9bfd3]::result::Result<(), alloc[2182bb758b4b3781]::string::String>, fn() -> core[df12db4294e9bfd3]::result::Result<(), alloc[2182bb758b4b3781]::string::String>>
[INFO] [stdout]   17:     0x609db46d1c45 - test[9d35eded1c95d3be]::run_test::{closure#0}
[INFO] [stdout]   18:     0x609db46cb504 - std[70759c8f55707aa4]::sys::backtrace::__rust_begin_short_backtrace::<test[9d35eded1c95d3be]::run_test::{closure#1}, ()>
[INFO] [stdout]   19:     0x609db46d4da2 - <std[70759c8f55707aa4]::thread::lifecycle::spawn_unchecked<test[9d35eded1c95d3be]::run_test::{closure#1}, ()>::{closure#1} as core[df12db4294e9bfd3]::ops::function::FnOnce<()>>::call_once::{shim:vtable#0}
[INFO] [stdout]   20:     0x609db499bcc9 - <std[70759c8f55707aa4]::sys::thread::unix::Thread>::new::thread_start
[INFO] [stdout]   21:     0x79f86b1a2dfa - <unknown>
[INFO] [stdout]   22:     0x79f86b2363d4 - clone
[INFO] [stdout]   23:                0x0 - <unknown>
[INFO] [stdout] 
[INFO] [stdout] ---- tests::media_files_absolute_paths stdout ----
[INFO] [stdout] 
[INFO] [stdout] thread 'tests::media_files_absolute_paths' (1529) panicked at src/lib.rs:335:14:
[INFO] [stdout] called `Result::unwrap()` on an `Err` value: PyErr { type: <class 'ModuleNotFoundError'>, value: ModuleNotFoundError("No module named 'anki'"), traceback: Some(<traceback object at 0x79f868636740>) }
[INFO] [stdout] stack backtrace:
[INFO] [stdout]    0:     0x609db499c401 - <<std[70759c8f55707aa4]::sys::backtrace::BacktraceLock>::print::DisplayBacktrace as core[df12db4294e9bfd3]::fmt::Display>::fmt
[INFO] [stdout]    1:     0x609db49b288a - core[df12db4294e9bfd3]::fmt::write
[INFO] [stdout]    2:     0x609db49a121c - <alloc[2182bb758b4b3781]::vec::Vec<u8> as core[df12db4294e9bfd3]::io::write::Write>::write_fmt
[INFO] [stdout]    3:     0x609db4976b36 - std[70759c8f55707aa4]::panicking::default_hook::{closure#0}
[INFO] [stdout]    4:     0x609db4993fa9 - std[70759c8f55707aa4]::panicking::default_hook
[INFO] [stdout]    5:     0x609db46d12f0 - test[9d35eded1c95d3be]::test_main_inner::<test[9d35eded1c95d3be]::test_main_static::{closure#0}>::{closure#0}
[INFO] [stdout]    6:     0x609db49942d2 - std[70759c8f55707aa4]::panicking::panic_with_hook
[INFO] [stdout]    7:     0x609db4976be2 - std[70759c8f55707aa4]::panicking::panic_handler::{closure#0}
[INFO] [stdout]    8:     0x609db496f1f9 - std[70759c8f55707aa4]::sys::backtrace::__rust_end_short_backtrace::<std[70759c8f55707aa4]::panicking::panic_handler::{closure#0}, !>
[INFO] [stdout]    9:     0x609db49778ed - __rustc[8fa7c3cbc660c2b3]::rust_begin_unwind
[INFO] [stdout]   10:     0x609db49b306c - core[df12db4294e9bfd3]::panicking::panic_fmt
[INFO] [stdout]   11:     0x609db49b2e42 - core[df12db4294e9bfd3]::result::unwrap_failed
[INFO] [stdout]   12:     0x609db46b6ed8 - <genanki_rs[9e3bf77f398b01a7]::tests::TestSetup>::new
[INFO] [stdout]   13:     0x609db46bc2d8 - <genanki_rs[9e3bf77f398b01a7]::tests::media_files_absolute_paths::{closure#0} as core[df12db4294e9bfd3]::ops::function::FnOnce<()>>::call_once
[INFO] [stdout]   14:     0x609db4705744 - serial_test[8e76f91238306507]::serial_core
[INFO] [stdout]   15:     0x609db46aa0f8 - <genanki_rs[9e3bf77f398b01a7]::tests::media_files_absolute_paths::{closure#0} as core[df12db4294e9bfd3]::ops::function::FnOnce<()>>::call_once
[INFO] [stdout]   16:     0x609db46c45db - test[9d35eded1c95d3be]::__rust_begin_short_backtrace::<core[df12db4294e9bfd3]::result::Result<(), alloc[2182bb758b4b3781]::string::String>, fn() -> core[df12db4294e9bfd3]::result::Result<(), alloc[2182bb758b4b3781]::string::String>>
[INFO] [stdout]   17:     0x609db46d1c45 - test[9d35eded1c95d3be]::run_test::{closure#0}
[INFO] [stdout]   18:     0x609db46cb504 - std[70759c8f55707aa4]::sys::backtrace::__rust_begin_short_backtrace::<test[9d35eded1c95d3be]::run_test::{closure#1}, ()>
[INFO] [stdout]   19:     0x609db46d4da2 - <std[70759c8f55707aa4]::thread::lifecycle::spawn_unchecked<test[9d35eded1c95d3be]::run_test::{closure#1}, ()>::{closure#1} as core[df12db4294e9bfd3]::ops::function::FnOnce<()>>::call_once::{shim:vtable#0}
[INFO] [stdout]   20:     0x609db499bcc9 - <std[70759c8f55707aa4]::sys::thread::unix::Thread>::new::thread_start
[INFO] [stdout]   21:     0x79f86b1a2dfa - <unknown>
[INFO] [stdout]   22:     0x79f86b2363d4 - clone
[INFO] [stdout]   23:                0x0 - <unknown>
[INFO] [stdout] 
[INFO] [stdout] ---- tests::media_files stdout ----
[INFO] [stdout] 
[INFO] [stdout] thread 'tests::media_files' (1528) panicked at src/lib.rs:335:14:
[INFO] [stdout] called `Result::unwrap()` on an `Err` value: PyErr { type: <class 'ModuleNotFoundError'>, value: ModuleNotFoundError("No module named 'anki'"), traceback: Some(<traceback object at 0x79f8686368c0>) }
[INFO] [stdout] stack backtrace:
[INFO] [stdout]    0:     0x609db499c401 - <<std[70759c8f55707aa4]::sys::backtrace::BacktraceLock>::print::DisplayBacktrace as core[df12db4294e9bfd3]::fmt::Display>::fmt
[INFO] [stdout]    1:     0x609db49b288a - core[df12db4294e9bfd3]::fmt::write
[INFO] [stdout]    2:     0x609db49a121c - <alloc[2182bb758b4b3781]::vec::Vec<u8> as core[df12db4294e9bfd3]::io::write::Write>::write_fmt
[INFO] [stdout]    3:     0x609db4976b36 - std[70759c8f55707aa4]::panicking::default_hook::{closure#0}
[INFO] [stdout]    4:     0x609db4993fa9 - std[70759c8f55707aa4]::panicking::default_hook
[INFO] [stdout]    5:     0x609db46d12f0 - test[9d35eded1c95d3be]::test_main_inner::<test[9d35eded1c95d3be]::test_main_static::{closure#0}>::{closure#0}
[INFO] [stdout]    6:     0x609db49942d2 - std[70759c8f55707aa4]::panicking::panic_with_hook
[INFO] [stdout]    7:     0x609db4976be2 - std[70759c8f55707aa4]::panicking::panic_handler::{closure#0}
[INFO] [stdout]    8:     0x609db496f1f9 - std[70759c8f55707aa4]::sys::backtrace::__rust_end_short_backtrace::<std[70759c8f55707aa4]::panicking::panic_handler::{closure#0}, !>
[INFO] [stdout]    9:     0x609db49778ed - __rustc[8fa7c3cbc660c2b3]::rust_begin_unwind
[INFO] [stdout]   10:     0x609db49b306c - core[df12db4294e9bfd3]::panicking::panic_fmt
[INFO] [stdout]   11:     0x609db49b2e42 - core[df12db4294e9bfd3]::result::unwrap_failed
[INFO] [stdout]   12:     0x609db46b6ed8 - <genanki_rs[9e3bf77f398b01a7]::tests::TestSetup>::new
[INFO] [stdout]   13:     0x609db46ba3cb - <genanki_rs[9e3bf77f398b01a7]::tests::media_files::{closure#0} as core[df12db4294e9bfd3]::ops::function::FnOnce<()>>::call_once
[INFO] [stdout]   14:     0x609db4705744 - serial_test[8e76f91238306507]::serial_core
[INFO] [stdout]   15:     0x609db46a9ff8 - <genanki_rs[9e3bf77f398b01a7]::tests::media_files::{closure#0} as core[df12db4294e9bfd3]::ops::function::FnOnce<()>>::call_once
[INFO] [stdout]   16:     0x609db46c45db - test[9d35eded1c95d3be]::__rust_begin_short_backtrace::<core[df12db4294e9bfd3]::result::Result<(), alloc[2182bb758b4b3781]::string::String>, fn() -> core[df12db4294e9bfd3]::result::Result<(), alloc[2182bb758b4b3781]::string::String>>
[INFO] [stdout]   17:     0x609db46d1c45 - test[9d35eded1c95d3be]::run_test::{closure#0}
[INFO] [stdout]   18:     0x609db46cb504 - std[70759c8f55707aa4]::sys::backtrace::__rust_begin_short_backtrace::<test[9d35eded1c95d3be]::run_test::{closure#1}, ()>
[INFO] [stdout]   19:     0x609db46d4da2 - <std[70759c8f55707aa4]::thread::lifecycle::spawn_unchecked<test[9d35eded1c95d3be]::run_test::{closure#1}, ()>::{closure#1} as core[df12db4294e9bfd3]::ops::function::FnOnce<()>>::call_once::{shim:vtable#0}
[INFO] [stdout]   20:     0x609db499bcc9 - <std[70759c8f55707aa4]::sys::thread::unix::Thread>::new::thread_start
[INFO] [stdout]   21:     0x79f86b1a2dfa - <unknown>
[INFO] [stdout]   22:     0x79f86b2363d4 - clone
[INFO] [stdout]   23:                0x0 - <unknown>
[INFO] [stdout] 
[INFO] [stdout] ---- tests::card_added_date_is_recent stdout ----
[INFO] [stdout] 
[INFO] [stdout] thread 'tests::card_added_date_is_recent' (1523) panicked at src/lib.rs:335:14:
[INFO] [stdout] called `Result::unwrap()` on an `Err` value: PyErr { type: <class 'ModuleNotFoundError'>, value: ModuleNotFoundError("No module named 'anki'"), traceback: Some(<traceback object at 0x79f868636800>) }
[INFO] [stdout] stack backtrace:
[INFO] [stdout]    0:     0x609db499c401 - <<std[70759c8f55707aa4]::sys::backtrace::BacktraceLock>::print::DisplayBacktrace as core[df12db4294e9bfd3]::fmt::Display>::fmt
[INFO] [stdout]    1:     0x609db49b288a - core[df12db4294e9bfd3]::fmt::write
[INFO] [stdout]    2:     0x609db49a121c - <alloc[2182bb758b4b3781]::vec::Vec<u8> as core[df12db4294e9bfd3]::io::write::Write>::write_fmt
[INFO] [stdout]    3:     0x609db4976b36 - std[70759c8f55707aa4]::panicking::default_hook::{closure#0}
[INFO] [stdout]    4:     0x609db4993fa9 - std[70759c8f55707aa4]::panicking::default_hook
[INFO] [stdout]    5:     0x609db46d12f0 - test[9d35eded1c95d3be]::test_main_inner::<test[9d35eded1c95d3be]::test_main_static::{closure#0}>::{closure#0}
[INFO] [stdout]    6:     0x609db49942d2 - std[70759c8f55707aa4]::panicking::panic_with_hook
[INFO] [stdout]    7:     0x609db4976be2 - std[70759c8f55707aa4]::panicking::panic_handler::{closure#0}
[INFO] [stdout]    8:     0x609db496f1f9 - std[70759c8f55707aa4]::sys::backtrace::__rust_end_short_backtrace::<std[70759c8f55707aa4]::panicking::panic_handler::{closure#0}, !>
[INFO] [stdout]    9:     0x609db49778ed - __rustc[8fa7c3cbc660c2b3]::rust_begin_unwind
[INFO] [stdout]   10:     0x609db49b306c - core[df12db4294e9bfd3]::panicking::panic_fmt
[INFO] [stdout]   11:     0x609db49b2e42 - core[df12db4294e9bfd3]::result::unwrap_failed
[INFO] [stdout]   12:     0x609db46b6ed8 - <genanki_rs[9e3bf77f398b01a7]::tests::TestSetup>::new
[INFO] [stdout]   13:     0x609db46bbab5 - <genanki_rs[9e3bf77f398b01a7]::tests::card_added_date_is_recent::{closure#0} as core[df12db4294e9bfd3]::ops::function::FnOnce<()>>::call_once
[INFO] [stdout]   14:     0x609db4705744 - serial_test[8e76f91238306507]::serial_core
[INFO] [stdout]   15:     0x609db46aa0c8 - <genanki_rs[9e3bf77f398b01a7]::tests::card_added_date_is_recent::{closure#0} as core[df12db4294e9bfd3]::ops::function::FnOnce<()>>::call_once
[INFO] [stdout]   16:     0x609db46c45db - test[9d35eded1c95d3be]::__rust_begin_short_backtrace::<core[df12db4294e9bfd3]::result::Result<(), alloc[2182bb758b4b3781]::string::String>, fn() -> core[df12db4294e9bfd3]::result::Result<(), alloc[2182bb758b4b3781]::string::String>>
[INFO] [stdout]   17:     0x609db46d1c45 - test[9d35eded1c95d3be]::run_test::{closure#0}
[INFO] [stdout]   18:     0x609db46cb504 - std[70759c8f55707aa4]::sys::backtrace::__rust_begin_short_backtrace::<test[9d35eded1c95d3be]::run_test::{closure#1}, ()>
[INFO] [stdout]   19:     0x609db46d4da2 - <std[70759c8f55707aa4]::thread::lifecycle::spawn_unchecked<test[9d35eded1c95d3be]::run_test::{closure#1}, ()>::{closure#1} as core[df12db4294e9bfd3]::ops::function::FnOnce<()>>::call_once::{shim:vtable#0}
[INFO] [stdout]   20:     0x609db499bcc9 - <std[70759c8f55707aa4]::sys::thread::unix::Thread>::new::thread_start
[INFO] [stdout]   21:     0x79f86b1a2dfa - <unknown>
[INFO] [stdout]   22:     0x79f86b2363d4 - clone
[INFO] [stdout]   23:                0x0 - <unknown>
[INFO] [stdout] 
[INFO] [stdout] ---- tests::deck_with_description stdout ----
[INFO] [stdout] 
[INFO] [stdout] thread 'tests::deck_with_description' (1524) panicked at src/lib.rs:335:14:
[INFO] [stdout] called `Result::unwrap()` on an `Err` value: PyErr { type: <class 'ModuleNotFoundError'>, value: ModuleNotFoundError("No module named 'anki'"), traceback: Some(<traceback object at 0x79f868636980>) }
[INFO] [stdout] stack backtrace:
[INFO] [stdout]    0:     0x609db499c401 - <<std[70759c8f55707aa4]::sys::backtrace::BacktraceLock>::print::DisplayBacktrace as core[df12db4294e9bfd3]::fmt::Display>::fmt
[INFO] [stdout]    1:     0x609db49b288a - core[df12db4294e9bfd3]::fmt::write
[INFO] [stdout]    2:     0x609db49a121c - <alloc[2182bb758b4b3781]::vec::Vec<u8> as core[df12db4294e9bfd3]::io::write::Write>::write_fmt
[INFO] [stdout]    3:     0x609db4976b36 - std[70759c8f55707aa4]::panicking::default_hook::{closure#0}
[INFO] [stdout]    4:     0x609db4993fa9 - std[70759c8f55707aa4]::panicking::default_hook
[INFO] [stdout]    5:     0x609db46d12f0 - test[9d35eded1c95d3be]::test_main_inner::<test[9d35eded1c95d3be]::test_main_static::{closure#0}>::{closure#0}
[INFO] [stdout]    6:     0x609db49942d2 - std[70759c8f55707aa4]::panicking::panic_with_hook
[INFO] [stdout]    7:     0x609db4976be2 - std[70759c8f55707aa4]::panicking::panic_handler::{closure#0}
[INFO] [stdout]    8:     0x609db496f1f9 - std[70759c8f55707aa4]::sys::backtrace::__rust_end_short_backtrace::<std[70759c8f55707aa4]::panicking::panic_handler::{closure#0}, !>
[INFO] [stdout]    9:     0x609db49778ed - __rustc[8fa7c3cbc660c2b3]::rust_begin_unwind
[INFO] [stdout]   10:     0x609db49b306c - core[df12db4294e9bfd3]::panicking::panic_fmt
[INFO] [stdout]   11:     0x609db49b2e42 - core[df12db4294e9bfd3]::result::unwrap_failed
[INFO] [stdout]   12:     0x609db46b6ed8 - <genanki_rs[9e3bf77f398b01a7]::tests::TestSetup>::new
[INFO] [stdout]   13:     0x609db46bb695 - <genanki_rs[9e3bf77f398b01a7]::tests::deck_with_description::{closure#0} as core[df12db4294e9bfd3]::ops::function::FnOnce<()>>::call_once
[INFO] [stdout]   14:     0x609db4705744 - serial_test[8e76f91238306507]::serial_core
[INFO] [stdout]   15:     0x609db46aa098 - <genanki_rs[9e3bf77f398b01a7]::tests::deck_with_description::{closure#0} as core[df12db4294e9bfd3]::ops::function::FnOnce<()>>::call_once
[INFO] [stdout]   16:     0x609db46c45db - test[9d35eded1c95d3be]::__rust_begin_short_backtrace::<core[df12db4294e9bfd3]::result::Result<(), alloc[2182bb758b4b3781]::string::String>, fn() -> core[df12db4294e9bfd3]::result::Result<(), alloc[2182bb758b4b3781]::string::String>>
[INFO] [stdout]   17:     0x609db46d1c45 - test[9d35eded1c95d3be]::run_test::{closure#0}
[INFO] [stdout]   18:     0x609db46cb504 - std[70759c8f55707aa4]::sys::backtrace::__rust_begin_short_backtrace::<test[9d35eded1c95d3be]::run_test::{closure#1}, ()>
[INFO] [stdout]   19:     0x609db46d4da2 - <std[70759c8f55707aa4]::thread::lifecycle::spawn_unchecked<test[9d35eded1c95d3be]::run_test::{closure#1}, ()>::{closure#1} as core[df12db4294e9bfd3]::ops::function::FnOnce<()>>::call_once::{shim:vtable#0}
[INFO] [stdout]   20:     0x609db499bcc9 - <std[70759c8f55707aa4]::sys::thread::unix::Thread>::new::thread_start
[INFO] [stdout]   21:     0x79f86b1a2dfa - <unknown>
[INFO] [stdout]   22:     0x79f86b2363d4 - clone
[INFO] [stdout]   23:                0x0 - <unknown>
[INFO] [stdout] 
[INFO] [stdout] ---- tests::import_anki stdout ----
[INFO] [stdout] 
[INFO] [stdout] thread 'tests::import_anki' (1527) panicked at src/lib.rs:481:27:
[INFO] [stdout] called `Result::unwrap()` on an `Err` value: PyErr { type: <class 'ModuleNotFoundError'>, value: ModuleNotFoundError("No module named 'anki'"), traceback: None }
[INFO] [stdout] stack backtrace:
[INFO] [stdout]    0:     0x609db499c401 - <<std[70759c8f55707aa4]::sys::backtrace::BacktraceLock>::print::DisplayBacktrace as core[df12db4294e9bfd3]::fmt::Display>::fmt
[INFO] [stdout]    1:     0x609db49b288a - core[df12db4294e9bfd3]::fmt::write
[INFO] [stdout]    2:     0x609db49a121c - <alloc[2182bb758b4b3781]::vec::Vec<u8> as core[df12db4294e9bfd3]::io::write::Write>::write_fmt
[INFO] [stdout]    3:     0x609db4976b36 - std[70759c8f55707aa4]::panicking::default_hook::{closure#0}
[INFO] [stdout]    4:     0x609db4993fa9 - std[70759c8f55707aa4]::panicking::default_hook
[INFO] [stdout]    5:     0x609db46d12f0 - test[9d35eded1c95d3be]::test_main_inner::<test[9d35eded1c95d3be]::test_main_static::{closure#0}>::{closure#0}
[INFO] [stdout]    6:     0x609db49942d2 - std[70759c8f55707aa4]::panicking::panic_with_hook
[INFO] [stdout]    7:     0x609db4976be2 - std[70759c8f55707aa4]::panicking::panic_handler::{closure#0}
[INFO] [stdout]    8:     0x609db496f1f9 - std[70759c8f55707aa4]::sys::backtrace::__rust_end_short_backtrace::<std[70759c8f55707aa4]::panicking::panic_handler::{closure#0}, !>
[INFO] [stdout]    9:     0x609db49778ed - __rustc[8fa7c3cbc660c2b3]::rust_begin_unwind
[INFO] [stdout]   10:     0x609db49b306c - core[df12db4294e9bfd3]::panicking::panic_fmt
[INFO] [stdout]   11:     0x609db49b2e42 - core[df12db4294e9bfd3]::result::unwrap_failed
[INFO] [stdout]   12:     0x609db46ba075 - <genanki_rs[9e3bf77f398b01a7]::tests::import_anki::{closure#0} as core[df12db4294e9bfd3]::ops::function::FnOnce<()>>::call_once
[INFO] [stdout]   13:     0x609db4705744 - serial_test[8e76f91238306507]::serial_core
[INFO] [stdout]   14:     0x609db46a9fc8 - <genanki_rs[9e3bf77f398b01a7]::tests::import_anki::{closure#0} as core[df12db4294e9bfd3]::ops::function::FnOnce<()>>::call_once
[INFO] [stdout]   15:     0x609db46c45db - test[9d35eded1c95d3be]::__rust_begin_short_backtrace::<core[df12db4294e9bfd3]::result::Result<(), alloc[2182bb758b4b3781]::string::String>, fn() -> core[df12db4294e9bfd3]::result::Result<(), alloc[2182bb758b4b3781]::string::String>>
[INFO] [stdout]   16:     0x609db46d1c45 - test[9d35eded1c95d3be]::run_test::{closure#0}
[INFO] [stdout]   17:     0x609db46cb504 - std[70759c8f55707aa4]::sys::backtrace::__rust_begin_short_backtrace::<test[9d35eded1c95d3be]::run_test::{closure#1}, ()>
[INFO] [stdout]   18:     0x609db46d4da2 - <std[70759c8f55707aa4]::thread::lifecycle::spawn_unchecked<test[9d35eded1c95d3be]::run_test::{closure#1}, ()>::{closure#1} as core[df12db4294e9bfd3]::ops::function::FnOnce<()>>::call_once::{shim:vtable#0}
[INFO] [stdout]   19:     0x609db499bcc9 - <std[70759c8f55707aa4]::sys::thread::unix::Thread>::new::thread_start
[INFO] [stdout]   20:     0x79f86b1a2dfa - <unknown>
[INFO] [stdout]   21:     0x79f86b2363d4 - clone
[INFO] [stdout]   22:                0x0 - <unknown>
[INFO] [stdout] 
[INFO] [stdout] ---- tests::generated_deck_can_be_imported stdout ----
[INFO] [stdout] 
[INFO] [stdout] thread 'tests::generated_deck_can_be_imported' (1525) panicked at src/lib.rs:335:14:
[INFO] [stdout] called `Result::unwrap()` on an `Err` value: PyErr { type: <class 'ModuleNotFoundError'>, value: ModuleNotFoundError("No module named 'anki'"), traceback: Some(<traceback object at 0x79f868636a80>) }
[INFO] [stdout] stack backtrace:
[INFO] [stdout]    0:     0x609db499c401 - <<std[70759c8f55707aa4]::sys::backtrace::BacktraceLock>::print::DisplayBacktrace as core[df12db4294e9bfd3]::fmt::Display>::fmt
[INFO] [stdout]    1:     0x609db49b288a - core[df12db4294e9bfd3]::fmt::write
[INFO] [stdout]    2:     0x609db49a121c - <alloc[2182bb758b4b3781]::vec::Vec<u8> as core[df12db4294e9bfd3]::io::write::Write>::write_fmt
[INFO] [stdout]    3:     0x609db4976b36 - std[70759c8f55707aa4]::panicking::default_hook::{closure#0}
[INFO] [stdout]    4:     0x609db4993fa9 - std[70759c8f55707aa4]::panicking::default_hook
[INFO] [stdout]    5:     0x609db46d12f0 - test[9d35eded1c95d3be]::test_main_inner::<test[9d35eded1c95d3be]::test_main_static::{closure#0}>::{closure#0}
[INFO] [stdout]    6:     0x609db49942d2 - std[70759c8f55707aa4]::panicking::panic_with_hook
[INFO] [stdout]    7:     0x609db4976be2 - std[70759c8f55707aa4]::panicking::panic_handler::{closure#0}
[INFO] [stdout]    8:     0x609db496f1f9 - std[70759c8f55707aa4]::sys::backtrace::__rust_end_short_backtrace::<std[70759c8f55707aa4]::panicking::panic_handler::{closure#0}, !>
[INFO] [stdout]    9:     0x609db49778ed - __rustc[8fa7c3cbc660c2b3]::rust_begin_unwind
[INFO] [stdout]   10:     0x609db49b306c - core[df12db4294e9bfd3]::panicking::panic_fmt
[INFO] [stdout]   11:     0x609db49b2e42 - core[df12db4294e9bfd3]::result::unwrap_failed
[INFO] [stdout]   12:     0x609db46b6ed8 - <genanki_rs[9e3bf77f398b01a7]::tests::TestSetup>::new
[INFO] [stdout]   13:     0x609db46bd975 - <genanki_rs[9e3bf77f398b01a7]::tests::generated_deck_can_be_imported::{closure#0} as core[df12db4294e9bfd3]::ops::function::FnOnce<()>>::call_once
[INFO] [stdout]   14:     0x609db4705744 - serial_test[8e76f91238306507]::serial_core
[INFO] [stdout]   15:     0x609db46aa158 - <genanki_rs[9e3bf77f398b01a7]::tests::generated_deck_can_be_imported::{closure#0} as core[df12db4294e9bfd3]::ops::function::FnOnce<()>>::call_once
[INFO] [stdout]   16:     0x609db46c45db - test[9d35eded1c95d3be]::__rust_begin_short_backtrace::<core[df12db4294e9bfd3]::result::Result<(), alloc[2182bb758b4b3781]::string::String>, fn() -> core[df12db4294e9bfd3]::result::Result<(), alloc[2182bb758b4b3781]::string::String>>
[INFO] [stdout]   17:     0x609db46d1c45 - test[9d35eded1c95d3be]::run_test::{closure#0}
[INFO] [stdout]   18:     0x609db46cb504 - std[70759c8f55707aa4]::sys::backtrace::__rust_begin_short_backtrace::<test[9d35eded1c95d3be]::run_test::{closure#1}, ()>
[INFO] [stdout]   19:     0x609db46d4da2 - <std[70759c8f55707aa4]::thread::lifecycle::spawn_unchecked<test[9d35eded1c95d3be]::run_test::{closure#1}, ()>::{closure#1} as core[df12db4294e9bfd3]::ops::function::FnOnce<()>>::call_once::{shim:vtable#0}
[INFO] [stdout]   20:     0x609db499bcc9 - <std[70759c8f55707aa4]::sys::thread::unix::Thread>::new::thread_start
[INFO] [stdout]   21:     0x79f86b1a2dfa - <unknown>
[INFO] [stdout]   22:     0x79f86b2363d4 - clone
[INFO] [stdout]   23:                0x0 - <unknown>
[INFO] [stdout] 
[INFO] [stdout] ---- tests::multi_deck_package stdout ----
[INFO] [stdout] 
[INFO] [stdout] thread 'tests::multi_deck_package' (1534) panicked at src/lib.rs:335:14:
[INFO] [stdout] called `Result::unwrap()` on an `Err` value: PyErr { type: <class 'ModuleNotFoundError'>, value: ModuleNotFoundError("No module named 'anki'"), traceback: Some(<traceback object at 0x79f868636500>) }
[INFO] [stdout] stack backtrace:
[INFO] [stdout]    0:     0x609db499c401 - <<std[70759c8f55707aa4]::sys::backtrace::BacktraceLock>::print::DisplayBacktrace as core[df12db4294e9bfd3]::fmt::Display>::fmt
[INFO] [stdout]    1:     0x609db49b288a - core[df12db4294e9bfd3]::fmt::write
[INFO] [stdout]    2:     0x609db49a121c - <alloc[2182bb758b4b3781]::vec::Vec<u8> as core[df12db4294e9bfd3]::io::write::Write>::write_fmt
[INFO] [stdout]    3:     0x609db4976b36 - std[70759c8f55707aa4]::panicking::default_hook::{closure#0}
[INFO] [stdout]    4:     0x609db4993fa9 - std[70759c8f55707aa4]::panicking::default_hook
[INFO] [stdout]    5:     0x609db46d12f0 - test[9d35eded1c95d3be]::test_main_inner::<test[9d35eded1c95d3be]::test_main_static::{closure#0}>::{closure#0}
[INFO] [stdout]    6:     0x609db49942d2 - std[70759c8f55707aa4]::panicking::panic_with_hook
[INFO] [stdout]    7:     0x609db4976be2 - std[70759c8f55707aa4]::panicking::panic_handler::{closure#0}
[INFO] [stdout]    8:     0x609db496f1f9 - std[70759c8f55707aa4]::sys::backtrace::__rust_end_short_backtrace::<std[70759c8f55707aa4]::panicking::panic_handler::{closure#0}, !>
[INFO] [stdout]    9:     0x609db49778ed - __rustc[8fa7c3cbc660c2b3]::rust_begin_unwind
[INFO] [stdout]   10:     0x609db49b306c - core[df12db4294e9bfd3]::panicking::panic_fmt
[INFO] [stdout]   11:     0x609db49b2e42 - core[df12db4294e9bfd3]::result::unwrap_failed
[INFO] [stdout]   12:     0x609db46b6ed8 - <genanki_rs[9e3bf77f398b01a7]::tests::TestSetup>::new
[INFO] [stdout]   13:     0x609db46bad3e - <genanki_rs[9e3bf77f398b01a7]::tests::multi_deck_package::{closure#0} as core[df12db4294e9bfd3]::ops::function::FnOnce<()>>::call_once
[INFO] [stdout]   14:     0x609db4705744 - serial_test[8e76f91238306507]::serial_core
[INFO] [stdout]   15:     0x609db46aa048 - <genanki_rs[9e3bf77f398b01a7]::tests::multi_deck_package::{closure#0} as core[df12db4294e9bfd3]::ops::function::FnOnce<()>>::call_once
[INFO] [stdout]   16:     0x609db46c45db - test[9d35eded1c95d3be]::__rust_begin_short_backtrace::<core[df12db4294e9bfd3]::result::Result<(), alloc[2182bb758b4b3781]::string::String>, fn() -> core[df12db4294e9bfd3]::result::Result<(), alloc[2182bb758b4b3781]::string::String>>
[INFO] [stdout]   17:     0x609db46d1c45 - test[9d35eded1c95d3be]::run_test::{closure#0}
[INFO] [stdout]   18:     0x609db46cb504 - std[70759c8f55707aa4]::sys::backtrace::__rust_begin_short_backtrace::<test[9d35eded1c95d3be]::run_test::{closure#1}, ()>
[INFO] [stdout]   19:     0x609db46d4da2 - <std[70759c8f55707aa4]::thread::lifecycle::spawn_unchecked<test[9d35eded1c95d3be]::run_test::{closure#1}, ()>::{closure#1} as core[df12db4294e9bfd3]::ops::function::FnOnce<()>>::call_once::{shim:vtable#0}
[INFO] [stdout]   20:     0x609db499bcc9 - <std[70759c8f55707aa4]::sys::thread::unix::Thread>::new::thread_start
[INFO] [stdout]   21:     0x79f86b1a2dfa - <unknown>
[INFO] [stdout]   22:     0x79f86b2363d4 - clone
[INFO] [stdout]   23:                0x0 - <unknown>
[INFO] [stdout] 
[INFO] [stdout] ---- tests::model_with_latex_pre_and_post stdout ----
[INFO] [stdout] 
[INFO] [stdout] thread 'tests::model_with_latex_pre_and_post' (1533) panicked at src/lib.rs:335:14:
[INFO] [stdout] called `Result::unwrap()` on an `Err` value: PyErr { type: <class 'ModuleNotFoundError'>, value: ModuleNotFoundError("No module named 'anki'"), traceback: Some(<traceback object at 0x79f868636d40>) }
[INFO] [stdout] stack backtrace:
[INFO] [stdout]    0:     0x609db499c401 - <<std[70759c8f55707aa4]::sys::backtrace::BacktraceLock>::print::DisplayBacktrace as core[df12db4294e9bfd3]::fmt::Display>::fmt
[INFO] [stdout]    1:     0x609db49b288a - core[df12db4294e9bfd3]::fmt::write
[INFO] [stdout]    2:     0x609db49a121c - <alloc[2182bb758b4b3781]::vec::Vec<u8> as core[df12db4294e9bfd3]::io::write::Write>::write_fmt
[INFO] [stdout]    3:     0x609db4976b36 - std[70759c8f55707aa4]::panicking::default_hook::{closure#0}
[INFO] [stdout]    4:     0x609db4993fa9 - std[70759c8f55707aa4]::panicking::default_hook
[INFO] [stdout]    5:     0x609db46d12f0 - test[9d35eded1c95d3be]::test_main_inner::<test[9d35eded1c95d3be]::test_main_static::{closure#0}>::{closure#0}
[INFO] [stdout]    6:     0x609db49942d2 - std[70759c8f55707aa4]::panicking::panic_with_hook
[INFO] [stdout]    7:     0x609db4976be2 - std[70759c8f55707aa4]::panicking::panic_handler::{closure#0}
[INFO] [stdout]    8:     0x609db496f1f9 - std[70759c8f55707aa4]::sys::backtrace::__rust_end_short_backtrace::<std[70759c8f55707aa4]::panicking::panic_handler::{closure#0}, !>
[INFO] [stdout]    9:     0x609db49778ed - __rustc[8fa7c3cbc660c2b3]::rust_begin_unwind
[INFO] [stdout]   10:     0x609db49b306c - core[df12db4294e9bfd3]::panicking::panic_fmt
[INFO] [stdout]   11:     0x609db49b2e42 - core[df12db4294e9bfd3]::result::unwrap_failed
[INFO] [stdout]   12:     0x609db46b6ed8 - <genanki_rs[9e3bf77f398b01a7]::tests::TestSetup>::new
[INFO] [stdout]   13:     0x609db46bcccc - <genanki_rs[9e3bf77f398b01a7]::tests::model_with_latex_pre_and_post::{closure#0} as core[df12db4294e9bfd3]::ops::function::FnOnce<()>>::call_once
[INFO] [stdout]   14:     0x609db4705744 - serial_test[8e76f91238306507]::serial_core
[INFO] [stdout]   15:     0x609db46aa128 - <genanki_rs[9e3bf77f398b01a7]::tests::model_with_latex_pre_and_post::{closure#0} as core[df12db4294e9bfd3]::ops::function::FnOnce<()>>::call_once
[INFO] [stdout]   16:     0x609db46c45db - test[9d35eded1c95d3be]::__rust_begin_short_backtrace::<core[df12db4294e9bfd3]::result::Result<(), alloc[2182bb758b4b3781]::string::String>, fn() -> core[df12db4294e9bfd3]::result::Result<(), alloc[2182bb758b4b3781]::string::String>>
[INFO] [stdout]   17:     0x609db46d1c45 - test[9d35eded1c95d3be]::run_test::{closure#0}
[INFO] [stdout]   18:     0x609db46cb504 - std[70759c8f55707aa4]::sys::backtrace::__rust_begin_short_backtrace::<test[9d35eded1c95d3be]::run_test::{closure#1}, ()>
[INFO] [stdout]   19:     0x609db46d4da2 - <std[70759c8f55707aa4]::thread::lifecycle::spawn_unchecked<test[9d35eded1c95d3be]::run_test::{closure#1}, ()>::{closure#1} as core[df12db4294e9bfd3]::ops::function::FnOnce<()>>::call_once::{shim:vtable#0}
[INFO] [stdout]   20:     0x609db499bcc9 - <std[70759c8f55707aa4]::sys::thread::unix::Thread>::new::thread_start
[INFO] [stdout]   21:     0x79f86b1a2dfa - <unknown>
[INFO] [stdout]   22:     0x79f86b2363d4 - clone
[INFO] [stdout]   23:                0x0 - <unknown>
[INFO] [stdout] 
[INFO] [stdout] ---- tests::test_model_with_sort_field_index stdout ----
[INFO] [stdout] 
[INFO] [stdout] thread 'tests::test_model_with_sort_field_index' (1537) panicked at src/lib.rs:335:14:
[INFO] [stdout] called `Result::unwrap()` on an `Err` value: PyErr { type: <class 'ModuleNotFoundError'>, value: ModuleNotFoundError("No module named 'anki'"), traceback: Some(<traceback object at 0x79f868636e00>) }
[INFO] [stdout] stack backtrace:
[INFO] [stdout]    0:     0x609db499c401 - <<std[70759c8f55707aa4]::sys::backtrace::BacktraceLock>::print::DisplayBacktrace as core[df12db4294e9bfd3]::fmt::Display>::fmt
[INFO] [stdout]    1:     0x609db49b288a - core[df12db4294e9bfd3]::fmt::write
[INFO] [stdout]    2:     0x609db49a121c - <alloc[2182bb758b4b3781]::vec::Vec<u8> as core[df12db4294e9bfd3]::io::write::Write>::write_fmt
[INFO] [stdout]    3:     0x609db4976b36 - std[70759c8f55707aa4]::panicking::default_hook::{closure#0}
[INFO] [stdout]    4:     0x609db4993fa9 - std[70759c8f55707aa4]::panicking::default_hook
[INFO] [stdout]    5:     0x609db46d12f0 - test[9d35eded1c95d3be]::test_main_inner::<test[9d35eded1c95d3be]::test_main_static::{closure#0}>::{closure#0}
[INFO] [stdout]    6:     0x609db49942d2 - std[70759c8f55707aa4]::panicking::panic_with_hook
[INFO] [stdout]    7:     0x609db4976be2 - std[70759c8f55707aa4]::panicking::panic_handler::{closure#0}
[INFO] [stdout]    8:     0x609db496f1f9 - std[70759c8f55707aa4]::sys::backtrace::__rust_end_short_backtrace::<std[70759c8f55707aa4]::panicking::panic_handler::{closure#0}, !>
[INFO] [stdout]    9:     0x609db49778ed - __rustc[8fa7c3cbc660c2b3]::rust_begin_unwind
[INFO] [stdout]   10:     0x609db49b306c - core[df12db4294e9bfd3]::panicking::panic_fmt
[INFO] [stdout]   11:     0x609db49b2e42 - core[df12db4294e9bfd3]::result::unwrap_failed
[INFO] [stdout]   12:     0x609db46b6ed8 - <genanki_rs[9e3bf77f398b01a7]::tests::TestSetup>::new
[INFO] [stdout]   13:     0x609db46be509 - <genanki_rs[9e3bf77f398b01a7]::tests::test_model_with_sort_field_index::{closure#0} as core[df12db4294e9bfd3]::ops::function::FnOnce<()>>::call_once
[INFO] [stdout]   14:     0x609db4705744 - serial_test[8e76f91238306507]::serial_core
[INFO] [stdout]   15:     0x609db46aa1b8 - <genanki_rs[9e3bf77f398b01a7]::tests::test_model_with_sort_field_index::{closure#0} as core[df12db4294e9bfd3]::ops::function::FnOnce<()>>::call_once
[INFO] [stdout]   16:     0x609db46c45db - test[9d35eded1c95d3be]::__rust_begin_short_backtrace::<core[df12db4294e9bfd3]::result::Result<(), alloc[2182bb758b4b3781]::string::String>, fn() -> core[df12db4294e9bfd3]::result::Result<(), alloc[2182bb758b4b3781]::string::String>>
[INFO] [stdout]   17:     0x609db46d1c45 - test[9d35eded1c95d3be]::run_test::{closure#0}
[INFO] [stdout]   18:     0x609db46cb504 - std[70759c8f55707aa4]::sys::backtrace::__rust_begin_short_backtrace::<test[9d35eded1c95d3be]::run_test::{closure#1}, ()>
[INFO] [stdout]   19:     0x609db46d4da2 - <std[70759c8f55707aa4]::thread::lifecycle::spawn_unchecked<test[9d35eded1c95d3be]::run_test::{closure#1}, ()>::{closure#1} as core[df12db4294e9bfd3]::ops::function::FnOnce<()>>::call_once::{shim:vtable#0}
[INFO] [stdout]   20:     0x609db499bcc9 - <std[70759c8f55707aa4]::sys::thread::unix::Thread>::new::thread_start
[INFO] [stdout]   21:     0x79f86b1a2dfa - <unknown>
[INFO] [stdout]   22:     0x79f86b2363d4 - clone
[INFO] [stdout]   23:                0x0 - <unknown>
[INFO] [stdout] 
[INFO] [stdout] 
[INFO] [stdout] failures:
[INFO] [stdout]     tests::card_added_date_is_recent
[INFO] [stdout]     tests::deck_with_description
[INFO] [stdout]     tests::generated_deck_can_be_imported
[INFO] [stdout]     tests::generated_deck_has_valid_cards
[INFO] [stdout]     tests::import_anki
[INFO] [stdout]     tests::media_files
[INFO] [stdout]     tests::media_files_absolute_paths
[INFO] [stdout]     tests::model_with_latex_pre_and_post
[INFO] [stdout]     tests::multi_deck_package
[INFO] [stdout]     tests::test_model_with_sort_field_index
[INFO] [stdout] 
[INFO] [stdout] test result: FAILED. 29 passed; 10 failed; 0 ignored; 0 measured; 0 filtered out; finished in 0.24s
[INFO] [stdout] 
[INFO] running `Command { std: "docker" "inspect" "27eb6e0c3dc58e2317ddf06438019fd5e5a4a90a4b7aedc52c2ab404c8e4ea53", kill_on_drop: false }`
[INFO] running `Command { std: "docker" "rm" "-f" "27eb6e0c3dc58e2317ddf06438019fd5e5a4a90a4b7aedc52c2ab404c8e4ea53", kill_on_drop: false }`
[INFO] [stdout] 27eb6e0c3dc58e2317ddf06438019fd5e5a4a90a4b7aedc52c2ab404c8e4ea53
