[INFO] fetching crate gen-file-database 1.0.6...
[INFO] testing gen-file-database-1.0.6 against 1.99.0-beta.8+cargoflags=--release for beta-release-1.100-2
[INFO] extracting crate gen-file-database 1.0.6 into /workspace/builds/worker-5-tc1/source
[INFO] started tweaking crates.io crate gen-file-database 1.0.6
[INFO] finished tweaking crates.io crate gen-file-database 1.0.6
[INFO] tweaked toml for crates.io crate gen-file-database 1.0.6 written to /workspace/builds/worker-5-tc1/source/Cargo.toml
[INFO] validating manifest of crates.io crate gen-file-database 1.0.6 on toolchain 1.99.0-beta.8
[INFO] running `Command { std: CARGO_HOME="/workspace/cargo-home" RUSTUP_HOME="/workspace/rustup-home" "/workspace/cargo-home/bin/cargo" "+1.99.0-beta.8" "metadata" "--manifest-path" "Cargo.toml" "--no-deps", kill_on_drop: false }`
[INFO] crate crates.io crate gen-file-database 1.0.6 already has a lockfile, it will not be regenerated
[INFO] running `Command { std: CARGO_HOME="/workspace/cargo-home" RUSTUP_HOME="/workspace/rustup-home" "/workspace/cargo-home/bin/cargo" "+1.99.0-beta.8" "fetch" "--manifest-path" "Cargo.toml", kill_on_drop: false }`
[INFO] [stderr]     Updating crates.io index
[INFO] [stderr]  Downloading crates ...
[INFO] [stderr]   Downloaded gen-file v1.0.6
[INFO] running `Command { std: "docker" "create" "-v" "/var/lib/crater-agent-workspace/builds/worker-5-tc1/source:/opt/rustwide/workdir:ro,Z" "-v" "/var/lib/crater-agent-workspace/builds/worker-5-tc1/target:/opt/rustwide/target:rw,Z" "-v" "/var/lib/crater-agent-workspace/cargo-home:/opt/rustwide/cargo-home:ro,Z" "-v" "/var/lib/crater-agent-workspace/rustup-home:/opt/rustwide/rustup-home:ro,Z" "-m" "1610612736" "--network" "none" "ghcr.io/rust-lang/crates-build-env/linux@sha256:77db811e55d90add9212f6832c23229e3de5f1c1f9905e8cb07319ea15df73ac" "sleep" "infinity", kill_on_drop: false }`
[INFO] [stdout] f2c56577b511537cd1825361a806fd9dee2ff546292e3a3043432e53d89eeb28
[INFO] running `Command { std: "docker" "start" "f2c56577b511537cd1825361a806fd9dee2ff546292e3a3043432e53d89eeb28", kill_on_drop: false }`
[INFO] running `Command { std: "docker" "inspect" "f2c56577b511537cd1825361a806fd9dee2ff546292e3a3043432e53d89eeb28", kill_on_drop: false }`
[INFO] running `Command { std: "docker" "exec" "-e" "SOURCE_DIR=/opt/rustwide/workdir" "-e" "CARGO_HOME=/opt/rustwide/cargo-home" "-e" "RUSTUP_HOME=/opt/rustwide/rustup-home" "-e" "CARGO_TARGET_DIR=/opt/rustwide/target" "-w" "/opt/rustwide/workdir" "--user" "0:0" "f2c56577b511537cd1825361a806fd9dee2ff546292e3a3043432e53d89eeb28" "/opt/rustwide/cargo-home/bin/cargo" "+1.99.0-beta.8" "metadata" "--no-deps" "--format-version=1", kill_on_drop: false }`
[INFO] running `Command { std: "docker" "inspect" "f2c56577b511537cd1825361a806fd9dee2ff546292e3a3043432e53d89eeb28", kill_on_drop: false }`
[INFO] running `Command { std: "docker" "exec" "-e" "SOURCE_DIR=/opt/rustwide/workdir" "-e" "CARGO_HOME=/opt/rustwide/cargo-home" "-e" "RUSTUP_HOME=/opt/rustwide/rustup-home" "-e" "CARGO_TARGET_DIR=/opt/rustwide/target" "-e" "CARGO_INCREMENTAL=0" "-e" "RUST_BACKTRACE=full" "-e" "RUSTFLAGS=--cap-lints=warn" "-e" "RUSTDOCFLAGS=--cap-lints=warn" "-w" "/opt/rustwide/workdir" "--user" "0:0" "f2c56577b511537cd1825361a806fd9dee2ff546292e3a3043432e53d89eeb28" "/opt/rustwide/cargo-home/bin/cargo" "+1.99.0-beta.8" "build" "--frozen" "--message-format=json" "--release", kill_on_drop: false }`
[INFO] [stderr]    Compiling libc v0.2.171
[INFO] [stderr]    Compiling serde v1.0.219
[INFO] [stderr]    Compiling memchr v2.7.4
[INFO] [stderr]    Compiling getrandom v0.3.2
[INFO] [stderr]    Compiling convert_case v0.8.0
[INFO] [stderr]    Compiling syn v2.0.100
[INFO] [stderr]    Compiling aho-corasick v1.1.3
[INFO] [stderr]    Compiling serde_derive v1.0.219
[INFO] [stderr]    Compiling thiserror-impl v2.0.12
[INFO] [stderr]    Compiling regex-automata v0.4.9
[INFO] [stderr]    Compiling thiserror v2.0.12
[INFO] [stderr]    Compiling gen-file v1.0.6
[INFO] [stderr]    Compiling regex v1.11.1
[INFO] [stderr]    Compiling uuid v1.16.0
[INFO] [stderr]    Compiling serde_json v1.0.140
[INFO] [stderr]    Compiling gen-file-database v1.0.6 (/opt/rustwide/workdir)
[INFO] [stderr]     Finished `release` profile [optimized] target(s) in 24.57s
[INFO] running `Command { std: "docker" "inspect" "f2c56577b511537cd1825361a806fd9dee2ff546292e3a3043432e53d89eeb28", kill_on_drop: false }`
[INFO] running `Command { std: "docker" "exec" "-e" "SOURCE_DIR=/opt/rustwide/workdir" "-e" "CARGO_HOME=/opt/rustwide/cargo-home" "-e" "RUSTUP_HOME=/opt/rustwide/rustup-home" "-e" "CARGO_TARGET_DIR=/opt/rustwide/target" "-e" "CARGO_INCREMENTAL=0" "-e" "RUST_BACKTRACE=full" "-e" "RUSTFLAGS=--cap-lints=warn" "-e" "RUSTDOCFLAGS=--cap-lints=warn" "-w" "/opt/rustwide/workdir" "--user" "0:0" "f2c56577b511537cd1825361a806fd9dee2ff546292e3a3043432e53d89eeb28" "/opt/rustwide/cargo-home/bin/cargo" "+1.99.0-beta.8" "test" "--frozen" "--no-run" "--message-format=json" "--release", kill_on_drop: false }`
[INFO] [stderr]    Compiling gen-file-database v1.0.6 (/opt/rustwide/workdir)
[INFO] [stderr]     Finished `release` profile [optimized] target(s) in 2.53s
[INFO] running `Command { std: "docker" "inspect" "f2c56577b511537cd1825361a806fd9dee2ff546292e3a3043432e53d89eeb28", kill_on_drop: false }`
[INFO] running `Command { std: "docker" "exec" "-e" "SOURCE_DIR=/opt/rustwide/workdir" "-e" "CARGO_HOME=/opt/rustwide/cargo-home" "-e" "RUSTUP_HOME=/opt/rustwide/rustup-home" "-e" "CARGO_TARGET_DIR=/opt/rustwide/target" "-e" "CARGO_INCREMENTAL=0" "-e" "RUST_BACKTRACE=full" "-e" "RUSTFLAGS=--cap-lints=warn" "-e" "RUSTDOCFLAGS=--cap-lints=warn" "-w" "/opt/rustwide/workdir" "--user" "0:0" "f2c56577b511537cd1825361a806fd9dee2ff546292e3a3043432e53d89eeb28" "/opt/rustwide/cargo-home/bin/cargo" "+1.99.0-beta.8" "test" "--frozen" "--release", kill_on_drop: false }`
[INFO] [stderr]     Finished `release` profile [optimized] target(s) in 0.05s
[INFO] [stderr]      Running unittests src/lib.rs (/opt/rustwide/target/release/deps/gen_file_database-d2391724fdc141c5)
[INFO] [stdout] 
[INFO] [stdout] running 7 tests
[INFO] [stdout] test temporary::test::test_save_and_read_capsule ... FAILED
[INFO] [stdout] test persistence::test::test_upsert_capsule ... FAILED
[INFO] [stdout] test persistence::test::test_save_and_get_capsule ... FAILED
[INFO] [stdout] test temporary::test::test_create_and_select ... FAILED
[INFO] [stdout] test index::test::test_index_insert_and_get ... FAILED
[INFO] [stdout] test persistence::test::test_find_by_index ... FAILED
[INFO] [stdout] test index::test::test_update_index ... FAILED
[INFO] [stdout] 
[INFO] [stdout] failures:
[INFO] [stdout] 
[INFO] [stdout] ---- temporary::test::test_save_and_read_capsule stdout ----
[INFO] [stdout] Error: Custom { kind: ReadOnlyFilesystem, error: "Failed to create folder ./target/test_temp_c85b9606-5d89-47e6-b0bc-5124f4b78440/temp: Read-only file system (os error 30)" }
[INFO] [stdout] 
[INFO] [stdout] ---- persistence::test::test_upsert_capsule stdout ----
[INFO] [stdout] Error: Custom { kind: ReadOnlyFilesystem, error: "Failed to create folder ./target/test_temp_5ba685fe-400d-45b2-8a36-394a6c760c3a/temp: Read-only file system (os error 30)" }
[INFO] [stdout] 
[INFO] [stdout] ---- persistence::test::test_save_and_get_capsule stdout ----
[INFO] [stdout] Error: Custom { kind: ReadOnlyFilesystem, error: "Failed to create folder ./target/test_temp_d3e2237d-b1d6-4874-8dc1-f272fab68643/temp: Read-only file system (os error 30)" }
[INFO] [stdout] 
[INFO] [stdout] ---- temporary::test::test_create_and_select stdout ----
[INFO] [stdout] Error: Custom { kind: ReadOnlyFilesystem, error: "Failed to create folder ./target/test_temp_f39d3c5d-253c-4328-ad65-e2429920cff3/temp: Read-only file system (os error 30)" }
[INFO] [stdout] 
[INFO] [stdout] ---- index::test::test_index_insert_and_get stdout ----
[INFO] [stdout] Error: Custom { kind: ReadOnlyFilesystem, error: "Failed to create folder ./target/test_temp_737301bf-c1ea-47e6-b748-f6e7f6246c07/temp: Read-only file system (os error 30)" }
[INFO] [stdout] 
[INFO] [stdout] ---- persistence::test::test_find_by_index stdout ----
[INFO] [stdout] Error: Custom { kind: ReadOnlyFilesystem, error: "Failed to create folder ./target/test_temp_2e301508-7253-402e-ab97-f4700470f36b/temp: Read-only file system (os error 30)" }
[INFO] [stdout] 
[INFO] [stdout] ---- index::test::test_update_index stdout ----
[INFO] [stdout] Error: Custom { kind: ReadOnlyFilesystem, error: "Failed to create folder ./target/test_temp_c6b5b6dc-ce1a-4b2f-ac57-d921aac2ff3a/temp: Read-only file system (os error 30)" }
[INFO] [stdout] 
[INFO] [stdout] 
[INFO] [stdout] failures:
[INFO] [stdout]     index::test::test_index_insert_and_get
[INFO] [stdout]     index::test::test_update_index
[INFO] [stdout]     persistence::test::test_find_by_index
[INFO] [stdout]     persistence::test::test_save_and_get_capsule
[INFO] [stdout]     persistence::test::test_upsert_capsule
[INFO] [stdout]     temporary::test::test_create_and_select
[INFO] [stdout]     temporary::test::test_save_and_read_capsule
[INFO] [stdout] 
[INFO] [stdout] test result: FAILED. 0 passed; 7 failed; 0 ignored; 0 measured; 0 filtered out; finished in 0.01s
[INFO] [stdout] 
[INFO] [stderr] error: test failed, to rerun pass `--lib`
[INFO] running `Command { std: "docker" "inspect" "f2c56577b511537cd1825361a806fd9dee2ff546292e3a3043432e53d89eeb28", kill_on_drop: false }`
[INFO] running `Command { std: "docker" "rm" "-f" "f2c56577b511537cd1825361a806fd9dee2ff546292e3a3043432e53d89eeb28", kill_on_drop: false }`
[INFO] [stdout] f2c56577b511537cd1825361a806fd9dee2ff546292e3a3043432e53d89eeb28
