[INFO] fetching crate gen-file-database-macro 1.0.6...
[INFO] testing gen-file-database-macro-1.0.6 against 1.100.0-beta.1+cargoflags=--release for beta-release-1.100-2
[INFO] extracting crate gen-file-database-macro 1.0.6 into /workspace/builds/worker-4-tc2/source
[INFO] started tweaking crates.io crate gen-file-database-macro 1.0.6
[INFO] removed 0 missing tests
[INFO] finished tweaking crates.io crate gen-file-database-macro 1.0.6
[INFO] tweaked toml for crates.io crate gen-file-database-macro 1.0.6 written to /workspace/builds/worker-4-tc2/source/Cargo.toml
[INFO] validating manifest of crates.io crate gen-file-database-macro 1.0.6 on toolchain 1.100.0-beta.1
[INFO] running `Command { std: CARGO_HOME="/workspace/cargo-home" RUSTUP_HOME="/workspace/rustup-home" "/workspace/cargo-home/bin/cargo" "+1.100.0-beta.1" "metadata" "--manifest-path" "Cargo.toml" "--no-deps", kill_on_drop: false }`
[INFO] crate crates.io crate gen-file-database-macro 1.0.6 already has a lockfile, it will not be regenerated
[INFO] running `Command { std: CARGO_HOME="/workspace/cargo-home" RUSTUP_HOME="/workspace/rustup-home" "/workspace/cargo-home/bin/cargo" "+1.100.0-beta.1" "fetch" "--manifest-path" "Cargo.toml", kill_on_drop: false }`
[INFO] [stderr] warning: `package.homepage` is redundant with `package.repository`
[INFO] [stderr]   --> Cargo.toml:44:12
[INFO] [stderr]    |
[INFO] [stderr] 44 | homepage = "https://gitlab.com/silmarills/rust/gen-file-database-macro"
[INFO] [stderr]    |            ^^^^^^^^^^^^^^^^^^^^^^^^^^^^^^^^^^^^^^^^^^^^^^^^^^^^^^^^^^^^
[INFO] [stderr] ...
[INFO] [stderr] 49 | repository = "https://gitlab.com/silmarills/rust/gen-file-database-macro"
[INFO] [stderr]    |              ------------------------------------------------------------
[INFO] [stderr]    |
[INFO] [stderr]    = note: `cargo::redundant_homepage` is set to `warn` by default
[INFO] [stderr] help: consider removing `package.homepage`
[INFO] [stderr] warning: `gen-file-database-macro` (manifest) generated 1 warning
[INFO] running `Command { std: "docker" "create" "-v" "/var/lib/crater-agent-workspace/builds/worker-4-tc2/source:/opt/rustwide/workdir:ro,Z" "-v" "/var/lib/crater-agent-workspace/builds/worker-4-tc2/target:/opt/rustwide/target:rw,Z" "-v" "/var/lib/crater-agent-workspace/cargo-home:/opt/rustwide/cargo-home:ro,Z" "-v" "/var/lib/crater-agent-workspace/rustup-home:/opt/rustwide/rustup-home:ro,Z" "-m" "1610612736" "--network" "none" "ghcr.io/rust-lang/crates-build-env/linux@sha256:77db811e55d90add9212f6832c23229e3de5f1c1f9905e8cb07319ea15df73ac" "sleep" "infinity", kill_on_drop: false }`
[INFO] [stdout] 0ee10d5eb753a5eb19ccc11d03f24ed6d6a8bc4b26ac4349275fd33e988fb7b6
[INFO] running `Command { std: "docker" "start" "0ee10d5eb753a5eb19ccc11d03f24ed6d6a8bc4b26ac4349275fd33e988fb7b6", kill_on_drop: false }`
[INFO] running `Command { std: "docker" "inspect" "0ee10d5eb753a5eb19ccc11d03f24ed6d6a8bc4b26ac4349275fd33e988fb7b6", kill_on_drop: false }`
[INFO] running `Command { std: "docker" "exec" "-e" "SOURCE_DIR=/opt/rustwide/workdir" "-e" "CARGO_HOME=/opt/rustwide/cargo-home" "-e" "RUSTUP_HOME=/opt/rustwide/rustup-home" "-e" "CARGO_TARGET_DIR=/opt/rustwide/target" "-w" "/opt/rustwide/workdir" "--user" "0:0" "0ee10d5eb753a5eb19ccc11d03f24ed6d6a8bc4b26ac4349275fd33e988fb7b6" "/opt/rustwide/cargo-home/bin/cargo" "+1.100.0-beta.1" "metadata" "--no-deps" "--format-version=1", kill_on_drop: false }`
[INFO] running `Command { std: "docker" "inspect" "0ee10d5eb753a5eb19ccc11d03f24ed6d6a8bc4b26ac4349275fd33e988fb7b6", kill_on_drop: false }`
[INFO] running `Command { std: "docker" "exec" "-e" "SOURCE_DIR=/opt/rustwide/workdir" "-e" "CARGO_HOME=/opt/rustwide/cargo-home" "-e" "RUSTUP_HOME=/opt/rustwide/rustup-home" "-e" "CARGO_TARGET_DIR=/opt/rustwide/target" "-e" "CARGO_INCREMENTAL=0" "-e" "RUST_BACKTRACE=full" "-e" "RUSTFLAGS=--cap-lints=warn" "-e" "RUSTDOCFLAGS=--cap-lints=warn" "-w" "/opt/rustwide/workdir" "--user" "0:0" "0ee10d5eb753a5eb19ccc11d03f24ed6d6a8bc4b26ac4349275fd33e988fb7b6" "/opt/rustwide/cargo-home/bin/cargo" "+1.100.0-beta.1" "build" "--frozen" "--message-format=json" "--release", kill_on_drop: false }`
[INFO] [stderr] warning: `package.homepage` is redundant with `package.repository`
[INFO] [stderr]   --> Cargo.toml:44:12
[INFO] [stderr]    |
[INFO] [stderr] 44 | homepage = "https://gitlab.com/silmarills/rust/gen-file-database-macro"
[INFO] [stderr]    |            ^^^^^^^^^^^^^^^^^^^^^^^^^^^^^^^^^^^^^^^^^^^^^^^^^^^^^^^^^^^^
[INFO] [stderr] ...
[INFO] [stderr] 49 | repository = "https://gitlab.com/silmarills/rust/gen-file-database-macro"
[INFO] [stderr]    |              ------------------------------------------------------------
[INFO] [stderr]    |
[INFO] [stderr]    = note: `cargo::redundant_homepage` is set to `warn` by default
[INFO] [stderr] help: consider removing `package.homepage`
[INFO] [stderr] warning: `gen-file-database-macro` (manifest) generated 1 warning
[INFO] [stderr]    Compiling proc-macro2 v1.0.95
[INFO] [stderr]    Compiling unicode-ident v1.0.18
[INFO] [stderr]    Compiling libc v0.2.171
[INFO] [stderr]    Compiling serde v1.0.219
[INFO] [stderr]    Compiling memchr v2.7.4
[INFO] [stderr]    Compiling getrandom v0.3.2
[INFO] [stderr]    Compiling thiserror v2.0.12
[INFO] [stderr]    Compiling regex-syntax v0.8.5
[INFO] [stderr]    Compiling serde_json v1.0.140
[INFO] [stderr]    Compiling ryu v1.0.20
[INFO] [stderr]    Compiling itoa v1.0.15
[INFO] [stderr]    Compiling unicode-segmentation v1.12.0
[INFO] [stderr]    Compiling aho-corasick v1.1.3
[INFO] [stderr]    Compiling convert_case v0.8.0
[INFO] [stderr]    Compiling quote v1.0.40
[INFO] [stderr]    Compiling syn v2.0.101
[INFO] [stderr]    Compiling regex-automata v0.4.9
[INFO] [stderr]    Compiling serde_derive v1.0.219
[INFO] [stderr]    Compiling thiserror-impl v2.0.12
[INFO] [stderr]    Compiling gen-file v1.0.6
[INFO] [stderr]    Compiling regex v1.11.1
[INFO] [stderr]    Compiling uuid v1.16.0
[INFO] [stderr]    Compiling gen-file-database v1.0.6
[INFO] [stderr]    Compiling gen-file-database-macro v1.0.6 (/opt/rustwide/workdir)
[INFO] [stderr] warning: unused dependency `gen-file-database`
[INFO] [stderr]  --> Cargo.toml:4:15
[INFO] [stderr]   |
[INFO] [stderr] 4 | [dependencies.gen-file-database]
[INFO] [stderr]   |               ^^^^^^^^^^^^^^^^^^
[INFO] [stderr]   |
[INFO] [stderr]   = note: `cargo::unused_dependencies` is set to `warn` by default
[INFO] [stderr] help: consider removing the dependency on `gen-file-database`
[INFO] [stderr] warning: `gen-file-database-macro` (manifest) generated 1 warning
[INFO] [stderr]     Finished `release` profile [optimized] target(s) in 25.63s
[INFO] running `Command { std: "docker" "inspect" "0ee10d5eb753a5eb19ccc11d03f24ed6d6a8bc4b26ac4349275fd33e988fb7b6", kill_on_drop: false }`
[INFO] running `Command { std: "docker" "exec" "-e" "SOURCE_DIR=/opt/rustwide/workdir" "-e" "CARGO_HOME=/opt/rustwide/cargo-home" "-e" "RUSTUP_HOME=/opt/rustwide/rustup-home" "-e" "CARGO_TARGET_DIR=/opt/rustwide/target" "-e" "CARGO_INCREMENTAL=0" "-e" "RUST_BACKTRACE=full" "-e" "RUSTFLAGS=--cap-lints=warn" "-e" "RUSTDOCFLAGS=--cap-lints=warn" "-w" "/opt/rustwide/workdir" "--user" "0:0" "0ee10d5eb753a5eb19ccc11d03f24ed6d6a8bc4b26ac4349275fd33e988fb7b6" "/opt/rustwide/cargo-home/bin/cargo" "+1.100.0-beta.1" "test" "--frozen" "--no-run" "--message-format=json" "--release", kill_on_drop: false }`
[INFO] [stderr] warning: `package.homepage` is redundant with `package.repository`
[INFO] [stderr]   --> Cargo.toml:44:12
[INFO] [stderr]    |
[INFO] [stderr] 44 | homepage = "https://gitlab.com/silmarills/rust/gen-file-database-macro"
[INFO] [stderr]    |            ^^^^^^^^^^^^^^^^^^^^^^^^^^^^^^^^^^^^^^^^^^^^^^^^^^^^^^^^^^^^
[INFO] [stderr] ...
[INFO] [stderr] 49 | repository = "https://gitlab.com/silmarills/rust/gen-file-database-macro"
[INFO] [stderr]    |              ------------------------------------------------------------
[INFO] [stderr]    |
[INFO] [stderr]    = note: `cargo::redundant_homepage` is set to `warn` by default
[INFO] [stderr] help: consider removing `package.homepage`
[INFO] [stderr] warning: `gen-file-database-macro` (manifest) generated 1 warning
[INFO] [stderr]    Compiling memchr v2.7.4
[INFO] [stderr]    Compiling serde v1.0.219
[INFO] [stderr]    Compiling libc v0.2.171
[INFO] [stderr]    Compiling getrandom v0.3.2
[INFO] [stderr]    Compiling thiserror v2.0.12
[INFO] [stderr]    Compiling proc-macro2 v1.0.95
[INFO] [stderr]    Compiling unicode-ident v1.0.18
[INFO] [stderr]    Compiling regex-syntax v0.8.5
[INFO] [stderr]    Compiling serde_json v1.0.140
[INFO] [stderr]    Compiling itoa v1.0.15
[INFO] [stderr]    Compiling unicode-segmentation v1.12.0
[INFO] [stderr]    Compiling ryu v1.0.20
[INFO] [stderr]    Compiling gen-file v1.0.6
[INFO] [stderr]    Compiling gen-file-database-macro v1.0.6 (/opt/rustwide/workdir)
[INFO] [stderr]    Compiling aho-corasick v1.1.3
[INFO] [stderr]    Compiling quote v1.0.40
[INFO] [stderr]    Compiling convert_case v0.8.0
[INFO] [stderr]    Compiling syn v2.0.101
[INFO] [stderr]    Compiling regex-automata v0.4.9
[INFO] [stderr]    Compiling uuid v1.16.0
[INFO] [stderr]    Compiling regex v1.11.1
[INFO] [stderr]    Compiling gen-file-database v1.0.6
[INFO] [stderr] warning: unused dependency `gen-file-database`
[INFO] [stderr]  --> Cargo.toml:4:15
[INFO] [stderr]   |
[INFO] [stderr] 4 | [dependencies.gen-file-database]
[INFO] [stderr]   |               ^^^^^^^^^^^^^^^^^^
[INFO] [stderr]   |
[INFO] [stderr]   = note: `cargo::unused_dependencies` is set to `warn` by default
[INFO] [stderr] help: consider removing the dependency on `gen-file-database`
[INFO] [stderr] help: to still use for development builds, move to `dev-dependencies`
[INFO] [stderr] warning: `gen-file-database-macro` (manifest) generated 1 warning
[INFO] [stderr]     Finished `release` profile [optimized] target(s) in 1m 06s
[INFO] running `Command { std: "docker" "inspect" "0ee10d5eb753a5eb19ccc11d03f24ed6d6a8bc4b26ac4349275fd33e988fb7b6", kill_on_drop: false }`
[INFO] running `Command { std: "docker" "exec" "-e" "SOURCE_DIR=/opt/rustwide/workdir" "-e" "CARGO_HOME=/opt/rustwide/cargo-home" "-e" "RUSTUP_HOME=/opt/rustwide/rustup-home" "-e" "CARGO_TARGET_DIR=/opt/rustwide/target" "-e" "CARGO_INCREMENTAL=0" "-e" "RUST_BACKTRACE=full" "-e" "RUSTFLAGS=--cap-lints=warn" "-e" "RUSTDOCFLAGS=--cap-lints=warn" "-w" "/opt/rustwide/workdir" "--user" "0:0" "0ee10d5eb753a5eb19ccc11d03f24ed6d6a8bc4b26ac4349275fd33e988fb7b6" "/opt/rustwide/cargo-home/bin/cargo" "+1.100.0-beta.1" "test" "--frozen" "--release", kill_on_drop: false }`
[INFO] [stderr] warning: `package.homepage` is redundant with `package.repository`
[INFO] [stderr]   --> Cargo.toml:44:12
[INFO] [stderr]    |
[INFO] [stderr] 44 | homepage = "https://gitlab.com/silmarills/rust/gen-file-database-macro"
[INFO] [stderr]    |            ^^^^^^^^^^^^^^^^^^^^^^^^^^^^^^^^^^^^^^^^^^^^^^^^^^^^^^^^^^^^
[INFO] [stderr] ...
[INFO] [stderr] 49 | repository = "https://gitlab.com/silmarills/rust/gen-file-database-macro"
[INFO] [stderr]    |              ------------------------------------------------------------
[INFO] [stderr]    |
[INFO] [stderr]    = note: `cargo::redundant_homepage` is set to `warn` by default
[INFO] [stderr] help: consider removing `package.homepage`
[INFO] [stderr] warning: `gen-file-database-macro` (manifest) generated 1 warning
[INFO] [stderr] warning: unused dependency `gen-file-database`
[INFO] [stderr]  --> Cargo.toml:4:15
[INFO] [stderr]   |
[INFO] [stderr] 4 | [dependencies.gen-file-database]
[INFO] [stderr]   |               ^^^^^^^^^^^^^^^^^^
[INFO] [stderr]   |
[INFO] [stderr]   = note: `cargo::unused_dependencies` is set to `warn` by default
[INFO] [stderr] help: consider removing the dependency on `gen-file-database`
[INFO] [stderr] help: to still use for development builds, move to `dev-dependencies`
[INFO] [stderr] warning: `gen-file-database-macro` (manifest) generated 1 warning
[INFO] [stderr]     Finished `release` profile [optimized] target(s) in 0.07s
[INFO] [stderr]      Running unittests src/lib.rs (/opt/rustwide/target/release/build/gen-file-database-macro/bd1d6a94ddc8be76/out/gen_file_database_macro-bd1d6a94ddc8be76)
[INFO] [stdout] 
[INFO] [stdout] running 0 tests
[INFO] [stdout] 
[INFO] [stdout] test result: ok. 0 passed; 0 failed; 0 ignored; 0 measured; 0 filtered out; finished in 0.00s
[INFO] [stdout] 
[INFO] [stderr]      Running tests/macro.rs (/opt/rustwide/target/release/build/gen-file-database-macro/118e8ee8f1f06531/out/macro-118e8ee8f1f06531)
[INFO] [stdout] 
[INFO] [stdout] running 2 tests
[INFO] [stdout] test test_create_capsule ... FAILED
[INFO] [stderr] error: test failed, to rerun pass `--test macro`
[INFO] [stdout] test test_upsert_capsule ... FAILED
[INFO] [stdout] 
[INFO] [stdout] failures:
[INFO] [stdout] 
[INFO] [stdout] ---- test_create_capsule stdout ----
[INFO] [stdout] Error: Custom { kind: ReadOnlyFilesystem, error: "Failed to create folder ./target/test_temp_bb89b81c-7c23-4264-86b0-71bea280fbcf/temp: Read-only file system (os error 30)" }
[INFO] [stdout] 
[INFO] [stdout] ---- test_upsert_capsule stdout ----
[INFO] [stdout] Error: Custom { kind: ReadOnlyFilesystem, error: "Failed to create folder ./target/test_temp_39e14a62-96c1-4b97-a90c-c0e8aa81efd4/temp: Read-only file system (os error 30)" }
[INFO] [stdout] 
[INFO] [stdout] 
[INFO] [stdout] failures:
[INFO] [stdout]     test_create_capsule
[INFO] [stdout]     test_upsert_capsule
[INFO] [stdout] 
[INFO] [stdout] test result: FAILED. 0 passed; 2 failed; 0 ignored; 0 measured; 0 filtered out; finished in 0.00s
[INFO] [stdout] 
[INFO] running `Command { std: "docker" "inspect" "0ee10d5eb753a5eb19ccc11d03f24ed6d6a8bc4b26ac4349275fd33e988fb7b6", kill_on_drop: false }`
[INFO] running `Command { std: "docker" "rm" "-f" "0ee10d5eb753a5eb19ccc11d03f24ed6d6a8bc4b26ac4349275fd33e988fb7b6", kill_on_drop: false }`
[INFO] [stdout] 0ee10d5eb753a5eb19ccc11d03f24ed6d6a8bc4b26ac4349275fd33e988fb7b6
