[INFO] fetching crate gemla 0.1.32...
[INFO] testing gemla-0.1.32 against 1.99.0-beta.8+cargoflags=--release for beta-release-1.100-2
[INFO] extracting crate gemla 0.1.32 into /workspace/builds/worker-6-tc1/source
[INFO] removed /workspace/builds/worker-6-tc1/source/.cargo/config.toml
[INFO] started tweaking crates.io crate gemla 0.1.32
[INFO] finished tweaking crates.io crate gemla 0.1.32
[INFO] tweaked toml for crates.io crate gemla 0.1.32 written to /workspace/builds/worker-6-tc1/source/Cargo.toml
[INFO] validating manifest of crates.io crate gemla 0.1.32 on toolchain 1.99.0-beta.8
[INFO] running `Command { std: CARGO_HOME="/workspace/cargo-home" RUSTUP_HOME="/workspace/rustup-home" "/workspace/cargo-home/bin/cargo" "+1.99.0-beta.8" "metadata" "--manifest-path" "Cargo.toml" "--no-deps", kill_on_drop: false }`
[INFO] crate crates.io crate gemla 0.1.32 already has a lockfile, it will not be regenerated
[INFO] running `Command { std: CARGO_HOME="/workspace/cargo-home" RUSTUP_HOME="/workspace/rustup-home" "/workspace/cargo-home/bin/cargo" "+1.99.0-beta.8" "fetch" "--manifest-path" "Cargo.toml", kill_on_drop: false }`
[INFO] [stderr]     Updating crates.io index
[INFO] [stderr]  Downloading crates ...
[INFO] [stderr]   Downloaded wasm-bindgen v0.2.101
[INFO] [stderr]   Downloaded wasm-bindgen-shared v0.2.101
[INFO] [stderr]   Downloaded wasm-bindgen-macro-support v0.2.101
[INFO] [stderr]   Downloaded wasm-bindgen-macro v0.2.101
[INFO] [stderr]   Downloaded wasm-bindgen-backend v0.2.101
[INFO] [stderr]   Downloaded anyhow v1.0.99
[INFO] [stderr]   Downloaded file_linked v0.1.42
[INFO] [stderr]   Downloaded tokio-io-timeout v1.2.1
[INFO] [stderr]   Downloaded hyper-timeout v0.4.1
[INFO] [stderr]   Downloaded prost v0.12.6
[INFO] [stderr]   Downloaded prost-derive v0.12.6
[INFO] [stderr]   Downloaded humantime v2.2.0
[INFO] [stderr]   Downloaded prost-types v0.12.6
[INFO] [stderr]   Downloaded console-api v0.6.0
[INFO] [stderr]   Downloaded js-sys v0.3.78
[INFO] [stderr]   Downloaded jiff-static v0.2.15
[INFO] [stderr]   Downloaded console-subscriber v0.2.0
[INFO] [stderr]   Downloaded tonic v0.10.2
[INFO] [stderr]   Downloaded clap v4.5.47
[INFO] [stderr]   Downloaded indexmap v2.11.0
[INFO] [stderr]   Downloaded wasi v0.14.4+wasi-0.2.4
[INFO] [stderr]   Downloaded clap_builder v4.5.47
[INFO] [stderr]   Downloaded hdrhistogram v7.5.4
[INFO] [stderr]   Downloaded jiff v0.2.15
[INFO] running `Command { std: "docker" "create" "-v" "/var/lib/crater-agent-workspace/builds/worker-6-tc1/source:/opt/rustwide/workdir:ro,Z" "-v" "/var/lib/crater-agent-workspace/builds/worker-6-tc1/target:/opt/rustwide/target:rw,Z" "-v" "/var/lib/crater-agent-workspace/cargo-home:/opt/rustwide/cargo-home:ro,Z" "-v" "/var/lib/crater-agent-workspace/rustup-home:/opt/rustwide/rustup-home:ro,Z" "-m" "1610612736" "--network" "none" "ghcr.io/rust-lang/crates-build-env/linux@sha256:77db811e55d90add9212f6832c23229e3de5f1c1f9905e8cb07319ea15df73ac" "sleep" "infinity", kill_on_drop: false }`
[INFO] [stdout] 02cc106640eabba0363dc1e4cd12e769de30fdb8f9d468eac7dd2055e5e67525
[INFO] running `Command { std: "docker" "start" "02cc106640eabba0363dc1e4cd12e769de30fdb8f9d468eac7dd2055e5e67525", kill_on_drop: false }`
[INFO] running `Command { std: "docker" "inspect" "02cc106640eabba0363dc1e4cd12e769de30fdb8f9d468eac7dd2055e5e67525", kill_on_drop: false }`
[INFO] running `Command { std: "docker" "exec" "-e" "SOURCE_DIR=/opt/rustwide/workdir" "-e" "CARGO_HOME=/opt/rustwide/cargo-home" "-e" "RUSTUP_HOME=/opt/rustwide/rustup-home" "-e" "CARGO_TARGET_DIR=/opt/rustwide/target" "-w" "/opt/rustwide/workdir" "--user" "0:0" "02cc106640eabba0363dc1e4cd12e769de30fdb8f9d468eac7dd2055e5e67525" "/opt/rustwide/cargo-home/bin/cargo" "+1.99.0-beta.8" "metadata" "--no-deps" "--format-version=1", kill_on_drop: false }`
[INFO] running `Command { std: "docker" "inspect" "02cc106640eabba0363dc1e4cd12e769de30fdb8f9d468eac7dd2055e5e67525", kill_on_drop: false }`
[INFO] running `Command { std: "docker" "exec" "-e" "SOURCE_DIR=/opt/rustwide/workdir" "-e" "CARGO_HOME=/opt/rustwide/cargo-home" "-e" "RUSTUP_HOME=/opt/rustwide/rustup-home" "-e" "CARGO_TARGET_DIR=/opt/rustwide/target" "-e" "CARGO_INCREMENTAL=0" "-e" "RUST_BACKTRACE=full" "-e" "RUSTFLAGS=--cap-lints=warn" "-e" "RUSTDOCFLAGS=--cap-lints=warn" "-w" "/opt/rustwide/workdir" "--user" "0:0" "02cc106640eabba0363dc1e4cd12e769de30fdb8f9d468eac7dd2055e5e67525" "/opt/rustwide/cargo-home/bin/cargo" "+1.99.0-beta.8" "build" "--frozen" "--message-format=json" "--release", kill_on_drop: false }`
[INFO] [stderr]    Compiling proc-macro2 v1.0.101
[INFO] [stderr]    Compiling unicode-ident v1.0.18
[INFO] [stderr]    Compiling libc v0.2.175
[INFO] [stderr]    Compiling cfg-if v1.0.3
[INFO] [stderr]    Compiling memchr v2.7.5
[INFO] [stderr]    Compiling bytes v1.10.1
[INFO] [stderr]    Compiling lock_api v0.4.13
[INFO] [stderr]    Compiling parking_lot_core v0.9.11
[INFO] [stderr]    Compiling futures-core v0.3.31
[INFO] [stderr]    Compiling futures-sink v0.3.31
[INFO] [stderr]    Compiling futures-io v0.3.31
[INFO] [stderr]    Compiling futures-channel v0.3.31
[INFO] [stderr]    Compiling slab v0.4.11
[INFO] [stderr]    Compiling futures-task v0.3.31
[INFO] [stderr]    Compiling anyhow v1.0.99
[INFO] [stderr]    Compiling tracing-core v0.1.34
[INFO] [stderr]    Compiling serde v1.0.219
[INFO] [stderr]    Compiling zerocopy v0.8.26
[INFO] [stderr]    Compiling hashbrown v0.15.5
[INFO] [stderr]    Compiling quote v1.0.40
[INFO] [stderr]    Compiling aho-corasick v1.1.3
[INFO] [stderr]    Compiling syn v2.0.106
[INFO] [stderr]    Compiling mio v1.0.4
[INFO] [stderr]    Compiling parking_lot v0.12.4
[INFO] [stderr]    Compiling signal-hook-registry v1.4.6
[INFO] [stderr]    Compiling socket2 v0.6.0
[INFO] [stderr]    Compiling http v0.2.12
[INFO] [stderr]    Compiling getrandom v0.2.16
[INFO] [stderr]    Compiling rand_core v0.6.4
[INFO] [stderr]    Compiling indexmap v2.11.0
[INFO] [stderr]    Compiling either v1.15.0
[INFO] [stderr]    Compiling regex-syntax v0.8.6
[INFO] [stderr]    Compiling itertools v0.12.1
[INFO] [stderr]    Compiling http-body v0.4.6
[INFO] [stderr]    Compiling indexmap v1.9.3
[INFO] [stderr]    Compiling socket2 v0.5.10
[INFO] [stderr]    Compiling ppv-lite86 v0.2.21
[INFO] [stderr]    Compiling axum-core v0.3.4
[INFO] [stderr]    Compiling rand_chacha v0.3.1
[INFO] [stderr]    Compiling rand v0.8.5
[INFO] [stderr]    Compiling axum v0.6.20
[INFO] [stderr]    Compiling regex-automata v0.4.10
[INFO] [stderr]    Compiling matchit v0.7.3
[INFO] [stderr]    Compiling is_terminal_polyfill v1.70.1
[INFO] [stderr]    Compiling anstyle v1.0.11
[INFO] [stderr]    Compiling sync_wrapper v0.1.2
[INFO] [stderr]    Compiling anstyle-query v1.1.4
[INFO] [stderr]    Compiling base64 v0.21.7
[INFO] [stderr]    Compiling anstream v0.6.20
[INFO] [stderr]    Compiling miniz_oxide v0.8.9
[INFO] [stderr]    Compiling crc32fast v1.5.0
[INFO] [stderr]    Compiling getrandom v0.3.3
[INFO] [stderr]    Compiling log v0.4.28
[INFO] [stderr]    Compiling minimal-lexical v0.2.1
[INFO] [stderr]    Compiling sharded-slab v0.1.7
[INFO] [stderr]    Compiling flate2 v1.1.2
[INFO] [stderr]    Compiling nom v7.1.3
[INFO] [stderr]    Compiling thread_local v1.1.9
[INFO] [stderr]    Compiling clap_lex v0.7.5
[INFO] [stderr]    Compiling clap_builder v4.5.47
[INFO] [stderr]    Compiling tokio-macros v2.5.0
[INFO] [stderr]    Compiling futures-macro v0.3.31
[INFO] [stderr]    Compiling tokio v1.47.1
[INFO] [stderr]    Compiling tracing-attributes v0.1.30
[INFO] [stderr]    Compiling futures-util v0.3.31
[INFO] [stderr]    Compiling serde_derive v1.0.219
[INFO] [stderr]    Compiling pin-project-internal v1.1.10
[INFO] [stderr]    Compiling tracing v0.1.41
[INFO] [stderr]    Compiling async-trait v0.1.89
[INFO] [stderr]    Compiling pin-project v1.1.10
[INFO] [stderr]    Compiling prost-derive v0.12.6
[INFO] [stderr]    Compiling async-stream-impl v0.3.6
[INFO] [stderr]    Compiling async-stream v0.3.6
[INFO] [stderr]    Compiling regex v1.11.2
[INFO] [stderr]    Compiling matchers v0.2.0
[INFO] [stderr]    Compiling thiserror-impl v1.0.69
[INFO] [stderr]    Compiling prost v0.12.6
[INFO] [stderr]    Compiling thiserror v1.0.69
[INFO] [stderr]    Compiling futures-executor v0.3.31
[INFO] [stderr]    Compiling env_filter v0.1.3
[INFO] [stderr]    Compiling prost-types v0.12.6
[INFO] [stderr]    Compiling tracing-subscriber v0.3.20
[INFO] [stderr]    Compiling hdrhistogram v7.5.4
[INFO] [stderr]    Compiling clap_derive v4.5.47
[INFO] [stderr]    Compiling humantime v2.2.0
[INFO] [stderr]    Compiling jiff v0.2.15
[INFO] [stderr]    Compiling tokio-util v0.7.16
[INFO] [stderr]    Compiling tokio-io-timeout v1.2.1
[INFO] [stderr]    Compiling tokio-stream v0.1.17
[INFO] [stderr]    Compiling h2 v0.3.27
[INFO] [stderr]    Compiling tower v0.4.13
[INFO] [stderr]    Compiling serde_json v1.0.143
[INFO] [stderr]    Compiling bincode v1.3.3
[INFO] [stderr]    Compiling file_linked v0.1.42
[INFO] [stderr]    Compiling clap v4.5.47
[INFO] [stderr]    Compiling uuid v1.18.1
[INFO] [stderr]    Compiling futures v0.3.31
[INFO] [stderr]    Compiling async-recursion v1.1.1
[INFO] [stderr]    Compiling num_cpus v1.17.0
[INFO] [stderr]    Compiling env_logger v0.11.8
[INFO] [stderr]    Compiling hyper v0.14.32
[INFO] [stderr]    Compiling hyper-timeout v0.4.1
[INFO] [stderr]    Compiling tonic v0.10.2
[INFO] [stderr]    Compiling console-api v0.6.0
[INFO] [stderr]    Compiling console-subscriber v0.2.0
[INFO] [stderr]    Compiling gemla v0.1.32 (/opt/rustwide/workdir)
[INFO] [stderr]     Finished `release` profile [optimized] target(s) in 4m 13s
[INFO] running `Command { std: "docker" "inspect" "02cc106640eabba0363dc1e4cd12e769de30fdb8f9d468eac7dd2055e5e67525", kill_on_drop: false }`
[INFO] running `Command { std: "docker" "exec" "-e" "SOURCE_DIR=/opt/rustwide/workdir" "-e" "CARGO_HOME=/opt/rustwide/cargo-home" "-e" "RUSTUP_HOME=/opt/rustwide/rustup-home" "-e" "CARGO_TARGET_DIR=/opt/rustwide/target" "-e" "CARGO_INCREMENTAL=0" "-e" "RUST_BACKTRACE=full" "-e" "RUSTFLAGS=--cap-lints=warn" "-e" "RUSTDOCFLAGS=--cap-lints=warn" "-w" "/opt/rustwide/workdir" "--user" "0:0" "02cc106640eabba0363dc1e4cd12e769de30fdb8f9d468eac7dd2055e5e67525" "/opt/rustwide/cargo-home/bin/cargo" "+1.99.0-beta.8" "test" "--frozen" "--no-run" "--message-format=json" "--release", kill_on_drop: false }`
[INFO] [stderr]    Compiling gemla v0.1.32 (/opt/rustwide/workdir)
[INFO] [stderr]     Finished `release` profile [optimized] target(s) in 10.28s
[INFO] running `Command { std: "docker" "inspect" "02cc106640eabba0363dc1e4cd12e769de30fdb8f9d468eac7dd2055e5e67525", kill_on_drop: false }`
[INFO] running `Command { std: "docker" "exec" "-e" "SOURCE_DIR=/opt/rustwide/workdir" "-e" "CARGO_HOME=/opt/rustwide/cargo-home" "-e" "RUSTUP_HOME=/opt/rustwide/rustup-home" "-e" "CARGO_TARGET_DIR=/opt/rustwide/target" "-e" "CARGO_INCREMENTAL=0" "-e" "RUST_BACKTRACE=full" "-e" "RUSTFLAGS=--cap-lints=warn" "-e" "RUSTDOCFLAGS=--cap-lints=warn" "-w" "/opt/rustwide/workdir" "--user" "0:0" "02cc106640eabba0363dc1e4cd12e769de30fdb8f9d468eac7dd2055e5e67525" "/opt/rustwide/cargo-home/bin/cargo" "+1.99.0-beta.8" "test" "--frozen" "--release", kill_on_drop: false }`
[INFO] [stderr]     Finished `release` profile [optimized] target(s) in 0.18s
[INFO] [stderr]      Running unittests src/lib.rs (/opt/rustwide/target/release/deps/gemla-03bafb1e350359b9)
[INFO] [stdout] 
[INFO] [stdout] running 10 tests
[INFO] [stdout] test core::genetic_node::tests::test_process_node ... ok
[INFO] [stdout] test core::genetic_node::tests::test_new ... ok
[INFO] [stdout] test core::genetic_node::tests::test_state ... ok
[INFO] [stdout] test core::genetic_node::tests::test_id ... ok
[INFO] [stdout] test core::genetic_node::tests::test_as_ref ... ok
[INFO] [stdout] test tree::tests::test_height ... ok
[INFO] [stdout] test core::genetic_node::tests::test_from ... ok
[INFO] [stdout] test tree::tests::test_new ... ok
[INFO] [stdout] test core::tests::test_simulate ... FAILED
[INFO] [stderr] error: test failed, to rerun pass `--lib`
[INFO] [stdout] test core::tests::test_new ... FAILED
[INFO] [stdout] 
[INFO] [stdout] failures:
[INFO] [stdout] 
[INFO] [stdout] ---- core::tests::test_simulate stdout ----
[INFO] [stdout] 
[INFO] [stdout] thread '<unnamed>' (2086) panicked at /opt/rustwide/cargo-home/registry/src/index.crates.io-1949cf8c6b5b557f/file_linked-0.1.42/src/lib.rs:249:63:
[INFO] [stdout] Error creating file handle: Os { code: 30, kind: ReadOnlyFilesystem, message: "Read-only file system" }
[INFO] [stdout] stack backtrace:
[INFO] [stdout]    0:     0x5e88f7949251 - <<std[70759c8f55707aa4]::sys::backtrace::BacktraceLock>::print::DisplayBacktrace as core[df12db4294e9bfd3]::fmt::Display>::fmt
[INFO] [stdout]    1:     0x5e88f795e56a - core[df12db4294e9bfd3]::fmt::write
[INFO] [stdout]    2:     0x5e88f794de0c - <alloc[2182bb758b4b3781]::vec::Vec<u8> as core[df12db4294e9bfd3]::io::write::Write>::write_fmt
[INFO] [stdout]    3:     0x5e88f7923db6 - std[70759c8f55707aa4]::panicking::default_hook::{closure#0}
[INFO] [stdout]    4:     0x5e88f7940a49 - std[70759c8f55707aa4]::panicking::default_hook
[INFO] [stdout]    5:     0x5e88f78b2310 - test[9d35eded1c95d3be]::test_main_inner::<test[9d35eded1c95d3be]::test_main_static::{closure#0}>::{closure#0}
[INFO] [stdout]    6:     0x5e88f7940c02 - std[70759c8f55707aa4]::panicking::panic_with_hook
[INFO] [stdout]    7:     0x5e88f7923e62 - std[70759c8f55707aa4]::panicking::panic_handler::{closure#0}
[INFO] [stdout]    8:     0x5e88f791c579 - std[70759c8f55707aa4]::sys::backtrace::__rust_end_short_backtrace::<std[70759c8f55707aa4]::panicking::panic_handler::{closure#0}, !>
[INFO] [stdout]    9:     0x5e88f7924b6d - __rustc[8fa7c3cbc660c2b3]::rust_begin_unwind
[INFO] [stdout]   10:     0x5e88f795eccc - core[df12db4294e9bfd3]::panicking::panic_fmt
[INFO] [stdout]   11:     0x5e88f795eaa2 - core[df12db4294e9bfd3]::result::unwrap_failed
[INFO] [stdout]   12:     0x5e88f78906fe - std[70759c8f55707aa4]::sys::backtrace::__rust_begin_short_backtrace::<<file_linked[676cc7996e5e3b26]::FileLinked<(core[df12db4294e9bfd3]::option::Option<alloc[2182bb758b4b3781]::boxed::Box<gemla[99e384020fb3de34]::tree::Tree<gemla[99e384020fb3de34]::core::genetic_node::GeneticNodeWrapper<gemla[99e384020fb3de34]::core::tests::TestState>>>>, gemla[99e384020fb3de34]::core::GemlaConfig, ())>>::write_data::{closure#0}::{closure#3}, ()>
[INFO] [stdout]   13:     0x5e88f789512d - <std[70759c8f55707aa4]::thread::lifecycle::spawn_unchecked<<file_linked[676cc7996e5e3b26]::FileLinked<(core[df12db4294e9bfd3]::option::Option<alloc[2182bb758b4b3781]::boxed::Box<gemla[99e384020fb3de34]::tree::Tree<gemla[99e384020fb3de34]::core::genetic_node::GeneticNodeWrapper<gemla[99e384020fb3de34]::core::tests::TestState>>>>, gemla[99e384020fb3de34]::core::GemlaConfig, ())>>::write_data::{closure#0}::{closure#3}, ()>::{closure#1} as core[df12db4294e9bfd3]::ops::function::FnOnce<()>>::call_once::{shim:vtable#0}
[INFO] [stdout]   14:     0x5e88f7948a69 - <std[70759c8f55707aa4]::sys::thread::unix::Thread>::new::thread_start
[INFO] [stdout]   15:     0x7f8c34f10dfa - <unknown>
[INFO] [stdout]   16:     0x7f8c34fa43d4 - clone
[INFO] [stdout]   17:                0x0 - <unknown>
[INFO] [stdout] 
[INFO] [stdout] thread 'tokio-runtime-worker' (2076) panicked at /opt/rustwide/cargo-home/registry/src/index.crates.io-1949cf8c6b5b557f/file_linked-0.1.42/src/lib.rs:229:18:
[INFO] [stdout] Error cleaning up file thread for file_linked object: Any { .. }
[INFO] [stdout] stack backtrace:
[INFO] [stdout]    0:     0x5e88f7949251 - <<std[70759c8f55707aa4]::sys::backtrace::BacktraceLock>::print::DisplayBacktrace as core[df12db4294e9bfd3]::fmt::Display>::fmt
[INFO] [stdout]    1:     0x5e88f795e56a - core[df12db4294e9bfd3]::fmt::write
[INFO] [stdout]    2:     0x5e88f794de0c - <alloc[2182bb758b4b3781]::vec::Vec<u8> as core[df12db4294e9bfd3]::io::write::Write>::write_fmt
[INFO] [stdout]    3:     0x5e88f7923db6 - std[70759c8f55707aa4]::panicking::default_hook::{closure#0}
[INFO] [stdout]    4:     0x5e88f7940a49 - std[70759c8f55707aa4]::panicking::default_hook
[INFO] [stdout]    5:     0x5e88f78b2310 - test[9d35eded1c95d3be]::test_main_inner::<test[9d35eded1c95d3be]::test_main_static::{closure#0}>::{closure#0}
[INFO] [stdout]    6:     0x5e88f7940c02 - std[70759c8f55707aa4]::panicking::panic_with_hook
[INFO] [stdout]    7:     0x5e88f7923e62 - std[70759c8f55707aa4]::panicking::panic_handler::{closure#0}
[INFO] [stdout]    8:     0x5e88f791c579 - std[70759c8f55707aa4]::sys::backtrace::__rust_end_short_backtrace::<std[70759c8f55707aa4]::panicking::panic_handler::{closure#0}, !>
[INFO] [stdout]    9:     0x5e88f7924b6d - __rustc[8fa7c3cbc660c2b3]::rust_begin_unwind
[INFO] [stdout]   10:     0x5e88f795eccc - core[df12db4294e9bfd3]::panicking::panic_fmt
[INFO] [stdout]   11:     0x5e88f795eaa2 - core[df12db4294e9bfd3]::result::unwrap_failed
[INFO] [stdout]   12:     0x5e88f7870410 - <file_linked[676cc7996e5e3b26]::FileLinked<(core[df12db4294e9bfd3]::option::Option<alloc[2182bb758b4b3781]::boxed::Box<gemla[99e384020fb3de34]::tree::Tree<gemla[99e384020fb3de34]::core::genetic_node::GeneticNodeWrapper<gemla[99e384020fb3de34]::core::tests::TestState>>>>, gemla[99e384020fb3de34]::core::GemlaConfig, ())>>::write_data::{closure#0}
[INFO] [stdout]   13:     0x5e88f786f077 - <gemla[99e384020fb3de34]::core::Gemla<gemla[99e384020fb3de34]::core::tests::TestState>>::simulate::{closure#0}
[INFO] [stdout]   14:     0x5e88f7869fb2 - <tokio[824a59116ab8334b]::runtime::park::CachedParkThread>::block_on::<gemla[99e384020fb3de34]::core::tests::test_simulate::{closure#0}::{closure#0}::{closure#0}::{closure#0}>
[INFO] [stdout]   15:     0x5e88f7897ab4 - tokio[824a59116ab8334b]::runtime::context::runtime::enter_runtime::<<tokio[824a59116ab8334b]::runtime::scheduler::multi_thread::MultiThread>::block_on<gemla[99e384020fb3de34]::core::tests::test_simulate::{closure#0}::{closure#0}::{closure#0}::{closure#0}>::{closure#0}, core[df12db4294e9bfd3]::result::Result<(), gemla[99e384020fb3de34]::error::Error>>
[INFO] [stdout]   16:     0x5e88f789f4ab - <tokio[824a59116ab8334b]::runtime::runtime::Runtime>::block_on::<gemla[99e384020fb3de34]::core::tests::test_simulate::{closure#0}::{closure#0}::{closure#0}::{closure#0}>
[INFO] [stdout]   17:     0x5e88f78a3594 - gemla[99e384020fb3de34]::core::tests::test_simulate::{closure#0}::{closure#0}
[INFO] [stdout]   18:     0x5e88f789e15e - <tokio[824a59116ab8334b]::runtime::task::core::Core<tokio[824a59116ab8334b]::runtime::blocking::task::BlockingTask<gemla[99e384020fb3de34]::core::tests::test_simulate::{closure#0}::{closure#0}>, tokio[824a59116ab8334b]::runtime::blocking::schedule::BlockingSchedule>>::poll
[INFO] [stdout]   19:     0x5e88f7884694 - <tokio[824a59116ab8334b]::runtime::task::harness::Harness<tokio[824a59116ab8334b]::runtime::blocking::task::BlockingTask<gemla[99e384020fb3de34]::core::tests::test_simulate::{closure#0}::{closure#0}>, tokio[824a59116ab8334b]::runtime::blocking::schedule::BlockingSchedule>>::poll
[INFO] [stdout]   20:     0x5e88f78fd6cb - <tokio[824a59116ab8334b]::runtime::blocking::pool::Inner>::run
[INFO] [stdout]   21:     0x5e88f78e9be1 - std[70759c8f55707aa4]::sys::backtrace::__rust_begin_short_backtrace::<<tokio[824a59116ab8334b]::runtime::blocking::pool::Spawner>::spawn_thread::{closure#0}, ()>
[INFO] [stdout]   22:     0x5e88f78ef643 - <std[70759c8f55707aa4]::thread::lifecycle::spawn_unchecked<<tokio[824a59116ab8334b]::runtime::blocking::pool::Spawner>::spawn_thread::{closure#0}, ()>::{closure#1} as core[df12db4294e9bfd3]::ops::function::FnOnce<()>>::call_once::{shim:vtable#0}
[INFO] [stdout]   23:     0x5e88f7948a69 - <std[70759c8f55707aa4]::sys::thread::unix::Thread>::new::thread_start
[INFO] [stdout]   24:     0x7f8c34f10dfa - <unknown>
[INFO] [stdout]   25:     0x7f8c34fa43d4 - clone
[INFO] [stdout]   26:                0x0 - <unknown>
[INFO] [stdout] 
[INFO] [stdout] thread 'core::tests::test_simulate' (2073) panicked at src/core/mod.rs:570:10:
[INFO] [stdout] called `Result::unwrap()` on an `Err` value: JoinError::Panic(Id(2), "Error cleaning up file thread for file_linked object: Any { .. }", ...)
[INFO] [stdout] stack backtrace:
[INFO] [stdout]    0:     0x5e88f7949251 - <<std[70759c8f55707aa4]::sys::backtrace::BacktraceLock>::print::DisplayBacktrace as core[df12db4294e9bfd3]::fmt::Display>::fmt
[INFO] [stdout]    1:     0x5e88f795e56a - core[df12db4294e9bfd3]::fmt::write
[INFO] [stdout]    2:     0x5e88f794de0c - <alloc[2182bb758b4b3781]::vec::Vec<u8> as core[df12db4294e9bfd3]::io::write::Write>::write_fmt
[INFO] [stdout]    3:     0x5e88f7923db6 - std[70759c8f55707aa4]::panicking::default_hook::{closure#0}
[INFO] [stdout]    4:     0x5e88f7940a49 - std[70759c8f55707aa4]::panicking::default_hook
[INFO] [stdout]    5:     0x5e88f78b2310 - test[9d35eded1c95d3be]::test_main_inner::<test[9d35eded1c95d3be]::test_main_static::{closure#0}>::{closure#0}
[INFO] [stdout]    6:     0x5e88f7940c02 - std[70759c8f55707aa4]::panicking::panic_with_hook
[INFO] [stdout]    7:     0x5e88f7923e62 - std[70759c8f55707aa4]::panicking::panic_handler::{closure#0}
[INFO] [stdout]    8:     0x5e88f791c579 - std[70759c8f55707aa4]::sys::backtrace::__rust_end_short_backtrace::<std[70759c8f55707aa4]::panicking::panic_handler::{closure#0}, !>
[INFO] [stdout]    9:     0x5e88f7924b6d - __rustc[8fa7c3cbc660c2b3]::rust_begin_unwind
[INFO] [stdout]   10:     0x5e88f795eccc - core[df12db4294e9bfd3]::panicking::panic_fmt
[INFO] [stdout]   11:     0x5e88f795eaa2 - core[df12db4294e9bfd3]::result::unwrap_failed
[INFO] [stdout]   12:     0x5e88f788e441 - gemla[99e384020fb3de34]::core::tests::test_simulate::{closure#0}
[INFO] [stdout]   13:     0x5e88f7889efd - <tokio[824a59116ab8334b]::runtime::scheduler::current_thread::Context>::enter::<core[df12db4294e9bfd3]::task::poll::Poll<core[df12db4294e9bfd3]::result::Result<(), gemla[99e384020fb3de34]::error::Error>>, <tokio[824a59116ab8334b]::runtime::scheduler::current_thread::CoreGuard>::block_on<core[df12db4294e9bfd3]::pin::Pin<&mut core[df12db4294e9bfd3]::pin::Pin<&mut dyn core[df12db4294e9bfd3]::future::future::Future<Output = core[df12db4294e9bfd3]::result::Result<(), gemla[99e384020fb3de34]::error::Error>>>>>::{closure#0}::{closure#0}>
[INFO] [stdout]   14:     0x5e88f78994a1 - <std[70759c8f55707aa4]::thread::local::LocalKey<tokio[824a59116ab8334b]::runtime::context::Context>>::with::<tokio[824a59116ab8334b]::runtime::context::set_scheduler<(alloc[2182bb758b4b3781]::boxed::Box<tokio[824a59116ab8334b]::runtime::scheduler::current_thread::Core>, core[df12db4294e9bfd3]::option::Option<core[df12db4294e9bfd3]::result::Result<(), gemla[99e384020fb3de34]::error::Error>>), <tokio[824a59116ab8334b]::runtime::scheduler::current_thread::CoreGuard>::enter<<tokio[824a59116ab8334b]::runtime::scheduler::current_thread::CoreGuard>::block_on<core[df12db4294e9bfd3]::pin::Pin<&mut core[df12db4294e9bfd3]::pin::Pin<&mut dyn core[df12db4294e9bfd3]::future::future::Future<Output = core[df12db4294e9bfd3]::result::Result<(), gemla[99e384020fb3de34]::error::Error>>>>>::{closure#0}, core[df12db4294e9bfd3]::option::Option<core[df12db4294e9bfd3]::result::Result<(), gemla[99e384020fb3de34]::error::Error>>>::{closure#0}>::{closure#0}, (alloc[2182bb758b4b3781]::boxed::Box<tokio[824a59116ab8334b]::runtime::scheduler::current_thread::Core>, core[df12db4294e9bfd3]::option::Option<core[df12db4294e9bfd3]::result::Result<(), gemla[99e384020fb3de34]::error::Error>>)>
[INFO] [stdout]   15:     0x5e88f788a6e7 - <tokio[824a59116ab8334b]::runtime::scheduler::current_thread::CoreGuard>::block_on::<core[df12db4294e9bfd3]::pin::Pin<&mut core[df12db4294e9bfd3]::pin::Pin<&mut dyn core[df12db4294e9bfd3]::future::future::Future<Output = core[df12db4294e9bfd3]::result::Result<(), gemla[99e384020fb3de34]::error::Error>>>>>
[INFO] [stdout]   16:     0x5e88f78980d5 - tokio[824a59116ab8334b]::runtime::context::runtime::enter_runtime::<<tokio[824a59116ab8334b]::runtime::scheduler::current_thread::CurrentThread>::block_on<core[df12db4294e9bfd3]::pin::Pin<&mut dyn core[df12db4294e9bfd3]::future::future::Future<Output = core[df12db4294e9bfd3]::result::Result<(), gemla[99e384020fb3de34]::error::Error>>>>::{closure#0}, core[df12db4294e9bfd3]::result::Result<(), gemla[99e384020fb3de34]::error::Error>>
[INFO] [stdout]   17:     0x5e88f789f3aa - <tokio[824a59116ab8334b]::runtime::runtime::Runtime>::block_on::<core[df12db4294e9bfd3]::pin::Pin<&mut dyn core[df12db4294e9bfd3]::future::future::Future<Output = core[df12db4294e9bfd3]::result::Result<(), gemla[99e384020fb3de34]::error::Error>>>>
[INFO] [stdout]   18:     0x5e88f788efc1 - gemla[99e384020fb3de34]::core::tests::test_simulate
[INFO] [stdout]   19:     0x5e88f78a4b94 - <gemla[99e384020fb3de34]::core::tests::test_simulate::{closure#0} as core[df12db4294e9bfd3]::ops::function::FnOnce<()>>::call_once
[INFO] [stdout]   20:     0x5e88f78a55fb - test[9d35eded1c95d3be]::__rust_begin_short_backtrace::<core[df12db4294e9bfd3]::result::Result<(), alloc[2182bb758b4b3781]::string::String>, fn() -> core[df12db4294e9bfd3]::result::Result<(), alloc[2182bb758b4b3781]::string::String>>
[INFO] [stdout]   21:     0x5e88f78b2c65 - test[9d35eded1c95d3be]::run_test::{closure#0}
[INFO] [stdout]   22:     0x5e88f78ac524 - std[70759c8f55707aa4]::sys::backtrace::__rust_begin_short_backtrace::<test[9d35eded1c95d3be]::run_test::{closure#1}, ()>
[INFO] [stdout]   23:     0x5e88f78b5dc2 - <std[70759c8f55707aa4]::thread::lifecycle::spawn_unchecked<test[9d35eded1c95d3be]::run_test::{closure#1}, ()>::{closure#1} as core[df12db4294e9bfd3]::ops::function::FnOnce<()>>::call_once::{shim:vtable#0}
[INFO] [stdout]   24:     0x5e88f7948a69 - <std[70759c8f55707aa4]::sys::thread::unix::Thread>::new::thread_start
[INFO] [stdout]   25:     0x7f8c34f10dfa - <unknown>
[INFO] [stdout]   26:     0x7f8c34fa43d4 - clone
[INFO] [stdout]   27:                0x0 - <unknown>
[INFO] [stdout] 
[INFO] [stdout] ---- core::tests::test_new stdout ----
[INFO] [stdout] 
[INFO] [stdout] thread '<unnamed>' (2095) panicked at /opt/rustwide/cargo-home/registry/src/index.crates.io-1949cf8c6b5b557f/file_linked-0.1.42/src/lib.rs:249:63:
[INFO] [stdout] Error creating file handle: Os { code: 30, kind: ReadOnlyFilesystem, message: "Read-only file system" }
[INFO] [stdout] stack backtrace:
[INFO] [stdout]    0:     0x5e88f7949251 - <<std[70759c8f55707aa4]::sys::backtrace::BacktraceLock>::print::DisplayBacktrace as core[df12db4294e9bfd3]::fmt::Display>::fmt
[INFO] [stdout]    1:     0x5e88f795e56a - core[df12db4294e9bfd3]::fmt::write
[INFO] [stdout]    2:     0x5e88f794de0c - <alloc[2182bb758b4b3781]::vec::Vec<u8> as core[df12db4294e9bfd3]::io::write::Write>::write_fmt
[INFO] [stdout]    3:     0x5e88f7923db6 - std[70759c8f55707aa4]::panicking::default_hook::{closure#0}
[INFO] [stdout]    4:     0x5e88f7940a49 - std[70759c8f55707aa4]::panicking::default_hook
[INFO] [stdout]    5:     0x5e88f78b2310 - test[9d35eded1c95d3be]::test_main_inner::<test[9d35eded1c95d3be]::test_main_static::{closure#0}>::{closure#0}
[INFO] [stdout]    6:     0x5e88f7940c02 - std[70759c8f55707aa4]::panicking::panic_with_hook
[INFO] [stdout]    7:     0x5e88f7923e62 - std[70759c8f55707aa4]::panicking::panic_handler::{closure#0}
[INFO] [stdout]    8:     0x5e88f791c579 - std[70759c8f55707aa4]::sys::backtrace::__rust_end_short_backtrace::<std[70759c8f55707aa4]::panicking::panic_handler::{closure#0}, !>
[INFO] [stdout]    9:     0x5e88f7924b6d - __rustc[8fa7c3cbc660c2b3]::rust_begin_unwind
[INFO] [stdout]   10:     0x5e88f795eccc - core[df12db4294e9bfd3]::panicking::panic_fmt
[INFO] [stdout]   11:     0x5e88f795eaa2 - core[df12db4294e9bfd3]::result::unwrap_failed
[INFO] [stdout]   12:     0x5e88f78906fe - std[70759c8f55707aa4]::sys::backtrace::__rust_begin_short_backtrace::<<file_linked[676cc7996e5e3b26]::FileLinked<(core[df12db4294e9bfd3]::option::Option<alloc[2182bb758b4b3781]::boxed::Box<gemla[99e384020fb3de34]::tree::Tree<gemla[99e384020fb3de34]::core::genetic_node::GeneticNodeWrapper<gemla[99e384020fb3de34]::core::tests::TestState>>>>, gemla[99e384020fb3de34]::core::GemlaConfig, ())>>::write_data::{closure#0}::{closure#3}, ()>
[INFO] [stdout]   13:     0x5e88f789512d - <std[70759c8f55707aa4]::thread::lifecycle::spawn_unchecked<<file_linked[676cc7996e5e3b26]::FileLinked<(core[df12db4294e9bfd3]::option::Option<alloc[2182bb758b4b3781]::boxed::Box<gemla[99e384020fb3de34]::tree::Tree<gemla[99e384020fb3de34]::core::genetic_node::GeneticNodeWrapper<gemla[99e384020fb3de34]::core::tests::TestState>>>>, gemla[99e384020fb3de34]::core::GemlaConfig, ())>>::write_data::{closure#0}::{closure#3}, ()>::{closure#1} as core[df12db4294e9bfd3]::ops::function::FnOnce<()>>::call_once::{shim:vtable#0}
[INFO] [stdout]   14:     0x5e88f7948a69 - <std[70759c8f55707aa4]::sys::thread::unix::Thread>::new::thread_start
[INFO] [stdout]   15:     0x7f8c34f10dfa - <unknown>
[INFO] [stdout]   16:     0x7f8c34fa43d4 - clone
[INFO] [stdout]   17:                0x0 - <unknown>
[INFO] [stdout] 
[INFO] [stdout] thread 'tokio-runtime-worker' (2075) panicked at /opt/rustwide/cargo-home/registry/src/index.crates.io-1949cf8c6b5b557f/file_linked-0.1.42/src/lib.rs:229:18:
[INFO] [stdout] Error cleaning up file thread for file_linked object: Any { .. }
[INFO] [stdout] stack backtrace:
[INFO] [stdout]    0:     0x5e88f7949251 - <<std[70759c8f55707aa4]::sys::backtrace::BacktraceLock>::print::DisplayBacktrace as core[df12db4294e9bfd3]::fmt::Display>::fmt
[INFO] [stdout]    1:     0x5e88f795e56a - core[df12db4294e9bfd3]::fmt::write
[INFO] [stdout]    2:     0x5e88f794de0c - <alloc[2182bb758b4b3781]::vec::Vec<u8> as core[df12db4294e9bfd3]::io::write::Write>::write_fmt
[INFO] [stdout]    3:     0x5e88f7923db6 - std[70759c8f55707aa4]::panicking::default_hook::{closure#0}
[INFO] [stdout]    4:     0x5e88f7940a49 - std[70759c8f55707aa4]::panicking::default_hook
[INFO] [stdout]    5:     0x5e88f78b2310 - test[9d35eded1c95d3be]::test_main_inner::<test[9d35eded1c95d3be]::test_main_static::{closure#0}>::{closure#0}
[INFO] [stdout]    6:     0x5e88f7940c02 - std[70759c8f55707aa4]::panicking::panic_with_hook
[INFO] [stdout]    7:     0x5e88f7923e62 - std[70759c8f55707aa4]::panicking::panic_handler::{closure#0}
[INFO] [stdout]    8:     0x5e88f791c579 - std[70759c8f55707aa4]::sys::backtrace::__rust_end_short_backtrace::<std[70759c8f55707aa4]::panicking::panic_handler::{closure#0}, !>
[INFO] [stdout]    9:     0x5e88f7924b6d - __rustc[8fa7c3cbc660c2b3]::rust_begin_unwind
[INFO] [stdout]   10:     0x5e88f795eccc - core[df12db4294e9bfd3]::panicking::panic_fmt
[INFO] [stdout]   11:     0x5e88f795eaa2 - core[df12db4294e9bfd3]::result::unwrap_failed
[INFO] [stdout]   12:     0x5e88f7870410 - <file_linked[676cc7996e5e3b26]::FileLinked<(core[df12db4294e9bfd3]::option::Option<alloc[2182bb758b4b3781]::boxed::Box<gemla[99e384020fb3de34]::tree::Tree<gemla[99e384020fb3de34]::core::genetic_node::GeneticNodeWrapper<gemla[99e384020fb3de34]::core::tests::TestState>>>>, gemla[99e384020fb3de34]::core::GemlaConfig, ())>>::write_data::{closure#0}
[INFO] [stdout]   13:     0x5e88f786f077 - <gemla[99e384020fb3de34]::core::Gemla<gemla[99e384020fb3de34]::core::tests::TestState>>::simulate::{closure#0}
[INFO] [stdout]   14:     0x5e88f786a893 - <tokio[824a59116ab8334b]::runtime::park::CachedParkThread>::block_on::<gemla[99e384020fb3de34]::core::tests::test_new::{closure#0}::{closure#0}::{closure#0}::{closure#0}>
[INFO] [stdout]   15:     0x5e88f7897cd4 - tokio[824a59116ab8334b]::runtime::context::runtime::enter_runtime::<<tokio[824a59116ab8334b]::runtime::scheduler::multi_thread::MultiThread>::block_on<gemla[99e384020fb3de34]::core::tests::test_new::{closure#0}::{closure#0}::{closure#0}::{closure#0}>::{closure#0}, core[df12db4294e9bfd3]::result::Result<(), gemla[99e384020fb3de34]::error::Error>>
[INFO] [stdout]   16:     0x5e88f789f62b - <tokio[824a59116ab8334b]::runtime::runtime::Runtime>::block_on::<gemla[99e384020fb3de34]::core::tests::test_new::{closure#0}::{closure#0}::{closure#0}::{closure#0}>
[INFO] [stdout]   17:     0x5e88f788cadd - <gemla[99e384020fb3de34]::core::tests::CleanUp>::run::<gemla[99e384020fb3de34]::core::tests::test_new::{closure#0}::{closure#0}::{closure#0}>
[INFO] [stdout]   18:     0x5e88f78a378e - gemla[99e384020fb3de34]::core::tests::test_new::{closure#0}::{closure#0}
[INFO] [stdout]   19:     0x5e88f789e38e - <tokio[824a59116ab8334b]::runtime::task::core::Core<tokio[824a59116ab8334b]::runtime::blocking::task::BlockingTask<gemla[99e384020fb3de34]::core::tests::test_new::{closure#0}::{closure#0}>, tokio[824a59116ab8334b]::runtime::blocking::schedule::BlockingSchedule>>::poll
[INFO] [stdout]   20:     0x5e88f7884eb4 - <tokio[824a59116ab8334b]::runtime::task::harness::Harness<tokio[824a59116ab8334b]::runtime::blocking::task::BlockingTask<gemla[99e384020fb3de34]::core::tests::test_new::{closure#0}::{closure#0}>, tokio[824a59116ab8334b]::runtime::blocking::schedule::BlockingSchedule>>::poll
[INFO] [stdout]   21:     0x5e88f78fd6cb - <tokio[824a59116ab8334b]::runtime::blocking::pool::Inner>::run
[INFO] [stdout]   22:     0x5e88f78e9be1 - std[70759c8f55707aa4]::sys::backtrace::__rust_begin_short_backtrace::<<tokio[824a59116ab8334b]::runtime::blocking::pool::Spawner>::spawn_thread::{closure#0}, ()>
[INFO] [stdout]   23:     0x5e88f78ef643 - <std[70759c8f55707aa4]::thread::lifecycle::spawn_unchecked<<tokio[824a59116ab8334b]::runtime::blocking::pool::Spawner>::spawn_thread::{closure#0}, ()>::{closure#1} as core[df12db4294e9bfd3]::ops::function::FnOnce<()>>::call_once::{shim:vtable#0}
[INFO] [stdout]   24:     0x5e88f7948a69 - <std[70759c8f55707aa4]::sys::thread::unix::Thread>::new::thread_start
[INFO] [stdout]   25:     0x7f8c34f10dfa - <unknown>
[INFO] [stdout]   26:     0x7f8c34fa43d4 - clone
[INFO] [stdout]   27:                0x0 - <unknown>
[INFO] [stdout] 
[INFO] [stdout] thread 'core::tests::test_new' (2072) panicked at src/core/mod.rs:540:10:
[INFO] [stdout] called `Result::unwrap()` on an `Err` value: JoinError::Panic(Id(1), "Error cleaning up file thread for file_linked object: Any { .. }", ...)
[INFO] [stdout] stack backtrace:
[INFO] [stdout]    0:     0x5e88f7949251 - <<std[70759c8f55707aa4]::sys::backtrace::BacktraceLock>::print::DisplayBacktrace as core[df12db4294e9bfd3]::fmt::Display>::fmt
[INFO] [stdout]    1:     0x5e88f795e56a - core[df12db4294e9bfd3]::fmt::write
[INFO] [stdout]    2:     0x5e88f794de0c - <alloc[2182bb758b4b3781]::vec::Vec<u8> as core[df12db4294e9bfd3]::io::write::Write>::write_fmt
[INFO] [stdout]    3:     0x5e88f7923db6 - std[70759c8f55707aa4]::panicking::default_hook::{closure#0}
[INFO] [stdout]    4:     0x5e88f7940a49 - std[70759c8f55707aa4]::panicking::default_hook
[INFO] [stdout]    5:     0x5e88f78b2310 - test[9d35eded1c95d3be]::test_main_inner::<test[9d35eded1c95d3be]::test_main_static::{closure#0}>::{closure#0}
[INFO] [stdout]    6:     0x5e88f7940c02 - std[70759c8f55707aa4]::panicking::panic_with_hook
[INFO] [stdout]    7:     0x5e88f7923e62 - std[70759c8f55707aa4]::panicking::panic_handler::{closure#0}
[INFO] [stdout]    8:     0x5e88f791c579 - std[70759c8f55707aa4]::sys::backtrace::__rust_end_short_backtrace::<std[70759c8f55707aa4]::panicking::panic_handler::{closure#0}, !>
[INFO] [stdout]    9:     0x5e88f7924b6d - __rustc[8fa7c3cbc660c2b3]::rust_begin_unwind
[INFO] [stdout]   10:     0x5e88f795eccc - core[df12db4294e9bfd3]::panicking::panic_fmt
[INFO] [stdout]   11:     0x5e88f795eaa2 - core[df12db4294e9bfd3]::result::unwrap_failed
[INFO] [stdout]   12:     0x5e88f788e5ee - gemla[99e384020fb3de34]::core::tests::test_new::{closure#0}
[INFO] [stdout]   13:     0x5e88f7889efd - <tokio[824a59116ab8334b]::runtime::scheduler::current_thread::Context>::enter::<core[df12db4294e9bfd3]::task::poll::Poll<core[df12db4294e9bfd3]::result::Result<(), gemla[99e384020fb3de34]::error::Error>>, <tokio[824a59116ab8334b]::runtime::scheduler::current_thread::CoreGuard>::block_on<core[df12db4294e9bfd3]::pin::Pin<&mut core[df12db4294e9bfd3]::pin::Pin<&mut dyn core[df12db4294e9bfd3]::future::future::Future<Output = core[df12db4294e9bfd3]::result::Result<(), gemla[99e384020fb3de34]::error::Error>>>>>::{closure#0}::{closure#0}>
[INFO] [stdout]   14:     0x5e88f78994a1 - <std[70759c8f55707aa4]::thread::local::LocalKey<tokio[824a59116ab8334b]::runtime::context::Context>>::with::<tokio[824a59116ab8334b]::runtime::context::set_scheduler<(alloc[2182bb758b4b3781]::boxed::Box<tokio[824a59116ab8334b]::runtime::scheduler::current_thread::Core>, core[df12db4294e9bfd3]::option::Option<core[df12db4294e9bfd3]::result::Result<(), gemla[99e384020fb3de34]::error::Error>>), <tokio[824a59116ab8334b]::runtime::scheduler::current_thread::CoreGuard>::enter<<tokio[824a59116ab8334b]::runtime::scheduler::current_thread::CoreGuard>::block_on<core[df12db4294e9bfd3]::pin::Pin<&mut core[df12db4294e9bfd3]::pin::Pin<&mut dyn core[df12db4294e9bfd3]::future::future::Future<Output = core[df12db4294e9bfd3]::result::Result<(), gemla[99e384020fb3de34]::error::Error>>>>>::{closure#0}, core[df12db4294e9bfd3]::option::Option<core[df12db4294e9bfd3]::result::Result<(), gemla[99e384020fb3de34]::error::Error>>>::{closure#0}>::{closure#0}, (alloc[2182bb758b4b3781]::boxed::Box<tokio[824a59116ab8334b]::runtime::scheduler::current_thread::Core>, core[df12db4294e9bfd3]::option::Option<core[df12db4294e9bfd3]::result::Result<(), gemla[99e384020fb3de34]::error::Error>>)>
[INFO] [stdout]   15:     0x5e88f788a6e7 - <tokio[824a59116ab8334b]::runtime::scheduler::current_thread::CoreGuard>::block_on::<core[df12db4294e9bfd3]::pin::Pin<&mut core[df12db4294e9bfd3]::pin::Pin<&mut dyn core[df12db4294e9bfd3]::future::future::Future<Output = core[df12db4294e9bfd3]::result::Result<(), gemla[99e384020fb3de34]::error::Error>>>>>
[INFO] [stdout]   16:     0x5e88f78980d5 - tokio[824a59116ab8334b]::runtime::context::runtime::enter_runtime::<<tokio[824a59116ab8334b]::runtime::scheduler::current_thread::CurrentThread>::block_on<core[df12db4294e9bfd3]::pin::Pin<&mut dyn core[df12db4294e9bfd3]::future::future::Future<Output = core[df12db4294e9bfd3]::result::Result<(), gemla[99e384020fb3de34]::error::Error>>>>::{closure#0}, core[df12db4294e9bfd3]::result::Result<(), gemla[99e384020fb3de34]::error::Error>>
[INFO] [stdout]   17:     0x5e88f789f3aa - <tokio[824a59116ab8334b]::runtime::runtime::Runtime>::block_on::<core[df12db4294e9bfd3]::pin::Pin<&mut dyn core[df12db4294e9bfd3]::future::future::Future<Output = core[df12db4294e9bfd3]::result::Result<(), gemla[99e384020fb3de34]::error::Error>>>>
[INFO] [stdout]   18:     0x5e88f788f141 - gemla[99e384020fb3de34]::core::tests::test_new
[INFO] [stdout]   19:     0x5e88f78a4c54 - <gemla[99e384020fb3de34]::core::tests::test_new::{closure#0} as core[df12db4294e9bfd3]::ops::function::FnOnce<()>>::call_once
[INFO] [stdout]   20:     0x5e88f78a55fb - test[9d35eded1c95d3be]::__rust_begin_short_backtrace::<core[df12db4294e9bfd3]::result::Result<(), alloc[2182bb758b4b3781]::string::String>, fn() -> core[df12db4294e9bfd3]::result::Result<(), alloc[2182bb758b4b3781]::string::String>>
[INFO] [stdout]   21:     0x5e88f78b2c65 - test[9d35eded1c95d3be]::run_test::{closure#0}
[INFO] [stdout]   22:     0x5e88f78ac524 - std[70759c8f55707aa4]::sys::backtrace::__rust_begin_short_backtrace::<test[9d35eded1c95d3be]::run_test::{closure#1}, ()>
[INFO] [stdout]   23:     0x5e88f78b5dc2 - <std[70759c8f55707aa4]::thread::lifecycle::spawn_unchecked<test[9d35eded1c95d3be]::run_test::{closure#1}, ()>::{closure#1} as core[df12db4294e9bfd3]::ops::function::FnOnce<()>>::call_once::{shim:vtable#0}
[INFO] [stdout]   24:     0x5e88f7948a69 - <std[70759c8f55707aa4]::sys::thread::unix::Thread>::new::thread_start
[INFO] [stdout]   25:     0x7f8c34f10dfa - <unknown>
[INFO] [stdout]   26:     0x7f8c34fa43d4 - clone
[INFO] [stdout]   27:                0x0 - <unknown>
[INFO] [stdout] 
[INFO] [stdout] 
[INFO] [stdout] failures:
[INFO] [stdout]     core::tests::test_new
[INFO] [stdout]     core::tests::test_simulate
[INFO] [stdout] 
[INFO] [stdout] test result: FAILED. 8 passed; 2 failed; 0 ignored; 0 measured; 0 filtered out; finished in 0.02s
[INFO] [stdout] 
[INFO] running `Command { std: "docker" "inspect" "02cc106640eabba0363dc1e4cd12e769de30fdb8f9d468eac7dd2055e5e67525", kill_on_drop: false }`
[INFO] running `Command { std: "docker" "rm" "-f" "02cc106640eabba0363dc1e4cd12e769de30fdb8f9d468eac7dd2055e5e67525", kill_on_drop: false }`
[INFO] [stdout] 02cc106640eabba0363dc1e4cd12e769de30fdb8f9d468eac7dd2055e5e67525
