[INFO] fetching crate gemel 0.12.0...
[INFO] testing gemel-0.12.0 against 1.100.0-beta.1+cargoflags=--release for beta-release-1.100-2
[INFO] extracting crate gemel 0.12.0 into /workspace/builds/worker-6-tc2/source
[INFO] started tweaking crates.io crate gemel 0.12.0
[INFO] removed 0 missing tests
[INFO] finished tweaking crates.io crate gemel 0.12.0
[INFO] tweaked toml for crates.io crate gemel 0.12.0 written to /workspace/builds/worker-6-tc2/source/Cargo.toml
[INFO] validating manifest of crates.io crate gemel 0.12.0 on toolchain 1.100.0-beta.1
[INFO] running `Command { std: CARGO_HOME="/workspace/cargo-home" RUSTUP_HOME="/workspace/rustup-home" "/workspace/cargo-home/bin/cargo" "+1.100.0-beta.1" "metadata" "--manifest-path" "Cargo.toml" "--no-deps", kill_on_drop: false }`
[INFO] crate crates.io crate gemel 0.12.0 already has a lockfile, it will not be regenerated
[INFO] running `Command { std: CARGO_HOME="/workspace/cargo-home" RUSTUP_HOME="/workspace/rustup-home" "/workspace/cargo-home/bin/cargo" "+1.100.0-beta.1" "fetch" "--manifest-path" "Cargo.toml", kill_on_drop: false }`
[INFO] running `Command { std: "docker" "create" "-v" "/var/lib/crater-agent-workspace/builds/worker-6-tc2/source:/opt/rustwide/workdir:ro,Z" "-v" "/var/lib/crater-agent-workspace/builds/worker-6-tc2/target:/opt/rustwide/target:rw,Z" "-v" "/var/lib/crater-agent-workspace/cargo-home:/opt/rustwide/cargo-home:ro,Z" "-v" "/var/lib/crater-agent-workspace/rustup-home:/opt/rustwide/rustup-home:ro,Z" "-m" "1610612736" "--network" "none" "ghcr.io/rust-lang/crates-build-env/linux@sha256:77db811e55d90add9212f6832c23229e3de5f1c1f9905e8cb07319ea15df73ac" "sleep" "infinity", kill_on_drop: false }`
[INFO] [stdout] e23fdea71ae5248783714bc83f0f2ba032d8c0f4044b527d9a4167a591c24691
[INFO] running `Command { std: "docker" "start" "e23fdea71ae5248783714bc83f0f2ba032d8c0f4044b527d9a4167a591c24691", kill_on_drop: false }`
[INFO] running `Command { std: "docker" "inspect" "e23fdea71ae5248783714bc83f0f2ba032d8c0f4044b527d9a4167a591c24691", kill_on_drop: false }`
[INFO] running `Command { std: "docker" "exec" "-e" "SOURCE_DIR=/opt/rustwide/workdir" "-e" "CARGO_HOME=/opt/rustwide/cargo-home" "-e" "RUSTUP_HOME=/opt/rustwide/rustup-home" "-e" "CARGO_TARGET_DIR=/opt/rustwide/target" "-w" "/opt/rustwide/workdir" "--user" "0:0" "e23fdea71ae5248783714bc83f0f2ba032d8c0f4044b527d9a4167a591c24691" "/opt/rustwide/cargo-home/bin/cargo" "+1.100.0-beta.1" "metadata" "--no-deps" "--format-version=1", kill_on_drop: false }`
[INFO] running `Command { std: "docker" "inspect" "e23fdea71ae5248783714bc83f0f2ba032d8c0f4044b527d9a4167a591c24691", kill_on_drop: false }`
[INFO] running `Command { std: "docker" "exec" "-e" "SOURCE_DIR=/opt/rustwide/workdir" "-e" "CARGO_HOME=/opt/rustwide/cargo-home" "-e" "RUSTUP_HOME=/opt/rustwide/rustup-home" "-e" "CARGO_TARGET_DIR=/opt/rustwide/target" "-e" "CARGO_INCREMENTAL=0" "-e" "RUST_BACKTRACE=full" "-e" "RUSTFLAGS=--cap-lints=warn" "-e" "RUSTDOCFLAGS=--cap-lints=warn" "-w" "/opt/rustwide/workdir" "--user" "0:0" "e23fdea71ae5248783714bc83f0f2ba032d8c0f4044b527d9a4167a591c24691" "/opt/rustwide/cargo-home/bin/cargo" "+1.100.0-beta.1" "build" "--frozen" "--message-format=json" "--release", kill_on_drop: false }`
[INFO] [stderr]    Compiling libsqlite3-sys v0.38.2
[INFO] [stderr]    Compiling serde_core v1.0.229
[INFO] [stderr]    Compiling hashlink v0.12.1
[INFO] [stderr]    Compiling miniz_oxide v0.8.9
[INFO] [stderr]    Compiling clap_builder v4.6.6
[INFO] [stderr]    Compiling syn v3.0.4
[INFO] [stderr]    Compiling fd-lock v4.0.4
[INFO] [stderr]    Compiling sha1 v0.10.7
[INFO] [stderr]    Compiling flate2 v1.1.9
[INFO] [stderr]    Compiling serde_json v1.0.151
[INFO] [stderr]    Compiling clap_derive v4.6.4
[INFO] [stderr]    Compiling clap v4.6.6
[INFO] [stderr]    Compiling rusqlite v0.40.2
[INFO] [stderr]    Compiling gemel v0.12.0 (/opt/rustwide/workdir)
[INFO] [stderr]     Finished `release` profile [optimized] target(s) in 2m 33s
[INFO] running `Command { std: "docker" "inspect" "e23fdea71ae5248783714bc83f0f2ba032d8c0f4044b527d9a4167a591c24691", kill_on_drop: false }`
[INFO] running `Command { std: "docker" "exec" "-e" "SOURCE_DIR=/opt/rustwide/workdir" "-e" "CARGO_HOME=/opt/rustwide/cargo-home" "-e" "RUSTUP_HOME=/opt/rustwide/rustup-home" "-e" "CARGO_TARGET_DIR=/opt/rustwide/target" "-e" "CARGO_INCREMENTAL=0" "-e" "RUST_BACKTRACE=full" "-e" "RUSTFLAGS=--cap-lints=warn" "-e" "RUSTDOCFLAGS=--cap-lints=warn" "-w" "/opt/rustwide/workdir" "--user" "0:0" "e23fdea71ae5248783714bc83f0f2ba032d8c0f4044b527d9a4167a591c24691" "/opt/rustwide/cargo-home/bin/cargo" "+1.100.0-beta.1" "test" "--frozen" "--no-run" "--message-format=json" "--release", kill_on_drop: false }`
[INFO] [stderr]    Compiling gemel v0.12.0 (/opt/rustwide/workdir)
[INFO] [stderr]     Finished `release` profile [optimized] target(s) in 47.60s
[INFO] running `Command { std: "docker" "inspect" "e23fdea71ae5248783714bc83f0f2ba032d8c0f4044b527d9a4167a591c24691", kill_on_drop: false }`
[INFO] running `Command { std: "docker" "exec" "-e" "SOURCE_DIR=/opt/rustwide/workdir" "-e" "CARGO_HOME=/opt/rustwide/cargo-home" "-e" "RUSTUP_HOME=/opt/rustwide/rustup-home" "-e" "CARGO_TARGET_DIR=/opt/rustwide/target" "-e" "CARGO_INCREMENTAL=0" "-e" "RUST_BACKTRACE=full" "-e" "RUSTFLAGS=--cap-lints=warn" "-e" "RUSTDOCFLAGS=--cap-lints=warn" "-w" "/opt/rustwide/workdir" "--user" "0:0" "e23fdea71ae5248783714bc83f0f2ba032d8c0f4044b527d9a4167a591c24691" "/opt/rustwide/cargo-home/bin/cargo" "+1.100.0-beta.1" "test" "--frozen" "--release", kill_on_drop: false }`
[INFO] [stderr]     Finished `release` profile [optimized] target(s) in 0.14s
[INFO] [stderr]      Running unittests src/lib.rs (/opt/rustwide/target/release/build/gemel/c2de01f8a443966c/out/gemel-c2de01f8a443966c)
[INFO] [stdout] 
[INFO] [stdout] running 113 tests
[INFO] [stdout] test family::tests::codes_and_shorts_are_unique_and_consistent ... ok
[INFO] [stdout] test content::tests::unified_diff_renders ... ok
[INFO] [stdout] test git_io::tests::tree_roundtrip_and_order ... ok
[INFO] [stdout] test family::tests::schemever_support ... ok
[INFO] [stdout] test hex::tests::rejects ... ok
[INFO] [stdout] test content::tests::myers_large_case ... ok
[INFO] [stdout] test gid::tests::rejects_bad_input ... ok
[INFO] [stdout] test gid::tests::textual_roundtrip ... ok
[INFO] [stdout] test content::tests::myers_basics ... ok
[INFO] [stdout] test hex::tests::roundtrip ... ok
[INFO] [stdout] test git_io::tests::commit_roundtrip ... ok
[INFO] [stdout] test gid::tests::binary_roundtrip ... ok
[INFO] [stdout] test content::tests::verify_capture_detects_mutation ... ok
[INFO] [stdout] test ignore::tests::double_star ... ok
[INFO] [stdout] test ignore::tests::negation_last_match_wins ... ok
[INFO] [stdout] test ignore::tests::simple_rules ... ok
[INFO] [stdout] test protocol::tests::request_parsing_is_strict ... ok
[INFO] [stdout] test content::tests::divide_and_conquer_matches_trace_minimality ... ok
[INFO] [stdout] test ignore::tests::anchored_patterns ... ok
[INFO] [stdout] test ignore::tests::parent_dir_exclusion_wins ... ok
[INFO] [stdout] test ignore::tests::question_mark_and_comment ... ok
[INFO] [stdout] test json::tests::projection_shape ... ok
[INFO] [stdout] test semantic::rust::tests::generic_functions_and_macro_rules ... ok
[INFO] [stdout] test semantic::rust::tests::nested_block_comments ... ok
[INFO] [stdout] test semantic::rust::tests::nested_modules_and_mod_rs_paths ... ok
[INFO] [stdout] test semantic::rust::tests::determinism ... ok
[INFO] [stdout] test semantic::rust::tests::extracts_basic_items_with_spans ... ok
[INFO] [stdout] test semantic::rust::tests::lib_rs_is_crate_root ... ok
[INFO] [stdout] test git_io::tests::loose_roundtrip ... ok
[INFO] [stdout] test semantic::rust::tests::skips_strings_comments_and_raw_strings ... ok
[INFO] [stdout] test spec::tests::required_fields_are_as_documented ... ok
[INFO] [stdout] test store::lock::tests::try_lock_is_nonblocking ... ok
[INFO] [stdout] test semantic::rust::tests::use_declarations ... ok
[INFO] [stdout] test semantic::tests::module_path_derivation ... ok
[INFO] [stdout] test semantic::tests::toml_features_and_dependencies ... ok
[INFO] [stdout] test spec::tests::schemas_are_well_formed ... ok
[INFO] [stdout] test store::lock::tests::write_lock_runs_closure ... ok
[INFO] [stdout] test semantic::rust::tests::raw_string_with_braces_does_not_confuse_spanning ... ok
[INFO] [stdout] test semantic::rust::tests::tests_attributes_and_impls ... ok
[INFO] [stdout] test semantic::rust::tests::type_aliases_consts_and_statics ... ok
[INFO] [stdout] test semantic::rust::tests::visibility_kinds ... ok
[INFO] [stdout] test spec::tests::blob_has_no_fields ... ok
[INFO] [stdout] test store::retention::tests::all_families_are_canonical_tier ... ok
[INFO] [stdout] test store::retention::tests::evidence_referenced_blobs_are_tier1 ... ok
[INFO] [stdout] test sync::gemlpack::tests::bounds_are_enforced ... ok
[INFO] [stdout] test sync::gemlpack::tests::roundtrip_and_identity_verification ... ok
[INFO] [stdout] test sync::gemlpack::tests::corruption_is_rejected_whole_pack ... ok
[INFO] [stdout] test sync::gemlpack::tests::deterministic_order_and_duplicate_rejection ... ok
[INFO] [stdout] test git_adapter::tests::git_index_staging_roundtrip ... ok
[INFO] [stdout] test store::objects::tests::insert_dedup_and_read ... ok
[INFO] [stdout] test store::objects::tests::corruption_detected ... ok
[INFO] [stdout] test store::tombstone::tests::tombstone_roundtrip ... ok
[INFO] [stdout] test store::objects::tests::missing_and_collision ... ok
[INFO] [stdout] test tests::all_fixtures_roundtrip_byte_exactly ... ok
[INFO] [stdout] test tests::array_limit ... ok
[INFO] [stdout] test tests::bad_encver ... ok
[INFO] [stdout] test tests::bad_family ... ok
[INFO] [stdout] test tests::bad_flags ... ok
[INFO] [stdout] test tests::bad_magic ... ok
[INFO] [stdout] test tests::bad_schemever ... ok
[INFO] [stdout] test tests::body_kind_mismatch ... ok
[INFO] [stdout] test tests::claim_empty_predicate ... ok
[INFO] [stdout] test tests::depth_bomb ... ok
[INFO] [stdout] test tests::distinct_objects_have_distinct_identities ... ok
[INFO] [stdout] test tests::duplicate_field ... ok
[INFO] [stdout] test tests::encode_rejects_invalid_tree ... ok
[INFO] [stdout] test tests::encoding_is_deterministic ... ok
[INFO] [stdout] test tests::extension_fields_retain_losslessly ... ok
[INFO] [stdout] test tests::family_table_matches_schemas ... ok
[INFO] [stdout] test tests::gid_family_mismatch ... ok
[INFO] [stdout] test tests::gid_wrong_length ... ok
[INFO] [stdout] test tests::invalid_bool ... ok
[INFO] [stdout] test tests::invalid_enum_value ... ok
[INFO] [stdout] test tests::invalid_path ... ok
[INFO] [stdout] test tests::invalid_utf8 ... ok
[INFO] [stdout] test tests::mapping_fabricated_nonempty ... ok
[INFO] [stdout] test tests::missing_required_field ... ok
[INFO] [stdout] test tests::noncanonical_bodylen ... ok
[INFO] [stdout] test tests::object_size_limit ... ok
[INFO] [stdout] test tests::operation_undeclared_tag ... ok
[INFO] [stdout] test tests::raw_value_misuse ... ok
[INFO] [stdout] test tests::reserved_tags ... ok
[INFO] [stdout] test tests::string_limit ... ok
[INFO] [stdout] test tests::trailing_bytes ... ok
[INFO] [stdout] test tests::tree_entries_unsorted ... ok
[INFO] [stdout] test tests::tree_mode_invalid ... ok
[INFO] [stdout] test tests::tree_name_invalid ... ok
[INFO] [stdout] test tests::tree_target_family_mismatch ... ok
[INFO] [stdout] test tests::truncation ... ok
[INFO] [stdout] test tests::unknown_mandatory_field ... ok
[INFO] [stdout] test tests::unsorted_fields ... ok
[INFO] [stdout] test varint::tests::documented_encodings ... ok
[INFO] [stdout] test varint::tests::i64_roundtrips ... ok
[INFO] [stdout] test varint::tests::rejects_non_canonical ... ok
[INFO] [stdout] test varint::tests::rejects_overflow_and_truncation ... ok
[INFO] [stdout] test varint::tests::u64_roundtrips ... ok
[INFO] [stdout] test varint::tests::zigzag_values ... ok
[INFO] [stdout] test store::refs::tests::invalid_names_rejected ... ok
[INFO] [stdout] test store::refs::tests::recovery_rolls_back_uncommitted ... ok
[INFO] [stdout] test store::refs::tests::resolve_names ... ok
[INFO] [stdout] test workflow::tests::counters_and_names ... ok
[INFO] [stdout] test store::refs::tests::ref_roundtrip ... ok
[INFO] [stdout] test content::tests::capture_records_coherence ... ok
[INFO] [stdout] test protocol::tests::response_envelope_is_deterministic ... ok
[INFO] [stdout] test sync::session::tests::malformed_and_unknown_ops_fail ... ok
[INFO] [stdout] test sync::session::tests::send_json_echoes_id_and_errors ... ok
[INFO] [stdout] test sync::session::tests::read_only_refuses_mutation ... ok
[INFO] [stdout] test sync::tests::public_refs_exclude_local_bookkeeping ... ok
[INFO] [stdout] test protocol::tests::routes_return_structured_results ... ok
[INFO] [stdout] test sync::session::tests::session_ops_roundtrip ... ok
[INFO] [stdout] test sync::tests::push_then_fetch_roundtrips_identical_ids ... ok
[INFO] [stdout] test sync::tests::push_transfers_only_what_remote_lacks ... ok
[INFO] [stdout] test sync::tests::diverged_pull_refuses_without_reconcile ... ok
[INFO] [stderr]      Running unittests src/bin/gemel.rs (/opt/rustwide/target/release/build/gemel/10c53bce2b609f09/out/gemel-10c53bce2b609f09)
[INFO] [stdout] 
[INFO] [stdout] test result: ok. 113 passed; 0 failed; 0 ignored; 0 measured; 0 filtered out; finished in 4.20s
[INFO] [stdout] 
[INFO] [stdout] 
[INFO] [stderr]      Running unittests src/bin/golden_gen.rs (/opt/rustwide/target/release/build/gemel/cb8f408eacbf2212/out/golden_gen-cb8f408eacbf2212)
[INFO] [stdout] running 0 tests
[INFO] [stdout] 
[INFO] [stdout] test result: ok. 0 passed; 0 failed; 0 ignored; 0 measured; 0 filtered out; finished in 0.00s
[INFO] [stdout] 
[INFO] [stderr]      Running tests/derived_consistency.rs (/opt/rustwide/target/release/build/gemel/84f28c8ab663bf07/out/derived_consistency-84f28c8ab663bf07)
[INFO] [stdout] 
[INFO] [stdout] running 0 tests
[INFO] [stdout] 
[INFO] [stdout] test result: ok. 0 passed; 0 failed; 0 ignored; 0 measured; 0 filtered out; finished in 0.00s
[INFO] [stdout] 
[INFO] [stdout] 
[INFO] [stdout] running 1 test
[INFO] [stderr]      Running tests/exchange_tests.rs (/opt/rustwide/target/release/build/gemel/48ebfa82502d679b/out/exchange_tests-48ebfa82502d679b)
[INFO] [stdout] test derived_queries_are_index_independent ... ok
[INFO] [stdout] 
[INFO] [stdout] test result: ok. 1 passed; 0 failed; 0 ignored; 0 measured; 0 filtered out; finished in 2.38s
[INFO] [stdout] 
[INFO] [stdout] 
[INFO] [stdout] running 34 tests
[INFO] [stdout] test corruption_excessive_object_length_is_rejected ... ok
[INFO] [stdout] test corruption_object_id_body_mismatch_is_rejected ... ok
[INFO] [stdout] test corruption_pack_size_limit_is_enforced ... ok
[INFO] [stdout] test corruption_conflicting_object_identity_is_fatal ... ok
[INFO] [stdout] test corruption_automatic_ingest_byte_limit_is_enforced ... ok
[INFO] [stdout] test corruption_malformed_frontier_is_skipped_or_rejected ... ok
[INFO] [stdout] test corruption_renamed_pack_fails_verify ... ok
[INFO] [stdout] test corruption_illegal_symlink_is_ignored_not_followed ... ok
[INFO] [stdout] test corruption_malformed_hex_path_is_ignored ... ok
[INFO] [stdout] test corruption_truncated_pack_fails_verify ... ok
[INFO] [stdout] test golden_frontier_descriptor_bytes_and_digest ... ok
[INFO] [stdout] test golden_pack_bytes_and_digest ... ok
[INFO] [stdout] test ci_verify_of_committed_state_passes ... ok
[INFO] [stdout] test corruption_missing_referenced_pack_fails_verify ... ok
[INFO] [stdout] test corruption_modified_pack_byte_fails_verify ... ok
[INFO] [stdout] test corruption_partial_publication_fails_verify ... ok
[INFO] [stdout] test init_installs_exchange_gitignore_and_keeps_native_store_invisible ... ok
[INFO] [stdout] test exchange_files_never_change_source_state ... ok
[INFO] [stdout] test corruption_unsupported_mandatory_schema_fails_ingest ... ok
[INFO] [stdout] test interrupted_export_temporaries_are_cleaned_and_export_recovers ... ok
[INFO] [stdout] test activated_context_becomes_stale_after_git_only_edit ... FAILED
[INFO] [stdout] test bootstrap_keeps_git_status_clean ... ok
[INFO] [stdout] test corruption_reference_fanout_depth_is_bounded ... ok
[INFO] [stdout] test verify_works_on_fresh_checkout_without_native_store ... ok
[INFO] [stdout] test incremental_export_reuses_packs ... ok
[INFO] [stdout] test deleting_the_derived_index_never_changes_answers ... ok
[INFO] [stdout] test git_only_source_change_marks_context_stale ... ok
[INFO] [stdout] test fsck_reports_exchange_omitted_blobs_separately_from_corruption ... ok
[INFO] [stdout] test git_carried_roundtrip_reconstructs_canonical_ids ... ok
[INFO] [stdout] test branch_merge_unions_immutable_artifacts ... ok
[INFO] [stdout] test repeated_status_is_idempotent ... ok
[INFO] [stdout] test shallow_clone_recovers_frontier ... ok
[INFO] [stdout] test export_is_deterministic_across_machines_and_paths ... ok
[INFO] [stderr] error: test failed, to rerun pass `--test exchange_tests`
[INFO] [stdout] test rejected_sibling_trajectory_survives_clone ... ok
[INFO] [stdout] 
[INFO] [stdout] failures:
[INFO] [stdout] 
[INFO] [stdout] ---- activated_context_becomes_stale_after_git_only_edit stdout ----
[INFO] [stdout] 
[INFO] [stdout] thread 'activated_context_becomes_stale_after_git_only_edit' (1172) panicked at tests/exchange_tests.rs:64:9:
[INFO] [stdout] git commit -q -m git-only edit failed: Author identity unknown
[INFO] [stdout] 
[INFO] [stdout] *** Please tell me who you are.
[INFO] [stdout] 
[INFO] [stdout] Run
[INFO] [stdout] 
[INFO] [stdout]   git config --global user.email "you@example.com"
[INFO] [stdout]   git config --global user.name "Your Name"
[INFO] [stdout] 
[INFO] [stdout] to set your account's default identity.
[INFO] [stdout] Omit --global to set the identity only in this repository.
[INFO] [stdout] 
[INFO] [stdout] fatal: unable to auto-detect email address (got 'root@e23fdea71ae5.(none)')
[INFO] [stdout] 
[INFO] [stdout] stack backtrace:
[INFO] [stdout]    0:     0x56831f928101 - <<std[617be2ca0a6fd877]::sys::backtrace::BacktraceLock>::print::DisplayBacktrace as core[a373ad73a504971]::fmt::Display>::fmt
[INFO] [stdout]    1:     0x56831f93e5fa - core[a373ad73a504971]::fmt::write
[INFO] [stdout]    2:     0x56831f92c61c - <alloc[2e1b2a31b91974c5]::vec::Vec<u8> as core[a373ad73a504971]::io::write::Write>::write_fmt
[INFO] [stdout]    3:     0x56831f901296 - std[617be2ca0a6fd877]::panicking::default_hook::{closure#0}
[INFO] [stdout]    4:     0x56831f91f099 - std[617be2ca0a6fd877]::panicking::default_hook
[INFO] [stdout]    5:     0x56831f695850 - test[aada8e7e76ba119b]::test_main_inner::{closure#0}
[INFO] [stdout]    6:     0x56831f91f252 - std[617be2ca0a6fd877]::panicking::panic_with_hook
[INFO] [stdout]    7:     0x56831f901342 - std[617be2ca0a6fd877]::panicking::panic_handler::{closure#0}
[INFO] [stdout]    8:     0x56831f8f9c49 - std[617be2ca0a6fd877]::sys::backtrace::__rust_end_short_backtrace::<std[617be2ca0a6fd877]::panicking::panic_handler::{closure#0}, !>
[INFO] [stdout]    9:     0x56831f90212d - __rustc[ea4f61d10b84890b]::rust_begin_unwind
[INFO] [stdout]   10:     0x56831f93ed5c - core[a373ad73a504971]::panicking::panic_fmt
[INFO] [stdout]   11:     0x56831f665a3a - exchange_tests[9e1878f2fe1ea232]::git
[INFO] [stdout]   12:     0x56831f677185 - <exchange_tests[9e1878f2fe1ea232]::activated_context_becomes_stale_after_git_only_edit::{closure#0} as core[a373ad73a504971]::ops::function::FnOnce<()>>::call_once
[INFO] [stdout]   13:     0x56831f688c9b - test[aada8e7e76ba119b]::__rust_begin_short_backtrace::<core[a373ad73a504971]::result::Result<(), alloc[2e1b2a31b91974c5]::string::String>, fn() -> core[a373ad73a504971]::result::Result<(), alloc[2e1b2a31b91974c5]::string::String>>
[INFO] [stdout]   14:     0x56831f695e75 - test[aada8e7e76ba119b]::run_test::{closure#0}
[INFO] [stdout]   15:     0x56831f68f764 - std[617be2ca0a6fd877]::sys::backtrace::__rust_begin_short_backtrace::<test[aada8e7e76ba119b]::run_test::{closure#1}, ()>
[INFO] [stdout]   16:     0x56831f698f02 - <std[617be2ca0a6fd877]::thread::lifecycle::spawn_unchecked<test[aada8e7e76ba119b]::run_test::{closure#1}, ()>::{closure#1} as core[a373ad73a504971]::ops::function::FnOnce<()>>::call_once::{shim:vtable#0}
[INFO] [stdout]   17:     0x56831f92710f - <std[617be2ca0a6fd877]::sys::thread::unix::Thread>::new::thread_start
[INFO] [stdout]   18:     0x745f88852dfa - <unknown>
[INFO] [stdout]   19:     0x745f888e63d4 - clone
[INFO] [stdout]   20:                0x0 - <unknown>
[INFO] [stdout] 
[INFO] [stdout] 
[INFO] [stdout] failures:
[INFO] [stdout]     activated_context_becomes_stale_after_git_only_edit
[INFO] [stdout] 
[INFO] [stdout] test result: FAILED. 33 passed; 1 failed; 0 ignored; 0 measured; 0 filtered out; finished in 7.50s
[INFO] [stdout] 
[INFO] running `Command { std: "docker" "inspect" "e23fdea71ae5248783714bc83f0f2ba032d8c0f4044b527d9a4167a591c24691", kill_on_drop: false }`
[INFO] running `Command { std: "docker" "rm" "-f" "e23fdea71ae5248783714bc83f0f2ba032d8c0f4044b527d9a4167a591c24691", kill_on_drop: false }`
[INFO] [stdout] e23fdea71ae5248783714bc83f0f2ba032d8c0f4044b527d9a4167a591c24691
