[INFO] fetching crate gemachain-sdk 1.8.2...
[INFO] testing gemachain-sdk-1.8.2 against 1.99.0-beta.8+cargoflags=--release for beta-release-1.100-2
[INFO] extracting crate gemachain-sdk 1.8.2 into /workspace/builds/worker-5-tc1/source
[INFO] started tweaking crates.io crate gemachain-sdk 1.8.2
[INFO] finished tweaking crates.io crate gemachain-sdk 1.8.2
[INFO] tweaked toml for crates.io crate gemachain-sdk 1.8.2 written to /workspace/builds/worker-5-tc1/source/Cargo.toml
[INFO] validating manifest of crates.io crate gemachain-sdk 1.8.2 on toolchain 1.99.0-beta.8
[INFO] running `Command { std: CARGO_HOME="/workspace/cargo-home" RUSTUP_HOME="/workspace/rustup-home" "/workspace/cargo-home/bin/cargo" "+1.99.0-beta.8" "metadata" "--manifest-path" "Cargo.toml" "--no-deps", kill_on_drop: false }`
[INFO] running `Command { std: CARGO_HOME="/workspace/cargo-home" RUSTUP_HOME="/workspace/rustup-home" "/workspace/cargo-home/bin/cargo" "+1.99.0-beta.8" "generate-lockfile" "--manifest-path" "Cargo.toml", kill_on_drop: false }`
[INFO] [stderr]     Updating crates.io index
[INFO] [stderr]      Locking 281 packages to highest compatible versions
[INFO] [stderr]       Adding base64 v0.13.1 (available: v0.23.1)
[INFO] [stderr]       Adding bincode v1.3.3 (available: v3.0.0)
[INFO] [stderr]       Adding borsh v0.9.3 (available: v1.8.1)
[INFO] [stderr]       Adding bs58 v0.4.0 (available: v0.5.1)
[INFO] [stderr]       Adding curve25519-dalek v3.2.1 (available: v5.0.0)
[INFO] [stderr]       Adding derivation-path v0.1.3 (available: v0.2.0)
[INFO] [stderr]       Adding digest v0.9.0 (available: v0.11.3)
[INFO] [stderr]       Adding ed25519-dalek v1.0.1 (available: v3.0.0)
[INFO] [stderr]       Adding ed25519-dalek-bip32 v0.1.1 (available: v0.3.0)
[INFO] [stderr]       Adding generic-array v0.14.9 (available: v1.4.5)
[INFO] [stderr]       Adding hmac v0.11.0 (available: v0.13.0)
[INFO] [stderr]       Adding itertools v0.10.5 (available: v0.15.0)
[INFO] [stderr]       Adding libsecp256k1 v0.6.0 (available: v0.7.2)
[INFO] [stderr]       Adding memmap2 v0.5.10 (available: v0.9.11)
[INFO] [stderr]       Adding num-derive v0.3.3 (available: v0.5.1)
[INFO] [stderr]       Adding pbkdf2 v0.9.0 (available: v0.13.0)
[INFO] [stderr]       Adding rand v0.7.3 (available: v0.10.3)
[INFO] [stderr]       Adding rand_chacha v0.2.2 (available: v0.10.0)
[INFO] [stderr]       Adding sha2 v0.9.9 (available: v0.11.1)
[INFO] [stderr]       Adding sha3 v0.9.1 (available: v0.12.0)
[INFO] [stderr]       Adding subtle v2.4.1 (available: v2.6.1)
[INFO] [stderr]       Adding thiserror v1.0.69 (available: v2.0.21)
[INFO] [stderr]       Adding tiny-bip39 v0.8.2 (available: v2.0.0)
[INFO] [stderr]       Adding zeroize v1.3.0 (available: v1.9.1)
[INFO] running `Command { std: CARGO_HOME="/workspace/cargo-home" RUSTUP_HOME="/workspace/rustup-home" "/workspace/cargo-home/bin/cargo" "+1.99.0-beta.8" "fetch" "--manifest-path" "Cargo.toml", kill_on_drop: false }`
[INFO] [stderr]  Downloading crates ...
[INFO] [stderr]   Downloaded gemachain-logger v1.8.2
[INFO] [stderr]   Downloaded pbkdf2 v0.9.0
[INFO] [stderr]   Downloaded gemachain-sdk-macro v1.8.2
[INFO] [stderr]   Downloaded gemachain-frozen-abi-macro v1.8.2
[INFO] [stderr]   Downloaded gemachain-frozen-abi v1.8.2
[INFO] [stderr]   Downloaded gemachain-crate-features v1.8.2
[INFO] [stderr]   Downloaded gemachain-program v1.8.2
[INFO] [stderr]   Downloaded ed25519-dalek-bip32 v0.1.1
[INFO] [stderr]   Downloaded derivation-path v0.1.3
[INFO] [stderr]   Downloaded hmac v0.9.0
[INFO] [stderr]   Downloaded crypto-mac v0.9.1
[INFO] running `Command { std: "docker" "create" "-v" "/var/lib/crater-agent-workspace/builds/worker-5-tc1/source:/opt/rustwide/workdir:ro,Z" "-v" "/var/lib/crater-agent-workspace/builds/worker-5-tc1/target:/opt/rustwide/target:rw,Z" "-v" "/var/lib/crater-agent-workspace/cargo-home:/opt/rustwide/cargo-home:ro,Z" "-v" "/var/lib/crater-agent-workspace/rustup-home:/opt/rustwide/rustup-home:ro,Z" "-m" "1610612736" "--network" "none" "ghcr.io/rust-lang/crates-build-env/linux@sha256:77db811e55d90add9212f6832c23229e3de5f1c1f9905e8cb07319ea15df73ac" "sleep" "infinity", kill_on_drop: false }`
[INFO] [stdout] 12a56b8bac25540eba3b3e4053b318a22cc259e7e0ce243b1fa84ed20e013fda
[INFO] running `Command { std: "docker" "start" "12a56b8bac25540eba3b3e4053b318a22cc259e7e0ce243b1fa84ed20e013fda", kill_on_drop: false }`
[INFO] running `Command { std: "docker" "inspect" "12a56b8bac25540eba3b3e4053b318a22cc259e7e0ce243b1fa84ed20e013fda", kill_on_drop: false }`
[INFO] running `Command { std: "docker" "exec" "-e" "SOURCE_DIR=/opt/rustwide/workdir" "-e" "CARGO_HOME=/opt/rustwide/cargo-home" "-e" "RUSTUP_HOME=/opt/rustwide/rustup-home" "-e" "CARGO_TARGET_DIR=/opt/rustwide/target" "-w" "/opt/rustwide/workdir" "--user" "0:0" "12a56b8bac25540eba3b3e4053b318a22cc259e7e0ce243b1fa84ed20e013fda" "/opt/rustwide/cargo-home/bin/cargo" "+1.99.0-beta.8" "metadata" "--no-deps" "--format-version=1", kill_on_drop: false }`
[INFO] running `Command { std: "docker" "inspect" "12a56b8bac25540eba3b3e4053b318a22cc259e7e0ce243b1fa84ed20e013fda", kill_on_drop: false }`
[INFO] running `Command { std: "docker" "exec" "-e" "SOURCE_DIR=/opt/rustwide/workdir" "-e" "CARGO_HOME=/opt/rustwide/cargo-home" "-e" "RUSTUP_HOME=/opt/rustwide/rustup-home" "-e" "CARGO_TARGET_DIR=/opt/rustwide/target" "-e" "CARGO_INCREMENTAL=0" "-e" "RUST_BACKTRACE=full" "-e" "RUSTFLAGS=--cap-lints=warn" "-e" "RUSTDOCFLAGS=--cap-lints=warn" "-w" "/opt/rustwide/workdir" "--user" "0:0" "12a56b8bac25540eba3b3e4053b318a22cc259e7e0ce243b1fa84ed20e013fda" "/opt/rustwide/cargo-home/bin/cargo" "+1.99.0-beta.8" "build" "--frozen" "--message-format=json" "--release", kill_on_drop: false }`
[INFO] [stderr]    Compiling syn v3.0.9
[INFO] [stderr]    Compiling libc v0.2.191
[INFO] [stderr]    Compiling serde_core v1.0.229
[INFO] [stderr]    Compiling serde v1.0.229
[INFO] [stderr]    Compiling generic-array v0.14.9
[INFO] [stderr]    Compiling syn v1.0.109
[INFO] [stderr]    Compiling cc v1.8.0
[INFO] [stderr]    Compiling subtle v2.4.1
[INFO] [stderr]    Compiling getrandom v0.1.16
[INFO] [stderr]    Compiling syn v2.0.119
[INFO] [stderr]    Compiling zerocopy v0.8.63
[INFO] [stderr]    Compiling typenum v1.20.1
[INFO] [stderr]    Compiling futures-core v0.3.34
[INFO] [stderr]    Compiling digest v0.9.0
[INFO] [stderr]    Compiling object v0.37.3
[INFO] [stderr]    Compiling libsecp256k1-core v0.2.2
[INFO] [stderr]    Compiling ring v0.17.14
[INFO] [stderr]    Compiling getrandom v0.2.17
[INFO] [stderr]    Compiling synstructure v0.14.0
[INFO] [stderr]    Compiling rand_core v0.5.1
[INFO] [stderr]    Compiling socket2 v0.6.5
[INFO] [stderr]    Compiling mio v1.2.4
[INFO] [stderr]    Compiling http v0.2.12
[INFO] [stderr]    Compiling serde_derive v1.0.229
[INFO] [stderr]    Compiling zerofrom-derive v0.1.8
[INFO] [stderr]    Compiling yoke-derive v0.8.4
[INFO] [stderr]    Compiling zerofrom v0.1.8
[INFO] [stderr]    Compiling zerovec-derive v0.11.6
[INFO] [stderr]    Compiling yoke v0.8.3
[INFO] [stderr]    Compiling displaydoc v0.2.7
[INFO] [stderr]    Compiling zerotrie v0.2.5
[INFO] [stderr]    Compiling zerovec v0.11.8
[INFO] [stderr]    Compiling ppv-lite86 v0.2.21
[INFO] [stderr]    Compiling tokio v1.53.3
[INFO] [stderr]    Compiling zeroize_derive v1.5.0
[INFO] [stderr]    Compiling aho-corasick v1.1.5
[INFO] [stderr]    Compiling gimli v0.32.3
[INFO] [stderr]    Compiling futures-task v0.3.34
[INFO] [stderr]    Compiling rand_chacha v0.2.2
[INFO] [stderr]    Compiling smallvec v1.16.3
[INFO] [stderr]    Compiling tinystr v0.8.4
[INFO] [stderr]    Compiling potential_utf v0.1.6
[INFO] [stderr]    Compiling icu_collections v2.3.0
[INFO] [stderr]    Compiling icu_locale_core v2.3.0
[INFO] [stderr]    Compiling byteorder v1.5.0
[INFO] [stderr]    Compiling futures-io v0.3.34
[INFO] [stderr]    Compiling regex-syntax v0.8.11
[INFO] [stderr]    Compiling equivalent v1.0.3
[INFO] [stderr]    Compiling rustls v0.21.12
[INFO] [stderr]    Compiling futures-sink v0.3.34
[INFO] [stderr]    Compiling indexmap v2.14.2
[INFO] [stderr]    Compiling icu_provider v2.3.1
[INFO] [stderr]    Compiling block-buffer v0.9.0
[INFO] [stderr]    Compiling sha2 v0.9.9
[INFO] [stderr]    Compiling addr2line v0.25.1
[INFO] [stderr]    Compiling icu_normalizer v2.3.0
[INFO] [stderr]    Compiling icu_properties v2.3.0
[INFO] [stderr]    Compiling tokio-util v0.7.20
[INFO] [stderr]    Compiling regex-automata v0.4.18
[INFO] [stderr]    Compiling miniz_oxide v0.8.9
[INFO] [stderr]    Compiling futures-util v0.3.34
[INFO] [stderr]    Compiling rand v0.7.3
[INFO] [stderr]    Compiling lazy_static v1.5.1
[INFO] [stderr]    Compiling zeroize v1.3.0
[INFO] [stderr]    Compiling ahash v0.7.8
[INFO] [stderr]    Compiling proc-macro2 v0.4.30
[INFO] [stderr]    Compiling rustc-demangle v0.1.28
[INFO] [stderr]    Compiling failure_derive v0.1.8
[INFO] [stderr]    Compiling feature-probe v0.1.1
[INFO] [stderr]    Compiling bv v0.11.1
[INFO] [stderr]    Compiling proc-macro2 v1.0.107
[INFO] [stderr]    Compiling synstructure v0.12.6
[INFO] [stderr]    Compiling want v0.3.2
[INFO] [stderr]    Compiling regex v1.13.1
[INFO] [stderr]    Compiling toml v0.5.11
[INFO] [stderr]    Compiling sct v0.7.1
[INFO] [stderr]    Compiling rustls-webpki v0.101.7
[INFO] [stderr]    Compiling h2 v0.3.27
[INFO] [stderr]    Compiling curve25519-dalek v3.2.1
[INFO] [stderr]    Compiling idna_adapter v1.2.2
[INFO] [stderr]    Compiling crypto-mac v0.8.0
[INFO] [stderr]    Compiling http-body v0.4.6
[INFO] [stderr]    Compiling serde_bytes v0.11.19
[INFO] [stderr]    Compiling libsecp256k1-gen-genmult v0.2.1
[INFO] [stderr]    Compiling libsecp256k1-gen-ecmult v0.2.1
[INFO] [stderr]    Compiling socket2 v0.5.10
[INFO] [stderr]    Compiling atty v0.2.14
[INFO] [stderr]    Compiling encoding_rs v0.8.42
[INFO] [stderr]    Compiling futures-channel v0.3.34
[INFO] [stderr]    Compiling gemachain-frozen-abi-macro v1.8.2
[INFO] [stderr]    Compiling humantime v2.4.0
[INFO] [stderr]    Compiling backtrace v0.3.76
[INFO] [stderr]    Compiling unicode-ident v1.0.27
[INFO] [stderr]    Compiling either v1.19.0
[INFO] [stderr]    Compiling serde_json v1.0.154
[INFO] [stderr]    Compiling cmov v0.5.4
[INFO] [stderr]    Compiling signature v1.6.4
[INFO] [stderr]    Compiling unicode-xid v0.1.0
[INFO] [stderr]    Compiling ed25519 v1.5.3
[INFO] [stderr]    Compiling ctutils v0.4.3
[INFO] [stderr]    Compiling quote v1.0.47
[INFO] [stderr]    Compiling env_logger v0.9.3
[INFO] [stderr]    Compiling hyper v0.14.32
[INFO] [stderr]    Compiling tokio-rustls v0.24.1
[INFO] [stderr]    Compiling libsecp256k1 v0.6.0
[INFO] [stderr]    Compiling hmac v0.8.1
[INFO] [stderr]    Compiling idna v1.1.0
[INFO] [stderr]    Compiling proc-macro-crate v0.1.5
[INFO] [stderr]    Compiling thiserror-impl v1.0.69
[INFO] [stderr]    Compiling borsh-schema-derive-internal v0.9.3
[INFO] [stderr]    Compiling borsh-derive-internal v0.9.3
[INFO] [stderr]    Compiling ring v0.16.20
[INFO] [stderr]    Compiling blake3 v1.8.7
[INFO] [stderr]    Compiling gemachain-frozen-abi v1.8.2
[INFO] [stderr]    Compiling winapi v0.3.9
[INFO] [stderr]    Compiling multiversion_no_op v1.0.0
[INFO] [stderr]    Compiling simdutf8 v0.1.5
[INFO] [stderr]    Compiling core_detect v1.0.0
[INFO] [stderr]    Compiling syn v0.15.44
[INFO] [stderr]    Compiling serde_urlencoded v0.7.1
[INFO] [stderr]    Compiling borsh-derive v0.9.3
[INFO] [stderr]    Compiling hyper-rustls v0.24.2
[INFO] [stderr]    Compiling thiserror v1.0.69
[INFO] [stderr]    Compiling digest v0.11.3
[INFO] [stderr]    Compiling failure v0.1.8
[INFO] [stderr]    Compiling hashbrown v0.11.2
[INFO] [stderr]    Compiling url v2.5.8
[INFO] [stderr]    Compiling hmac-drbg v0.3.0
[INFO] [stderr]    Compiling quote v0.6.13
[INFO] [stderr]    Compiling gemachain-logger v1.8.2
[INFO] [stderr]    Compiling ed25519-dalek v1.0.1
[INFO] [stderr]    Compiling crypto-mac v0.11.1
[INFO] [stderr]    Compiling crypto-mac v0.9.1
[INFO] [stderr]    Compiling jobserver v0.1.35
[INFO] [stderr]    Compiling iovec v0.1.4
[INFO] [stderr]    Compiling memmap2 v0.5.10
[INFO] [stderr]    Compiling gemachain-program v1.8.2
[INFO] [stderr]    Compiling ipnet v2.12.2
[INFO] [stderr]    Compiling base64 v0.12.3
[INFO] [stderr]    Compiling find-msvc-tools v0.1.14
[INFO] [stderr]    Compiling arrayvec v0.7.8
[INFO] [stderr]    Compiling webpki-roots v0.25.4
[INFO] [stderr]    Compiling bs58 v0.4.0
[INFO] [stderr]    Compiling shlex v2.0.1
[INFO] [stderr]    Compiling keccak v0.1.6
[INFO] [stderr]    Compiling sha3 v0.9.1
[INFO] [stderr]    Compiling gemachain-sdk-macro v1.8.2
[INFO] [stderr]    Compiling reqwest v0.11.27
[INFO] [stderr]    Compiling bytes v0.4.12
[INFO] [stderr]    Compiling hmac v0.9.0
[INFO] [stderr]    Compiling borsh v0.9.3
[INFO] [stderr]    Compiling derivation-path v0.1.3
[INFO] [stderr]    Compiling itertools v0.10.5
[INFO] [stderr]    Compiling bincode v1.3.3
[INFO] [stderr]    Compiling num-derive v0.3.3
[INFO] [stderr]    Compiling bytemuck_derive v1.12.1
[INFO] [stderr]    Compiling gemachain-sdk v1.8.2 (/opt/rustwide/workdir)
[INFO] [stderr]    Compiling chrono v0.4.45
[INFO] [stderr]    Compiling ed25519-dalek-bip32 v0.1.1
[INFO] [stderr]    Compiling bytemuck v1.25.2
[INFO] [stderr]    Compiling hmac v0.11.0
[INFO] [stderr]    Compiling pbkdf2 v0.9.0
[INFO] [stderr]    Compiling uriparse v0.6.4
[INFO] [stderr]    Compiling qstring v0.7.2
[INFO] [stderr]    Compiling gemachain-crate-features v1.8.2
[INFO] [stderr]    Compiling assert_matches v1.5.0
[INFO] [stdout] warning: unexpected `cfg` condition name: `RUSTC_WITH_SPECIALIZATION`
[INFO] [stdout]  --> src/lib.rs:2:13
[INFO] [stdout]   |
[INFO] [stdout] 2 | #![cfg_attr(RUSTC_WITH_SPECIALIZATION, feature(specialization))]
[INFO] [stdout]   |             ^^^^^^^^^^^^^^^^^^^^^^^^^
[INFO] [stdout]   |
[INFO] [stdout]   = help: expected names are: `docsrs`, `feature`, and `test` and 34 more
[INFO] [stdout]   = help: consider using a Cargo feature instead
[INFO] [stdout]   = help: or consider adding in `Cargo.toml` the `check-cfg` lint config for the lint:
[INFO] [stdout]            [lints.rust]
[INFO] [stdout]            unexpected_cfgs = { level = "warn", check-cfg = ['cfg(RUSTC_WITH_SPECIALIZATION)'] }
[INFO] [stdout]   = help: or consider adding `println!("cargo::rustc-check-cfg=cfg(RUSTC_WITH_SPECIALIZATION)");` to the top of the `build.rs`
[INFO] [stdout]   = note: see <https://doc.rust-lang.org/nightly/rustc/check-cfg/cargo-specifics.html> for more information about checking conditional configuration
[INFO] [stdout]   = note: `#[warn(unexpected_cfgs)]` on by default
[INFO] [stdout] 
[INFO] [stdout] 
[INFO] [stdout] warning: unexpected `cfg` condition name: `RUSTC_NEEDS_PROC_MACRO_HYGIENE`
[INFO] [stdout]  --> src/lib.rs:3:13
[INFO] [stdout]   |
[INFO] [stdout] 3 | #![cfg_attr(RUSTC_NEEDS_PROC_MACRO_HYGIENE, feature(proc_macro_hygiene))]
[INFO] [stdout]   |             ^^^^^^^^^^^^^^^^^^^^^^^^^^^^^^
[INFO] [stdout]   |
[INFO] [stdout]   = help: consider using a Cargo feature instead
[INFO] [stdout]   = help: or consider adding in `Cargo.toml` the `check-cfg` lint config for the lint:
[INFO] [stdout]            [lints.rust]
[INFO] [stdout]            unexpected_cfgs = { level = "warn", check-cfg = ['cfg(RUSTC_NEEDS_PROC_MACRO_HYGIENE)'] }
[INFO] [stdout]   = help: or consider adding `println!("cargo::rustc-check-cfg=cfg(RUSTC_NEEDS_PROC_MACRO_HYGIENE)");` to the top of the `build.rs`
[INFO] [stdout]   = note: see <https://doc.rust-lang.org/nightly/rustc/check-cfg/cargo-specifics.html> for more information about checking conditional configuration
[INFO] [stdout] 
[INFO] [stdout] 
[INFO] [stdout] warning: use of deprecated constant `std::i64::MAX`: replaced by the `MAX` associated constant on this type
[INFO] [stdout]    --> src/process_instruction.rs:453:38
[INFO] [stdout]     |
[INFO] [stdout] 453 |                 remaining: std::i64::MAX as u64,
[INFO] [stdout]     |                                      ^^^
[INFO] [stdout]     |
[INFO] [stdout]     = note: `#[warn(deprecated)]` on by default
[INFO] [stdout] 
[INFO] [stdout] 
[INFO] [stdout] warning: use of deprecated struct `generic_array::GenericArray`: please upgrade to generic-array 1.x
[INFO] [stdout]  --> src/signature.rs:5:35
[INFO] [stdout]   |
[INFO] [stdout] 5 | use generic_array::{typenum::U64, GenericArray};
[INFO] [stdout]   |                                   ^^^^^^^^^^^^
[INFO] [stdout] 
[INFO] [stdout] 
[INFO] [stdout] warning: use of deprecated struct `generic_array::GenericArray`: please upgrade to generic-array 1.x
[INFO] [stdout]   --> src/signature.rs:26:22
[INFO] [stdout]    |
[INFO] [stdout] 26 | pub struct Signature(GenericArray<u8, U64>);
[INFO] [stdout]    |                      ^^^^^^^^^^^^
[INFO] [stdout] 
[INFO] [stdout] 
[INFO] [stdout] warning: use of deprecated struct `generic_array::GenericArray`: please upgrade to generic-array 1.x
[INFO] [stdout]   --> src/signature.rs:32:14
[INFO] [stdout]    |
[INFO] [stdout] 32 |         Self(GenericArray::clone_from_slice(signature_slice))
[INFO] [stdout]    |              ^^^^^^^^^^^^
[INFO] [stdout] 
[INFO] [stdout] 
[INFO] [stdout] warning: use of deprecated method `chrono::TimeZone::timestamp`: use `timestamp_opt()` instead
[INFO] [stdout]    --> src/genesis_config.rs:259:17
[INFO] [stdout]     |
[INFO] [stdout] 259 |             Utc.timestamp(self.creation_time, 0).to_rfc3339(),
[INFO] [stdout]     |                 ^^^^^^^^^
[INFO] [stdout] 
[INFO] [stdout] 
[INFO] [stdout] warning: use of deprecated method `generic_array::GenericArray::<T, N>::as_slice`: please upgrade to generic-array 1.x
[INFO] [stdout]   --> src/secp256k1_instruction.rs:38:51
[INFO] [stdout]    |
[INFO] [stdout] 38 |     message_hash_arr.copy_from_slice(message_hash.as_slice());
[INFO] [stdout]    |                                                   ^^^^^^^^
[INFO] [stdout] 
[INFO] [stdout] 
[INFO] [stdout] warning: use of deprecated associated function `generic_array::GenericArray::<T, N>::clone_from_slice`: please upgrade to generic-array 1.x
[INFO] [stdout]   --> src/signature.rs:32:28
[INFO] [stdout]    |
[INFO] [stdout] 32 |         Self(GenericArray::clone_from_slice(signature_slice))
[INFO] [stdout]    |                            ^^^^^^^^^^^^^^^^
[INFO] [stdout] 
[INFO] [stdout] 
[INFO] [stdout] warning: use of deprecated method `generic_array::GenericArray::<T, N>::as_slice`: please upgrade to generic-array 1.x
[INFO] [stdout]   --> src/signature.rs:41:32
[INFO] [stdout]    |
[INFO] [stdout] 41 |         let signature = self.0.as_slice().try_into()?;
[INFO] [stdout]    |                                ^^^^^^^^
[INFO] [stdout] 
[INFO] [stdout] 
[INFO] [stdout] warning: unused import: `ed25519::signature::Signature`
[INFO] [stdout]  --> src/ed25519_instruction.rs:5:21
[INFO] [stdout]   |
[INFO] [stdout] 5 | use ed25519_dalek::{ed25519::signature::Signature, Signer, Verifier};
[INFO] [stdout]   |                     ^^^^^^^^^^^^^^^^^^^^^^^^^^^^^
[INFO] [stdout]   |
[INFO] [stdout]   = note: `#[warn(unused_imports)]` (part of `#[warn(unused)]`) on by default
[INFO] [stdout] 
[INFO] [stdout] 
[INFO] [stdout] warning: field `0` is never read
[INFO] [stdout]   --> src/compute_budget.rs:32:18
[INFO] [stdout]    |
[INFO] [stdout] 22 |     BorshSchema,
[INFO] [stdout]    |     ----------- field in this struct
[INFO] [stdout] ...
[INFO] [stdout] 32 |     RequestUnits(u64),
[INFO] [stdout]    |                  ^^^
[INFO] [stdout]    |
[INFO] [stdout]    = help: consider removing this field
[INFO] [stdout]    = note: `#[warn(dead_code)]` (part of `#[warn(unused)]`) on by default
[INFO] [stdout] 
[INFO] [stdout] 
[INFO] [stdout] warning: `extern` fn uses type `[KeyedAccount<'_>]`, which is not FFI-safe
[INFO] [stdout]   --> src/entrypoint_native.rs:10:30
[INFO] [stdout]    |
[INFO] [stdout] 10 |   pub type ProgramEntrypoint = unsafe extern "C" fn(
[INFO] [stdout]    |  ______________________________^
[INFO] [stdout] 11 | |     program_id: &Pubkey,
[INFO] [stdout] 12 | |     keyed_accounts: &[KeyedAccount],
[INFO] [stdout] 13 | |     instruction_data: &[u8],
[INFO] [stdout] 14 | | ) -> Result<(), InstructionError>;
[INFO] [stdout]    | |_________________________________^ not FFI-safe
[INFO] [stdout]    |
[INFO] [stdout]    = help: consider using a raw pointer instead
[INFO] [stdout]    = note: slices have no C equivalent
[INFO] [stdout]    = note: `#[warn(improper_ctypes_definitions)]` on by default
[INFO] [stdout] 
[INFO] [stdout] 
[INFO] [stdout] warning: hiding a lifetime that's elided elsewhere is confusing
[INFO] [stdout]   --> src/hard_forks.rs:30:17
[INFO] [stdout]    |
[INFO] [stdout] 30 |     pub fn iter(&self) -> std::slice::Iter<(Slot, usize)> {
[INFO] [stdout]    |                 ^^^^^     ^^^^^^^^^^^^^^^^^^^^^^^^^^^^^^^ the same lifetime is hidden here
[INFO] [stdout]    |                 |
[INFO] [stdout]    |                 the lifetime is elided here
[INFO] [stdout]    |
[INFO] [stdout]    = help: the same lifetime is referred to in inconsistent ways, making the signature confusing
[INFO] [stdout]    = note: `#[warn(mismatched_lifetime_syntaxes)]` on by default
[INFO] [stdout] help: use `'_` for type paths
[INFO] [stdout]    |
[INFO] [stdout] 30 |     pub fn iter(&self) -> std::slice::Iter<'_, (Slot, usize)> {
[INFO] [stdout]    |                                            +++
[INFO] [stdout] 
[INFO] [stdout] 
[INFO] [stdout] warning: hiding a lifetime that's named elsewhere is confusing
[INFO] [stdout]   --> src/keyed_account.rs:62:48
[INFO] [stdout]    |
[INFO] [stdout] 62 |     pub fn try_account_ref(&'a self) -> Result<Ref<AccountSharedData>, InstructionError> {
[INFO] [stdout]    |                             --                 ^^^^^^^^^^^^^^^^^^^^^^ the same lifetime is hidden here
[INFO] [stdout]    |                             |
[INFO] [stdout]    |                             the lifetime is named here
[INFO] [stdout]    |
[INFO] [stdout]    = help: the same lifetime is referred to in inconsistent ways, making the signature confusing
[INFO] [stdout] help: consistently use `'a`
[INFO] [stdout]    |
[INFO] [stdout] 62 |     pub fn try_account_ref(&'a self) -> Result<Ref<'a, AccountSharedData>, InstructionError> {
[INFO] [stdout]    |                                                    +++
[INFO] [stdout] 
[INFO] [stdout] 
[INFO] [stdout] warning: hiding a lifetime that's named elsewhere is confusing
[INFO] [stdout]   --> src/keyed_account.rs:66:52
[INFO] [stdout]    |
[INFO] [stdout] 66 |     pub fn try_account_ref_mut(&'a self) -> Result<RefMut<AccountSharedData>, InstructionError> {
[INFO] [stdout]    |                                 --                 ^^^^^^^^^^^^^^^^^^^^^^^^^ the same lifetime is hidden here
[INFO] [stdout]    |                                 |
[INFO] [stdout]    |                                 the lifetime is named here
[INFO] [stdout]    |
[INFO] [stdout]    = help: the same lifetime is referred to in inconsistent ways, making the signature confusing
[INFO] [stdout] help: consistently use `'a`
[INFO] [stdout]    |
[INFO] [stdout] 66 |     pub fn try_account_ref_mut(&'a self) -> Result<RefMut<'a, AccountSharedData>, InstructionError> {
[INFO] [stdout]    |                                                           +++
[INFO] [stdout] 
[INFO] [stdout] 
[INFO] [stdout] warning: hiding a lifetime that's elided elsewhere is confusing
[INFO] [stdout]   --> src/keyed_account.rs:70:19
[INFO] [stdout]    |
[INFO] [stdout] 70 |     fn try_borrow(&self) -> Result<Ref<AccountSharedData>, InstructionError> {
[INFO] [stdout]    |                   ^^^^^            ^^^^^^^^^^^^^^^^^^^^^^ the same lifetime is hidden here
[INFO] [stdout]    |                   |
[INFO] [stdout]    |                   the lifetime is elided here
[INFO] [stdout]    |
[INFO] [stdout]    = help: the same lifetime is referred to in inconsistent ways, making the signature confusing
[INFO] [stdout] help: use `'_` for type paths
[INFO] [stdout]    |
[INFO] [stdout] 70 |     fn try_borrow(&self) -> Result<Ref<'_, AccountSharedData>, InstructionError> {
[INFO] [stdout]    |                                        +++
[INFO] [stdout] 
[INFO] [stdout] 
[INFO] [stdout] warning: hiding a lifetime that's elided elsewhere is confusing
[INFO] [stdout]   --> src/keyed_account.rs:75:23
[INFO] [stdout]    |
[INFO] [stdout] 75 |     fn try_borrow_mut(&self) -> Result<RefMut<AccountSharedData>, InstructionError> {
[INFO] [stdout]    |                       ^^^^^            ^^^^^^^^^^^^^^^^^^^^^^^^^ the same lifetime is hidden here
[INFO] [stdout]    |                       |
[INFO] [stdout]    |                       the lifetime is elided here
[INFO] [stdout]    |
[INFO] [stdout]    = help: the same lifetime is referred to in inconsistent ways, making the signature confusing
[INFO] [stdout] help: use `'_` for type paths
[INFO] [stdout]    |
[INFO] [stdout] 75 |     fn try_borrow_mut(&self) -> Result<RefMut<'_, AccountSharedData>, InstructionError> {
[INFO] [stdout]    |                                               +++
[INFO] [stdout] 
[INFO] [stdout] 
[INFO] [stdout] warning: hiding a lifetime that's elided elsewhere is confusing
[INFO] [stdout]    --> src/keyed_account.rs:172:15
[INFO] [stdout]     |
[INFO] [stdout] 172 |     accounts: &[(Pubkey, Rc<RefCell<AccountSharedData>>)],
[INFO] [stdout]     |               ^^^^^^^^^^^^^^^^^^^^^^^^^^^^^^^^^^^^^^^^^^^ the lifetime is elided here
[INFO] [stdout] 173 | ) -> Vec<KeyedAccount> {
[INFO] [stdout]     |          ^^^^^^^^^^^^ the same lifetime is hidden here
[INFO] [stdout]     |
[INFO] [stdout]     = help: the same lifetime is referred to in inconsistent ways, making the signature confusing
[INFO] [stdout] help: use `'_` for type paths
[INFO] [stdout]     |
[INFO] [stdout] 173 | ) -> Vec<KeyedAccount<'_>> {
[INFO] [stdout]     |                      ++++
[INFO] [stdout] 
[INFO] [stdout] 
[INFO] [stdout] warning: the type `[u8; 1232]` does not permit being left uninitialized
[INFO] [stdout]   --> src/packet.rs:79:28
[INFO] [stdout]    |
[INFO] [stdout] 79 |             data: unsafe { std::mem::MaybeUninit::uninit().assume_init() },
[INFO] [stdout]    |                            ^^^^^^^^^^^^^^^^^^^^^^^^^^^^^^^^^^^^^^^^^^^^^
[INFO] [stdout]    |                            |
[INFO] [stdout]    |                            this code causes undefined behavior when executed
[INFO] [stdout]    |                            help: use `MaybeUninit<T>` instead, and only call `assume_init` after initialization is done
[INFO] [stdout]    |
[INFO] [stdout]    = note: integers must be initialized
[INFO] [stdout]    = note: `#[warn(invalid_value)]` on by default
[INFO] [stdout] 
[INFO] [stdout] 
[INFO] [stdout] warning: `extern` fn uses type `[u8]`, which is not FFI-safe
[INFO] [stdout]   --> src/process_instruction.rs:23:29
[INFO] [stdout]    |
[INFO] [stdout] 23 |   pub type LoaderEntrypoint = unsafe extern "C" fn(
[INFO] [stdout]    |  _____________________________^
[INFO] [stdout] 24 | |     program_id: &Pubkey,
[INFO] [stdout] 25 | |     instruction_data: &[u8],
[INFO] [stdout] 26 | |     invoke_context: &dyn InvokeContext,
[INFO] [stdout] 27 | | ) -> Result<(), InstructionError>;
[INFO] [stdout]    | |_________________________________^ not FFI-safe
[INFO] [stdout]    |
[INFO] [stdout]    = help: consider using a raw pointer instead
[INFO] [stdout]    = note: slices have no C equivalent
[INFO] [stdout] 
[INFO] [stdout] 
[INFO] [stdout] warning: hiding a lifetime that's elided elsewhere is confusing
[INFO] [stdout]   --> src/process_instruction.rs:79:27
[INFO] [stdout]    |
[INFO] [stdout] 79 |     fn get_keyed_accounts(&self) -> Result<&[KeyedAccount], InstructionError>;
[INFO] [stdout]    |                           ^^^^^            ^^^^^^^^^^^^^^^
[INFO] [stdout]    |                           |                | |
[INFO] [stdout]    |                           |                | the same lifetime is hidden here
[INFO] [stdout]    |                           |                the same lifetime is elided here
[INFO] [stdout]    |                           the lifetime is elided here
[INFO] [stdout]    |
[INFO] [stdout]    = help: the same lifetime is referred to in inconsistent ways, making the signature confusing
[INFO] [stdout] help: use `'_` for type paths
[INFO] [stdout]    |
[INFO] [stdout] 79 |     fn get_keyed_accounts(&self) -> Result<&[KeyedAccount<'_>], InstructionError>;
[INFO] [stdout]    |                                                          ++++
[INFO] [stdout] 
[INFO] [stdout] 
[INFO] [stdout] warning: hiding a lifetime that's elided elsewhere is confusing
[INFO] [stdout]    --> src/process_instruction.rs:532:27
[INFO] [stdout]     |
[INFO] [stdout] 532 |     fn get_keyed_accounts(&self) -> Result<&[KeyedAccount], InstructionError> {
[INFO] [stdout]     |                           ^^^^^            ^^^^^^^^^^^^^^^
[INFO] [stdout]     |                           |                | |
[INFO] [stdout]     |                           |                | the same lifetime is hidden here
[INFO] [stdout]     |                           |                the same lifetime is elided here
[INFO] [stdout]     |                           the lifetime is elided here
[INFO] [stdout]     |
[INFO] [stdout]     = help: the same lifetime is referred to in inconsistent ways, making the signature confusing
[INFO] [stdout] help: use `'_` for type paths
[INFO] [stdout]     |
[INFO] [stdout] 532 |     fn get_keyed_accounts(&self) -> Result<&[KeyedAccount<'_>], InstructionError> {
[INFO] [stdout]     |                                                          ++++
[INFO] [stdout] 
[INFO] [stdout] 
[INFO] [stdout] warning: hiding a lifetime that's elided elsewhere is confusing
[INFO] [stdout]   --> src/signature.rs:61:22
[INFO] [stdout]    |
[INFO] [stdout] 61 |     fn signable_data(&self) -> Cow<[u8]>;
[INFO] [stdout]    |                      ^^^^^     ^^^^^^^^^ the same lifetime is hidden here
[INFO] [stdout]    |                      |
[INFO] [stdout]    |                      the lifetime is elided here
[INFO] [stdout]    |
[INFO] [stdout]    = help: the same lifetime is referred to in inconsistent ways, making the signature confusing
[INFO] [stdout] help: use `'_` for type paths
[INFO] [stdout]    |
[INFO] [stdout] 61 |     fn signable_data(&self) -> Cow<'_, [u8]>;
[INFO] [stdout]    |                                    +++
[INFO] [stdout] 
[INFO] [stdout] 
[INFO] [stdout] warning: hiding a lifetime that's elided elsewhere is confusing
[INFO] [stdout]    --> src/transaction/sanitized.rs:129:30
[INFO] [stdout]     |
[INFO] [stdout] 129 |     pub fn get_account_locks(&self, demote_program_write_locks: bool) -> TransactionAccountLocks {
[INFO] [stdout]     |                              ^^^^^ the lifetime is elided here           ^^^^^^^^^^^^^^^^^^^^^^^ the same lifetime is hidden here
[INFO] [stdout]     |
[INFO] [stdout]     = help: the same lifetime is referred to in inconsistent ways, making the signature confusing
[INFO] [stdout] help: use `'_` for type paths
[INFO] [stdout]     |
[INFO] [stdout] 129 |     pub fn get_account_locks(&self, demote_program_write_locks: bool) -> TransactionAccountLocks<'_> {
[INFO] [stdout]     |                                                                                                 ++++
[INFO] [stdout] 
[INFO] [stdout] 
[INFO] [stderr]     Finished `release` profile [optimized] target(s) in 5m 56s
[INFO] running `Command { std: "docker" "inspect" "12a56b8bac25540eba3b3e4053b318a22cc259e7e0ce243b1fa84ed20e013fda", kill_on_drop: false }`
[INFO] running `Command { std: "docker" "exec" "-e" "SOURCE_DIR=/opt/rustwide/workdir" "-e" "CARGO_HOME=/opt/rustwide/cargo-home" "-e" "RUSTUP_HOME=/opt/rustwide/rustup-home" "-e" "CARGO_TARGET_DIR=/opt/rustwide/target" "-e" "CARGO_INCREMENTAL=0" "-e" "RUST_BACKTRACE=full" "-e" "RUSTFLAGS=--cap-lints=warn" "-e" "RUSTDOCFLAGS=--cap-lints=warn" "-w" "/opt/rustwide/workdir" "--user" "0:0" "12a56b8bac25540eba3b3e4053b318a22cc259e7e0ce243b1fa84ed20e013fda" "/opt/rustwide/cargo-home/bin/cargo" "+1.99.0-beta.8" "test" "--frozen" "--no-run" "--message-format=json" "--release", kill_on_drop: false }`
[INFO] [stderr]    Compiling zeroize v1.3.0
[INFO] [stderr]    Compiling tinyvec v1.13.3
[INFO] [stderr]    Compiling pbkdf2 v0.4.0
[INFO] [stderr]    Compiling curve25519-dalek v3.2.1
[INFO] [stderr]    Compiling unicode-normalization v0.1.26
[INFO] [stderr]    Compiling ed25519-dalek v1.0.1
[INFO] [stderr]    Compiling gemachain-program v1.8.2
[INFO] [stderr]    Compiling ed25519-dalek-bip32 v0.1.1
[INFO] [stderr]    Compiling gemachain-crate-features v1.8.2
[INFO] [stderr]    Compiling tiny-bip39 v0.8.2
[INFO] [stderr]    Compiling gemachain-sdk v1.8.2 (/opt/rustwide/workdir)
[INFO] [stdout] warning: unexpected `cfg` condition name: `RUSTC_WITH_SPECIALIZATION`
[INFO] [stdout]  --> src/lib.rs:2:13
[INFO] [stdout]   |
[INFO] [stdout] 2 | #![cfg_attr(RUSTC_WITH_SPECIALIZATION, feature(specialization))]
[INFO] [stdout]   |             ^^^^^^^^^^^^^^^^^^^^^^^^^
[INFO] [stdout]   |
[INFO] [stdout]   = help: expected names are: `docsrs`, `feature`, and `test` and 34 more
[INFO] [stdout]   = help: consider using a Cargo feature instead
[INFO] [stdout]   = help: or consider adding in `Cargo.toml` the `check-cfg` lint config for the lint:
[INFO] [stdout]            [lints.rust]
[INFO] [stdout]            unexpected_cfgs = { level = "warn", check-cfg = ['cfg(RUSTC_WITH_SPECIALIZATION)'] }
[INFO] [stdout]   = help: or consider adding `println!("cargo::rustc-check-cfg=cfg(RUSTC_WITH_SPECIALIZATION)");` to the top of the `build.rs`
[INFO] [stdout]   = note: see <https://doc.rust-lang.org/nightly/rustc/check-cfg/cargo-specifics.html> for more information about checking conditional configuration
[INFO] [stdout]   = note: `#[warn(unexpected_cfgs)]` on by default
[INFO] [stdout] 
[INFO] [stdout] 
[INFO] [stdout] warning: unexpected `cfg` condition name: `RUSTC_NEEDS_PROC_MACRO_HYGIENE`
[INFO] [stdout]  --> src/lib.rs:3:13
[INFO] [stdout]   |
[INFO] [stdout] 3 | #![cfg_attr(RUSTC_NEEDS_PROC_MACRO_HYGIENE, feature(proc_macro_hygiene))]
[INFO] [stdout]   |             ^^^^^^^^^^^^^^^^^^^^^^^^^^^^^^
[INFO] [stdout]   |
[INFO] [stdout]   = help: consider using a Cargo feature instead
[INFO] [stdout]   = help: or consider adding in `Cargo.toml` the `check-cfg` lint config for the lint:
[INFO] [stdout]            [lints.rust]
[INFO] [stdout]            unexpected_cfgs = { level = "warn", check-cfg = ['cfg(RUSTC_NEEDS_PROC_MACRO_HYGIENE)'] }
[INFO] [stdout]   = help: or consider adding `println!("cargo::rustc-check-cfg=cfg(RUSTC_NEEDS_PROC_MACRO_HYGIENE)");` to the top of the `build.rs`
[INFO] [stdout]   = note: see <https://doc.rust-lang.org/nightly/rustc/check-cfg/cargo-specifics.html> for more information about checking conditional configuration
[INFO] [stdout] 
[INFO] [stdout] 
[INFO] [stdout] warning: use of deprecated constant `std::i64::MAX`: replaced by the `MAX` associated constant on this type
[INFO] [stdout]    --> src/process_instruction.rs:453:38
[INFO] [stdout]     |
[INFO] [stdout] 453 |                 remaining: std::i64::MAX as u64,
[INFO] [stdout]     |                                      ^^^
[INFO] [stdout]     |
[INFO] [stdout]     = note: `#[warn(deprecated)]` on by default
[INFO] [stdout] 
[INFO] [stdout] 
[INFO] [stdout] warning: use of deprecated struct `generic_array::GenericArray`: please upgrade to generic-array 1.x
[INFO] [stdout]  --> src/signature.rs:5:35
[INFO] [stdout]   |
[INFO] [stdout] 5 | use generic_array::{typenum::U64, GenericArray};
[INFO] [stdout]   |                                   ^^^^^^^^^^^^
[INFO] [stdout] 
[INFO] [stdout] 
[INFO] [stdout] warning: use of deprecated struct `generic_array::GenericArray`: please upgrade to generic-array 1.x
[INFO] [stdout]   --> src/signature.rs:26:22
[INFO] [stdout]    |
[INFO] [stdout] 26 | pub struct Signature(GenericArray<u8, U64>);
[INFO] [stdout]    |                      ^^^^^^^^^^^^
[INFO] [stdout] 
[INFO] [stdout] 
[INFO] [stdout] warning: use of deprecated struct `generic_array::GenericArray`: please upgrade to generic-array 1.x
[INFO] [stdout]   --> src/signature.rs:32:14
[INFO] [stdout]    |
[INFO] [stdout] 32 |         Self(GenericArray::clone_from_slice(signature_slice))
[INFO] [stdout]    |              ^^^^^^^^^^^^
[INFO] [stdout] 
[INFO] [stdout] 
[INFO] [stdout] warning: use of deprecated method `chrono::TimeZone::timestamp`: use `timestamp_opt()` instead
[INFO] [stdout]    --> src/genesis_config.rs:259:17
[INFO] [stdout]     |
[INFO] [stdout] 259 |             Utc.timestamp(self.creation_time, 0).to_rfc3339(),
[INFO] [stdout]     |                 ^^^^^^^^^
[INFO] [stdout] 
[INFO] [stdout] 
[INFO] [stdout] warning: use of deprecated method `generic_array::GenericArray::<T, N>::as_slice`: please upgrade to generic-array 1.x
[INFO] [stdout]   --> src/secp256k1_instruction.rs:38:51
[INFO] [stdout]    |
[INFO] [stdout] 38 |     message_hash_arr.copy_from_slice(message_hash.as_slice());
[INFO] [stdout]    |                                                   ^^^^^^^^
[INFO] [stdout] 
[INFO] [stdout] 
[INFO] [stdout] warning: use of deprecated associated function `generic_array::GenericArray::<T, N>::clone_from_slice`: please upgrade to generic-array 1.x
[INFO] [stdout]   --> src/signature.rs:32:28
[INFO] [stdout]    |
[INFO] [stdout] 32 |         Self(GenericArray::clone_from_slice(signature_slice))
[INFO] [stdout]    |                            ^^^^^^^^^^^^^^^^
[INFO] [stdout] 
[INFO] [stdout] 
[INFO] [stdout] warning: use of deprecated method `generic_array::GenericArray::<T, N>::as_slice`: please upgrade to generic-array 1.x
[INFO] [stdout]   --> src/signature.rs:41:32
[INFO] [stdout]    |
[INFO] [stdout] 41 |         let signature = self.0.as_slice().try_into()?;
[INFO] [stdout]    |                                ^^^^^^^^
[INFO] [stdout] 
[INFO] [stdout] 
[INFO] [stdout] warning: unused import: `ed25519::signature::Signature`
[INFO] [stdout]  --> src/ed25519_instruction.rs:5:21
[INFO] [stdout]   |
[INFO] [stdout] 5 | use ed25519_dalek::{ed25519::signature::Signature, Signer, Verifier};
[INFO] [stdout]   |                     ^^^^^^^^^^^^^^^^^^^^^^^^^^^^^
[INFO] [stdout]   |
[INFO] [stdout]   = note: `#[warn(unused_imports)]` (part of `#[warn(unused)]`) on by default
[INFO] [stdout] 
[INFO] [stdout] 
[INFO] [stdout] warning: field `0` is never read
[INFO] [stdout]   --> src/compute_budget.rs:32:18
[INFO] [stdout]    |
[INFO] [stdout] 22 |     BorshSchema,
[INFO] [stdout]    |     ----------- field in this struct
[INFO] [stdout] ...
[INFO] [stdout] 32 |     RequestUnits(u64),
[INFO] [stdout]    |                  ^^^
[INFO] [stdout]    |
[INFO] [stdout]    = help: consider removing this field
[INFO] [stdout]    = note: `#[warn(dead_code)]` (part of `#[warn(unused)]`) on by default
[INFO] [stdout] 
[INFO] [stdout] 
[INFO] [stdout] warning: `extern` fn uses type `[KeyedAccount<'_>]`, which is not FFI-safe
[INFO] [stdout]   --> src/entrypoint_native.rs:10:30
[INFO] [stdout]    |
[INFO] [stdout] 10 |   pub type ProgramEntrypoint = unsafe extern "C" fn(
[INFO] [stdout]    |  ______________________________^
[INFO] [stdout] 11 | |     program_id: &Pubkey,
[INFO] [stdout] 12 | |     keyed_accounts: &[KeyedAccount],
[INFO] [stdout] 13 | |     instruction_data: &[u8],
[INFO] [stdout] 14 | | ) -> Result<(), InstructionError>;
[INFO] [stdout]    | |_________________________________^ not FFI-safe
[INFO] [stdout]    |
[INFO] [stdout]    = help: consider using a raw pointer instead
[INFO] [stdout]    = note: slices have no C equivalent
[INFO] [stdout]    = note: `#[warn(improper_ctypes_definitions)]` on by default
[INFO] [stdout] 
[INFO] [stdout] 
[INFO] [stdout] warning: hiding a lifetime that's elided elsewhere is confusing
[INFO] [stdout]   --> src/hard_forks.rs:30:17
[INFO] [stdout]    |
[INFO] [stdout] 30 |     pub fn iter(&self) -> std::slice::Iter<(Slot, usize)> {
[INFO] [stdout]    |                 ^^^^^     ^^^^^^^^^^^^^^^^^^^^^^^^^^^^^^^ the same lifetime is hidden here
[INFO] [stdout]    |                 |
[INFO] [stdout]    |                 the lifetime is elided here
[INFO] [stdout]    |
[INFO] [stdout]    = help: the same lifetime is referred to in inconsistent ways, making the signature confusing
[INFO] [stdout]    = note: `#[warn(mismatched_lifetime_syntaxes)]` on by default
[INFO] [stdout] help: use `'_` for type paths
[INFO] [stdout]    |
[INFO] [stdout] 30 |     pub fn iter(&self) -> std::slice::Iter<'_, (Slot, usize)> {
[INFO] [stdout]    |                                            +++
[INFO] [stdout] 
[INFO] [stdout] 
[INFO] [stdout] warning: hiding a lifetime that's named elsewhere is confusing
[INFO] [stdout]   --> src/keyed_account.rs:62:48
[INFO] [stdout]    |
[INFO] [stdout] 62 |     pub fn try_account_ref(&'a self) -> Result<Ref<AccountSharedData>, InstructionError> {
[INFO] [stdout]    |                             --                 ^^^^^^^^^^^^^^^^^^^^^^ the same lifetime is hidden here
[INFO] [stdout]    |                             |
[INFO] [stdout]    |                             the lifetime is named here
[INFO] [stdout]    |
[INFO] [stdout]    = help: the same lifetime is referred to in inconsistent ways, making the signature confusing
[INFO] [stdout] help: consistently use `'a`
[INFO] [stdout]    |
[INFO] [stdout] 62 |     pub fn try_account_ref(&'a self) -> Result<Ref<'a, AccountSharedData>, InstructionError> {
[INFO] [stdout]    |                                                    +++
[INFO] [stdout] 
[INFO] [stdout] 
[INFO] [stdout] warning: hiding a lifetime that's named elsewhere is confusing
[INFO] [stdout]   --> src/keyed_account.rs:66:52
[INFO] [stdout]    |
[INFO] [stdout] 66 |     pub fn try_account_ref_mut(&'a self) -> Result<RefMut<AccountSharedData>, InstructionError> {
[INFO] [stdout]    |                                 --                 ^^^^^^^^^^^^^^^^^^^^^^^^^ the same lifetime is hidden here
[INFO] [stdout]    |                                 |
[INFO] [stdout]    |                                 the lifetime is named here
[INFO] [stdout]    |
[INFO] [stdout]    = help: the same lifetime is referred to in inconsistent ways, making the signature confusing
[INFO] [stdout] help: consistently use `'a`
[INFO] [stdout]    |
[INFO] [stdout] 66 |     pub fn try_account_ref_mut(&'a self) -> Result<RefMut<'a, AccountSharedData>, InstructionError> {
[INFO] [stdout]    |                                                           +++
[INFO] [stdout] 
[INFO] [stdout] 
[INFO] [stdout] warning: hiding a lifetime that's elided elsewhere is confusing
[INFO] [stdout]   --> src/keyed_account.rs:70:19
[INFO] [stdout]    |
[INFO] [stdout] 70 |     fn try_borrow(&self) -> Result<Ref<AccountSharedData>, InstructionError> {
[INFO] [stdout]    |                   ^^^^^            ^^^^^^^^^^^^^^^^^^^^^^ the same lifetime is hidden here
[INFO] [stdout]    |                   |
[INFO] [stdout]    |                   the lifetime is elided here
[INFO] [stdout]    |
[INFO] [stdout]    = help: the same lifetime is referred to in inconsistent ways, making the signature confusing
[INFO] [stdout] help: use `'_` for type paths
[INFO] [stdout]    |
[INFO] [stdout] 70 |     fn try_borrow(&self) -> Result<Ref<'_, AccountSharedData>, InstructionError> {
[INFO] [stdout]    |                                        +++
[INFO] [stdout] 
[INFO] [stdout] 
[INFO] [stdout] warning: hiding a lifetime that's elided elsewhere is confusing
[INFO] [stdout]   --> src/keyed_account.rs:75:23
[INFO] [stdout]    |
[INFO] [stdout] 75 |     fn try_borrow_mut(&self) -> Result<RefMut<AccountSharedData>, InstructionError> {
[INFO] [stdout]    |                       ^^^^^            ^^^^^^^^^^^^^^^^^^^^^^^^^ the same lifetime is hidden here
[INFO] [stdout]    |                       |
[INFO] [stdout]    |                       the lifetime is elided here
[INFO] [stdout]    |
[INFO] [stdout]    = help: the same lifetime is referred to in inconsistent ways, making the signature confusing
[INFO] [stdout] help: use `'_` for type paths
[INFO] [stdout]    |
[INFO] [stdout] 75 |     fn try_borrow_mut(&self) -> Result<RefMut<'_, AccountSharedData>, InstructionError> {
[INFO] [stdout]    |                                               +++
[INFO] [stdout] 
[INFO] [stdout] 
[INFO] [stdout] warning: hiding a lifetime that's elided elsewhere is confusing
[INFO] [stdout]    --> src/keyed_account.rs:172:15
[INFO] [stdout]     |
[INFO] [stdout] 172 |     accounts: &[(Pubkey, Rc<RefCell<AccountSharedData>>)],
[INFO] [stdout]     |               ^^^^^^^^^^^^^^^^^^^^^^^^^^^^^^^^^^^^^^^^^^^ the lifetime is elided here
[INFO] [stdout] 173 | ) -> Vec<KeyedAccount> {
[INFO] [stdout]     |          ^^^^^^^^^^^^ the same lifetime is hidden here
[INFO] [stdout]     |
[INFO] [stdout]     = help: the same lifetime is referred to in inconsistent ways, making the signature confusing
[INFO] [stdout] help: use `'_` for type paths
[INFO] [stdout]     |
[INFO] [stdout] 173 | ) -> Vec<KeyedAccount<'_>> {
[INFO] [stdout]     |                      ++++
[INFO] [stdout] 
[INFO] [stdout] 
[INFO] [stdout] warning: the type `[u8; 1232]` does not permit being left uninitialized
[INFO] [stdout]   --> src/packet.rs:79:28
[INFO] [stdout]    |
[INFO] [stdout] 79 |             data: unsafe { std::mem::MaybeUninit::uninit().assume_init() },
[INFO] [stdout]    |                            ^^^^^^^^^^^^^^^^^^^^^^^^^^^^^^^^^^^^^^^^^^^^^
[INFO] [stdout]    |                            |
[INFO] [stdout]    |                            this code causes undefined behavior when executed
[INFO] [stdout]    |                            help: use `MaybeUninit<T>` instead, and only call `assume_init` after initialization is done
[INFO] [stdout]    |
[INFO] [stdout]    = note: integers must be initialized
[INFO] [stdout]    = note: `#[warn(invalid_value)]` on by default
[INFO] [stdout] 
[INFO] [stdout] 
[INFO] [stdout] warning: `extern` fn uses type `[u8]`, which is not FFI-safe
[INFO] [stdout]   --> src/process_instruction.rs:23:29
[INFO] [stdout]    |
[INFO] [stdout] 23 |   pub type LoaderEntrypoint = unsafe extern "C" fn(
[INFO] [stdout]    |  _____________________________^
[INFO] [stdout] 24 | |     program_id: &Pubkey,
[INFO] [stdout] 25 | |     instruction_data: &[u8],
[INFO] [stdout] 26 | |     invoke_context: &dyn InvokeContext,
[INFO] [stdout] 27 | | ) -> Result<(), InstructionError>;
[INFO] [stdout]    | |_________________________________^ not FFI-safe
[INFO] [stdout]    |
[INFO] [stdout]    = help: consider using a raw pointer instead
[INFO] [stdout]    = note: slices have no C equivalent
[INFO] [stdout] 
[INFO] [stdout] 
[INFO] [stdout] warning: hiding a lifetime that's elided elsewhere is confusing
[INFO] [stdout]   --> src/process_instruction.rs:79:27
[INFO] [stdout]    |
[INFO] [stdout] 79 |     fn get_keyed_accounts(&self) -> Result<&[KeyedAccount], InstructionError>;
[INFO] [stdout]    |                           ^^^^^            ^^^^^^^^^^^^^^^
[INFO] [stdout]    |                           |                | |
[INFO] [stdout]    |                           |                | the same lifetime is hidden here
[INFO] [stdout]    |                           |                the same lifetime is elided here
[INFO] [stdout]    |                           the lifetime is elided here
[INFO] [stdout]    |
[INFO] [stdout]    = help: the same lifetime is referred to in inconsistent ways, making the signature confusing
[INFO] [stdout] help: use `'_` for type paths
[INFO] [stdout]    |
[INFO] [stdout] 79 |     fn get_keyed_accounts(&self) -> Result<&[KeyedAccount<'_>], InstructionError>;
[INFO] [stdout]    |                                                          ++++
[INFO] [stdout] 
[INFO] [stdout] 
[INFO] [stdout] warning: hiding a lifetime that's elided elsewhere is confusing
[INFO] [stdout]    --> src/process_instruction.rs:532:27
[INFO] [stdout]     |
[INFO] [stdout] 532 |     fn get_keyed_accounts(&self) -> Result<&[KeyedAccount], InstructionError> {
[INFO] [stdout]     |                           ^^^^^            ^^^^^^^^^^^^^^^
[INFO] [stdout]     |                           |                | |
[INFO] [stdout]     |                           |                | the same lifetime is hidden here
[INFO] [stdout]     |                           |                the same lifetime is elided here
[INFO] [stdout]     |                           the lifetime is elided here
[INFO] [stdout]     |
[INFO] [stdout]     = help: the same lifetime is referred to in inconsistent ways, making the signature confusing
[INFO] [stdout] help: use `'_` for type paths
[INFO] [stdout]     |
[INFO] [stdout] 532 |     fn get_keyed_accounts(&self) -> Result<&[KeyedAccount<'_>], InstructionError> {
[INFO] [stdout]     |                                                          ++++
[INFO] [stdout] 
[INFO] [stdout] 
[INFO] [stdout] warning: hiding a lifetime that's elided elsewhere is confusing
[INFO] [stdout]   --> src/signature.rs:61:22
[INFO] [stdout]    |
[INFO] [stdout] 61 |     fn signable_data(&self) -> Cow<[u8]>;
[INFO] [stdout]    |                      ^^^^^     ^^^^^^^^^ the same lifetime is hidden here
[INFO] [stdout]    |                      |
[INFO] [stdout]    |                      the lifetime is elided here
[INFO] [stdout]    |
[INFO] [stdout]    = help: the same lifetime is referred to in inconsistent ways, making the signature confusing
[INFO] [stdout] help: use `'_` for type paths
[INFO] [stdout]    |
[INFO] [stdout] 61 |     fn signable_data(&self) -> Cow<'_, [u8]>;
[INFO] [stdout]    |                                    +++
[INFO] [stdout] 
[INFO] [stdout] 
[INFO] [stdout] warning: hiding a lifetime that's elided elsewhere is confusing
[INFO] [stdout]    --> src/transaction/sanitized.rs:129:30
[INFO] [stdout]     |
[INFO] [stdout] 129 |     pub fn get_account_locks(&self, demote_program_write_locks: bool) -> TransactionAccountLocks {
[INFO] [stdout]     |                              ^^^^^ the lifetime is elided here           ^^^^^^^^^^^^^^^^^^^^^^^ the same lifetime is hidden here
[INFO] [stdout]     |
[INFO] [stdout]     = help: the same lifetime is referred to in inconsistent ways, making the signature confusing
[INFO] [stdout] help: use `'_` for type paths
[INFO] [stdout]     |
[INFO] [stdout] 129 |     pub fn get_account_locks(&self, demote_program_write_locks: bool) -> TransactionAccountLocks<'_> {
[INFO] [stdout]     |                                                                                                 ++++
[INFO] [stdout] 
[INFO] [stdout] 
[INFO] [stdout] warning: unexpected `cfg` condition name: `RUSTC_WITH_SPECIALIZATION`
[INFO] [stdout]  --> src/lib.rs:2:13
[INFO] [stdout]   |
[INFO] [stdout] 2 | #![cfg_attr(RUSTC_WITH_SPECIALIZATION, feature(specialization))]
[INFO] [stdout]   |             ^^^^^^^^^^^^^^^^^^^^^^^^^
[INFO] [stdout]   |
[INFO] [stdout]   = help: expected names are: `docsrs`, `feature`, and `test` and 34 more
[INFO] [stdout]   = help: consider using a Cargo feature instead
[INFO] [stdout]   = help: or consider adding in `Cargo.toml` the `check-cfg` lint config for the lint:
[INFO] [stdout]            [lints.rust]
[INFO] [stdout]            unexpected_cfgs = { level = "warn", check-cfg = ['cfg(RUSTC_WITH_SPECIALIZATION)'] }
[INFO] [stdout]   = help: or consider adding `println!("cargo::rustc-check-cfg=cfg(RUSTC_WITH_SPECIALIZATION)");` to the top of the `build.rs`
[INFO] [stdout]   = note: see <https://doc.rust-lang.org/nightly/rustc/check-cfg/cargo-specifics.html> for more information about checking conditional configuration
[INFO] [stdout]   = note: `#[warn(unexpected_cfgs)]` on by default
[INFO] [stdout] 
[INFO] [stdout] 
[INFO] [stdout] warning: unexpected `cfg` condition name: `RUSTC_NEEDS_PROC_MACRO_HYGIENE`
[INFO] [stdout]  --> src/lib.rs:3:13
[INFO] [stdout]   |
[INFO] [stdout] 3 | #![cfg_attr(RUSTC_NEEDS_PROC_MACRO_HYGIENE, feature(proc_macro_hygiene))]
[INFO] [stdout]   |             ^^^^^^^^^^^^^^^^^^^^^^^^^^^^^^
[INFO] [stdout]   |
[INFO] [stdout]   = help: consider using a Cargo feature instead
[INFO] [stdout]   = help: or consider adding in `Cargo.toml` the `check-cfg` lint config for the lint:
[INFO] [stdout]            [lints.rust]
[INFO] [stdout]            unexpected_cfgs = { level = "warn", check-cfg = ['cfg(RUSTC_NEEDS_PROC_MACRO_HYGIENE)'] }
[INFO] [stdout]   = help: or consider adding `println!("cargo::rustc-check-cfg=cfg(RUSTC_NEEDS_PROC_MACRO_HYGIENE)");` to the top of the `build.rs`
[INFO] [stdout]   = note: see <https://doc.rust-lang.org/nightly/rustc/check-cfg/cargo-specifics.html> for more information about checking conditional configuration
[INFO] [stdout] 
[INFO] [stdout] 
[INFO] [stdout] warning: use of deprecated constant `std::u16::MAX`: replaced by the `MAX` associated constant on this type
[INFO] [stdout]    --> src/ed25519_instruction.rs:274:44
[INFO] [stdout]     |
[INFO] [stdout] 274 |             message_data_offset: std::u16::MAX,
[INFO] [stdout]     |                                            ^^^
[INFO] [stdout]     |
[INFO] [stdout]     = note: `#[warn(deprecated)]` on by default
[INFO] [stdout] 
[INFO] [stdout] 
[INFO] [stdout] warning: use of deprecated constant `std::u16::MAX`: replaced by the `MAX` associated constant on this type
[INFO] [stdout]    --> src/ed25519_instruction.rs:275:42
[INFO] [stdout]     |
[INFO] [stdout] 275 |             message_data_size: std::u16::MAX,
[INFO] [stdout]     |                                          ^^^
[INFO] [stdout] 
[INFO] [stdout] 
[INFO] [stdout] warning: use of deprecated constant `std::u16::MAX`: replaced by the `MAX` associated constant on this type
[INFO] [stdout]    --> src/ed25519_instruction.rs:287:42
[INFO] [stdout]     |
[INFO] [stdout] 287 |             public_key_offset: std::u16::MAX,
[INFO] [stdout]     |                                          ^^^
[INFO] [stdout] 
[INFO] [stdout] 
[INFO] [stdout] warning: use of deprecated constant `std::u16::MAX`: replaced by the `MAX` associated constant on this type
[INFO] [stdout]    --> src/ed25519_instruction.rs:308:41
[INFO] [stdout]     |
[INFO] [stdout] 308 |             signature_offset: std::u16::MAX,
[INFO] [stdout]     |                                         ^^^
[INFO] [stdout] 
[INFO] [stdout] 
[INFO] [stdout] warning: use of deprecated constant `std::i64::MAX`: replaced by the `MAX` associated constant on this type
[INFO] [stdout]    --> src/process_instruction.rs:453:38
[INFO] [stdout]     |
[INFO] [stdout] 453 |                 remaining: std::i64::MAX as u64,
[INFO] [stdout]     |                                      ^^^
[INFO] [stdout] 
[INFO] [stdout] 
[INFO] [stdout] warning: use of deprecated constant `std::u16::MAX`: replaced by the `MAX` associated constant on this type
[INFO] [stdout]    --> src/secp256k1_instruction.rs:319:44
[INFO] [stdout]     |
[INFO] [stdout] 319 |             message_data_offset: std::u16::MAX,
[INFO] [stdout]     |                                            ^^^
[INFO] [stdout] 
[INFO] [stdout] 
[INFO] [stdout] warning: use of deprecated constant `std::u16::MAX`: replaced by the `MAX` associated constant on this type
[INFO] [stdout]    --> src/secp256k1_instruction.rs:320:42
[INFO] [stdout]     |
[INFO] [stdout] 320 |             message_data_size: std::u16::MAX,
[INFO] [stdout]     |                                          ^^^
[INFO] [stdout] 
[INFO] [stdout] 
[INFO] [stdout] warning: use of deprecated constant `std::u16::MAX`: replaced by the `MAX` associated constant on this type
[INFO] [stdout]    --> src/secp256k1_instruction.rs:332:43
[INFO] [stdout]     |
[INFO] [stdout] 332 |             eth_address_offset: std::u16::MAX,
[INFO] [stdout]     |                                           ^^^
[INFO] [stdout] 
[INFO] [stdout] 
[INFO] [stdout] warning: use of deprecated constant `std::u16::MAX`: replaced by the `MAX` associated constant on this type
[INFO] [stdout]    --> src/secp256k1_instruction.rs:353:41
[INFO] [stdout]     |
[INFO] [stdout] 353 |             signature_offset: std::u16::MAX,
[INFO] [stdout]     |                                         ^^^
[INFO] [stdout] 
[INFO] [stdout] 
[INFO] [stdout] warning: use of deprecated struct `generic_array::GenericArray`: please upgrade to generic-array 1.x
[INFO] [stdout]  --> src/signature.rs:5:35
[INFO] [stdout]   |
[INFO] [stdout] 5 | use generic_array::{typenum::U64, GenericArray};
[INFO] [stdout]   |                                   ^^^^^^^^^^^^
[INFO] [stdout] 
[INFO] [stdout] 
[INFO] [stdout] warning: use of deprecated struct `generic_array::GenericArray`: please upgrade to generic-array 1.x
[INFO] [stdout]   --> src/signature.rs:26:22
[INFO] [stdout]    |
[INFO] [stdout] 26 | pub struct Signature(GenericArray<u8, U64>);
[INFO] [stdout]    |                      ^^^^^^^^^^^^
[INFO] [stdout] 
[INFO] [stdout] 
[INFO] [stdout] warning: use of deprecated struct `generic_array::GenericArray`: please upgrade to generic-array 1.x
[INFO] [stdout]   --> src/signature.rs:32:14
[INFO] [stdout]    |
[INFO] [stdout] 32 |         Self(GenericArray::clone_from_slice(signature_slice))
[INFO] [stdout]    |              ^^^^^^^^^^^^
[INFO] [stdout] 
[INFO] [stdout] 
[INFO] [stdout] warning: use of deprecated method `chrono::TimeZone::timestamp`: use `timestamp_opt()` instead
[INFO] [stdout]    --> src/genesis_config.rs:259:17
[INFO] [stdout]     |
[INFO] [stdout] 259 |             Utc.timestamp(self.creation_time, 0).to_rfc3339(),
[INFO] [stdout]     |                 ^^^^^^^^^
[INFO] [stdout] 
[INFO] [stdout] 
[INFO] [stdout] warning: use of deprecated method `generic_array::GenericArray::<T, N>::as_slice`: please upgrade to generic-array 1.x
[INFO] [stdout]   --> src/secp256k1_instruction.rs:38:51
[INFO] [stdout]    |
[INFO] [stdout] 38 |     message_hash_arr.copy_from_slice(message_hash.as_slice());
[INFO] [stdout]    |                                                   ^^^^^^^^
[INFO] [stdout] 
[INFO] [stdout] 
[INFO] [stdout] warning: use of deprecated associated function `generic_array::GenericArray::<T, N>::clone_from_slice`: please upgrade to generic-array 1.x
[INFO] [stdout]   --> src/signature.rs:32:28
[INFO] [stdout]    |
[INFO] [stdout] 32 |         Self(GenericArray::clone_from_slice(signature_slice))
[INFO] [stdout]    |                            ^^^^^^^^^^^^^^^^
[INFO] [stdout] 
[INFO] [stdout] 
[INFO] [stdout] warning: use of deprecated method `generic_array::GenericArray::<T, N>::as_slice`: please upgrade to generic-array 1.x
[INFO] [stdout]   --> src/signature.rs:41:32
[INFO] [stdout]    |
[INFO] [stdout] 41 |         let signature = self.0.as_slice().try_into()?;
[INFO] [stdout]    |                                ^^^^^^^^
[INFO] [stdout] 
[INFO] [stdout] 
[INFO] [stdout] warning: unused import: `ed25519::signature::Signature`
[INFO] [stdout]  --> src/ed25519_instruction.rs:5:21
[INFO] [stdout]   |
[INFO] [stdout] 5 | use ed25519_dalek::{ed25519::signature::Signature, Signer, Verifier};
[INFO] [stdout]   |                     ^^^^^^^^^^^^^^^^^^^^^^^^^^^^^
[INFO] [stdout]   |
[INFO] [stdout]   = note: `#[warn(unused_imports)]` (part of `#[warn(unused)]`) on by default
[INFO] [stdout] 
[INFO] [stdout] 
[INFO] [stdout] warning: field `0` is never read
[INFO] [stdout]   --> src/compute_budget.rs:32:18
[INFO] [stdout]    |
[INFO] [stdout] 22 |     BorshSchema,
[INFO] [stdout]    |     ----------- field in this struct
[INFO] [stdout] ...
[INFO] [stdout] 32 |     RequestUnits(u64),
[INFO] [stdout]    |                  ^^^
[INFO] [stdout]    |
[INFO] [stdout]    = help: consider removing this field
[INFO] [stdout]    = note: `#[warn(dead_code)]` (part of `#[warn(unused)]`) on by default
[INFO] [stdout] 
[INFO] [stdout] 
[INFO] [stdout] warning: `extern` fn uses type `[keyed_account::KeyedAccount<'_>]`, which is not FFI-safe
[INFO] [stdout]   --> src/entrypoint_native.rs:10:30
[INFO] [stdout]    |
[INFO] [stdout] 10 |   pub type ProgramEntrypoint = unsafe extern "C" fn(
[INFO] [stdout]    |  ______________________________^
[INFO] [stdout] 11 | |     program_id: &Pubkey,
[INFO] [stdout] 12 | |     keyed_accounts: &[KeyedAccount],
[INFO] [stdout] 13 | |     instruction_data: &[u8],
[INFO] [stdout] 14 | | ) -> Result<(), InstructionError>;
[INFO] [stdout]    | |_________________________________^ not FFI-safe
[INFO] [stdout]    |
[INFO] [stdout]    = help: consider using a raw pointer instead
[INFO] [stdout]    = note: slices have no C equivalent
[INFO] [stdout]    = note: `#[warn(improper_ctypes_definitions)]` on by default
[INFO] [stdout] 
[INFO] [stdout] 
[INFO] [stdout] warning: hiding a lifetime that's elided elsewhere is confusing
[INFO] [stdout]   --> src/hard_forks.rs:30:17
[INFO] [stdout]    |
[INFO] [stdout] 30 |     pub fn iter(&self) -> std::slice::Iter<(Slot, usize)> {
[INFO] [stdout]    |                 ^^^^^     ^^^^^^^^^^^^^^^^^^^^^^^^^^^^^^^ the same lifetime is hidden here
[INFO] [stdout]    |                 |
[INFO] [stdout]    |                 the lifetime is elided here
[INFO] [stdout]    |
[INFO] [stdout]    = help: the same lifetime is referred to in inconsistent ways, making the signature confusing
[INFO] [stdout]    = note: `#[warn(mismatched_lifetime_syntaxes)]` on by default
[INFO] [stdout] help: use `'_` for type paths
[INFO] [stdout]    |
[INFO] [stdout] 30 |     pub fn iter(&self) -> std::slice::Iter<'_, (Slot, usize)> {
[INFO] [stdout]    |                                            +++
[INFO] [stdout] 
[INFO] [stdout] 
[INFO] [stdout] warning: hiding a lifetime that's named elsewhere is confusing
[INFO] [stdout]   --> src/keyed_account.rs:62:48
[INFO] [stdout]    |
[INFO] [stdout] 62 |     pub fn try_account_ref(&'a self) -> Result<Ref<AccountSharedData>, InstructionError> {
[INFO] [stdout]    |                             --                 ^^^^^^^^^^^^^^^^^^^^^^ the same lifetime is hidden here
[INFO] [stdout]    |                             |
[INFO] [stdout]    |                             the lifetime is named here
[INFO] [stdout]    |
[INFO] [stdout]    = help: the same lifetime is referred to in inconsistent ways, making the signature confusing
[INFO] [stdout] help: consistently use `'a`
[INFO] [stdout]    |
[INFO] [stdout] 62 |     pub fn try_account_ref(&'a self) -> Result<Ref<'a, AccountSharedData>, InstructionError> {
[INFO] [stdout]    |                                                    +++
[INFO] [stdout] 
[INFO] [stdout] 
[INFO] [stdout] warning: hiding a lifetime that's named elsewhere is confusing
[INFO] [stdout]   --> src/keyed_account.rs:66:52
[INFO] [stdout]    |
[INFO] [stdout] 66 |     pub fn try_account_ref_mut(&'a self) -> Result<RefMut<AccountSharedData>, InstructionError> {
[INFO] [stdout]    |                                 --                 ^^^^^^^^^^^^^^^^^^^^^^^^^ the same lifetime is hidden here
[INFO] [stdout]    |                                 |
[INFO] [stdout]    |                                 the lifetime is named here
[INFO] [stdout]    |
[INFO] [stdout]    = help: the same lifetime is referred to in inconsistent ways, making the signature confusing
[INFO] [stdout] help: consistently use `'a`
[INFO] [stdout]    |
[INFO] [stdout] 66 |     pub fn try_account_ref_mut(&'a self) -> Result<RefMut<'a, AccountSharedData>, InstructionError> {
[INFO] [stdout]    |                                                           +++
[INFO] [stdout] 
[INFO] [stdout] 
[INFO] [stdout] warning: hiding a lifetime that's elided elsewhere is confusing
[INFO] [stdout]   --> src/keyed_account.rs:70:19
[INFO] [stdout]    |
[INFO] [stdout] 70 |     fn try_borrow(&self) -> Result<Ref<AccountSharedData>, InstructionError> {
[INFO] [stdout]    |                   ^^^^^            ^^^^^^^^^^^^^^^^^^^^^^ the same lifetime is hidden here
[INFO] [stdout]    |                   |
[INFO] [stdout]    |                   the lifetime is elided here
[INFO] [stdout]    |
[INFO] [stdout]    = help: the same lifetime is referred to in inconsistent ways, making the signature confusing
[INFO] [stdout] help: use `'_` for type paths
[INFO] [stdout]    |
[INFO] [stdout] 70 |     fn try_borrow(&self) -> Result<Ref<'_, AccountSharedData>, InstructionError> {
[INFO] [stdout]    |                                        +++
[INFO] [stdout] 
[INFO] [stdout] 
[INFO] [stdout] warning: hiding a lifetime that's elided elsewhere is confusing
[INFO] [stdout]   --> src/keyed_account.rs:75:23
[INFO] [stdout]    |
[INFO] [stdout] 75 |     fn try_borrow_mut(&self) -> Result<RefMut<AccountSharedData>, InstructionError> {
[INFO] [stdout]    |                       ^^^^^            ^^^^^^^^^^^^^^^^^^^^^^^^^ the same lifetime is hidden here
[INFO] [stdout]    |                       |
[INFO] [stdout]    |                       the lifetime is elided here
[INFO] [stdout]    |
[INFO] [stdout]    = help: the same lifetime is referred to in inconsistent ways, making the signature confusing
[INFO] [stdout] help: use `'_` for type paths
[INFO] [stdout]    |
[INFO] [stdout] 75 |     fn try_borrow_mut(&self) -> Result<RefMut<'_, AccountSharedData>, InstructionError> {
[INFO] [stdout]    |                                               +++
[INFO] [stdout] 
[INFO] [stdout] 
[INFO] [stdout] warning: hiding a lifetime that's elided elsewhere is confusing
[INFO] [stdout]    --> src/keyed_account.rs:172:15
[INFO] [stdout]     |
[INFO] [stdout] 172 |     accounts: &[(Pubkey, Rc<RefCell<AccountSharedData>>)],
[INFO] [stdout]     |               ^^^^^^^^^^^^^^^^^^^^^^^^^^^^^^^^^^^^^^^^^^^ the lifetime is elided here
[INFO] [stdout] 173 | ) -> Vec<KeyedAccount> {
[INFO] [stdout]     |          ^^^^^^^^^^^^ the same lifetime is hidden here
[INFO] [stdout]     |
[INFO] [stdout]     = help: the same lifetime is referred to in inconsistent ways, making the signature confusing
[INFO] [stdout] help: use `'_` for type paths
[INFO] [stdout]     |
[INFO] [stdout] 173 | ) -> Vec<KeyedAccount<'_>> {
[INFO] [stdout]     |                      ++++
[INFO] [stdout] 
[INFO] [stdout] 
[INFO] [stdout] warning: the type `[u8; 1232]` does not permit being left uninitialized
[INFO] [stdout]   --> src/packet.rs:79:28
[INFO] [stdout]    |
[INFO] [stdout] 79 |             data: unsafe { std::mem::MaybeUninit::uninit().assume_init() },
[INFO] [stdout]    |                            ^^^^^^^^^^^^^^^^^^^^^^^^^^^^^^^^^^^^^^^^^^^^^
[INFO] [stdout]    |                            |
[INFO] [stdout]    |                            this code causes undefined behavior when executed
[INFO] [stdout]    |                            help: use `MaybeUninit<T>` instead, and only call `assume_init` after initialization is done
[INFO] [stdout]    |
[INFO] [stdout]    = note: integers must be initialized
[INFO] [stdout]    = note: `#[warn(invalid_value)]` on by default
[INFO] [stdout] 
[INFO] [stdout] 
[INFO] [stdout] warning: `extern` fn uses type `[u8]`, which is not FFI-safe
[INFO] [stdout]   --> src/process_instruction.rs:23:29
[INFO] [stdout]    |
[INFO] [stdout] 23 |   pub type LoaderEntrypoint = unsafe extern "C" fn(
[INFO] [stdout]    |  _____________________________^
[INFO] [stdout] 24 | |     program_id: &Pubkey,
[INFO] [stdout] 25 | |     instruction_data: &[u8],
[INFO] [stdout] 26 | |     invoke_context: &dyn InvokeContext,
[INFO] [stdout] 27 | | ) -> Result<(), InstructionError>;
[INFO] [stdout]    | |_________________________________^ not FFI-safe
[INFO] [stdout]    |
[INFO] [stdout]    = help: consider using a raw pointer instead
[INFO] [stdout]    = note: slices have no C equivalent
[INFO] [stdout] 
[INFO] [stdout] 
[INFO] [stdout] warning: hiding a lifetime that's elided elsewhere is confusing
[INFO] [stdout]   --> src/process_instruction.rs:79:27
[INFO] [stdout]    |
[INFO] [stdout] 79 |     fn get_keyed_accounts(&self) -> Result<&[KeyedAccount], InstructionError>;
[INFO] [stdout]    |                           ^^^^^            ^^^^^^^^^^^^^^^
[INFO] [stdout]    |                           |                | |
[INFO] [stdout]    |                           |                | the same lifetime is hidden here
[INFO] [stdout]    |                           |                the same lifetime is elided here
[INFO] [stdout]    |                           the lifetime is elided here
[INFO] [stdout]    |
[INFO] [stdout]    = help: the same lifetime is referred to in inconsistent ways, making the signature confusing
[INFO] [stdout] help: use `'_` for type paths
[INFO] [stdout]    |
[INFO] [stdout] 79 |     fn get_keyed_accounts(&self) -> Result<&[KeyedAccount<'_>], InstructionError>;
[INFO] [stdout]    |                                                          ++++
[INFO] [stdout] 
[INFO] [stdout] 
[INFO] [stdout] warning: hiding a lifetime that's elided elsewhere is confusing
[INFO] [stdout]    --> src/process_instruction.rs:532:27
[INFO] [stdout]     |
[INFO] [stdout] 532 |     fn get_keyed_accounts(&self) -> Result<&[KeyedAccount], InstructionError> {
[INFO] [stdout]     |                           ^^^^^            ^^^^^^^^^^^^^^^
[INFO] [stdout]     |                           |                | |
[INFO] [stdout]     |                           |                | the same lifetime is hidden here
[INFO] [stdout]     |                           |                the same lifetime is elided here
[INFO] [stdout]     |                           the lifetime is elided here
[INFO] [stdout]     |
[INFO] [stdout]     = help: the same lifetime is referred to in inconsistent ways, making the signature confusing
[INFO] [stdout] help: use `'_` for type paths
[INFO] [stdout]     |
[INFO] [stdout] 532 |     fn get_keyed_accounts(&self) -> Result<&[KeyedAccount<'_>], InstructionError> {
[INFO] [stdout]     |                                                          ++++
[INFO] [stdout] 
[INFO] [stdout] 
[INFO] [stdout] warning: hiding a lifetime that's elided elsewhere is confusing
[INFO] [stdout]   --> src/signature.rs:61:22
[INFO] [stdout]    |
[INFO] [stdout] 61 |     fn signable_data(&self) -> Cow<[u8]>;
[INFO] [stdout]    |                      ^^^^^     ^^^^^^^^^ the same lifetime is hidden here
[INFO] [stdout]    |                      |
[INFO] [stdout]    |                      the lifetime is elided here
[INFO] [stdout]    |
[INFO] [stdout]    = help: the same lifetime is referred to in inconsistent ways, making the signature confusing
[INFO] [stdout] help: use `'_` for type paths
[INFO] [stdout]    |
[INFO] [stdout] 61 |     fn signable_data(&self) -> Cow<'_, [u8]>;
[INFO] [stdout]    |                                    +++
[INFO] [stdout] 
[INFO] [stdout] 
[INFO] [stdout] warning: hiding a lifetime that's elided elsewhere is confusing
[INFO] [stdout]    --> src/transaction/sanitized.rs:129:30
[INFO] [stdout]     |
[INFO] [stdout] 129 |     pub fn get_account_locks(&self, demote_program_write_locks: bool) -> TransactionAccountLocks {
[INFO] [stdout]     |                              ^^^^^ the lifetime is elided here           ^^^^^^^^^^^^^^^^^^^^^^^ the same lifetime is hidden here
[INFO] [stdout]     |
[INFO] [stdout]     = help: the same lifetime is referred to in inconsistent ways, making the signature confusing
[INFO] [stdout] help: use `'_` for type paths
[INFO] [stdout]     |
[INFO] [stdout] 129 |     pub fn get_account_locks(&self, demote_program_write_locks: bool) -> TransactionAccountLocks<'_> {
[INFO] [stdout]     |                                                                                                 ++++
[INFO] [stdout] 
[INFO] [stdout] 
[INFO] [stderr]     Finished `release` profile [optimized] target(s) in 39.08s
[INFO] running `Command { std: "docker" "inspect" "12a56b8bac25540eba3b3e4053b318a22cc259e7e0ce243b1fa84ed20e013fda", kill_on_drop: false }`
[INFO] running `Command { std: "docker" "exec" "-e" "SOURCE_DIR=/opt/rustwide/workdir" "-e" "CARGO_HOME=/opt/rustwide/cargo-home" "-e" "RUSTUP_HOME=/opt/rustwide/rustup-home" "-e" "CARGO_TARGET_DIR=/opt/rustwide/target" "-e" "CARGO_INCREMENTAL=0" "-e" "RUST_BACKTRACE=full" "-e" "RUSTFLAGS=--cap-lints=warn" "-e" "RUSTDOCFLAGS=--cap-lints=warn" "-w" "/opt/rustwide/workdir" "--user" "0:0" "12a56b8bac25540eba3b3e4053b318a22cc259e7e0ce243b1fa84ed20e013fda" "/opt/rustwide/cargo-home/bin/cargo" "+1.99.0-beta.8" "test" "--frozen" "--release", kill_on_drop: false }`
[INFO] [stderr] warning: unexpected `cfg` condition name: `RUSTC_WITH_SPECIALIZATION`
[INFO] [stderr]  --> src/lib.rs:2:13
[INFO] [stderr]   |
[INFO] [stderr] 2 | #![cfg_attr(RUSTC_WITH_SPECIALIZATION, feature(specialization))]
[INFO] [stderr]   |             ^^^^^^^^^^^^^^^^^^^^^^^^^
[INFO] [stderr]   |
[INFO] [stderr]   = help: expected names are: `docsrs`, `feature`, and `test` and 34 more
[INFO] [stderr]   = help: consider using a Cargo feature instead
[INFO] [stderr]   = help: or consider adding in `Cargo.toml` the `check-cfg` lint config for the lint:
[INFO] [stderr]            [lints.rust]
[INFO] [stderr]            unexpected_cfgs = { level = "warn", check-cfg = ['cfg(RUSTC_WITH_SPECIALIZATION)'] }
[INFO] [stderr]   = help: or consider adding `println!("cargo::rustc-check-cfg=cfg(RUSTC_WITH_SPECIALIZATION)");` to the top of the `build.rs`
[INFO] [stderr]   = note: see <https://doc.rust-lang.org/nightly/rustc/check-cfg/cargo-specifics.html> for more information about checking conditional configuration
[INFO] [stderr]   = note: `#[warn(unexpected_cfgs)]` on by default
[INFO] [stderr] 
[INFO] [stderr] warning: unexpected `cfg` condition name: `RUSTC_NEEDS_PROC_MACRO_HYGIENE`
[INFO] [stderr]  --> src/lib.rs:3:13
[INFO] [stderr]   |
[INFO] [stderr] 3 | #![cfg_attr(RUSTC_NEEDS_PROC_MACRO_HYGIENE, feature(proc_macro_hygiene))]
[INFO] [stderr]   |             ^^^^^^^^^^^^^^^^^^^^^^^^^^^^^^
[INFO] [stderr]   |
[INFO] [stderr]   = help: consider using a Cargo feature instead
[INFO] [stderr]   = help: or consider adding in `Cargo.toml` the `check-cfg` lint config for the lint:
[INFO] [stderr]            [lints.rust]
[INFO] [stderr]            unexpected_cfgs = { level = "warn", check-cfg = ['cfg(RUSTC_NEEDS_PROC_MACRO_HYGIENE)'] }
[INFO] [stderr]   = help: or consider adding `println!("cargo::rustc-check-cfg=cfg(RUSTC_NEEDS_PROC_MACRO_HYGIENE)");` to the top of the `build.rs`
[INFO] [stderr]   = note: see <https://doc.rust-lang.org/nightly/rustc/check-cfg/cargo-specifics.html> for more information about checking conditional configuration
[INFO] [stderr] 
[INFO] [stderr] warning: use of deprecated constant `std::i64::MAX`: replaced by the `MAX` associated constant on this type
[INFO] [stderr]    --> src/process_instruction.rs:453:38
[INFO] [stderr]     |
[INFO] [stderr] 453 |                 remaining: std::i64::MAX as u64,
[INFO] [stderr]     |                                      ^^^
[INFO] [stderr]     |
[INFO] [stderr]     = note: `#[warn(deprecated)]` on by default
[INFO] [stderr] 
[INFO] [stderr] warning: use of deprecated struct `generic_array::GenericArray`: please upgrade to generic-array 1.x
[INFO] [stderr]  --> src/signature.rs:5:35
[INFO] [stderr]   |
[INFO] [stderr] 5 | use generic_array::{typenum::U64, GenericArray};
[INFO] [stderr]   |                                   ^^^^^^^^^^^^
[INFO] [stderr] 
[INFO] [stderr] warning: use of deprecated struct `generic_array::GenericArray`: please upgrade to generic-array 1.x
[INFO] [stderr]   --> src/signature.rs:26:22
[INFO] [stderr]    |
[INFO] [stderr] 26 | pub struct Signature(GenericArray<u8, U64>);
[INFO] [stderr]    |                      ^^^^^^^^^^^^
[INFO] [stderr] 
[INFO] [stderr] warning: use of deprecated struct `generic_array::GenericArray`: please upgrade to generic-array 1.x
[INFO] [stderr]   --> src/signature.rs:32:14
[INFO] [stderr]    |
[INFO] [stderr] 32 |         Self(GenericArray::clone_from_slice(signature_slice))
[INFO] [stderr]    |              ^^^^^^^^^^^^
[INFO] [stderr] 
[INFO] [stderr] warning: use of deprecated method `chrono::TimeZone::timestamp`: use `timestamp_opt()` instead
[INFO] [stderr]    --> src/genesis_config.rs:259:17
[INFO] [stderr]     |
[INFO] [stderr] 259 |             Utc.timestamp(self.creation_time, 0).to_rfc3339(),
[INFO] [stderr]     |                 ^^^^^^^^^
[INFO] [stderr] 
[INFO] [stderr] warning: use of deprecated method `generic_array::GenericArray::<T, N>::as_slice`: please upgrade to generic-array 1.x
[INFO] [stderr]   --> src/secp256k1_instruction.rs:38:51
[INFO] [stderr]    |
[INFO] [stderr] 38 |     message_hash_arr.copy_from_slice(message_hash.as_slice());
[INFO] [stderr]    |                                                   ^^^^^^^^
[INFO] [stderr] 
[INFO] [stderr] warning: use of deprecated associated function `generic_array::GenericArray::<T, N>::clone_from_slice`: please upgrade to generic-array 1.x
[INFO] [stderr]   --> src/signature.rs:32:28
[INFO] [stderr]    |
[INFO] [stderr] 32 |         Self(GenericArray::clone_from_slice(signature_slice))
[INFO] [stderr]    |                            ^^^^^^^^^^^^^^^^
[INFO] [stderr] 
[INFO] [stderr] warning: use of deprecated method `generic_array::GenericArray::<T, N>::as_slice`: please upgrade to generic-array 1.x
[INFO] [stderr]   --> src/signature.rs:41:32
[INFO] [stderr]    |
[INFO] [stderr] 41 |         let signature = self.0.as_slice().try_into()?;
[INFO] [stderr]    |                                ^^^^^^^^
[INFO] [stderr] 
[INFO] [stderr] warning: unused import: `ed25519::signature::Signature`
[INFO] [stderr]  --> src/ed25519_instruction.rs:5:21
[INFO] [stderr]   |
[INFO] [stderr] 5 | use ed25519_dalek::{ed25519::signature::Signature, Signer, Verifier};
[INFO] [stderr]   |                     ^^^^^^^^^^^^^^^^^^^^^^^^^^^^^
[INFO] [stderr]   |
[INFO] [stderr]   = note: `#[warn(unused_imports)]` (part of `#[warn(unused)]`) on by default
[INFO] [stderr] 
[INFO] [stderr] warning: field `0` is never read
[INFO] [stderr]   --> src/compute_budget.rs:32:18
[INFO] [stderr]    |
[INFO] [stderr] 22 |     BorshSchema,
[INFO] [stderr]    |     ----------- field in this struct
[INFO] [stderr] ...
[INFO] [stderr] 32 |     RequestUnits(u64),
[INFO] [stderr]    |                  ^^^
[INFO] [stderr]    |
[INFO] [stderr]    = help: consider removing this field
[INFO] [stderr]    = note: `#[warn(dead_code)]` (part of `#[warn(unused)]`) on by default
[INFO] [stderr] 
[INFO] [stderr] warning: `extern` fn uses type `[KeyedAccount<'_>]`, which is not FFI-safe
[INFO] [stderr]   --> src/entrypoint_native.rs:10:30
[INFO] [stderr]    |
[INFO] [stderr] 10 |   pub type ProgramEntrypoint = unsafe extern "C" fn(
[INFO] [stderr]    |  ______________________________^
[INFO] [stderr] 11 | |     program_id: &Pubkey,
[INFO] [stderr] 12 | |     keyed_accounts: &[KeyedAccount],
[INFO] [stderr] 13 | |     instruction_data: &[u8],
[INFO] [stderr] 14 | | ) -> Result<(), InstructionError>;
[INFO] [stderr]    | |_________________________________^ not FFI-safe
[INFO] [stderr]    |
[INFO] [stderr]    = help: consider using a raw pointer instead
[INFO] [stderr]    = note: slices have no C equivalent
[INFO] [stderr]    = note: `#[warn(improper_ctypes_definitions)]` on by default
[INFO] [stderr] 
[INFO] [stderr] warning: hiding a lifetime that's elided elsewhere is confusing
[INFO] [stderr]   --> src/hard_forks.rs:30:17
[INFO] [stderr]    |
[INFO] [stderr] 30 |     pub fn iter(&self) -> std::slice::Iter<(Slot, usize)> {
[INFO] [stderr]    |                 ^^^^^     ^^^^^^^^^^^^^^^^^^^^^^^^^^^^^^^ the same lifetime is hidden here
[INFO] [stderr]    |                 |
[INFO] [stderr]    |                 the lifetime is elided here
[INFO] [stderr]    |
[INFO] [stderr]    = help: the same lifetime is referred to in inconsistent ways, making the signature confusing
[INFO] [stderr]    = note: `#[warn(mismatched_lifetime_syntaxes)]` on by default
[INFO] [stderr] help: use `'_` for type paths
[INFO] [stderr]    |
[INFO] [stderr] 30 |     pub fn iter(&self) -> std::slice::Iter<'_, (Slot, usize)> {
[INFO] [stderr]    |                                            +++
[INFO] [stderr] 
[INFO] [stderr] warning: hiding a lifetime that's named elsewhere is confusing
[INFO] [stderr]   --> src/keyed_account.rs:62:48
[INFO] [stderr]    |
[INFO] [stderr] 62 |     pub fn try_account_ref(&'a self) -> Result<Ref<AccountSharedData>, InstructionError> {
[INFO] [stderr]    |                             --                 ^^^^^^^^^^^^^^^^^^^^^^ the same lifetime is hidden here
[INFO] [stderr]    |                             |
[INFO] [stderr]    |                             the lifetime is named here
[INFO] [stderr]    |
[INFO] [stderr]    = help: the same lifetime is referred to in inconsistent ways, making the signature confusing
[INFO] [stderr] help: consistently use `'a`
[INFO] [stderr]    |
[INFO] [stderr] 62 |     pub fn try_account_ref(&'a self) -> Result<Ref<'a, AccountSharedData>, InstructionError> {
[INFO] [stderr]    |                                                    +++
[INFO] [stderr] 
[INFO] [stderr] warning: hiding a lifetime that's named elsewhere is confusing
[INFO] [stderr]   --> src/keyed_account.rs:66:52
[INFO] [stderr]    |
[INFO] [stderr] 66 |     pub fn try_account_ref_mut(&'a self) -> Result<RefMut<AccountSharedData>, InstructionError> {
[INFO] [stderr]    |                                 --                 ^^^^^^^^^^^^^^^^^^^^^^^^^ the same lifetime is hidden here
[INFO] [stderr]    |                                 |
[INFO] [stderr]    |                                 the lifetime is named here
[INFO] [stderr]    |
[INFO] [stderr]    = help: the same lifetime is referred to in inconsistent ways, making the signature confusing
[INFO] [stderr] help: consistently use `'a`
[INFO] [stderr]    |
[INFO] [stderr] 66 |     pub fn try_account_ref_mut(&'a self) -> Result<RefMut<'a, AccountSharedData>, InstructionError> {
[INFO] [stderr]    |                                                           +++
[INFO] [stderr] 
[INFO] [stderr] warning: hiding a lifetime that's elided elsewhere is confusing
[INFO] [stderr]   --> src/keyed_account.rs:70:19
[INFO] [stderr]    |
[INFO] [stderr] 70 |     fn try_borrow(&self) -> Result<Ref<AccountSharedData>, InstructionError> {
[INFO] [stderr]    |                   ^^^^^            ^^^^^^^^^^^^^^^^^^^^^^ the same lifetime is hidden here
[INFO] [stderr]    |                   |
[INFO] [stderr]    |                   the lifetime is elided here
[INFO] [stderr]    |
[INFO] [stderr]    = help: the same lifetime is referred to in inconsistent ways, making the signature confusing
[INFO] [stderr] help: use `'_` for type paths
[INFO] [stderr]    |
[INFO] [stderr] 70 |     fn try_borrow(&self) -> Result<Ref<'_, AccountSharedData>, InstructionError> {
[INFO] [stderr]    |                                        +++
[INFO] [stderr] 
[INFO] [stderr] warning: hiding a lifetime that's elided elsewhere is confusing
[INFO] [stderr]   --> src/keyed_account.rs:75:23
[INFO] [stderr]    |
[INFO] [stderr] 75 |     fn try_borrow_mut(&self) -> Result<RefMut<AccountSharedData>, InstructionError> {
[INFO] [stderr]    |                       ^^^^^            ^^^^^^^^^^^^^^^^^^^^^^^^^ the same lifetime is hidden here
[INFO] [stderr]    |                       |
[INFO] [stderr]    |                       the lifetime is elided here
[INFO] [stderr]    |
[INFO] [stderr]    = help: the same lifetime is referred to in inconsistent ways, making the signature confusing
[INFO] [stderr] help: use `'_` for type paths
[INFO] [stderr]    |
[INFO] [stderr] 75 |     fn try_borrow_mut(&self) -> Result<RefMut<'_, AccountSharedData>, InstructionError> {
[INFO] [stderr]    |                                               +++
[INFO] [stderr] 
[INFO] [stderr] warning: hiding a lifetime that's elided elsewhere is confusing
[INFO] [stderr]    --> src/keyed_account.rs:172:15
[INFO] [stderr]     |
[INFO] [stderr] 172 |     accounts: &[(Pubkey, Rc<RefCell<AccountSharedData>>)],
[INFO] [stderr]     |               ^^^^^^^^^^^^^^^^^^^^^^^^^^^^^^^^^^^^^^^^^^^ the lifetime is elided here
[INFO] [stderr] 173 | ) -> Vec<KeyedAccount> {
[INFO] [stderr]     |          ^^^^^^^^^^^^ the same lifetime is hidden here
[INFO] [stderr]     |
[INFO] [stderr]     = help: the same lifetime is referred to in inconsistent ways, making the signature confusing
[INFO] [stderr] help: use `'_` for type paths
[INFO] [stderr]     |
[INFO] [stderr] 173 | ) -> Vec<KeyedAccount<'_>> {
[INFO] [stderr]     |                      ++++
[INFO] [stderr] 
[INFO] [stderr] warning: the type `[u8; 1232]` does not permit being left uninitialized
[INFO] [stderr]   --> src/packet.rs:79:28
[INFO] [stderr]    |
[INFO] [stderr] 79 |             data: unsafe { std::mem::MaybeUninit::uninit().assume_init() },
[INFO] [stderr]    |                            ^^^^^^^^^^^^^^^^^^^^^^^^^^^^^^^^^^^^^^^^^^^^^
[INFO] [stderr]    |                            |
[INFO] [stderr]    |                            this code causes undefined behavior when executed
[INFO] [stderr]    |                            help: use `MaybeUninit<T>` instead, and only call `assume_init` after initialization is done
[INFO] [stderr]    |
[INFO] [stderr]    = note: integers must be initialized
[INFO] [stderr]    = note: `#[warn(invalid_value)]` on by default
[INFO] [stderr] 
[INFO] [stderr] warning: `extern` fn uses type `[u8]`, which is not FFI-safe
[INFO] [stderr]   --> src/process_instruction.rs:23:29
[INFO] [stderr]    |
[INFO] [stderr] 23 |   pub type LoaderEntrypoint = unsafe extern "C" fn(
[INFO] [stderr]    |  _____________________________^
[INFO] [stderr] 24 | |     program_id: &Pubkey,
[INFO] [stderr] 25 | |     instruction_data: &[u8],
[INFO] [stderr] 26 | |     invoke_context: &dyn InvokeContext,
[INFO] [stderr] 27 | | ) -> Result<(), InstructionError>;
[INFO] [stderr]    | |_________________________________^ not FFI-safe
[INFO] [stderr]    |
[INFO] [stderr]    = help: consider using a raw pointer instead
[INFO] [stderr]    = note: slices have no C equivalent
[INFO] [stderr] 
[INFO] [stderr] warning: hiding a lifetime that's elided elsewhere is confusing
[INFO] [stderr]   --> src/process_instruction.rs:79:27
[INFO] [stderr]    |
[INFO] [stderr] 79 |     fn get_keyed_accounts(&self) -> Result<&[KeyedAccount], InstructionError>;
[INFO] [stderr]    |                           ^^^^^            ^^^^^^^^^^^^^^^
[INFO] [stderr]    |                           |                | |
[INFO] [stderr]    |                           |                | the same lifetime is hidden here
[INFO] [stderr]    |                           |                the same lifetime is elided here
[INFO] [stderr]    |                           the lifetime is elided here
[INFO] [stderr]    |
[INFO] [stderr]    = help: the same lifetime is referred to in inconsistent ways, making the signature confusing
[INFO] [stderr] help: use `'_` for type paths
[INFO] [stderr]    |
[INFO] [stderr] 79 |     fn get_keyed_accounts(&self) -> Result<&[KeyedAccount<'_>], InstructionError>;
[INFO] [stderr]    |                                                          ++++
[INFO] [stderr] 
[INFO] [stderr] warning: hiding a lifetime that's elided elsewhere is confusing
[INFO] [stderr]    --> src/process_instruction.rs:532:27
[INFO] [stderr]     |
[INFO] [stderr] 532 |     fn get_keyed_accounts(&self) -> Result<&[KeyedAccount], InstructionError> {
[INFO] [stderr]     |                           ^^^^^            ^^^^^^^^^^^^^^^
[INFO] [stderr]     |                           |                | |
[INFO] [stderr]     |                           |                | the same lifetime is hidden here
[INFO] [stderr]     |                           |                the same lifetime is elided here
[INFO] [stderr]     |                           the lifetime is elided here
[INFO] [stderr]     |
[INFO] [stderr]     = help: the same lifetime is referred to in inconsistent ways, making the signature confusing
[INFO] [stderr] help: use `'_` for type paths
[INFO] [stderr]     |
[INFO] [stderr] 532 |     fn get_keyed_accounts(&self) -> Result<&[KeyedAccount<'_>], InstructionError> {
[INFO] [stderr]     |                                                          ++++
[INFO] [stderr] 
[INFO] [stderr] warning: hiding a lifetime that's elided elsewhere is confusing
[INFO] [stderr]   --> src/signature.rs:61:22
[INFO] [stderr]    |
[INFO] [stderr] 61 |     fn signable_data(&self) -> Cow<[u8]>;
[INFO] [stderr]    |                      ^^^^^     ^^^^^^^^^ the same lifetime is hidden here
[INFO] [stderr]    |                      |
[INFO] [stderr]    |                      the lifetime is elided here
[INFO] [stderr]    |
[INFO] [stderr]    = help: the same lifetime is referred to in inconsistent ways, making the signature confusing
[INFO] [stderr] help: use `'_` for type paths
[INFO] [stderr]    |
[INFO] [stderr] 61 |     fn signable_data(&self) -> Cow<'_, [u8]>;
[INFO] [stderr]    |                                    +++
[INFO] [stderr] 
[INFO] [stderr] warning: hiding a lifetime that's elided elsewhere is confusing
[INFO] [stderr]    --> src/transaction/sanitized.rs:129:30
[INFO] [stderr]     |
[INFO] [stderr] 129 |     pub fn get_account_locks(&self, demote_program_write_locks: bool) -> TransactionAccountLocks {
[INFO] [stderr]     |                              ^^^^^ the lifetime is elided here           ^^^^^^^^^^^^^^^^^^^^^^^ the same lifetime is hidden here
[INFO] [stderr]     |
[INFO] [stderr]     = help: the same lifetime is referred to in inconsistent ways, making the signature confusing
[INFO] [stderr] help: use `'_` for type paths
[INFO] [stderr]     |
[INFO] [stderr] 129 |     pub fn get_account_locks(&self, demote_program_write_locks: bool) -> TransactionAccountLocks<'_> {
[INFO] [stderr]     |                                                                                                 ++++
[INFO] [stderr] 
[INFO] [stderr] warning: `gemachain-sdk` (lib) generated 25 warnings (run `cargo fix --lib -p gemachain-sdk` to apply 10 suggestions)
[INFO] [stderr] warning: use of deprecated constant `std::u16::MAX`: replaced by the `MAX` associated constant on this type
[INFO] [stderr]    --> src/ed25519_instruction.rs:274:44
[INFO] [stderr]     |
[INFO] [stderr] 274 |             message_data_offset: std::u16::MAX,
[INFO] [stderr]     |                                            ^^^
[INFO] [stderr]     |
[INFO] [stderr]     = note: `#[warn(deprecated)]` on by default
[INFO] [stderr] 
[INFO] [stderr] warning: use of deprecated constant `std::u16::MAX`: replaced by the `MAX` associated constant on this type
[INFO] [stderr]    --> src/ed25519_instruction.rs:275:42
[INFO] [stderr]     |
[INFO] [stderr] 275 |             message_data_size: std::u16::MAX,
[INFO] [stderr]     |                                          ^^^
[INFO] [stderr] 
[INFO] [stderr] warning: use of deprecated constant `std::u16::MAX`: replaced by the `MAX` associated constant on this type
[INFO] [stderr]    --> src/ed25519_instruction.rs:287:42
[INFO] [stderr]     |
[INFO] [stderr] 287 |             public_key_offset: std::u16::MAX,
[INFO] [stderr]     |                                          ^^^
[INFO] [stderr] 
[INFO] [stderr] warning: use of deprecated constant `std::u16::MAX`: replaced by the `MAX` associated constant on this type
[INFO] [stderr]    --> src/ed25519_instruction.rs:308:41
[INFO] [stderr]     |
[INFO] [stderr] 308 |             signature_offset: std::u16::MAX,
[INFO] [stderr]     |                                         ^^^
[INFO] [stderr] 
[INFO] [stderr] warning: use of deprecated constant `std::i64::MAX`: replaced by the `MAX` associated constant on this type
[INFO] [stderr]    --> src/process_instruction.rs:453:38
[INFO] [stderr]     |
[INFO] [stderr] 453 |                 remaining: std::i64::MAX as u64,
[INFO] [stderr]     |                                      ^^^
[INFO] [stderr] 
[INFO] [stderr] warning: use of deprecated constant `std::u16::MAX`: replaced by the `MAX` associated constant on this type
[INFO] [stderr]    --> src/secp256k1_instruction.rs:319:44
[INFO] [stderr]     |
[INFO] [stderr] 319 |             message_data_offset: std::u16::MAX,
[INFO] [stderr]     |                                            ^^^
[INFO] [stderr] 
[INFO] [stderr] warning: use of deprecated constant `std::u16::MAX`: replaced by the `MAX` associated constant on this type
[INFO] [stderr]    --> src/secp256k1_instruction.rs:320:42
[INFO] [stderr]     |
[INFO] [stderr] 320 |             message_data_size: std::u16::MAX,
[INFO] [stderr]     |                                          ^^^
[INFO] [stderr] 
[INFO] [stderr] warning: use of deprecated constant `std::u16::MAX`: replaced by the `MAX` associated constant on this type
[INFO] [stderr]    --> src/secp256k1_instruction.rs:332:43
[INFO] [stderr]     |
[INFO] [stderr] 332 |             eth_address_offset: std::u16::MAX,
[INFO] [stderr]     |                                           ^^^
[INFO] [stderr] 
[INFO] [stderr] warning: use of deprecated constant `std::u16::MAX`: replaced by the `MAX` associated constant on this type
[INFO] [stderr]    --> src/secp256k1_instruction.rs:353:41
[INFO] [stderr]     |
[INFO] [stderr] 353 |             signature_offset: std::u16::MAX,
[INFO] [stderr]     |                                         ^^^
[INFO] [stderr] 
[INFO] [stderr] warning: `extern` fn uses type `[keyed_account::KeyedAccount<'_>]`, which is not FFI-safe
[INFO] [stderr]   --> src/entrypoint_native.rs:10:30
[INFO] [stderr]    |
[INFO] [stderr] 10 |   pub type ProgramEntrypoint = unsafe extern "C" fn(
[INFO] [stderr]    |  ______________________________^
[INFO] [stderr] 11 | |     program_id: &Pubkey,
[INFO] [stderr] 12 | |     keyed_accounts: &[KeyedAccount],
[INFO] [stderr] 13 | |     instruction_data: &[u8],
[INFO] [stderr] 14 | | ) -> Result<(), InstructionError>;
[INFO] [stderr]    | |_________________________________^ not FFI-safe
[INFO] [stderr]    |
[INFO] [stderr]    = help: consider using a raw pointer instead
[INFO] [stderr]    = note: slices have no C equivalent
[INFO] [stderr]    = note: `#[warn(improper_ctypes_definitions)]` on by default
[INFO] [stderr] 
[INFO] [stderr] warning: `gemachain-sdk` (lib test) generated 33 warnings (23 duplicates)
[INFO] [stderr]     Finished `release` profile [optimized] target(s) in 0.32s
[INFO] [stderr]      Running unittests src/lib.rs (/opt/rustwide/target/release/deps/gemachain_sdk-ad47f783df007e25)
[INFO] [stdout] 
[INFO] [stdout] running 165 tests
[INFO] [stdout] test account::tests::test_account_add_sub_carats ... ok
[INFO] [stdout] test account::tests::test_account_data_copy_as_slice ... ok
[INFO] [stdout] test account::tests::test_account_data_set_data ... ok
[INFO] [stdout] test account::tests::test_account_set_data_from_slice ... ok
[INFO] [stdout] test account::tests::test_account_deserialize - should panic ... ok
[INFO] [stdout] test account::tests::test_account_checked_add_carats_overflow2 - should panic ... ok
[INFO] [stdout] test account::tests::test_account_checked_sub_carats_underflow2 - should panic ... ok
[INFO] [stdout] test account::tests::test_account_checked_sub_carats_underflow - should panic ... ok
[INFO] [stdout] test account::tests::test_to_account_shared_data ... ok
[INFO] [stdout] test account::tests::test_account_shared_data_all_fields ... ok
[INFO] [stdout] test account::tests::test_account_shared_data_deserialize - should panic ... ok
[INFO] [stdout] test account_utils::tests::test_account_state ... ok
[INFO] [stdout] test account::tests::test_account_serialize - should panic ... ok
[INFO] [stdout] test compute_budget::test_id ... ok
[INFO] [stdout] test account::tests::test_account_checked_add_carats_overflow - should panic ... ok
[INFO] [stdout] test compute_budget::tests::test_process_transaction ... ok
[INFO] [stdout] test derivation_path::tests::test_derivation_path_debug ... ok
[INFO] [stdout] test derivation_path::tests::test_from_absolute_path_str ... ok
[INFO] [stdout] test derivation_path::tests::test_from_uri_full_path ... ok
[INFO] [stdout] test derivation_path::tests::test_get_query ... ok
[INFO] [stdout] test account::tests::test_account_shared_data_serialize - should panic ... ok
[INFO] [stdout] test derivation_path::tests::test_from_key_str ... ok
[INFO] [stdout] test derivation_path::tests::test_from_uri ... ok
[INFO] [stdout] test deserialize_utils::tests::test_default_on_eof ... ok
[INFO] [stdout] test deserialize_utils::tests::test_default_on_eof_additional_untagged_fields - should panic ... ok
[INFO] [stdout] test feature_set::add_missing_program_error_mappings::test_id ... ok
[INFO] [stdout] test ed25519_instruction::test::test_message_data_offsets ... ok
[INFO] [stdout] test feature_set::allow_native_ids::test_id ... ok
[INFO] [stdout] test feature_set::blake3_syscall_enabled::test_id ... ok
[INFO] [stdout] test feature_set::check_init_vote_data::test_id ... ok
[INFO] [stdout] test feature_set::check_seed_length::test_id ... ok
[INFO] [stdout] test feature_set::close_upgradeable_program_accounts::test_id ... ok
[INFO] [stdout] test feature_set::dedupe_config_program_signers::test_id ... ok
[INFO] [stdout] test feature_set::demote_program_write_locks::test_id ... ok
[INFO] [stdout] test feature_set::deprecate_rewards_sysvar::test_id ... ok
[INFO] [stdout] test feature_set::deterministic_shred_seed_enabled::test_id ... ok
[INFO] [stdout] test feature_set::filter_stake_delegation_accounts::test_id ... ok
[INFO] [stdout] test feature_set::ed25519_program_enabled::test_id ... ok
[INFO] [stdout] test ed25519_instruction::test::test_pubkey_offset ... ok
[INFO] [stdout] test feature_set::full_inflation::devnet_and_testnet::test_id ... ok
[INFO] [stdout] test ed25519_instruction::test::test_signature_offset ... ok
[INFO] [stdout] test feature::test::feature_deserialize_none ... ok
[INFO] [stdout] test feature_set::fix_write_privs::test_id ... ok
[INFO] [stdout] test ed25519_instruction::test::test_invalid_offsets ... ok
[INFO] [stdout] test feature_set::full_inflation::mainnet::certusone::enable::test_id ... ok
[INFO] [stdout] test feature_set::disable_fees_sysvar::test_id ... ok
[INFO] [stdout] test feature_set::gate_large_block::test_id ... ok
[INFO] [stdout] test feature_set::merge_nonce_error_into_system_error::test_id ... ok
[INFO] [stdout] test feature_set::neon_evm_compute_budget::test_id ... ok
[INFO] [stdout] test account::tests::test_account_shared_data ... ok
[INFO] [stdout] test feature_set::libsecp256k1_0_5_upgrade_enabled::test_id ... ok
[INFO] [stdout] test feature_set::mem_overlap_fix::test_id ... ok
[INFO] [stdout] test feature_set::reduce_required_deploy_balance::test_id ... ok
[INFO] [stdout] test feature_set::rent_for_sysvars::test_id ... ok
[INFO] [stdout] test feature_set::full_inflation::mainnet::certusone::vote::test_id ... ok
[INFO] [stdout] test feature_set::require_custodian_for_locked_stake_authorize::test_id ... ok
[INFO] [stdout] test feature_set::instructions_sysvar_owned_by_sysvar::test_id ... ok
[INFO] [stdout] test feature_set::secp256k1_recover_syscall_enabled::test_id ... ok
[INFO] [stdout] test feature_set::spl_token_v2_self_transfer_fix::test_id ... ok
[INFO] [stdout] test feature_set::spl_token_v2_set_authority_fix::test_id ... ok
[INFO] [stdout] test feature_set::no_overflow_rent_distribution::test_id ... ok
[INFO] [stdout] test feature_set::pico_inflation::test_id ... ok
[INFO] [stdout] test feature_set::return_data_syscall_enabled::test_id ... ok
[INFO] [stdout] test feature_set::stake_merge_with_unmatched_credits_observed::test_id ... ok
[INFO] [stdout] test feature_set::sol_log_data_syscall_enabled::test_id ... ok
[INFO] [stdout] test feature_set::spl_token_v2_multisig_fix::test_id ... ok
[INFO] [stdout] test feature_set::system_transfer_zero_check::test_id ... ok
[INFO] [stdout] test feature_set::test::test_full_inflation_features_enabled_devnet_and_testnet ... ok
[INFO] [stdout] test feature_set::stake_program_v3::test_id ... ok
[INFO] [stdout] test feature_set::stake_program_advance_activating_credits_observed::test_id ... ok
[INFO] [stdout] test feature_set::stake_program_v4::test_id ... ok
[INFO] [stdout] test feature_set::stakes_remove_delegation_if_inactive::test_id ... ok
[INFO] [stdout] test feature_set::stop_verify_mul64_imm_nonzero::test_id ... ok
[INFO] [stdout] test feature_set::test::test_full_inflation_features_enabled ... ok
[INFO] [stdout] test genesis_config::tests::test_genesis_config ... FAILED
[INFO] [stdout] test feature_set::verify_tx_signatures_len::test_id ... ok
[INFO] [stdout] test feature_set::vote_stake_checked_instructions::test_id ... ok
[INFO] [stdout] test hard_forks::tests::multiple_hard_forks_since_parent ... ok
[INFO] [stdout] test feature_set::versioned_tx_message_enabled::test_id ... ok
[INFO] [stdout] test feature_set::warp_timestamp_again::test_id ... ok
[INFO] [stdout] test inflation::tests::test_inflation_basic ... ok
[INFO] [stdout] test keyed_account::tests::test_id ... ok
[INFO] [stdout] test keyed_account::tests::test_sysvar_keyed_account_to_from ... ok
[INFO] [stdout] test nonce_keyed_account::test::authorize_inx_bad_authority_fail ... ok
[INFO] [stdout] test native_loader::test_id ... ok
[INFO] [stdout] test nonce_account::tests::test_verify_bad_account_owner_fails ... ok
[INFO] [stdout] test nonce_keyed_account::test::authorize_inx_uninitialized_state_fail ... ok
[INFO] [stdout] test feature_set::tx_wide_compute_cap::test_id ... ok
[INFO] [stdout] test hard_forks::tests::iter_is_sorted ... ok
[INFO] [stdout] test nonce_keyed_account::test::initialize_inx_initialized_account_fail ... ok
[INFO] [stdout] test nonce_keyed_account::test::default_is_uninitialized ... ok
[INFO] [stdout] test nonce_keyed_account::test::initialize_inx_ok ... ok
[INFO] [stdout] test nonce_keyed_account::test::nonce_inx_independent_nonce_authority_ok ... ok
[INFO] [stdout] test nonce_keyed_account::test::authorize_inx_ok ... ok
[INFO] [stdout] test nonce_keyed_account::test::initialize_inx_uninitialized_acc_insuff_funds_fail ... ok
[INFO] [stdout] test nonce_keyed_account::test::nonce_inx_no_nonce_authority_sig_fail ... ok
[INFO] [stdout] test nonce_keyed_account::test::nonce_inx_initialized_account_not_signer_fail ... ok
[INFO] [stdout] test nonce_keyed_account::test::nonce_inx_uninitialized_account_fail ... ok
[INFO] [stdout] test nonce_keyed_account::test::verify_nonce_bad_acc_state_fail ... ok
[INFO] [stdout] test nonce_keyed_account::test::nonce_inx_too_early_fail ... ok
[INFO] [stdout] test nonce_keyed_account::test::withdraw_inx_initialized_acc_insuff_funds_fail ... ok
[INFO] [stdout] test nonce_keyed_account::test::withdraw_inx_initialized_acc_insuff_rent_fail ... ok
[INFO] [stdout] test nonce_keyed_account::test::verify_nonce_bad_query_hash_fail ... ok
[INFO] [stdout] test nonce_keyed_account::test::keyed_account_expected_behavior ... ok
[INFO] [stdout] test nonce_keyed_account::test::verify_nonce_ok ... ok
[INFO] [stdout] test nonce_keyed_account::test::withdraw_inx_unintialized_acc_ok ... ok
[INFO] [stdout] test nonce_keyed_account::test::withdraw_inx_initialized_acc_two_withdraws_ok ... ok
[INFO] [stdout] test nonce_keyed_account::test::withdraw_inx_overflow ... ok
[INFO] [stdout] test nonce_keyed_account::test::withdraw_inx_uninitialized_acc_two_withdraws_ok ... ok
[INFO] [stdout] test nonce_keyed_account::test::withdraw_inx_unintialized_acc_insuff_funds_fail ... ok
[INFO] [stdout] test nonce_keyed_account::test::withdraw_inx_initialized_acc_nonce_too_early_fail ... ok
[INFO] [stdout] test feature_set::libsecp256k1_fail_on_bad_count::test_id ... ok
[INFO] [stdout] test inflation::tests::test_inflation_fixed ... ok
[INFO] [stdout] test nonce_keyed_account::test::withdraw_inx_unintialized_acc_unsigned_fail ... ok
[INFO] [stdout] test program_utils::tests::test_limited_deserialize ... ok
[INFO] [stdout] test recent_blockhashes_account::tests::test_create_account_unsorted ... ok
[INFO] [stdout] test recent_blockhashes_account::tests::test_create_account_truncate ... ok
[INFO] [stdout] test recent_blockhashes_account::tests::test_create_account_full ... ok
[INFO] [stdout] test pubkey::tests::test_read_write_pubkey ... FAILED
[INFO] [stdout] test recent_blockhashes_account::tests::test_create_account_empty ... ok
[INFO] [stdout] test secp256k1_instruction::test::test_count_is_zero_but_sig_data_exists ... ok
[INFO] [stdout] test secp256k1_instruction::test::test_invalid_offsets ... ok
[INFO] [stdout] test signature::tests::test_signature_fromstr ... ok
[INFO] [stdout] test signer::keypair::tests::test_keypair ... ok
[INFO] [stdout] test shred_version::tests::test_compute_shred_version ... ok
[INFO] [stdout] test secp256k1_instruction::test::test_message_data_offsets ... ok
[INFO] [stdout] test secp256k1_instruction::test::test_signature_offset ... ok
[INFO] [stdout] test signature::tests::test_off_curve_pubkey_verify_fails ... ok
[INFO] [stdout] test signer::keypair::tests::test_keypair_from_seed ... ok
[INFO] [stdout] test signer::keypair::tests::test_write_keypair_file_overwrite_ok ... FAILED
[INFO] [stdout] test signer::keypair::tests::test_write_keypair_file ... FAILED
[INFO] [stdout] test signer::keypair::tests::test_write_keypair_file_truncate ... FAILED
[INFO] [stdout] test signer::signers::tests::test_dyn_keypairs_by_ref_compile ... ok
[INFO] [stdout] test signer::signers::tests::test_dyn_keypairs_compile ... ok
[INFO] [stdout] test signer::tests::test_unique_signers ... ok
[INFO] [stdout] test timing::test::test_years_as_slots ... ok
[INFO] [stdout] test signer::presigner::tests::test_presigner ... ok
[INFO] [stdout] test transaction::tests::get_nonce_pub_from_ix_bad_acc_idx_fail ... ok
[INFO] [stdout] test transaction::tests::test_partial_sign_mismatched_key - should panic ... ok
[INFO] [stdout] test transaction::tests::get_nonce_pub_from_ix_ok ... ok
[INFO] [stdout] test transaction::tests::get_nonce_pub_from_ix_no_accounts_fail ... ok
[INFO] [stdout] test transaction::tests::test_refs_invalid_account ... ok
[INFO] [stdout] test transaction::tests::test_refs_invalid_program_id ... ok
[INFO] [stdout] test transaction::tests::test_partial_sign ... ok
[INFO] [stdout] test signer::keypair::tests::test_keypair_from_seed_phrase_and_passphrase ... ok
[INFO] [stdout] test transaction::tests::test_refs ... ok
[INFO] [stdout] test transaction::tests::test_sanitize_txs ... ok
[INFO] [stdout] test transaction::tests::test_sdk_serialize ... ok
[INFO] [stdout] test transaction::tests::test_transaction_correct_key ... ok
[INFO] [stdout] test secp256k1_instruction::test::test_eth_offset ... ok
[INFO] [stdout] test timing::test::test_slot_duration_from_slots_per_year ... ok
[INFO] [stdout] test transaction::tests::test_transaction_instruction_with_duplicate_keys ... ok
[INFO] [stdout] test transaction::tests::test_transaction_minimum_serialized_size ... ok
[INFO] [stdout] test transaction::tests::test_transaction_missing_key - should panic ... ok
[INFO] [stdout] test transaction::tests::tx_uses_nonce_bad_prog_id_idx_fail ... ok
[INFO] [stdout] test transaction::tests::test_transaction_wrong_key - should panic ... ok
[INFO] [stdout] test transaction::tests::tx_uses_nonce_empty_ix_fail ... ok
[INFO] [stdout] test transaction::tests::test_try_sign_dyn_keypairs ... ok
[INFO] [stdout] test transaction::tests::test_transaction_missing_keypair - should panic ... ok
[INFO] [stdout] test transaction::tests::tx_uses_nonce_wrong_first_nonce_ix_fail ... ok
[INFO] [stdout] test transaction::tests::test_transaction_serialize ... ok
[INFO] [stdout] test transaction::tests::tx_keypair_pubkey_mismatch ... ok
[INFO] [stdout] test transaction::tests::tx_uses_nonce_first_prog_id_not_nonce_fail ... ok
[INFO] [stdout] test transaction::tests::tx_uses_nonce_ok ... ok
[INFO] [stdout] test timing::test::test_interval_update ... ok
[INFO] [stdout] 
[INFO] [stdout] failures:
[INFO] [stdout] 
[INFO] [stdout] ---- genesis_config::tests::test_genesis_config stdout ----
[INFO] [stdout] 
[INFO] [stdout] thread 'genesis_config::tests::test_genesis_config' (3764) panicked at src/genesis_config.rs:342:28:
[INFO] [stdout] write: Os { code: 30, kind: ReadOnlyFilesystem, message: "Read-only file system" }
[INFO] [stdout] stack backtrace:
[INFO] [stdout]    0:     0x5af691e24a71 - <<std[70759c8f55707aa4]::sys::backtrace::BacktraceLock>::print::DisplayBacktrace as core[df12db4294e9bfd3]::fmt::Display>::fmt
[INFO] [stdout]    1:     0x5af691e3b00a - core[df12db4294e9bfd3]::fmt::write
[INFO] [stdout]    2:     0x5af691e294cc - <alloc[2182bb758b4b3781]::vec::Vec<u8> as core[df12db4294e9bfd3]::io::write::Write>::write_fmt
[INFO] [stdout]    3:     0x5af691dff896 - std[70759c8f55707aa4]::panicking::default_hook::{closure#0}
[INFO] [stdout]    4:     0x5af691e1c6b9 - std[70759c8f55707aa4]::panicking::default_hook
[INFO] [stdout]    5:     0x5af691d65a30 - test[9d35eded1c95d3be]::test_main_inner::<test[9d35eded1c95d3be]::test_main_static::{closure#0}>::{closure#0}
[INFO] [stdout]    6:     0x5af691e1c872 - std[70759c8f55707aa4]::panicking::panic_with_hook
[INFO] [stdout]    7:     0x5af691dff942 - std[70759c8f55707aa4]::panicking::panic_handler::{closure#0}
[INFO] [stdout]    8:     0x5af691df8579 - std[70759c8f55707aa4]::sys::backtrace::__rust_end_short_backtrace::<std[70759c8f55707aa4]::panicking::panic_handler::{closure#0}, !>
[INFO] [stdout]    9:     0x5af691e0053d - __rustc[8fa7c3cbc660c2b3]::rust_begin_unwind
[INFO] [stdout]   10:     0x5af691e3b7ec - core[df12db4294e9bfd3]::panicking::panic_fmt
[INFO] [stdout]   11:     0x5af691e3b5c2 - core[df12db4294e9bfd3]::result::unwrap_failed
[INFO] [stdout]   12:     0x5af691c495cd - gemachain_sdk[582e155cf9b58b70]::genesis_config::tests::test_genesis_config
[INFO] [stdout]   13:     0x5af691c45509 - <gemachain_sdk[582e155cf9b58b70]::genesis_config::tests::test_genesis_config::{closure#0} as core[df12db4294e9bfd3]::ops::function::FnOnce<()>>::call_once
[INFO] [stdout]   14:     0x5af691d58d1b - test[9d35eded1c95d3be]::__rust_begin_short_backtrace::<core[df12db4294e9bfd3]::result::Result<(), alloc[2182bb758b4b3781]::string::String>, fn() -> core[df12db4294e9bfd3]::result::Result<(), alloc[2182bb758b4b3781]::string::String>>
[INFO] [stdout]   15:     0x5af691d66385 - test[9d35eded1c95d3be]::run_test::{closure#0}
[INFO] [stdout]   16:     0x5af691d5fc44 - std[70759c8f55707aa4]::sys::backtrace::__rust_begin_short_backtrace::<test[9d35eded1c95d3be]::run_test::{closure#1}, ()>
[INFO] [stdout]   17:     0x5af691d694e2 - <std[70759c8f55707aa4]::thread::lifecycle::spawn_unchecked<test[9d35eded1c95d3be]::run_test::{closure#1}, ()>::{closure#1} as core[df12db4294e9bfd3]::ops::function::FnOnce<()>>::call_once::{shim:vtable#0}
[INFO] [stdout]   18:     0x5af691e24319 - <std[70759c8f55707aa4]::sys::thread::unix::Thread>::new::thread_start
[INFO] [stdout]   19:     0x73471a422dfa - <unknown>
[INFO] [stdout]   20:     0x73471a4b63d4 - clone
[INFO] [stdout]   21:                0x0 - <unknown>
[INFO] [stdout] 
[INFO] [stdout] ---- pubkey::tests::test_read_write_pubkey stdout ----
[INFO] [stdout] Error: Os { code: 30, kind: ReadOnlyFilesystem, message: "Read-only file system" }
[INFO] [stdout] 
[INFO] [stdout] ---- signer::keypair::tests::test_write_keypair_file_overwrite_ok stdout ----
[INFO] [stdout] 
[INFO] [stdout] thread 'signer::keypair::tests::test_write_keypair_file_overwrite_ok' (3816) panicked at src/signer/keypair.rs:272:55:
[INFO] [stdout] called `Result::unwrap()` on an `Err` value: Os { code: 30, kind: ReadOnlyFilesystem, message: "Read-only file system" }
[INFO] [stdout] stack backtrace:
[INFO] [stdout]    0:     0x5af691e24a71 - <<std[70759c8f55707aa4]::sys::backtrace::BacktraceLock>::print::DisplayBacktrace as core[df12db4294e9bfd3]::fmt::Display>::fmt
[INFO] [stdout]    1:     0x5af691e3b00a - core[df12db4294e9bfd3]::fmt::write
[INFO] [stdout]    2:     0x5af691e294cc - <alloc[2182bb758b4b3781]::vec::Vec<u8> as core[df12db4294e9bfd3]::io::write::Write>::write_fmt
[INFO] [stdout]    3:     0x5af691dff896 - std[70759c8f55707aa4]::panicking::default_hook::{closure#0}
[INFO] [stdout]    4:     0x5af691e1c6b9 - std[70759c8f55707aa4]::panicking::default_hook
[INFO] [stdout]    5:     0x5af691d65a30 - test[9d35eded1c95d3be]::test_main_inner::<test[9d35eded1c95d3be]::test_main_static::{closure#0}>::{closure#0}
[INFO] [stdout]    6:     0x5af691e1c872 - std[70759c8f55707aa4]::panicking::panic_with_hook
[INFO] [stdout]    7:     0x5af691dff942 - std[70759c8f55707aa4]::panicking::panic_handler::{closure#0}
[INFO] [stdout]    8:     0x5af691df8579 - std[70759c8f55707aa4]::sys::backtrace::__rust_end_short_backtrace::<std[70759c8f55707aa4]::panicking::panic_handler::{closure#0}, !>
[INFO] [stdout]    9:     0x5af691e0053d - __rustc[8fa7c3cbc660c2b3]::rust_begin_unwind
[INFO] [stdout]   10:     0x5af691e3b7ec - core[df12db4294e9bfd3]::panicking::panic_fmt
[INFO] [stdout]   11:     0x5af691e3b5c2 - core[df12db4294e9bfd3]::result::unwrap_failed
[INFO] [stdout]   12:     0x5af691c4bae1 - gemachain_sdk[582e155cf9b58b70]::signer::keypair::tests::test_write_keypair_file_overwrite_ok
[INFO] [stdout]   13:     0x5af691c45f69 - <gemachain_sdk[582e155cf9b58b70]::signer::keypair::tests::test_write_keypair_file_overwrite_ok::{closure#0} as core[df12db4294e9bfd3]::ops::function::FnOnce<()>>::call_once
[INFO] [stdout]   14:     0x5af691d58d1b - test[9d35eded1c95d3be]::__rust_begin_short_backtrace::<core[df12db4294e9bfd3]::result::Result<(), alloc[2182bb758b4b3781]::string::String>, fn() -> core[df12db4294e9bfd3]::result::Result<(), alloc[2182bb758b4b3781]::string::String>>
[INFO] [stdout]   15:     0x5af691d66385 - test[9d35eded1c95d3be]::run_test::{closure#0}
[INFO] [stdout]   16:     0x5af691d5fc44 - std[70759c8f55707aa4]::sys::backtrace::__rust_begin_short_backtrace::<test[9d35eded1c95d3be]::run_test::{closure#1}, ()>
[INFO] [stdout]   17:     0x5af691d694e2 - <std[70759c8f55707aa4]::thread::lifecycle::spawn_unchecked<test[9d35eded1c95d3be]::run_test::{closure#1}, ()>::{closure#1} as core[df12db4294e9bfd3]::ops::function::FnOnce<()>>::call_once::{shim:vtable#0}
[INFO] [stdout]   18:     0x5af691e24319 - <std[70759c8f55707aa4]::sys::thread::unix::Thread>::new::thread_start
[INFO] [stdout]   19:     0x73471a422dfa - <unknown>
[INFO] [stdout]   20:     0x73471a4b63d4 - clone
[INFO] [stdout]   21:                0x0 - <unknown>
[INFO] [stdout] 
[INFO] [stdout] ---- signer::keypair::tests::test_write_keypair_file stdout ----
[INFO] [stdout] 
[INFO] [stdout] thread 'signer::keypair::tests::test_write_keypair_file' (3815) panicked at src/signer/keypair.rs:237:80:
[INFO] [stdout] called `Result::unwrap()` on an `Err` value: Os { code: 30, kind: ReadOnlyFilesystem, message: "Read-only file system" }
[INFO] [stdout] stack backtrace:
[INFO] [stdout]    0:     0x5af691e24a71 - <<std[70759c8f55707aa4]::sys::backtrace::BacktraceLock>::print::DisplayBacktrace as core[df12db4294e9bfd3]::fmt::Display>::fmt
[INFO] [stdout]    1:     0x5af691e3b00a - core[df12db4294e9bfd3]::fmt::write
[INFO] [stdout]    2:     0x5af691e294cc - <alloc[2182bb758b4b3781]::vec::Vec<u8> as core[df12db4294e9bfd3]::io::write::Write>::write_fmt
[INFO] [stdout]    3:     0x5af691dff896 - std[70759c8f55707aa4]::panicking::default_hook::{closure#0}
[INFO] [stdout]    4:     0x5af691e1c6b9 - std[70759c8f55707aa4]::panicking::default_hook
[INFO] [stdout]    5:     0x5af691d65a30 - test[9d35eded1c95d3be]::test_main_inner::<test[9d35eded1c95d3be]::test_main_static::{closure#0}>::{closure#0}
[INFO] [stdout]    6:     0x5af691e1c872 - std[70759c8f55707aa4]::panicking::panic_with_hook
[INFO] [stdout]    7:     0x5af691dff942 - std[70759c8f55707aa4]::panicking::panic_handler::{closure#0}
[INFO] [stdout]    8:     0x5af691df8579 - std[70759c8f55707aa4]::sys::backtrace::__rust_end_short_backtrace::<std[70759c8f55707aa4]::panicking::panic_handler::{closure#0}, !>
[INFO] [stdout]    9:     0x5af691e0053d - __rustc[8fa7c3cbc660c2b3]::rust_begin_unwind
[INFO] [stdout]   10:     0x5af691e3b7ec - core[df12db4294e9bfd3]::panicking::panic_fmt
[INFO] [stdout]   11:     0x5af691e3b5c2 - core[df12db4294e9bfd3]::result::unwrap_failed
[INFO] [stdout]   12:     0x5af691c4aeb4 - gemachain_sdk[582e155cf9b58b70]::signer::keypair::tests::test_write_keypair_file
[INFO] [stdout]   13:     0x5af691c45f29 - <gemachain_sdk[582e155cf9b58b70]::signer::keypair::tests::test_write_keypair_file::{closure#0} as core[df12db4294e9bfd3]::ops::function::FnOnce<()>>::call_once
[INFO] [stdout]   14:     0x5af691d58d1b - test[9d35eded1c95d3be]::__rust_begin_short_backtrace::<core[df12db4294e9bfd3]::result::Result<(), alloc[2182bb758b4b3781]::string::String>, fn() -> core[df12db4294e9bfd3]::result::Result<(), alloc[2182bb758b4b3781]::string::String>>
[INFO] [stdout]   15:     0x5af691d66385 - test[9d35eded1c95d3be]::run_test::{closure#0}
[INFO] [stdout]   16:     0x5af691d5fc44 - std[70759c8f55707aa4]::sys::backtrace::__rust_begin_short_backtrace::<test[9d35eded1c95d3be]::run_test::{closure#1}, ()>
[INFO] [stdout]   17:     0x5af691d694e2 - <std[70759c8f55707aa4]::thread::lifecycle::spawn_unchecked<test[9d35eded1c95d3be]::run_test::{closure#1}, ()>::{closure#1} as core[df12db4294e9bfd3]::ops::function::FnOnce<()>>::call_once::{shim:vtable#0}
[INFO] [stdout]   18:     0x5af691e24319 - <std[70759c8f55707aa4]::sys::thread::unix::Thread>::new::thread_start
[INFO] [stdout]   19:     0x73471a422dfa - <unknown>
[INFO] [stdout]   20:     0x73471a4b63d4 - clone
[INFO] [stdout]   21:                0x0 - <unknown>
[INFO] [stdout] 
[INFO] [stdout] ---- signer::keypair::tests::test_write_keypair_file_truncate stdout ----
[INFO] [stdout] 
[INFO] [stdout] thread 'signer::keypair::tests::test_write_keypair_file_truncate' (3817) panicked at src/signer/keypair.rs:280:55:
[INFO] [stdout] called `Result::unwrap()` on an `Err` value: Os { code: 30, kind: ReadOnlyFilesystem, message: "Read-only file system" }
[INFO] [stdout] stack backtrace:
[INFO] [stdout]    0:     0x5af691e24a71 - <<std[70759c8f55707aa4]::sys::backtrace::BacktraceLock>::print::DisplayBacktrace as core[df12db4294e9bfd3]::fmt::Display>::fmt
[INFO] [stdout]    1:     0x5af691e3b00a - core[df12db4294e9bfd3]::fmt::write
[INFO] [stdout]    2:     0x5af691e294cc - <alloc[2182bb758b4b3781]::vec::Vec<u8> as core[df12db4294e9bfd3]::io::write::Write>::write_fmt
[INFO] [stdout]    3:     0x5af691dff896 - std[70759c8f55707aa4]::panicking::default_hook::{closure#0}
[INFO] [stdout]    4:     0x5af691e1c6b9 - std[70759c8f55707aa4]::panicking::default_hook
[INFO] [stdout]    5:     0x5af691d65a30 - test[9d35eded1c95d3be]::test_main_inner::<test[9d35eded1c95d3be]::test_main_static::{closure#0}>::{closure#0}
[INFO] [stdout]    6:     0x5af691e1c872 - std[70759c8f55707aa4]::panicking::panic_with_hook
[INFO] [stdout]    7:     0x5af691dff942 - std[70759c8f55707aa4]::panicking::panic_handler::{closure#0}
[INFO] [stdout]    8:     0x5af691df8579 - std[70759c8f55707aa4]::sys::backtrace::__rust_end_short_backtrace::<std[70759c8f55707aa4]::panicking::panic_handler::{closure#0}, !>
[INFO] [stdout]    9:     0x5af691e0053d - __rustc[8fa7c3cbc660c2b3]::rust_begin_unwind
[INFO] [stdout]   10:     0x5af691e3b7ec - core[df12db4294e9bfd3]::panicking::panic_fmt
[INFO] [stdout]   11:     0x5af691e3b5c2 - core[df12db4294e9bfd3]::result::unwrap_failed
[INFO] [stdout]   12:     0x5af691c4b5c2 - gemachain_sdk[582e155cf9b58b70]::signer::keypair::tests::test_write_keypair_file_truncate
[INFO] [stdout]   13:     0x5af691c45f49 - <gemachain_sdk[582e155cf9b58b70]::signer::keypair::tests::test_write_keypair_file_truncate::{closure#0} as core[df12db4294e9bfd3]::ops::function::FnOnce<()>>::call_once
[INFO] [stdout]   14:     0x5af691d58d1b - test[9d35eded1c95d3be]::__rust_begin_short_backtrace::<core[df12db4294e9bfd3]::result::Result<(), alloc[2182bb758b4b3781]::string::String>, fn() -> core[df12db4294e9bfd3]::result::Result<(), alloc[2182bb758b4b3781]::string::String>>
[INFO] [stdout]   15:     0x5af691d66385 - test[9d35eded1c95d3be]::run_test::{closure#0}
[INFO] [stdout]   16:     0x5af691d5fc44 - std[70759c8f55707aa4]::sys::backtrace::__rust_begin_short_backtrace::<test[9d35eded1c95d3be]::run_test::{closure#1}, ()>
[INFO] [stdout]   17:     0x5af691d694e2 - <std[70759c8f55707aa4]::thread::lifecycle::spawn_unchecked<test[9d35eded1c95d3be]::run_test::{closure#1}, ()>::{closure#1} as core[df12db4294e9bfd3]::ops::function::FnOnce<()>>::call_once::{shim:vtable#0}
[INFO] [stdout]   18:     0x5af691e24319 - <std[70759c8f55707aa4]::sys::thread::unix::Thread>::new::thread_start
[INFO] [stdout]   19:     0x73471a422dfa - <unknown>
[INFO] [stdout]   20:     0x73471a4b63d4 - clone
[INFO] [stdout]   21:                0x0 - <unknown>
[INFO] [stdout] 
[INFO] [stdout] 
[INFO] [stdout] failures:
[INFO] [stdout]     genesis_config::tests::test_genesis_config
[INFO] [stdout]     pubkey::tests::test_read_write_pubkey
[INFO] [stdout]     signer::keypair::tests::test_write_keypair_file
[INFO] [stdout]     signer::keypair::tests::test_write_keypair_file_overwrite_ok
[INFO] [stdout]     signer::keypair::tests::test_write_keypair_file_truncate
[INFO] [stdout] 
[INFO] [stdout] test result: FAILED. 160 passed; 5 failed; 0 ignored; 0 measured; 0 filtered out; finished in 0.04s
[INFO] [stdout] 
[INFO] [stderr] error: test failed, to rerun pass `--lib`
[INFO] running `Command { std: "docker" "inspect" "12a56b8bac25540eba3b3e4053b318a22cc259e7e0ce243b1fa84ed20e013fda", kill_on_drop: false }`
[INFO] running `Command { std: "docker" "rm" "-f" "12a56b8bac25540eba3b3e4053b318a22cc259e7e0ce243b1fa84ed20e013fda", kill_on_drop: false }`
[INFO] [stdout] 12a56b8bac25540eba3b3e4053b318a22cc259e7e0ce243b1fa84ed20e013fda
