[INFO] fetching crate geist_supervisor 0.1.28...
[INFO] testing geist_supervisor-0.1.28 against 1.99.0-beta.8+cargoflags=--release for beta-release-1.100-2
[INFO] extracting crate geist_supervisor 0.1.28 into /workspace/builds/worker-7-tc1/source
[INFO] started tweaking crates.io crate geist_supervisor 0.1.28
[INFO] removed 0 missing tests
[INFO] finished tweaking crates.io crate geist_supervisor 0.1.28
[INFO] tweaked toml for crates.io crate geist_supervisor 0.1.28 written to /workspace/builds/worker-7-tc1/source/Cargo.toml
[INFO] validating manifest of crates.io crate geist_supervisor 0.1.28 on toolchain 1.99.0-beta.8
[INFO] running `Command { std: CARGO_HOME="/workspace/cargo-home" RUSTUP_HOME="/workspace/rustup-home" "/workspace/cargo-home/bin/cargo" "+1.99.0-beta.8" "metadata" "--manifest-path" "Cargo.toml" "--no-deps", kill_on_drop: false }`
[INFO] crate crates.io crate geist_supervisor 0.1.28 already has a lockfile, it will not be regenerated
[INFO] running `Command { std: CARGO_HOME="/workspace/cargo-home" RUSTUP_HOME="/workspace/rustup-home" "/workspace/cargo-home/bin/cargo" "+1.99.0-beta.8" "fetch" "--manifest-path" "Cargo.toml", kill_on_drop: false }`
[INFO] [stderr]  Downloading crates ...
[INFO] [stderr]   Downloaded assert_fs v1.1.3
[INFO] running `Command { std: "docker" "create" "-v" "/var/lib/crater-agent-workspace/builds/worker-7-tc1/source:/opt/rustwide/workdir:ro,Z" "-v" "/var/lib/crater-agent-workspace/builds/worker-7-tc1/target:/opt/rustwide/target:rw,Z" "-v" "/var/lib/crater-agent-workspace/cargo-home:/opt/rustwide/cargo-home:ro,Z" "-v" "/var/lib/crater-agent-workspace/rustup-home:/opt/rustwide/rustup-home:ro,Z" "-m" "1610612736" "--network" "none" "ghcr.io/rust-lang/crates-build-env/linux@sha256:77db811e55d90add9212f6832c23229e3de5f1c1f9905e8cb07319ea15df73ac" "sleep" "infinity", kill_on_drop: false }`
[INFO] [stdout] 26c0e553d872fac5447bf2a2906b8b14fe2667432aa869665075eabcaaed2c5e
[INFO] running `Command { std: "docker" "start" "26c0e553d872fac5447bf2a2906b8b14fe2667432aa869665075eabcaaed2c5e", kill_on_drop: false }`
[INFO] running `Command { std: "docker" "inspect" "26c0e553d872fac5447bf2a2906b8b14fe2667432aa869665075eabcaaed2c5e", kill_on_drop: false }`
[INFO] running `Command { std: "docker" "exec" "-e" "SOURCE_DIR=/opt/rustwide/workdir" "-e" "CARGO_HOME=/opt/rustwide/cargo-home" "-e" "RUSTUP_HOME=/opt/rustwide/rustup-home" "-e" "CARGO_TARGET_DIR=/opt/rustwide/target" "-w" "/opt/rustwide/workdir" "--user" "0:0" "26c0e553d872fac5447bf2a2906b8b14fe2667432aa869665075eabcaaed2c5e" "/opt/rustwide/cargo-home/bin/cargo" "+1.99.0-beta.8" "metadata" "--no-deps" "--format-version=1", kill_on_drop: false }`
[INFO] running `Command { std: "docker" "inspect" "26c0e553d872fac5447bf2a2906b8b14fe2667432aa869665075eabcaaed2c5e", kill_on_drop: false }`
[INFO] running `Command { std: "docker" "exec" "-e" "SOURCE_DIR=/opt/rustwide/workdir" "-e" "CARGO_HOME=/opt/rustwide/cargo-home" "-e" "RUSTUP_HOME=/opt/rustwide/rustup-home" "-e" "CARGO_TARGET_DIR=/opt/rustwide/target" "-e" "CARGO_INCREMENTAL=0" "-e" "RUST_BACKTRACE=full" "-e" "RUSTFLAGS=--cap-lints=warn" "-e" "RUSTDOCFLAGS=--cap-lints=warn" "-w" "/opt/rustwide/workdir" "--user" "0:0" "26c0e553d872fac5447bf2a2906b8b14fe2667432aa869665075eabcaaed2c5e" "/opt/rustwide/cargo-home/bin/cargo" "+1.99.0-beta.8" "build" "--frozen" "--message-format=json" "--release", kill_on_drop: false }`
[INFO] [stderr]    Compiling zerofrom-derive v0.1.6
[INFO] [stderr]    Compiling yoke-derive v0.8.1
[INFO] [stderr]    Compiling zerovec-derive v0.11.2
[INFO] [stderr]    Compiling cc v1.2.57
[INFO] [stderr]    Compiling mio v1.1.1
[INFO] [stderr]    Compiling futures-sink v0.3.32
[INFO] [stderr]    Compiling serde v1.0.228
[INFO] [stderr]    Compiling tracing v0.1.44
[INFO] [stderr]    Compiling openssl v0.10.76
[INFO] [stderr]    Compiling futures-util v0.3.32
[INFO] [stderr]    Compiling openssl-macros v0.1.1
[INFO] [stderr]    Compiling tokio v1.50.0
[INFO] [stderr]    Compiling semver v1.0.27
[INFO] [stderr]    Compiling futures-channel v0.3.32
[INFO] [stderr]    Compiling rustc_version v0.4.1
[INFO] [stderr]    Compiling toml_datetime v0.6.11
[INFO] [stderr]    Compiling serde_spanned v0.6.9
[INFO] [stderr]    Compiling curve25519-dalek-derive v0.1.1
[INFO] [stderr]    Compiling anyhow v1.0.102
[INFO] [stderr]    Compiling curve25519-dalek v4.1.3
[INFO] [stderr]    Compiling zerofrom v0.1.6
[INFO] [stderr]    Compiling openssl-sys v0.9.112
[INFO] [stderr]    Compiling signature v2.2.0
[INFO] [stderr]    Compiling yoke v0.8.1
[INFO] [stderr]    Compiling clap_derive v4.6.0
[INFO] [stderr]    Compiling serde_urlencoded v0.7.1
[INFO] [stderr]    Compiling ed25519 v2.2.3
[INFO] [stderr]    Compiling zerovec v0.11.5
[INFO] [stderr]    Compiling zerotrie v0.2.3
[INFO] [stderr]    Compiling toml_edit v0.22.27
[INFO] [stderr]    Compiling native-tls v0.2.18
[INFO] [stderr]    Compiling xattr v1.6.1
[INFO] [stderr]    Compiling tinystr v0.8.2
[INFO] [stderr]    Compiling icu_locale_core v2.1.1
[INFO] [stderr]    Compiling potential_utf v0.1.4
[INFO] [stderr]    Compiling icu_collections v2.1.1
[INFO] [stderr]    Compiling geist_supervisor v0.1.28 (/opt/rustwide/workdir)
[INFO] [stderr]    Compiling chrono v0.4.44
[INFO] [stderr]    Compiling tracing-subscriber v0.3.23
[INFO] [stderr]    Compiling icu_provider v2.1.1
[INFO] [stderr]    Compiling icu_normalizer v2.1.1
[INFO] [stderr]    Compiling tokio-util v0.7.18
[INFO] [stderr]    Compiling icu_properties v2.1.2
[INFO] [stderr]    Compiling tower v0.5.3
[INFO] [stderr]    Compiling h2 v0.4.13
[INFO] [stderr]    Compiling tower-http v0.6.8
[INFO] [stderr]    Compiling idna_adapter v1.2.1
[INFO] [stderr]    Compiling tokio-native-tls v0.3.1
[INFO] [stderr]    Compiling idna v1.1.0
[INFO] [stderr]    Compiling toml v0.8.23
[INFO] [stderr]    Compiling tar v0.4.44
[INFO] [stderr]    Compiling hyper v1.8.1
[INFO] [stderr]    Compiling url v2.5.8
[INFO] [stderr]    Compiling clap v4.6.0
[INFO] [stderr]    Compiling ed25519-dalek v2.2.0
[INFO] [stderr]    Compiling flate2 v1.1.9
[INFO] [stderr]    Compiling hyper-util v0.1.20
[INFO] [stderr]    Compiling hyper-tls v0.6.0
[INFO] [stderr]    Compiling reqwest v0.12.28
[INFO] [stderr]     Finished `release` profile [optimized] target(s) in 1m 41s
[INFO] running `Command { std: "docker" "inspect" "26c0e553d872fac5447bf2a2906b8b14fe2667432aa869665075eabcaaed2c5e", kill_on_drop: false }`
[INFO] running `Command { std: "docker" "exec" "-e" "SOURCE_DIR=/opt/rustwide/workdir" "-e" "CARGO_HOME=/opt/rustwide/cargo-home" "-e" "RUSTUP_HOME=/opt/rustwide/rustup-home" "-e" "CARGO_TARGET_DIR=/opt/rustwide/target" "-e" "CARGO_INCREMENTAL=0" "-e" "RUST_BACKTRACE=full" "-e" "RUSTFLAGS=--cap-lints=warn" "-e" "RUSTDOCFLAGS=--cap-lints=warn" "-w" "/opt/rustwide/workdir" "--user" "0:0" "26c0e553d872fac5447bf2a2906b8b14fe2667432aa869665075eabcaaed2c5e" "/opt/rustwide/cargo-home/bin/cargo" "+1.99.0-beta.8" "test" "--frozen" "--no-run" "--message-format=json" "--release", kill_on_drop: false }`
[INFO] [stderr]    Compiling aho-corasick v1.1.4
[INFO] [stderr]    Compiling predicates-core v1.0.10
[INFO] [stderr]    Compiling crossbeam-deque v0.8.6
[INFO] [stderr]    Compiling doc-comment v0.3.4
[INFO] [stderr]    Compiling geist_supervisor v0.1.28 (/opt/rustwide/workdir)
[INFO] [stderr]    Compiling assert_cmd v2.2.0
[INFO] [stderr]    Compiling wait-timeout v0.2.1
[INFO] [stderr]    Compiling predicates-tree v1.0.13
[INFO] [stderr]    Compiling regex-automata v0.4.14
[INFO] [stderr]    Compiling bstr v1.12.1
[INFO] [stderr]    Compiling regex v1.12.3
[INFO] [stderr]    Compiling matchers v0.2.0
[INFO] [stderr]    Compiling tracing-subscriber v0.3.23
[INFO] [stderr]    Compiling globset v0.4.18
[INFO] [stderr]    Compiling predicates v3.1.4
[INFO] [stderr]    Compiling ignore v0.4.25
[INFO] [stderr]    Compiling globwalk v0.9.1
[INFO] [stderr]    Compiling assert_fs v1.1.3
[INFO] [stderr]     Finished `release` profile [optimized] target(s) in 59.47s
[INFO] running `Command { std: "docker" "inspect" "26c0e553d872fac5447bf2a2906b8b14fe2667432aa869665075eabcaaed2c5e", kill_on_drop: false }`
[INFO] running `Command { std: "docker" "exec" "-e" "SOURCE_DIR=/opt/rustwide/workdir" "-e" "CARGO_HOME=/opt/rustwide/cargo-home" "-e" "RUSTUP_HOME=/opt/rustwide/rustup-home" "-e" "CARGO_TARGET_DIR=/opt/rustwide/target" "-e" "CARGO_INCREMENTAL=0" "-e" "RUST_BACKTRACE=full" "-e" "RUSTFLAGS=--cap-lints=warn" "-e" "RUSTDOCFLAGS=--cap-lints=warn" "-w" "/opt/rustwide/workdir" "--user" "0:0" "26c0e553d872fac5447bf2a2906b8b14fe2667432aa869665075eabcaaed2c5e" "/opt/rustwide/cargo-home/bin/cargo" "+1.99.0-beta.8" "test" "--frozen" "--release", kill_on_drop: false }`
[INFO] [stderr]    Compiling geist_supervisor v0.1.28 (/opt/rustwide/workdir)
[INFO] [stderr]     Finished `release` profile [optimized] target(s) in 21.38s
[INFO] [stderr]      Running unittests src/lib.rs (/opt/rustwide/target/release/deps/geist_supervisor-150375158177738d)
[INFO] [stdout] 
[INFO] [stdout] running 91 tests
[INFO] [stdout] test app_config::tests::test_parse_single_app_config ... ok
[INFO] [stdout] test app_config::tests::test_registry_url_custom_bucket ... ok
[INFO] [stdout] test app_config::tests::test_app_config_default ... ok
[INFO] [stdout] test app_config::tests::test_load_config_from_file ... ok
[INFO] [stdout] test app_config::tests::test_resolve_multi_with_flag ... ok
[INFO] [stdout] test app_config::tests::test_resolve_single_app_no_flag ... ok
[INFO] [stdout] test app_config::tests::test_load_config_invalid_toml ... ok
[INFO] [stdout] test app_config::tests::test_resolve_multi_requires_flag ... ok
[INFO] [stdout] test app_config::tests::test_registry_url_default ... ok
[INFO] [stdout] test config::tests::test_format_version ... ok
[INFO] [stdout] test app_config::tests::test_resolve_unknown_app ... ok
[INFO] [stdout] test config::tests::test_get_version_env_override ... ok
[INFO] [stdout] test app_config::tests::test_parse_multi_app_config ... ok
[INFO] [stdout] test app_config::tests::test_load_config_fallback_defaults ... ok
[INFO] [stdout] test config::tests::test_get_version_from_metadata ... ok
[INFO] [stdout] test config::tests::test_get_version_fallback_pkg_version ... ok
[INFO] [stdout] test config::tests::test_normalize_version ... ok
[INFO] [stdout] test services::ota::backup_manager::tests::test_cleanup_old_backups ... ok
[INFO] [stdout] test services::ota::backup_manager::tests::test_backup_exists ... ok
[INFO] [stdout] test services::ota::backup_manager::tests::test_create_backup_nonexistent_binary ... ok
[INFO] [stdout] test services::ota::service_manager::tests::test_enable_disable_service_test_env ... ok
[INFO] [stdout] test services::ota::backup_manager::tests::test_list_backups ... ok
[INFO] [stdout] test services::ota::backup_manager::tests::test_restore_from_backup_missing_backup ... ok
[INFO] [stdout] test services::ota::service_manager::tests::test_reload_daemon_test_env ... ok
[INFO] [stdout] test services::ota::service_manager::tests::test_is_service_running_test_env ... ok
[INFO] [stdout] test services::ota::service_manager::tests::test_restart_service_test_env ... ok
[INFO] [stdout] test services::ota::service_manager::tests::test_service_manager_creation ... ok
[INFO] [stdout] test services::ota::service_manager::tests::test_service_manager_debug ... ok
[INFO] [stdout] test services::ota::service_manager::tests::test_service_manager_clone ... ok
[INFO] [stdout] test config::tests::test_get_version_legacy_file ... ok
[INFO] [stdout] test services::ota::backup_manager::tests::test_backup_manager_creation ... ok
[INFO] [stdout] test services::ota::backup_manager::tests::test_create_backup_success ... ok
[INFO] [stdout] test services::ota::backup_manager::tests::test_restore_from_backup_success ... ok
[INFO] [stdout] test services::ota::backup_manager::tests::test_get_backup_path ... ok
[INFO] [stdout] test services::ota::service_manager::tests::test_start_service_test_env ... ok
[INFO] [stdout] test services::ota::service_manager::tests::test_wait_for_service_active_test_env ... ok
[INFO] [stdout] test services::ota::service_manager::tests::test_stop_service_test_env ... ok
[INFO] [stdout] test services::ota::tests::test_atomic_ops_manager_creation ... ok
[INFO] [stdout] test services::ota::tests::test_cleanup_backups ... ok
[INFO] [stdout] test services::ota::tests::test_backup_configuration ... ok
[INFO] [stdout] test services::ota::tests::test_cleanup_user_data_remove ... ok
[INFO] [stdout] test services::ota::tests::test_atomic_binary_replacement ... ok
[INFO] [stdout] test services::ota::tests::test_cleanup_user_data_skip ... ok
[INFO] [stdout] test services::ota::tests::test_get_service_name ... ok
[INFO] [stdout] test services::ota::tests::test_get_service_name_fallback ... ok
[INFO] [stdout] test services::ota::tests::test_list_backups ... ok
[INFO] [stdout] test services::ota::tests::test_update_system_assets ... ok
[INFO] [stdout] test services::ota::tests::test_verification_manager_creation ... ok
[INFO] [stdout] test services::ota::tests::test_set_binary_permissions ... ok
[INFO] [stdout] test services::ota::tests::test_ota_coordinator_creation ... ok
[INFO] [stdout] test services::ota::tests::test_service_operations ... ok
[INFO] [stdout] test services::ota::tests::test_verify_disk_space ... ok
[INFO] [stdout] test services::ota::tests::test_verify_binary_executable_non_executable ... ok
[INFO] [stdout] test services::ota::tests::test_verify_bundle_dependencies ... ok
[INFO] [stdout] test services::ota::tests::test_verify_library_dependencies ... ok
[INFO] [stdout] test services::ota::tests::test_uninstall_manager_creation ... ok
[INFO] [stdout] test services::ota::tests::test_verify_binary_format_invalid ... ok
[INFO] [stdout] test services::ota::tests::test_verify_preconditions_empty_file ... ok
[INFO] [stdout] test services::ota::tests::test_find_binary_in_bundle ... ok
[INFO] [stdout] test services::ota::tests::test_verify_uninstallation_success ... ok
[INFO] [stdout] test services::ota::tests::test_verify_uninstallation_failure ... ok
[INFO] [stdout] test services::signature::tests::test_corrupted_signature_fails ... ok
[INFO] [stdout] test services::signature::tests::test_missing_sig_file ... ok
[INFO] [stdout] test services::signature::tests::test_empty_bundle ... ok
[INFO] [stdout] test services::ota::tests::test_verify_preconditions_missing_file ... ok
[INFO] [stdout] test services::ota::tests::test_verify_binary_executable_test_env ... FAILED
[INFO] [stdout] test services::signature::tests::test_tampered_bundle_fails ... ok
[INFO] [stdout] test services::signature::tests::test_wrong_key_fails ... ok
[INFO] [stdout] test services::update::tests::test_flock_guard_acquires_lock ... ok
[INFO] [stdout] test services::signature::tests::test_truncated_signature ... ok
[INFO] [stdout] test services::update::tests::test_flock_guard_contention ... ok
[INFO] [stdout] test services::signature::tests::test_valid_signature ... ok
[INFO] [stdout] test services::update::tests::test_flock_guard_release_on_drop ... ok
[INFO] [stdout] test services::version::tests::test_build_date_with_no_env ... ok
[INFO] [stdout] test services::version::tests::test_detect_deployment_mode_development ... ok
[INFO] [stdout] test services::version::tests::test_get_binary_size_mb_existing ... ok
[INFO] [stdout] test services::version::tests::test_get_ota_metadata ... ok
[INFO] [stdout] test services::version::tests::test_get_binary_size_mb_nonexistent ... ok
[INFO] [stdout] test services::version::tests::test_get_current_version ... ok
[INFO] [stdout] test services::version::tests::test_get_rollback_compatible_versions ... ok
[INFO] [stdout] test services::version::tests::test_get_system_info ... ok
[INFO] [stdout] test services::version::tests::test_version_service_with_service_name ... ok
[INFO] [stdout] test utils::paths::tests::test_get_home_dir ... ok
[INFO] [stdout] test utils::paths::tests::test_path_construction ... ok
[INFO] [stdout] test services::version::tests::test_git_hash_with_no_git ... ok
[INFO] [stdout] test services::version::tests::test_version_service_creation ... ok
[INFO] [stdout] test utils::paths::tests::test_ensure_directories ... ok
[INFO] [stdout] test services::ota::tests::test_get_current_user ... ok
[INFO] [stdout] test services::version::tests::test_is_git_available ... ok
[INFO] [stdout] test services::ota::tests::test_verify_system_requirements ... ok
[INFO] [stdout] test services::ota::tests::test_verify_preconditions_success ... ok
[INFO] [stdout] 
[INFO] [stdout] failures:
[INFO] [stdout] 
[INFO] [stdout] ---- services::ota::tests::test_verify_binary_executable_test_env stdout ----
[INFO] [stdout] 
[INFO] [stdout] thread 'services::ota::tests::test_verify_binary_executable_test_env' (1999) panicked at src/services/ota/mod.rs:1984:9:
[INFO] [stdout] Binary executable check should succeed in test env: Some(Binary is not executable: Permission denied (os error 13)
[INFO] [stdout] 
[INFO] [stdout] Stack backtrace:
[INFO] [stdout]    0: <anyhow::Error>::msg::<alloc::string::String>
[INFO] [stdout]    1: <geist_supervisor::services::ota::VerificationManager>::verify_binary_executable
[INFO] [stdout]    2: geist_supervisor::services::ota::tests::test_verify_binary_executable_test_env
[INFO] [stdout]    3: <geist_supervisor::services::ota::tests::test_verify_binary_executable_test_env::{closure#0} as core::ops::function::FnOnce<()>>::call_once
[INFO] [stdout]    4: test::__rust_begin_short_backtrace::<core::result::Result<(), alloc::string::String>, fn() -> core::result::Result<(), alloc::string::String>>
[INFO] [stdout]    5: test::run_test::{closure#0}
[INFO] [stdout]    6: std::sys::backtrace::__rust_begin_short_backtrace::<test::run_test::{closure#1}, ()>
[INFO] [stdout]    7: <std::thread::lifecycle::spawn_unchecked<test::run_test::{closure#1}, ()>::{closure#1} as core::ops::function::FnOnce<()>>::call_once::{shim:vtable#0}
[INFO] [stderr] error: test failed, to rerun pass `--lib`
[INFO] [stdout]    8: <std::sys::thread::unix::Thread>::new::thread_start
[INFO] [stdout]    9: <unknown>
[INFO] [stdout]   10: clone)
[INFO] [stdout] stack backtrace:
[INFO] [stdout]    0:     0x556a2cfc9da1 - <<std[70759c8f55707aa4]::sys::backtrace::BacktraceLock>::print::DisplayBacktrace as core[df12db4294e9bfd3]::fmt::Display>::fmt
[INFO] [stdout]    1:     0x556a2cfdfa9a - core[df12db4294e9bfd3]::fmt::write
[INFO] [stdout]    2:     0x556a2cfcea4c - <alloc[2182bb758b4b3781]::vec::Vec<u8> as core[df12db4294e9bfd3]::io::write::Write>::write_fmt
[INFO] [stdout]    3:     0x556a2cfa2446 - std[70759c8f55707aa4]::panicking::default_hook::{closure#0}
[INFO] [stdout]    4:     0x556a2cfbff09 - std[70759c8f55707aa4]::panicking::default_hook
[INFO] [stdout]    5:     0x556a2cf3d720 - test[9d35eded1c95d3be]::test_main_inner::<test[9d35eded1c95d3be]::test_main_static::{closure#0}>::{closure#0}
[INFO] [stdout]    6:     0x556a2cfc00c2 - std[70759c8f55707aa4]::panicking::panic_with_hook
[INFO] [stdout]    7:     0x556a2cfa24f2 - std[70759c8f55707aa4]::panicking::panic_handler::{closure#0}
[INFO] [stdout]    8:     0x556a2cf9a799 - std[70759c8f55707aa4]::sys::backtrace::__rust_end_short_backtrace::<std[70759c8f55707aa4]::panicking::panic_handler::{closure#0}, !>
[INFO] [stdout]    9:     0x556a2cfa35cd - __rustc[8fa7c3cbc660c2b3]::rust_begin_unwind
[INFO] [stdout]   10:     0x556a2cfe01fc - core[df12db4294e9bfd3]::panicking::panic_fmt
[INFO] [stdout]   11:     0x556a2cef4c01 - geist_supervisor[97e1df8a89bd99b2]::services::ota::tests::test_verify_binary_executable_test_env
[INFO] [stdout]   12:     0x556a2cecf5a9 - <geist_supervisor[97e1df8a89bd99b2]::services::ota::tests::test_verify_binary_executable_test_env::{closure#0} as core[df12db4294e9bfd3]::ops::function::FnOnce<()>>::call_once
[INFO] [stdout]   13:     0x556a2cf30a0b - test[9d35eded1c95d3be]::__rust_begin_short_backtrace::<core[df12db4294e9bfd3]::result::Result<(), alloc[2182bb758b4b3781]::string::String>, fn() -> core[df12db4294e9bfd3]::result::Result<(), alloc[2182bb758b4b3781]::string::String>>
[INFO] [stdout]   14:     0x556a2cf3e075 - test[9d35eded1c95d3be]::run_test::{closure#0}
[INFO] [stdout]   15:     0x556a2cf37934 - std[70759c8f55707aa4]::sys::backtrace::__rust_begin_short_backtrace::<test[9d35eded1c95d3be]::run_test::{closure#1}, ()>
[INFO] [stdout]   16:     0x556a2cf411d2 - <std[70759c8f55707aa4]::thread::lifecycle::spawn_unchecked<test[9d35eded1c95d3be]::run_test::{closure#1}, ()>::{closure#1} as core[df12db4294e9bfd3]::ops::function::FnOnce<()>>::call_once::{shim:vtable#0}
[INFO] [stdout]   17:     0x556a2cfc8d09 - <std[70759c8f55707aa4]::sys::thread::unix::Thread>::new::thread_start
[INFO] [stdout]   18:     0x727c2c2a0dfa - <unknown>
[INFO] [stdout]   19:     0x727c2c3343d4 - clone
[INFO] [stdout]   20:                0x0 - <unknown>
[INFO] [stdout] 
[INFO] [stdout] 
[INFO] [stdout] failures:
[INFO] [stdout]     services::ota::tests::test_verify_binary_executable_test_env
[INFO] [stdout] 
[INFO] [stdout] test result: FAILED. 90 passed; 1 failed; 0 ignored; 0 measured; 0 filtered out; finished in 0.35s
[INFO] [stdout] 
[INFO] running `Command { std: "docker" "inspect" "26c0e553d872fac5447bf2a2906b8b14fe2667432aa869665075eabcaaed2c5e", kill_on_drop: false }`
[INFO] running `Command { std: "docker" "rm" "-f" "26c0e553d872fac5447bf2a2906b8b14fe2667432aa869665075eabcaaed2c5e", kill_on_drop: false }`
[INFO] [stdout] 26c0e553d872fac5447bf2a2906b8b14fe2667432aa869665075eabcaaed2c5e
