[INFO] fetching crate gegevensmagazijn 0.1.0...
[INFO] testing gegevensmagazijn-0.1.0 against 1.100.0-beta.1+cargoflags=--release for beta-release-1.100-2
[INFO] extracting crate gegevensmagazijn 0.1.0 into /workspace/builds/worker-3-tc2/source
[INFO] removed /workspace/builds/worker-3-tc2/source/rust-toolchain.toml
[INFO] started tweaking crates.io crate gegevensmagazijn 0.1.0
[INFO] finished tweaking crates.io crate gegevensmagazijn 0.1.0
[INFO] tweaked toml for crates.io crate gegevensmagazijn 0.1.0 written to /workspace/builds/worker-3-tc2/source/Cargo.toml
[INFO] validating manifest of crates.io crate gegevensmagazijn 0.1.0 on toolchain 1.100.0-beta.1
[INFO] running `Command { std: CARGO_HOME="/workspace/cargo-home" RUSTUP_HOME="/workspace/rustup-home" "/workspace/cargo-home/bin/cargo" "+1.100.0-beta.1" "metadata" "--manifest-path" "Cargo.toml" "--no-deps", kill_on_drop: false }`
[INFO] crate crates.io crate gegevensmagazijn 0.1.0 already has a lockfile, it will not be regenerated
[INFO] running `Command { std: CARGO_HOME="/workspace/cargo-home" RUSTUP_HOME="/workspace/rustup-home" "/workspace/cargo-home/bin/cargo" "+1.100.0-beta.1" "fetch" "--manifest-path" "Cargo.toml", kill_on_drop: false }`
[INFO] [stderr] warning: `package.homepage` is redundant with `package.repository`
[INFO] [stderr]   --> Cargo.toml:47:12
[INFO] [stderr]    |
[INFO] [stderr] 47 | homepage = "https://github.com/Mentalist/gegevensmagazijn-rs"
[INFO] [stderr]    |            ^^^^^^^^^^^^^^^^^^^^^^^^^^^^^^^^^^^^^^^^^^^^^^^^^^
[INFO] [stderr] ...
[INFO] [stderr] 53 | repository = "https://github.com/Mentalist/gegevensmagazijn-rs"
[INFO] [stderr]    |              --------------------------------------------------
[INFO] [stderr]    |
[INFO] [stderr]    = note: `cargo::redundant_homepage` is set to `warn` by default
[INFO] [stderr] help: consider removing `package.homepage`
[INFO] [stderr] warning: `gegevensmagazijn` (manifest) generated 1 warning
[INFO] running `Command { std: "docker" "create" "-v" "/var/lib/crater-agent-workspace/builds/worker-3-tc2/source:/opt/rustwide/workdir:ro,Z" "-v" "/var/lib/crater-agent-workspace/builds/worker-3-tc2/target:/opt/rustwide/target:rw,Z" "-v" "/var/lib/crater-agent-workspace/cargo-home:/opt/rustwide/cargo-home:ro,Z" "-v" "/var/lib/crater-agent-workspace/rustup-home:/opt/rustwide/rustup-home:ro,Z" "-m" "1610612736" "--network" "none" "ghcr.io/rust-lang/crates-build-env/linux@sha256:77db811e55d90add9212f6832c23229e3de5f1c1f9905e8cb07319ea15df73ac" "sleep" "infinity", kill_on_drop: false }`
[INFO] [stdout] aae746776081caf111a693ac42870beb9755edc875515c3e1be14afb1e507aab
[INFO] running `Command { std: "docker" "start" "aae746776081caf111a693ac42870beb9755edc875515c3e1be14afb1e507aab", kill_on_drop: false }`
[INFO] running `Command { std: "docker" "inspect" "aae746776081caf111a693ac42870beb9755edc875515c3e1be14afb1e507aab", kill_on_drop: false }`
[INFO] running `Command { std: "docker" "exec" "-e" "SOURCE_DIR=/opt/rustwide/workdir" "-e" "CARGO_HOME=/opt/rustwide/cargo-home" "-e" "RUSTUP_HOME=/opt/rustwide/rustup-home" "-e" "CARGO_TARGET_DIR=/opt/rustwide/target" "-w" "/opt/rustwide/workdir" "--user" "0:0" "aae746776081caf111a693ac42870beb9755edc875515c3e1be14afb1e507aab" "/opt/rustwide/cargo-home/bin/cargo" "+1.100.0-beta.1" "metadata" "--no-deps" "--format-version=1", kill_on_drop: false }`
[INFO] running `Command { std: "docker" "inspect" "aae746776081caf111a693ac42870beb9755edc875515c3e1be14afb1e507aab", kill_on_drop: false }`
[INFO] running `Command { std: "docker" "exec" "-e" "SOURCE_DIR=/opt/rustwide/workdir" "-e" "CARGO_HOME=/opt/rustwide/cargo-home" "-e" "RUSTUP_HOME=/opt/rustwide/rustup-home" "-e" "CARGO_TARGET_DIR=/opt/rustwide/target" "-e" "CARGO_INCREMENTAL=0" "-e" "RUST_BACKTRACE=full" "-e" "RUSTFLAGS=--cap-lints=warn" "-e" "RUSTDOCFLAGS=--cap-lints=warn" "-w" "/opt/rustwide/workdir" "--user" "0:0" "aae746776081caf111a693ac42870beb9755edc875515c3e1be14afb1e507aab" "/opt/rustwide/cargo-home/bin/cargo" "+1.100.0-beta.1" "build" "--frozen" "--message-format=json" "--release", kill_on_drop: false }`
[INFO] [stderr] warning: `package.homepage` is redundant with `package.repository`
[INFO] [stderr]   --> Cargo.toml:47:12
[INFO] [stderr]    |
[INFO] [stderr] 47 | homepage = "https://github.com/Mentalist/gegevensmagazijn-rs"
[INFO] [stderr]    |            ^^^^^^^^^^^^^^^^^^^^^^^^^^^^^^^^^^^^^^^^^^^^^^^^^^
[INFO] [stderr] ...
[INFO] [stderr] 53 | repository = "https://github.com/Mentalist/gegevensmagazijn-rs"
[INFO] [stderr]    |              --------------------------------------------------
[INFO] [stderr]    |
[INFO] [stderr]    = note: `cargo::redundant_homepage` is set to `warn` by default
[INFO] [stderr] help: consider removing `package.homepage`
[INFO] [stderr] warning: `gegevensmagazijn` (manifest) generated 1 warning
[INFO] [stderr]    Compiling proc-macro2 v1.0.94
[INFO] [stderr]    Compiling unicode-ident v1.0.18
[INFO] [stderr]    Compiling libc v0.2.171
[INFO] [stderr]    Compiling stable_deref_trait v1.2.0
[INFO] [stderr]    Compiling bytes v1.10.1
[INFO] [stderr]    Compiling pin-project-lite v0.2.16
[INFO] [stderr]    Compiling futures-core v0.3.31
[INFO] [stderr]    Compiling shlex v1.3.0
[INFO] [stderr]    Compiling itoa v1.0.15
[INFO] [stderr]    Compiling once_cell v1.21.0
[INFO] [stderr]    Compiling vcpkg v0.2.15
[INFO] [stderr]    Compiling pkg-config v0.3.32
[INFO] [stderr]    Compiling litemap v0.7.5
[INFO] [stderr]    Compiling writeable v0.5.5
[INFO] [stderr]    Compiling fnv v1.0.7
[INFO] [stderr]    Compiling autocfg v1.4.0
[INFO] [stderr]    Compiling smallvec v1.14.0
[INFO] [stderr]    Compiling icu_locid_transform_data v1.5.0
[INFO] [stderr]    Compiling futures-task v0.3.31
[INFO] [stderr]    Compiling hashbrown v0.15.2
[INFO] [stderr]    Compiling httparse v1.10.1
[INFO] [stderr]    Compiling openssl v0.10.71
[INFO] [stderr]    Compiling icu_properties_data v1.5.0
[INFO] [stderr]    Compiling pin-utils v0.1.0
[INFO] [stderr]    Compiling foreign-types-shared v0.1.1
[INFO] [stderr]    Compiling cc v1.2.16
[INFO] [stderr]    Compiling tracing-core v0.1.33
[INFO] [stderr]    Compiling cfg-if v1.0.0
[INFO] [stderr]    Compiling futures-sink v0.3.31
[INFO] [stderr]    Compiling equivalent v1.0.2
[INFO] [stderr]    Compiling foreign-types v0.3.2
[INFO] [stderr]    Compiling futures-util v0.3.31
[INFO] [stderr]    Compiling bitflags v2.9.0
[INFO] [stderr]    Compiling try-lock v0.2.5
[INFO] [stderr]    Compiling native-tls v0.2.14
[INFO] [stderr]    Compiling atomic-waker v1.1.2
[INFO] [stderr]    Compiling utf16_iter v1.0.5
[INFO] [stderr]    Compiling icu_normalizer_data v1.5.0
[INFO] [stderr]    Compiling tracing v0.1.41
[INFO] [stderr]    Compiling utf8_iter v1.0.4
[INFO] [stderr]    Compiling serde v1.0.219
[INFO] [stderr]    Compiling write16 v1.0.0
[INFO] [stderr]    Compiling want v0.3.1
[INFO] [stderr]    Compiling futures-channel v0.3.31
[INFO] [stderr]    Compiling tower-service v0.3.3
[INFO] [stderr]    Compiling log v0.4.26
[INFO] [stderr]    Compiling percent-encoding v2.3.1
[INFO] [stderr]    Compiling slab v0.4.9
[INFO] [stderr]    Compiling openssl-probe v0.1.6
[INFO] [stderr]    Compiling ryu v1.0.20
[INFO] [stderr]    Compiling sync_wrapper v1.0.2
[INFO] [stderr]    Compiling tower-layer v0.3.3
[INFO] [stderr]    Compiling form_urlencoded v1.2.1
[INFO] [stderr]    Compiling serde_json v1.0.140
[INFO] [stderr]    Compiling quote v1.0.39
[INFO] [stderr]    Compiling rustls-pki-types v1.11.0
[INFO] [stderr]    Compiling thiserror v2.0.12
[INFO] [stderr]    Compiling encoding_rs v0.8.35
[INFO] [stderr]    Compiling mime v0.3.17
[INFO] [stderr]    Compiling memchr v2.7.4
[INFO] [stderr]    Compiling base64 v0.22.1
[INFO] [stderr]    Compiling ipnet v2.11.0
[INFO] [stderr]    Compiling http v1.3.0
[INFO] [stderr]    Compiling syn v2.0.100
[INFO] [stderr]    Compiling socket2 v0.5.8
[INFO] [stderr]    Compiling mio v1.0.3
[INFO] [stderr]    Compiling indexmap v2.8.0
[INFO] [stderr]    Compiling rustls-pemfile v2.2.0
[INFO] [stderr]    Compiling tokio v1.44.0
[INFO] [stderr]    Compiling openssl-sys v0.9.106
[INFO] [stderr]    Compiling http-body v1.0.1
[INFO] [stderr]    Compiling http-body-util v0.1.3
[INFO] [stderr]    Compiling synstructure v0.13.1
[INFO] [stderr]    Compiling zerofrom-derive v0.1.6
[INFO] [stderr]    Compiling yoke-derive v0.7.5
[INFO] [stderr]    Compiling zerovec-derive v0.10.3
[INFO] [stderr]    Compiling displaydoc v0.2.5
[INFO] [stderr]    Compiling icu_provider_macros v1.5.0
[INFO] [stderr]    Compiling openssl-macros v0.1.1
[INFO] [stderr]    Compiling serde_derive v1.0.219
[INFO] [stderr]    Compiling thiserror-impl v2.0.12
[INFO] [stderr]    Compiling tokio-util v0.7.13
[INFO] [stderr]    Compiling tower v0.5.2
[INFO] [stderr]    Compiling zerofrom v0.1.6
[INFO] [stderr]    Compiling yoke v0.7.5
[INFO] [stderr]    Compiling zerovec v0.10.4
[INFO] [stderr]    Compiling h2 v0.4.8
[INFO] [stderr]    Compiling tinystr v0.7.6
[INFO] [stderr]    Compiling icu_collections v1.5.0
[INFO] [stderr]    Compiling icu_locid v1.5.0
[INFO] [stderr]    Compiling icu_provider v1.5.0
[INFO] [stderr]    Compiling icu_locid_transform v1.5.0
[INFO] [stderr]    Compiling tokio-native-tls v0.3.1
[INFO] [stderr]    Compiling icu_properties v1.5.1
[INFO] [stderr]    Compiling hyper v1.6.0
[INFO] [stderr]    Compiling hyper-util v0.1.10
[INFO] [stderr]    Compiling serde_urlencoded v0.7.1
[INFO] [stderr]    Compiling icu_normalizer v1.5.0
[INFO] [stderr]    Compiling hyper-tls v0.6.0
[INFO] [stderr]    Compiling idna_adapter v1.2.0
[INFO] [stderr]    Compiling idna v1.0.3
[INFO] [stderr]    Compiling url v2.5.4
[INFO] [stderr]    Compiling reqwest v0.12.14
[INFO] [stderr]    Compiling gegevensmagazijn v0.1.0 (/opt/rustwide/workdir)
[INFO] [stderr]     Finished `release` profile [optimized] target(s) in 44.54s
[INFO] running `Command { std: "docker" "inspect" "aae746776081caf111a693ac42870beb9755edc875515c3e1be14afb1e507aab", kill_on_drop: false }`
[INFO] running `Command { std: "docker" "exec" "-e" "SOURCE_DIR=/opt/rustwide/workdir" "-e" "CARGO_HOME=/opt/rustwide/cargo-home" "-e" "RUSTUP_HOME=/opt/rustwide/rustup-home" "-e" "CARGO_TARGET_DIR=/opt/rustwide/target" "-e" "CARGO_INCREMENTAL=0" "-e" "RUST_BACKTRACE=full" "-e" "RUSTFLAGS=--cap-lints=warn" "-e" "RUSTDOCFLAGS=--cap-lints=warn" "-w" "/opt/rustwide/workdir" "--user" "0:0" "aae746776081caf111a693ac42870beb9755edc875515c3e1be14afb1e507aab" "/opt/rustwide/cargo-home/bin/cargo" "+1.100.0-beta.1" "test" "--frozen" "--no-run" "--message-format=json" "--release", kill_on_drop: false }`
[INFO] [stderr] warning: `package.homepage` is redundant with `package.repository`
[INFO] [stderr]   --> Cargo.toml:47:12
[INFO] [stderr]    |
[INFO] [stderr] 47 | homepage = "https://github.com/Mentalist/gegevensmagazijn-rs"
[INFO] [stderr]    |            ^^^^^^^^^^^^^^^^^^^^^^^^^^^^^^^^^^^^^^^^^^^^^^^^^^
[INFO] [stderr] ...
[INFO] [stderr] 53 | repository = "https://github.com/Mentalist/gegevensmagazijn-rs"
[INFO] [stderr]    |              --------------------------------------------------
[INFO] [stderr]    |
[INFO] [stderr]    = note: `cargo::redundant_homepage` is set to `warn` by default
[INFO] [stderr] help: consider removing `package.homepage`
[INFO] [stderr] warning: `gegevensmagazijn` (manifest) generated 1 warning
[INFO] [stderr]    Compiling cfg-if v1.0.0
[INFO] [stderr]    Compiling smallvec v1.14.0
[INFO] [stderr]    Compiling lock_api v0.4.12
[INFO] [stderr]    Compiling parking_lot_core v0.9.10
[INFO] [stderr]    Compiling stable_deref_trait v1.2.0
[INFO] [stderr]    Compiling pin-project-lite v0.2.16
[INFO] [stderr]    Compiling bytes v1.10.1
[INFO] [stderr]    Compiling scopeguard v1.2.0
[INFO] [stderr]    Compiling futures-core v0.3.31
[INFO] [stderr]    Compiling itoa v1.0.15
[INFO] [stderr]    Compiling once_cell v1.21.0
[INFO] [stderr]    Compiling libc v0.2.171
[INFO] [stderr]    Compiling writeable v0.5.5
[INFO] [stderr]    Compiling fnv v1.0.7
[INFO] [stderr]    Compiling zerofrom v0.1.6
[INFO] [stderr]    Compiling tokio-macros v2.5.0
[INFO] [stderr]    Compiling litemap v0.7.5
[INFO] [stderr]    Compiling futures-task v0.3.31
[INFO] [stderr]    Compiling pin-utils v0.1.0
[INFO] [stderr]    Compiling equivalent v1.0.2
[INFO] [stderr]    Compiling icu_locid_transform_data v1.5.0
[INFO] [stderr]    Compiling futures-sink v0.3.31
[INFO] [stderr]    Compiling yoke v0.7.5
[INFO] [stderr]    Compiling hashbrown v0.15.2
[INFO] [stderr]    Compiling slab v0.4.9
[INFO] [stderr]    Compiling icu_properties_data v1.5.0
[INFO] [stderr]    Compiling memchr v2.7.4
[INFO] [stderr]    Compiling try-lock v0.2.5
[INFO] [stderr]    Compiling atomic-waker v1.1.2
[INFO] [stderr]    Compiling foreign-types-shared v0.1.1
[INFO] [stderr]    Compiling foreign-types v0.3.2
[INFO] [stderr]    Compiling want v0.3.1
[INFO] [stderr]    Compiling serde v1.0.219
[INFO] [stderr]    Compiling futures-util v0.3.31
[INFO] [stderr]    Compiling httparse v1.10.1
[INFO] [stderr]    Compiling zerovec v0.10.4
[INFO] [stderr]    Compiling tracing-core v0.1.33
[INFO] [stderr]    Compiling futures-channel v0.3.31
[INFO] [stderr]    Compiling icu_normalizer_data v1.5.0
[INFO] [stderr]    Compiling utf8_iter v1.0.4
[INFO] [stderr]    Compiling httpdate v1.0.3
[INFO] [stderr]    Compiling percent-encoding v2.3.1
[INFO] [stderr]    Compiling write16 v1.0.0
[INFO] [stderr]    Compiling log v0.4.26
[INFO] [stderr]    Compiling getrandom v0.3.1
[INFO] [stderr]    Compiling zerocopy v0.8.23
[INFO] [stderr]    Compiling bitflags v2.9.0
[INFO] [stderr]    Compiling ryu v1.0.20
[INFO] [stderr]    Compiling tower-service v0.3.3
[INFO] [stderr]    Compiling utf16_iter v1.0.5
[INFO] [stderr]    Compiling form_urlencoded v1.2.1
[INFO] [stderr]    Compiling openssl-probe v0.1.6
[INFO] [stderr]    Compiling sync_wrapper v1.0.2
[INFO] [stderr]    Compiling regex-syntax v0.8.5
[INFO] [stderr]    Compiling rustls-pki-types v1.11.0
[INFO] [stderr]    Compiling tower-layer v0.3.3
[INFO] [stderr]    Compiling encoding_rs v0.8.35
[INFO] [stderr]    Compiling mime v0.3.17
[INFO] [stderr]    Compiling ipnet v2.11.0
[INFO] [stderr]    Compiling lazy_static v1.5.0
[INFO] [stderr]    Compiling base64 v0.22.1
[INFO] [stderr]    Compiling colored v2.2.0
[INFO] [stderr]    Compiling http v1.3.0
[INFO] [stderr]    Compiling socket2 v0.5.8
[INFO] [stderr]    Compiling signal-hook-registry v1.4.2
[INFO] [stderr]    Compiling parking_lot v0.12.3
[INFO] [stderr]    Compiling mio v1.0.3
[INFO] [stderr]    Compiling indexmap v2.8.0
[INFO] [stderr]    Compiling tracing v0.1.41
[INFO] [stderr]    Compiling openssl-sys v0.9.106
[INFO] [stderr]    Compiling aho-corasick v1.1.3
[INFO] [stderr]    Compiling tokio v1.44.0
[INFO] [stderr]    Compiling tinystr v0.7.6
[INFO] [stderr]    Compiling icu_collections v1.5.0
[INFO] [stderr]    Compiling rand_core v0.9.3
[INFO] [stderr]    Compiling rustls-pemfile v2.2.0
[INFO] [stderr]    Compiling icu_locid v1.5.0
[INFO] [stderr]    Compiling thiserror v2.0.12
[INFO] [stderr]    Compiling similar v2.7.0
[INFO] [stderr]    Compiling http-body v1.0.1
[INFO] [stderr]    Compiling ppv-lite86 v0.2.21
[INFO] [stderr]    Compiling http-body-util v0.1.3
[INFO] [stderr]    Compiling rand_chacha v0.9.0
[INFO] [stderr]    Compiling rand v0.9.0
[INFO] [stderr]    Compiling openssl v0.10.71
[INFO] [stderr]    Compiling icu_provider v1.5.0
[INFO] [stderr]    Compiling regex-automata v0.4.9
[INFO] [stderr]    Compiling icu_locid_transform v1.5.0
[INFO] [stderr]    Compiling serde_urlencoded v0.7.1
[INFO] [stderr]    Compiling serde_json v1.0.140
[INFO] [stderr]    Compiling icu_properties v1.5.1
[INFO] [stderr]    Compiling assert-json-diff v2.0.2
[INFO] [stderr]    Compiling regex v1.11.1
[INFO] [stderr]    Compiling native-tls v0.2.14
[INFO] [stderr]    Compiling icu_normalizer v1.5.0
[INFO] [stderr]    Compiling idna_adapter v1.2.0
[INFO] [stderr]    Compiling idna v1.0.3
[INFO] [stderr]    Compiling tokio-util v0.7.13
[INFO] [stderr]    Compiling tokio-native-tls v0.3.1
[INFO] [stderr]    Compiling tower v0.5.2
[INFO] [stderr]    Compiling h2 v0.4.8
[INFO] [stderr]    Compiling url v2.5.4
[INFO] [stderr]    Compiling hyper v1.6.0
[INFO] [stderr]    Compiling hyper-util v0.1.10
[INFO] [stderr]    Compiling hyper-tls v0.6.0
[INFO] [stderr]    Compiling mockito v1.7.0
[INFO] [stderr]    Compiling reqwest v0.12.14
[INFO] [stderr]    Compiling gegevensmagazijn v0.1.0 (/opt/rustwide/workdir)
[INFO] [stderr]     Finished `release` profile [optimized] target(s) in 1m 46s
[INFO] running `Command { std: "docker" "inspect" "aae746776081caf111a693ac42870beb9755edc875515c3e1be14afb1e507aab", kill_on_drop: false }`
[INFO] running `Command { std: "docker" "exec" "-e" "SOURCE_DIR=/opt/rustwide/workdir" "-e" "CARGO_HOME=/opt/rustwide/cargo-home" "-e" "RUSTUP_HOME=/opt/rustwide/rustup-home" "-e" "CARGO_TARGET_DIR=/opt/rustwide/target" "-e" "CARGO_INCREMENTAL=0" "-e" "RUST_BACKTRACE=full" "-e" "RUSTFLAGS=--cap-lints=warn" "-e" "RUSTDOCFLAGS=--cap-lints=warn" "-w" "/opt/rustwide/workdir" "--user" "0:0" "aae746776081caf111a693ac42870beb9755edc875515c3e1be14afb1e507aab" "/opt/rustwide/cargo-home/bin/cargo" "+1.100.0-beta.1" "test" "--frozen" "--release", kill_on_drop: false }`
[INFO] [stderr] warning: `package.homepage` is redundant with `package.repository`
[INFO] [stderr]   --> Cargo.toml:47:12
[INFO] [stderr]    |
[INFO] [stderr] 47 | homepage = "https://github.com/Mentalist/gegevensmagazijn-rs"
[INFO] [stderr]    |            ^^^^^^^^^^^^^^^^^^^^^^^^^^^^^^^^^^^^^^^^^^^^^^^^^^
[INFO] [stderr] ...
[INFO] [stderr] 53 | repository = "https://github.com/Mentalist/gegevensmagazijn-rs"
[INFO] [stderr]    |              --------------------------------------------------
[INFO] [stderr]    |
[INFO] [stderr]    = note: `cargo::redundant_homepage` is set to `warn` by default
[INFO] [stderr] help: consider removing `package.homepage`
[INFO] [stderr] warning: `gegevensmagazijn` (manifest) generated 1 warning
[INFO] [stderr]     Finished `release` profile [optimized] target(s) in 0.21s
[INFO] [stderr]      Running unittests src/lib.rs (/opt/rustwide/target/release/build/gegevensmagazijn/8b74913d525c5489/out/gegevensmagazijn-8b74913d525c5489)
[INFO] [stdout] 
[INFO] [stdout] running 10 tests
[INFO] [stdout] test tests::test_sync ... ok
[INFO] [stdout] test tests::test_send ... ok
[INFO] [stdout] test tests::get_resource_should_return_resourceresponse_when_request_is_successful ... FAILED
[INFO] [stdout] test tests::get_vector_recursive_should_return_besluiten_when_request_is_successful ... FAILED
[INFO] [stdout] test tests::get_singular_with_response_should_return_activiteit_when_request_is_successful ... FAILED
[INFO] [stdout] test tests::get_vector_should_return_besluiten_when_request_is_successful ... FAILED
[INFO] [stdout] test tests::get_vector_with_response_should_return_besluiten_when_request_is_successful ... FAILED
[INFO] [stdout] test tests::get_singular_should_return_activiteit_when_request_is_successful ... FAILED
[INFO] [stdout] test tests::new_should_create_client_with_default_base_url ... ok
[INFO] [stdout] test tests::new_with_base_url_should_create_client_with_specified_base_url ... ok
[INFO] [stdout] 
[INFO] [stdout] failures:
[INFO] [stdout] 
[INFO] [stdout] ---- tests::get_resource_should_return_resourceresponse_when_request_is_successful stdout ----
[INFO] [stdout] 
[INFO] [stdout] thread 'tests::get_resource_should_return_resourceresponse_when_request_is_successful' (2334) panicked at src/tests.rs:333:10:
[INFO] [stdout] called `Result::unwrap()` on an `Err` value: Error { kind: FileNotFound, context: None }
[INFO] [stdout] stack backtrace:
[INFO] [stdout]    0:     0x57ab5e530eb7 - <unknown>
[INFO] [stdout]    1:     0x57ab5e413774 - <unknown>
[INFO] [stdout]    2:     0x57ab5e53047b - <unknown>
[INFO] [stdout]    3:     0x57ab5e530079 - <unknown>
[INFO] [stdout]    4:     0x57ab5e52fcfa - <unknown>
[INFO] [stdout]    5:     0x57ab5e52f82b - <unknown>
[INFO] [stdout]    6:     0x57ab5e5556b1 - <unknown>
[INFO] [stdout]    7:     0x57ab5e555669 - <unknown>
[INFO] [stdout]    8:     0x57ab5e555b5c - <unknown>
[INFO] [stdout]    9:     0x57ab5e41360b - <unknown>
[INFO] [stdout]   10:     0x57ab5e418101 - <unknown>
[INFO] [stdout]   11:     0x57ab5e31bc1a - <unknown>
[INFO] [stdout]   12:     0x57ab5e3db7f2 - <unknown>
[INFO] [stdout]   13:     0x57ab5e318d6a - <unknown>
[INFO] [stdout]   14:     0x57ab5e3eedb0 - <unknown>
[INFO] [stdout]   15:     0x57ab5e56ecab - <unknown>
[INFO] [stdout]   16:     0x57ab5e56a952 - <unknown>
[INFO] [stdout]   17:     0x57ab5e56a3fc - <unknown>
[INFO] [stdout]   18:     0x57ab5e586cbc - <unknown>
[INFO] [stdout]   19:     0x57ab5e557628 - <unknown>
[INFO] [stdout]   20:     0x79bd11ff0dfa - <unknown>
[INFO] [stdout]   21:     0x79bd120843d4 - clone
[INFO] [stdout]   22:                0x0 - <unknown>
[INFO] [stdout] 
[INFO] [stdout] ---- tests::get_vector_recursive_should_return_besluiten_when_request_is_successful stdout ----
[INFO] [stdout] 
[INFO] [stdout] thread 'tests::get_vector_recursive_should_return_besluiten_when_request_is_successful' (2337) panicked at src/tests.rs:168:10:
[INFO] [stdout] File not found: Os { code: 2, kind: NotFound, message: "No such file or directory" }
[INFO] [stdout] stack backtrace:
[INFO] [stdout]    0:     0x57ab5e530eb7 - <unknown>
[INFO] [stdout]    1:     0x57ab5e413774 - <unknown>
[INFO] [stdout]    2:     0x57ab5e53047b - <unknown>
[INFO] [stdout]    3:     0x57ab5e530079 - <unknown>
[INFO] [stdout]    4:     0x57ab5e52fcfa - <unknown>
[INFO] [stdout]    5:     0x57ab5e52f82b - <unknown>
[INFO] [stdout]    6:     0x57ab5e5556b1 - <unknown>
[INFO] [stdout]    7:     0x57ab5e555669 - <unknown>
[INFO] [stdout]    8:     0x57ab5e555b5c - <unknown>
[INFO] [stdout]    9:     0x57ab5e41360b - <unknown>
[INFO] [stdout]   10:     0x57ab5e418101 - <unknown>
[INFO] [stdout]   11:     0x57ab5e3de2c9 - <unknown>
[INFO] [stdout]   12:     0x57ab5e318d6a - <unknown>
[INFO] [stdout]   13:     0x57ab5e3eeea8 - <unknown>
[INFO] [stdout]   14:     0x57ab5e56ecab - <unknown>
[INFO] [stdout]   15:     0x57ab5e56a952 - <unknown>
[INFO] [stdout]   16:     0x57ab5e56a3fc - <unknown>
[INFO] [stdout]   17:     0x57ab5e586cbc - <unknown>
[INFO] [stdout]   18:     0x57ab5e557628 - <unknown>
[INFO] [stdout]   19:     0x79bd11ff0dfa - <unknown>
[INFO] [stdout]   20:     0x79bd120843d4 - clone
[INFO] [stdout]   21:                0x0 - <unknown>
[INFO] [stdout] 
[INFO] [stdout] ---- tests::get_singular_with_response_should_return_activiteit_when_request_is_successful stdout ----
[INFO] [stdout] 
[INFO] [stdout] thread 'tests::get_singular_with_response_should_return_activiteit_when_request_is_successful' (2336) panicked at src/tests.rs:78:10:
[INFO] [stdout] called `Result::unwrap()` on an `Err` value: Error { kind: FileNotFound, context: None }
[INFO] [stdout] stack backtrace:
[INFO] [stdout]    0:     0x57ab5e530eb7 - <unknown>
[INFO] [stdout]    1:     0x57ab5e413774 - <unknown>
[INFO] [stdout]    2:     0x57ab5e53047b - <unknown>
[INFO] [stdout]    3:     0x57ab5e530079 - <unknown>
[INFO] [stdout]    4:     0x57ab5e52fcfa - <unknown>
[INFO] [stdout]    5:     0x57ab5e52f82b - <unknown>
[INFO] [stdout]    6:     0x57ab5e5556b1 - <unknown>
[INFO] [stdout]    7:     0x57ab5e555669 - <unknown>
[INFO] [stdout]    8:     0x57ab5e555b5c - <unknown>
[INFO] [stdout]    9:     0x57ab5e41360b - <unknown>
[INFO] [stdout]   10:     0x57ab5e418101 - <unknown>
[INFO] [stdout]   11:     0x57ab5e31bc1a - <unknown>
[INFO] [stdout]   12:     0x57ab5e3e0577 - <unknown>
[INFO] [stdout]   13:     0x57ab5e318d6a - <unknown>
[INFO] [stdout]   14:     0x57ab5e3ef082 - <unknown>
[INFO] [stdout]   15:     0x57ab5e56ecab - <unknown>
[INFO] [stdout]   16:     0x57ab5e56a952 - <unknown>
[INFO] [stdout]   17:     0x57ab5e56a3fc - <unknown>
[INFO] [stdout]   18:     0x57ab5e586cbc - <unknown>
[INFO] [stdout]   19:     0x57ab5e557628 - <unknown>
[INFO] [stdout]   20:     0x79bd11ff0dfa - <unknown>
[INFO] [stdout]   21:     0x79bd120843d4 - clone
[INFO] [stdout]   22:                0x0 - <unknown>
[INFO] [stdout] 
[INFO] [stdout] ---- tests::get_vector_should_return_besluiten_when_request_is_successful stdout ----
[INFO] [stdout] 
[INFO] [stdout] thread 'tests::get_vector_should_return_besluiten_when_request_is_successful' (2338) panicked at src/tests.rs:126:10:
[INFO] [stdout] called `Result::unwrap()` on an `Err` value: Error { kind: FileNotFound, context: None }
[INFO] [stdout] stack backtrace:
[INFO] [stdout]    0:     0x57ab5e530eb7 - <unknown>
[INFO] [stdout]    1:     0x57ab5e413774 - <unknown>
[INFO] [stdout]    2:     0x57ab5e53047b - <unknown>
[INFO] [stdout]    3:     0x57ab5e530079 - <unknown>
[INFO] [stdout]    4:     0x57ab5e52fcfa - <unknown>
[INFO] [stdout]    5:     0x57ab5e52f82b - <unknown>
[INFO] [stdout]    6:     0x57ab5e5556b1 - <unknown>
[INFO] [stdout]    7:     0x57ab5e555669 - <unknown>
[INFO] [stdout]    8:     0x57ab5e555b5c - <unknown>
[INFO] [stdout]    9:     0x57ab5e41360b - <unknown>
[INFO] [stdout]   10:     0x57ab5e418101 - <unknown>
[INFO] [stdout]   11:     0x57ab5e31bc1a - <unknown>
[INFO] [stdout]   12:     0x57ab5e3d9ba3 - <unknown>
[INFO] [stdout]   13:     0x57ab5e318d6a - <unknown>
[INFO] [stdout]   14:     0x57ab5e3eeac8 - <unknown>
[INFO] [stdout]   15:     0x57ab5e56ecab - <unknown>
[INFO] [stdout]   16:     0x57ab5e56a952 - <unknown>
[INFO] [stdout]   17:     0x57ab5e56a3fc - <unknown>
[INFO] [stdout]   18:     0x57ab5e586cbc - <unknown>
[INFO] [stdout]   19:     0x57ab5e557628 - <unknown>
[INFO] [stdout]   20:     0x79bd11ff0dfa - <unknown>
[INFO] [stdout]   21:     0x79bd120843d4 - clone
[INFO] [stdout]   22:                0x0 - <unknown>
[INFO] [stdout] 
[INFO] [stdout] ---- tests::get_vector_with_response_should_return_besluiten_when_request_is_successful stdout ----
[INFO] [stdout] 
[INFO] [stdout] thread 'tests::get_vector_with_response_should_return_besluiten_when_request_is_successful' (2339) panicked at src/tests.rs:282:10:
[INFO] [stdout] called `Result::unwrap()` on an `Err` value: Error { kind: FileNotFound, context: None }
[INFO] [stdout] stack backtrace:
[INFO] [stdout]    0:     0x57ab5e530eb7 - <unknown>
[INFO] [stdout]    1:     0x57ab5e413774 - <unknown>
[INFO] [stdout]    2:     0x57ab5e53047b - <unknown>
[INFO] [stdout]    3:     0x57ab5e530079 - <unknown>
[INFO] [stdout]    4:     0x57ab5e52fcfa - <unknown>
[INFO] [stdout]    5:     0x57ab5e52f82b - <unknown>
[INFO] [stdout]    6:     0x57ab5e5556b1 - <unknown>
[INFO] [stdout]    7:     0x57ab5e555669 - <unknown>
[INFO] [stdout]    8:     0x57ab5e555b5c - <unknown>
[INFO] [stdout]    9:     0x57ab5e41360b - <unknown>
[INFO] [stdout]   10:     0x57ab5e418101 - <unknown>
[INFO] [stdout]   11:     0x57ab5e31bc1a - <unknown>
[INFO] [stdout]   12:     0x57ab5e3df8f6 - <unknown>
[INFO] [stdout]   13:     0x57ab5e318d6a - <unknown>
[INFO] [stdout]   14:     0x57ab5e3eef95 - <unknown>
[INFO] [stdout]   15:     0x57ab5e56ecab - <unknown>
[INFO] [stdout]   16:     0x57ab5e56a952 - <unknown>
[INFO] [stdout]   17:     0x57ab5e56a3fc - <unknown>
[INFO] [stdout]   18:     0x57ab5e586cbc - <unknown>
[INFO] [stdout]   19:     0x57ab5e557628 - <unknown>
[INFO] [stdout]   20:     0x79bd11ff0dfa - <unknown>
[INFO] [stdout]   21:     0x79bd120843d4 - clone
[INFO] [stdout]   22:                0x0 - <unknown>
[INFO] [stdout] 
[INFO] [stdout] ---- tests::get_singular_should_return_activiteit_when_request_is_successful stdout ----
[INFO] [stdout] 
[INFO] [stdout] thread 'tests::get_singular_should_return_activiteit_when_request_is_successful' (2335) panicked at src/tests.rs:41:10:
[INFO] [stdout] called `Result::unwrap()` on an `Err` value: Error { kind: FileNotFound, context: None }
[INFO] [stdout] stack backtrace:
[INFO] [stdout]    0:     0x57ab5e530eb7 - <unknown>
[INFO] [stdout]    1:     0x57ab5e413774 - <unknown>
[INFO] [stdout]    2:     0x57ab5e53047b - <unknown>
[INFO] [stdout]    3:     0x57ab5e530079 - <unknown>
[INFO] [stdout]    4:     0x57ab5e52fcfa - <unknown>
[INFO] [stdout]    5:     0x57ab5e52f82b - <unknown>
[INFO] [stdout]    6:     0x57ab5e5556b1 - <unknown>
[INFO] [stdout]    7:     0x57ab5e555669 - <unknown>
[INFO] [stdout]    8:     0x57ab5e555b5c - <unknown>
[INFO] [stdout]    9:     0x57ab5e41360b - <unknown>
[INFO] [stdout]   10:     0x57ab5e418101 - <unknown>
[INFO] [stdout]   11:     0x57ab5e31bc1a - <unknown>
[INFO] [stdout]   12:     0x57ab5e3da78f - <unknown>
[INFO] [stdout]   13:     0x57ab5e318d6a - <unknown>
[INFO] [stdout]   14:     0x57ab5e3eeccb - <unknown>
[INFO] [stdout]   15:     0x57ab5e56ecab - <unknown>
[INFO] [stdout]   16:     0x57ab5e56a952 - <unknown>
[INFO] [stdout]   17:     0x57ab5e56a3fc - <unknown>
[INFO] [stdout]   18:     0x57ab5e586cbc - <unknown>
[INFO] [stdout]   19:     0x57ab5e557628 - <unknown>
[INFO] [stdout]   20:     0x79bd11ff0dfa - <unknown>
[INFO] [stdout]   21:     0x79bd120843d4 - clone
[INFO] [stdout]   22:                0x0 - <unknown>
[INFO] [stdout] 
[INFO] [stdout] 
[INFO] [stdout] failures:
[INFO] [stdout]     tests::get_resource_should_return_resourceresponse_when_request_is_successful
[INFO] [stdout]     tests::get_singular_should_return_activiteit_when_request_is_successful
[INFO] [stdout]     tests::get_singular_with_response_should_return_activiteit_when_request_is_successful
[INFO] [stdout]     tests::get_vector_recursive_should_return_besluiten_when_request_is_successful
[INFO] [stdout]     tests::get_vector_should_return_besluiten_when_request_is_successful
[INFO] [stdout]     tests::get_vector_with_response_should_return_besluiten_when_request_is_successful
[INFO] [stdout] 
[INFO] [stdout] test result: FAILED. 4 passed; 6 failed; 0 ignored; 0 measured; 0 filtered out; finished in 0.12s
[INFO] [stdout] 
[INFO] [stderr] error: test failed, to rerun pass `--lib`
[INFO] running `Command { std: "docker" "inspect" "aae746776081caf111a693ac42870beb9755edc875515c3e1be14afb1e507aab", kill_on_drop: false }`
[INFO] running `Command { std: "docker" "rm" "-f" "aae746776081caf111a693ac42870beb9755edc875515c3e1be14afb1e507aab", kill_on_drop: false }`
[INFO] [stdout] aae746776081caf111a693ac42870beb9755edc875515c3e1be14afb1e507aab
