[INFO] fetching crate geese_executor 0.1.3...
[INFO] testing geese_executor-0.1.3 against 1.100.0-beta.1+cargoflags=--release for beta-release-1.100-2
[INFO] extracting crate geese_executor 0.1.3 into /workspace/builds/worker-7-tc2/source
[INFO] started tweaking crates.io crate geese_executor 0.1.3
[INFO] finished tweaking crates.io crate geese_executor 0.1.3
[INFO] tweaked toml for crates.io crate geese_executor 0.1.3 written to /workspace/builds/worker-7-tc2/source/Cargo.toml
[INFO] validating manifest of crates.io crate geese_executor 0.1.3 on toolchain 1.100.0-beta.1
[INFO] running `Command { std: CARGO_HOME="/workspace/cargo-home" RUSTUP_HOME="/workspace/rustup-home" "/workspace/cargo-home/bin/cargo" "+1.100.0-beta.1" "metadata" "--manifest-path" "Cargo.toml" "--no-deps", kill_on_drop: false }`
[INFO] running `Command { std: CARGO_HOME="/workspace/cargo-home" RUSTUP_HOME="/workspace/rustup-home" "/workspace/cargo-home/bin/cargo" "+1.100.0-beta.1" "generate-lockfile" "--manifest-path" "Cargo.toml", kill_on_drop: false }`
[INFO] [stderr]     Updating crates.io index
[INFO] [stderr]      Locking 42 packages to highest compatible versions
[INFO] running `Command { std: CARGO_HOME="/workspace/cargo-home" RUSTUP_HOME="/workspace/rustup-home" "/workspace/cargo-home/bin/cargo" "+1.100.0-beta.1" "fetch" "--manifest-path" "Cargo.toml", kill_on_drop: false }`
[INFO] running `Command { std: "docker" "create" "-v" "/var/lib/crater-agent-workspace/builds/worker-7-tc2/source:/opt/rustwide/workdir:ro,Z" "-v" "/var/lib/crater-agent-workspace/builds/worker-7-tc2/target:/opt/rustwide/target:rw,Z" "-v" "/var/lib/crater-agent-workspace/cargo-home:/opt/rustwide/cargo-home:ro,Z" "-v" "/var/lib/crater-agent-workspace/rustup-home:/opt/rustwide/rustup-home:ro,Z" "-m" "1610612736" "--network" "none" "ghcr.io/rust-lang/crates-build-env/linux@sha256:77db811e55d90add9212f6832c23229e3de5f1c1f9905e8cb07319ea15df73ac" "sleep" "infinity", kill_on_drop: false }`
[INFO] [stdout] 87b19fcad26fcbb93333689ccfd5b2ccc4f29e33b6bd61f680204bd62736d1c7
[INFO] running `Command { std: "docker" "start" "87b19fcad26fcbb93333689ccfd5b2ccc4f29e33b6bd61f680204bd62736d1c7", kill_on_drop: false }`
[INFO] running `Command { std: "docker" "inspect" "87b19fcad26fcbb93333689ccfd5b2ccc4f29e33b6bd61f680204bd62736d1c7", kill_on_drop: false }`
[INFO] running `Command { std: "docker" "exec" "-e" "SOURCE_DIR=/opt/rustwide/workdir" "-e" "CARGO_HOME=/opt/rustwide/cargo-home" "-e" "RUSTUP_HOME=/opt/rustwide/rustup-home" "-e" "CARGO_TARGET_DIR=/opt/rustwide/target" "-w" "/opt/rustwide/workdir" "--user" "0:0" "87b19fcad26fcbb93333689ccfd5b2ccc4f29e33b6bd61f680204bd62736d1c7" "/opt/rustwide/cargo-home/bin/cargo" "+1.100.0-beta.1" "metadata" "--no-deps" "--format-version=1", kill_on_drop: false }`
[INFO] running `Command { std: "docker" "inspect" "87b19fcad26fcbb93333689ccfd5b2ccc4f29e33b6bd61f680204bd62736d1c7", kill_on_drop: false }`
[INFO] running `Command { std: "docker" "exec" "-e" "SOURCE_DIR=/opt/rustwide/workdir" "-e" "CARGO_HOME=/opt/rustwide/cargo-home" "-e" "RUSTUP_HOME=/opt/rustwide/rustup-home" "-e" "CARGO_TARGET_DIR=/opt/rustwide/target" "-e" "CARGO_INCREMENTAL=0" "-e" "RUST_BACKTRACE=full" "-e" "RUSTFLAGS=--cap-lints=warn" "-e" "RUSTDOCFLAGS=--cap-lints=warn" "-w" "/opt/rustwide/workdir" "--user" "0:0" "87b19fcad26fcbb93333689ccfd5b2ccc4f29e33b6bd61f680204bd62736d1c7" "/opt/rustwide/cargo-home/bin/cargo" "+1.100.0-beta.1" "build" "--frozen" "--message-format=json" "--release", kill_on_drop: false }`
[INFO] [stderr]    Compiling num-traits v0.2.19
[INFO] [stderr]    Compiling radium v0.7.0
[INFO] [stderr]    Compiling tap v1.0.1
[INFO] [stderr]    Compiling funty v2.0.0
[INFO] [stderr]    Compiling topological-sort v0.2.2
[INFO] [stderr]    Compiling wasm_sync v0.1.2
[INFO] [stderr]    Compiling smallvec v1.16.3
[INFO] [stderr]    Compiling const_list v0.1.0
[INFO] [stderr]    Compiling dummy-waker v1.1.0
[INFO] [stderr]    Compiling takecell v0.1.2
[INFO] [stderr]    Compiling geese v0.3.11
[INFO] [stderr]    Compiling wyz v0.5.1
[INFO] [stderr]    Compiling bitvec v1.1.1
[INFO] [stderr]    Compiling vecdeque-stableix v1.1.1
[INFO] [stderr]    Compiling geese_executor v0.1.3 (/opt/rustwide/workdir)
[INFO] [stderr]     Finished `release` profile [optimized] target(s) in 7.08s
[INFO] running `Command { std: "docker" "inspect" "87b19fcad26fcbb93333689ccfd5b2ccc4f29e33b6bd61f680204bd62736d1c7", kill_on_drop: false }`
[INFO] running `Command { std: "docker" "exec" "-e" "SOURCE_DIR=/opt/rustwide/workdir" "-e" "CARGO_HOME=/opt/rustwide/cargo-home" "-e" "RUSTUP_HOME=/opt/rustwide/rustup-home" "-e" "CARGO_TARGET_DIR=/opt/rustwide/target" "-e" "CARGO_INCREMENTAL=0" "-e" "RUST_BACKTRACE=full" "-e" "RUSTFLAGS=--cap-lints=warn" "-e" "RUSTDOCFLAGS=--cap-lints=warn" "-w" "/opt/rustwide/workdir" "--user" "0:0" "87b19fcad26fcbb93333689ccfd5b2ccc4f29e33b6bd61f680204bd62736d1c7" "/opt/rustwide/cargo-home/bin/cargo" "+1.100.0-beta.1" "test" "--frozen" "--no-run" "--message-format=json" "--release", kill_on_drop: false }`
[INFO] [stderr]    Compiling geese_executor v0.1.3 (/opt/rustwide/workdir)
[INFO] [stderr]     Finished `release` profile [optimized] target(s) in 0.63s
[INFO] running `Command { std: "docker" "inspect" "87b19fcad26fcbb93333689ccfd5b2ccc4f29e33b6bd61f680204bd62736d1c7", kill_on_drop: false }`
[INFO] running `Command { std: "docker" "exec" "-e" "SOURCE_DIR=/opt/rustwide/workdir" "-e" "CARGO_HOME=/opt/rustwide/cargo-home" "-e" "RUSTUP_HOME=/opt/rustwide/rustup-home" "-e" "CARGO_TARGET_DIR=/opt/rustwide/target" "-e" "CARGO_INCREMENTAL=0" "-e" "RUST_BACKTRACE=full" "-e" "RUSTFLAGS=--cap-lints=warn" "-e" "RUSTDOCFLAGS=--cap-lints=warn" "-w" "/opt/rustwide/workdir" "--user" "0:0" "87b19fcad26fcbb93333689ccfd5b2ccc4f29e33b6bd61f680204bd62736d1c7" "/opt/rustwide/cargo-home/bin/cargo" "+1.100.0-beta.1" "test" "--frozen" "--release", kill_on_drop: false }`
[INFO] [stderr]     Finished `release` profile [optimized] target(s) in 0.04s
[INFO] [stderr]      Running unittests src/lib.rs (/opt/rustwide/target/release/build/geese_executor/dd3dff55cf343ae7/out/geese_executor-dd3dff55cf343ae7)
[INFO] [stderr]    Doc-tests geese_executor
[INFO] [stdout] 
[INFO] [stdout] running 0 tests
[INFO] [stdout] 
[INFO] [stdout] test result: ok. 0 passed; 0 failed; 0 ignored; 0 measured; 0 filtered out; finished in 0.00s
[INFO] [stdout] 
[INFO] [stdout] 
[INFO] [stdout] running 1 test
[INFO] [stderr] error: doctest failed, to rerun pass `--doc`
[INFO] [stdout] test src/lib.rs - (line 8) ... FAILED
[INFO] [stdout] 
[INFO] [stdout] failures:
[INFO] [stdout] 
[INFO] [stdout] ---- src/lib.rs - (line 8) stdout ----
[INFO] [stdout] error[E0782]: expected a type, found a trait
[INFO] [stdout]   --> src/lib.rs:48:11
[INFO] [stdout]    |
[INFO] [stdout] 48 | ctx.flush(EventQueue::default()
[INFO] [stdout]    |           ^^^^^^^^^^  ------- not an associated item of trait `EventQueue`, so `EventQueue` is interpreted as a type
[INFO] [stdout]    |
[INFO] [stdout] help: you can add the `dyn` keyword if you want a trait object
[INFO] [stdout]    |
[INFO] [stdout] 48 | ctx.flush(<dyn EventQueue>::default()
[INFO] [stdout]    |           ++++           +
[INFO] [stdout] 
[INFO] [stdout] error[E0061]: this method takes 0 arguments but 1 argument was supplied
[INFO] [stdout]    --> src/lib.rs:48:5
[INFO] [stdout]     |
[INFO] [stdout]  48 |   ctx.flush(EventQueue::default()
[INFO] [stdout]     |  _____^^^^^_-
[INFO] [stdout]  49 | |     .with(geese::notify::add_system::<A>())
[INFO] [stdout]  50 | |     .with(geese_executor::notify::Poll)
[INFO] [stdout]     | |_______________________________________- unexpected argument
[INFO] [stdout]     |
[INFO] [stdout] note: method defined here
[INFO] [stdout]    --> /opt/rustwide/cargo-home/registry/src/index.crates.io-1949cf8c6b5b557f/geese-0.3.11/src/lib.rs:390:12
[INFO] [stdout]     |
[INFO] [stdout] 390 |     pub fn flush(&mut self) -> impl '_ + EventQueue {
[INFO] [stdout]     |            ^^^^^
[INFO] [stdout] help: remove the extra argument
[INFO] [stdout]     |
[INFO] [stdout]  48 - ctx.flush(EventQueue::default()
[INFO] [stdout]  49 -     .with(geese::notify::add_system::<A>())
[INFO] [stdout]  50 -     .with(geese_executor::notify::Poll)
[INFO] [stdout]  51 - );
[INFO] [stdout]  48 + ctx.flush();
[INFO] [stdout]     |
[INFO] [stdout] 
[INFO] [stdout] error: aborting due to 2 previous errors
[INFO] [stdout] 
[INFO] [stdout] Some errors have detailed explanations: E0061, E0782.
[INFO] [stdout] For more information about an error, try `rustc --explain E0061`.
[INFO] [stdout] Couldn't compile the test.
[INFO] [stdout] 
[INFO] [stdout] failures:
[INFO] [stdout]     src/lib.rs - (line 8)
[INFO] [stdout] 
[INFO] [stdout] test result: FAILED. 0 passed; 1 failed; 0 ignored; 0 measured; 0 filtered out; finished in 0.10s
[INFO] [stdout] 
[INFO] running `Command { std: "docker" "inspect" "87b19fcad26fcbb93333689ccfd5b2ccc4f29e33b6bd61f680204bd62736d1c7", kill_on_drop: false }`
[INFO] running `Command { std: "docker" "rm" "-f" "87b19fcad26fcbb93333689ccfd5b2ccc4f29e33b6bd61f680204bd62736d1c7", kill_on_drop: false }`
[INFO] [stdout] 87b19fcad26fcbb93333689ccfd5b2ccc4f29e33b6bd61f680204bd62736d1c7
