[INFO] fetching crate gedcomx 0.1.8...
[INFO] testing gedcomx-0.1.8 against 1.100.0-beta.1+cargoflags=--release for beta-release-1.100-2
[INFO] extracting crate gedcomx 0.1.8 into /workspace/builds/worker-6-tc2/source
[INFO] started tweaking crates.io crate gedcomx 0.1.8
[INFO] removed 0 missing tests
[INFO] finished tweaking crates.io crate gedcomx 0.1.8
[INFO] tweaked toml for crates.io crate gedcomx 0.1.8 written to /workspace/builds/worker-6-tc2/source/Cargo.toml
[INFO] validating manifest of crates.io crate gedcomx 0.1.8 on toolchain 1.100.0-beta.1
[INFO] running `Command { std: CARGO_HOME="/workspace/cargo-home" RUSTUP_HOME="/workspace/rustup-home" "/workspace/cargo-home/bin/cargo" "+1.100.0-beta.1" "metadata" "--manifest-path" "Cargo.toml" "--no-deps", kill_on_drop: false }`
[INFO] crate crates.io crate gedcomx 0.1.8 already has a lockfile, it will not be regenerated
[INFO] running `Command { std: CARGO_HOME="/workspace/cargo-home" RUSTUP_HOME="/workspace/rustup-home" "/workspace/cargo-home/bin/cargo" "+1.100.0-beta.1" "fetch" "--manifest-path" "Cargo.toml", kill_on_drop: false }`
[INFO] running `Command { std: "docker" "create" "-v" "/var/lib/crater-agent-workspace/builds/worker-6-tc2/source:/opt/rustwide/workdir:ro,Z" "-v" "/var/lib/crater-agent-workspace/builds/worker-6-tc2/target:/opt/rustwide/target:rw,Z" "-v" "/var/lib/crater-agent-workspace/cargo-home:/opt/rustwide/cargo-home:ro,Z" "-v" "/var/lib/crater-agent-workspace/rustup-home:/opt/rustwide/rustup-home:ro,Z" "-m" "1610612736" "--network" "none" "ghcr.io/rust-lang/crates-build-env/linux@sha256:77db811e55d90add9212f6832c23229e3de5f1c1f9905e8cb07319ea15df73ac" "sleep" "infinity", kill_on_drop: false }`
[INFO] [stdout] 6c8b47c4b9647e47e9e799605eaffceed62e4b9d6518905d13151da2fe3cbfc3
[INFO] running `Command { std: "docker" "start" "6c8b47c4b9647e47e9e799605eaffceed62e4b9d6518905d13151da2fe3cbfc3", kill_on_drop: false }`
[INFO] running `Command { std: "docker" "inspect" "6c8b47c4b9647e47e9e799605eaffceed62e4b9d6518905d13151da2fe3cbfc3", kill_on_drop: false }`
[INFO] running `Command { std: "docker" "exec" "-e" "SOURCE_DIR=/opt/rustwide/workdir" "-e" "CARGO_HOME=/opt/rustwide/cargo-home" "-e" "RUSTUP_HOME=/opt/rustwide/rustup-home" "-e" "CARGO_TARGET_DIR=/opt/rustwide/target" "-w" "/opt/rustwide/workdir" "--user" "0:0" "6c8b47c4b9647e47e9e799605eaffceed62e4b9d6518905d13151da2fe3cbfc3" "/opt/rustwide/cargo-home/bin/cargo" "+1.100.0-beta.1" "metadata" "--no-deps" "--format-version=1", kill_on_drop: false }`
[INFO] running `Command { std: "docker" "inspect" "6c8b47c4b9647e47e9e799605eaffceed62e4b9d6518905d13151da2fe3cbfc3", kill_on_drop: false }`
[INFO] running `Command { std: "docker" "exec" "-e" "SOURCE_DIR=/opt/rustwide/workdir" "-e" "CARGO_HOME=/opt/rustwide/cargo-home" "-e" "RUSTUP_HOME=/opt/rustwide/rustup-home" "-e" "CARGO_TARGET_DIR=/opt/rustwide/target" "-e" "CARGO_INCREMENTAL=0" "-e" "RUST_BACKTRACE=full" "-e" "RUSTFLAGS=--cap-lints=warn" "-e" "RUSTDOCFLAGS=--cap-lints=warn" "-w" "/opt/rustwide/workdir" "--user" "0:0" "6c8b47c4b9647e47e9e799605eaffceed62e4b9d6518905d13151da2fe3cbfc3" "/opt/rustwide/cargo-home/bin/cargo" "+1.100.0-beta.1" "build" "--frozen" "--message-format=json" "--release", kill_on_drop: false }`
[INFO] [stderr]    Compiling libc v0.2.186
[INFO] [stderr]    Compiling regex-syntax v0.8.11
[INFO] [stderr]    Compiling aho-corasick v1.1.4
[INFO] [stderr]    Compiling getrandom v0.4.3
[INFO] [stderr]    Compiling log v0.4.32
[INFO] [stderr]    Compiling syn v2.0.118
[INFO] [stderr]    Compiling num-traits v0.2.19
[INFO] [stderr]    Compiling nom v7.1.3
[INFO] [stderr]    Compiling syn v1.0.109
[INFO] [stderr]    Compiling xml-rs v0.8.28
[INFO] [stderr]    Compiling serde_json v1.0.150
[INFO] [stderr]    Compiling rand v0.10.1
[INFO] [stderr]    Compiling regex-automata v0.4.14
[INFO] [stderr]    Compiling gedcomx_date v0.1.0
[INFO] [stderr]    Compiling yaserde_derive v0.11.2
[INFO] [stderr]    Compiling darling_core v0.23.0
[INFO] [stderr]    Compiling yaserde v0.12.0
[INFO] [stderr]    Compiling serde_derive v1.0.228
[INFO] [stderr]    Compiling regex v1.12.4
[INFO] [stderr]    Compiling env_filter v1.0.1
[INFO] [stderr]    Compiling thiserror-impl v2.0.18
[INFO] [stderr]    Compiling env_logger v0.11.10
[INFO] [stderr]    Compiling darling_macro v0.23.0
[INFO] [stderr]    Compiling quickcheck v1.1.0
[INFO] [stderr]    Compiling darling v0.23.0
[INFO] [stderr]    Compiling serde_with_macros v3.21.0
[INFO] [stderr]    Compiling thiserror v2.0.18
[INFO] [stderr]    Compiling serde_with v3.21.0
[INFO] [stderr]    Compiling serde v1.0.228
[INFO] [stderr]    Compiling chrono v0.4.45
[INFO] [stderr]    Compiling gedcomx v0.1.8 (/opt/rustwide/workdir)
[INFO] [stdout] warning: unreachable call
[INFO] [stdout]  --> src/agent/address.rs:9:36
[INFO] [stdout]   |
[INFO] [stdout] 9 |     Debug, Serialize, YaSerialize, YaDeserialize, Deserialize, PartialEq, Eq, Clone, Default,
[INFO] [stdout]   |                                    ^^^^^^^^^^^^^
[INFO] [stdout]   |                                    |
[INFO] [stdout]   |                                    unreachable call
[INFO] [stdout]   |                                    any code following this expression is unreachable
[INFO] [stdout]   |
[INFO] [stdout]   = note: `#[warn(unreachable_code)]` (part of `#[warn(unused)]`) on by default
[INFO] [stdout]   = note: this warning originates in the derive macro `YaDeserialize` (in Nightly builds, run with -Z macro-backtrace for more info)
[INFO] [stdout] 
[INFO] [stdout] 
[INFO] [stdout] warning: unreachable call
[INFO] [stdout]  --> src/agent/onlineaccount.rs:9:49
[INFO] [stdout]   |
[INFO] [stdout] 9 |     Debug, Serialize, Deserialize, YaSerialize, YaDeserialize, PartialEq, Clone, Default, Eq,
[INFO] [stdout]   |                                                 ^^^^^^^^^^^^^
[INFO] [stdout]   |                                                 |
[INFO] [stdout]   |                                                 unreachable call
[INFO] [stdout]   |                                                 any code following this expression is unreachable
[INFO] [stdout]   |
[INFO] [stdout]   = note: this warning originates in the derive macro `YaDeserialize` (in Nightly builds, run with -Z macro-backtrace for more info)
[INFO] [stdout] 
[INFO] [stdout] 
[INFO] [stdout] warning: unreachable call
[INFO] [stdout]   --> src/common/attribution.rs:16:54
[INFO] [stdout]    |
[INFO] [stdout] 16 | #[derive(Debug, Serialize, Deserialize, YaSerialize, YaDeserialize, PartialEq, Clone, Default)]
[INFO] [stdout]    |                                                      ^^^^^^^^^^^^^
[INFO] [stdout]    |                                                      |
[INFO] [stdout]    |                                                      unreachable call
[INFO] [stdout]    |                                                      any code following this expression is unreachable
[INFO] [stdout]    |
[INFO] [stdout]    = note: this warning originates in the derive macro `YaDeserialize` (in Nightly builds, run with -Z macro-backtrace for more info)
[INFO] [stdout] 
[INFO] [stdout] 
[INFO] [stdout] warning: unreachable call
[INFO] [stdout]   --> src/common/note.rs:13:54
[INFO] [stdout]    |
[INFO] [stdout] 13 | #[derive(Debug, Serialize, Deserialize, YaSerialize, YaDeserialize, PartialEq, Clone, Default)]
[INFO] [stdout]    |                                                      ^^^^^^^^^^^^^
[INFO] [stdout]    |                                                      |
[INFO] [stdout]    |                                                      unreachable call
[INFO] [stdout]    |                                                      any code following this expression is unreachable
[INFO] [stdout]    |
[INFO] [stdout]    = note: this warning originates in the derive macro `YaDeserialize` (in Nightly builds, run with -Z macro-backtrace for more info)
[INFO] [stdout] 
[INFO] [stdout] 
[INFO] [stdout] warning: unreachable call
[INFO] [stdout]   --> src/common/qualifier.rs:12:49
[INFO] [stdout]    |
[INFO] [stdout] 12 |     Debug, Serialize, Deserialize, YaSerialize, YaDeserialize, PartialEq, Clone, Default, Eq,
[INFO] [stdout]    |                                                 ^^^^^^^^^^^^^
[INFO] [stdout]    |                                                 |
[INFO] [stdout]    |                                                 unreachable call
[INFO] [stdout]    |                                                 any code following this expression is unreachable
[INFO] [stdout]    |
[INFO] [stdout]    = note: this warning originates in the derive macro `YaDeserialize` (in Nightly builds, run with -Z macro-backtrace for more info)
[INFO] [stdout] 
[INFO] [stdout] 
[INFO] [stdout] warning: unreachable call
[INFO] [stdout]   --> src/common/textvalue.rs:11:49
[INFO] [stdout]    |
[INFO] [stdout] 11 |     Debug, Serialize, Deserialize, YaSerialize, YaDeserialize, PartialEq, Clone, Default, Eq,
[INFO] [stdout]    |                                                 ^^^^^^^^^^^^^
[INFO] [stdout]    |                                                 |
[INFO] [stdout]    |                                                 unreachable call
[INFO] [stdout]    |                                                 any code following this expression is unreachable
[INFO] [stdout]    |
[INFO] [stdout]    = note: this warning originates in the derive macro `YaDeserialize` (in Nightly builds, run with -Z macro-backtrace for more info)
[INFO] [stdout] 
[INFO] [stdout] 
[INFO] [stdout] warning: unreachable call
[INFO] [stdout]   --> src/conclusion/date.rs:11:49
[INFO] [stdout]    |
[INFO] [stdout] 11 |     Debug, Serialize, Deserialize, YaSerialize, YaDeserialize, PartialEq, Clone, Default, Eq,
[INFO] [stdout]    |                                                 ^^^^^^^^^^^^^
[INFO] [stdout]    |                                                 |
[INFO] [stdout]    |                                                 unreachable call
[INFO] [stdout]    |                                                 any code following this expression is unreachable
[INFO] [stdout]    |
[INFO] [stdout]    = note: this warning originates in the derive macro `YaDeserialize` (in Nightly builds, run with -Z macro-backtrace for more info)
[INFO] [stdout] 
[INFO] [stdout] 
[INFO] [stdout] warning: unreachable call
[INFO] [stdout]   --> src/conclusion/document.rs:16:54
[INFO] [stdout]    |
[INFO] [stdout] 16 | #[derive(Debug, Serialize, Deserialize, YaSerialize, YaDeserialize, PartialEq, Default, Clone)]
[INFO] [stdout]    |                                                      ^^^^^^^^^^^^^
[INFO] [stdout]    |                                                      |
[INFO] [stdout]    |                                                      unreachable call
[INFO] [stdout]    |                                                      any code following this expression is unreachable
[INFO] [stdout]    |
[INFO] [stdout]    = note: this warning originates in the derive macro `YaDeserialize` (in Nightly builds, run with -Z macro-backtrace for more info)
[INFO] [stdout] 
[INFO] [stdout] 
[INFO] [stdout] warning: unreachable call
[INFO] [stdout]   --> src/conclusion/eventrole.rs:15:54
[INFO] [stdout]    |
[INFO] [stdout] 15 | #[derive(Debug, Serialize, Deserialize, YaSerialize, YaDeserialize, PartialEq, Clone, Default)]
[INFO] [stdout]    |                                                      ^^^^^^^^^^^^^
[INFO] [stdout]    |                                                      |
[INFO] [stdout]    |                                                      unreachable call
[INFO] [stdout]    |                                                      any code following this expression is unreachable
[INFO] [stdout]    |
[INFO] [stdout]    = note: this warning originates in the derive macro `YaDeserialize` (in Nightly builds, run with -Z macro-backtrace for more info)
[INFO] [stdout] 
[INFO] [stdout] 
[INFO] [stdout] warning: unreachable call
[INFO] [stdout]   --> src/conclusion/fact.rs:53:54
[INFO] [stdout]    |
[INFO] [stdout] 53 | #[derive(Debug, Serialize, Deserialize, YaSerialize, YaDeserialize, PartialEq, Default, Clone)]
[INFO] [stdout]    |                                                      ^^^^^^^^^^^^^
[INFO] [stdout]    |                                                      |
[INFO] [stdout]    |                                                      unreachable call
[INFO] [stdout]    |                                                      any code following this expression is unreachable
[INFO] [stdout]    |
[INFO] [stdout]    = note: this warning originates in the derive macro `YaDeserialize` (in Nightly builds, run with -Z macro-backtrace for more info)
[INFO] [stdout] 
[INFO] [stdout] 
[INFO] [stdout] warning: unreachable call
[INFO] [stdout]   --> src/conclusion/grouprole.rs:15:54
[INFO] [stdout]    |
[INFO] [stdout] 15 | #[derive(Debug, Serialize, Deserialize, YaSerialize, YaDeserialize, PartialEq, Clone, Default)]
[INFO] [stdout]    |                                                      ^^^^^^^^^^^^^
[INFO] [stdout]    |                                                      |
[INFO] [stdout]    |                                                      unreachable call
[INFO] [stdout]    |                                                      any code following this expression is unreachable
[INFO] [stdout]    |
[INFO] [stdout]    = note: this warning originates in the derive macro `YaDeserialize` (in Nightly builds, run with -Z macro-backtrace for more info)
[INFO] [stdout] 
[INFO] [stdout] 
[INFO] [stdout] warning: unreachable call
[INFO] [stdout]    --> src/conclusion/name.rs:391:49
[INFO] [stdout]     |
[INFO] [stdout] 391 |     Debug, Serialize, Deserialize, YaSerialize, YaDeserialize, PartialEq, Clone, Default, Eq,
[INFO] [stdout]     |                                                 ^^^^^^^^^^^^^
[INFO] [stdout]     |                                                 |
[INFO] [stdout]     |                                                 unreachable call
[INFO] [stdout]     |                                                 any code following this expression is unreachable
[INFO] [stdout]     |
[INFO] [stdout]     = note: this warning originates in the derive macro `YaDeserialize` (in Nightly builds, run with -Z macro-backtrace for more info)
[INFO] [stdout] 
[INFO] [stdout] 
[INFO] [stdout] warning: unreachable call
[INFO] [stdout]    --> src/conclusion/name.rs:481:49
[INFO] [stdout]     |
[INFO] [stdout] 481 |     Debug, Serialize, Deserialize, YaSerialize, YaDeserialize, PartialEq, Clone, Default, Eq,
[INFO] [stdout]     |                                                 ^^^^^^^^^^^^^
[INFO] [stdout]     |                                                 |
[INFO] [stdout]     |                                                 unreachable call
[INFO] [stdout]     |                                                 any code following this expression is unreachable
[INFO] [stdout]     |
[INFO] [stdout]     = note: this warning originates in the derive macro `YaDeserialize` (in Nightly builds, run with -Z macro-backtrace for more info)
[INFO] [stdout] 
[INFO] [stdout] 
[INFO] [stdout] warning: unreachable call
[INFO] [stdout]   --> src/conclusion/placereference.rs:13:49
[INFO] [stdout]    |
[INFO] [stdout] 13 |     Debug, Serialize, Deserialize, YaSerialize, YaDeserialize, PartialEq, Clone, Default, Eq,
[INFO] [stdout]    |                                                 ^^^^^^^^^^^^^
[INFO] [stdout]    |                                                 |
[INFO] [stdout]    |                                                 unreachable call
[INFO] [stdout]    |                                                 any code following this expression is unreachable
[INFO] [stdout]    |
[INFO] [stdout]    = note: this warning originates in the derive macro `YaDeserialize` (in Nightly builds, run with -Z macro-backtrace for more info)
[INFO] [stdout] 
[INFO] [stdout] 
[INFO] [stdout] warning: unreachable call
[INFO] [stdout]   --> src/source/sourcecitation.rs:11:49
[INFO] [stdout]    |
[INFO] [stdout] 11 |     Debug, Serialize, Deserialize, YaSerialize, YaDeserialize, PartialEq, Clone, Default, Eq,
[INFO] [stdout]    |                                                 ^^^^^^^^^^^^^
[INFO] [stdout]    |                                                 |
[INFO] [stdout]    |                                                 unreachable call
[INFO] [stdout]    |                                                 any code following this expression is unreachable
[INFO] [stdout]    |
[INFO] [stdout]    = note: this warning originates in the derive macro `YaDeserialize` (in Nightly builds, run with -Z macro-backtrace for more info)
[INFO] [stdout] 
[INFO] [stdout] 
[INFO] [stdout] warning: unreachable call
[INFO] [stdout]   --> src/source/sourcedescription.rs:15:54
[INFO] [stdout]    |
[INFO] [stdout] 15 | #[derive(Debug, Serialize, Deserialize, YaSerialize, YaDeserialize, PartialEq, Default, Clone)]
[INFO] [stdout]    |                                                      ^^^^^^^^^^^^^
[INFO] [stdout]    |                                                      |
[INFO] [stdout]    |                                                      unreachable call
[INFO] [stdout]    |                                                      any code following this expression is unreachable
[INFO] [stdout]    |
[INFO] [stdout]    = note: this warning originates in the derive macro `YaDeserialize` (in Nightly builds, run with -Z macro-backtrace for more info)
[INFO] [stdout] 
[INFO] [stdout] 
[INFO] [stderr]     Finished `release` profile [optimized] target(s) in 1m 50s
[INFO] running `Command { std: "docker" "inspect" "6c8b47c4b9647e47e9e799605eaffceed62e4b9d6518905d13151da2fe3cbfc3", kill_on_drop: false }`
[INFO] running `Command { std: "docker" "exec" "-e" "SOURCE_DIR=/opt/rustwide/workdir" "-e" "CARGO_HOME=/opt/rustwide/cargo-home" "-e" "RUSTUP_HOME=/opt/rustwide/rustup-home" "-e" "CARGO_TARGET_DIR=/opt/rustwide/target" "-e" "CARGO_INCREMENTAL=0" "-e" "RUST_BACKTRACE=full" "-e" "RUSTFLAGS=--cap-lints=warn" "-e" "RUSTDOCFLAGS=--cap-lints=warn" "-w" "/opt/rustwide/workdir" "--user" "0:0" "6c8b47c4b9647e47e9e799605eaffceed62e4b9d6518905d13151da2fe3cbfc3" "/opt/rustwide/cargo-home/bin/cargo" "+1.100.0-beta.1" "test" "--frozen" "--no-run" "--message-format=json" "--release", kill_on_drop: false }`
[INFO] [stderr]    Compiling anstream v1.0.0
[INFO] [stderr]    Compiling jiff v0.2.28
[INFO] [stderr]    Compiling yansi v1.0.1
[INFO] [stderr]    Compiling diff v0.1.13
[INFO] [stderr]    Compiling assert-json-diff v2.0.2
[INFO] [stderr]    Compiling quickcheck_macros v1.2.0
[INFO] [stderr]    Compiling pretty_assertions v1.4.1
[INFO] [stderr]    Compiling env_logger v0.11.10
[INFO] [stderr]    Compiling quickcheck v1.1.0
[INFO] [stderr]    Compiling gedcomx v0.1.8 (/opt/rustwide/workdir)
[INFO] [stdout] warning: unreachable call
[INFO] [stdout]  --> src/agent/address.rs:9:36
[INFO] [stdout]   |
[INFO] [stdout] 9 |     Debug, Serialize, YaSerialize, YaDeserialize, Deserialize, PartialEq, Eq, Clone, Default,
[INFO] [stdout]   |                                    ^^^^^^^^^^^^^
[INFO] [stdout]   |                                    |
[INFO] [stdout]   |                                    unreachable call
[INFO] [stdout]   |                                    any code following this expression is unreachable
[INFO] [stdout]   |
[INFO] [stdout]   = note: `#[warn(unreachable_code)]` (part of `#[warn(unused)]`) on by default
[INFO] [stdout]   = note: this warning originates in the derive macro `YaDeserialize` (in Nightly builds, run with -Z macro-backtrace for more info)
[INFO] [stdout] 
[INFO] [stdout] 
[INFO] [stdout] warning: unreachable call
[INFO] [stdout]  --> src/agent/onlineaccount.rs:9:49
[INFO] [stdout]   |
[INFO] [stdout] 9 |     Debug, Serialize, Deserialize, YaSerialize, YaDeserialize, PartialEq, Clone, Default, Eq,
[INFO] [stdout]   |                                                 ^^^^^^^^^^^^^
[INFO] [stdout]   |                                                 |
[INFO] [stdout]   |                                                 unreachable call
[INFO] [stdout]   |                                                 any code following this expression is unreachable
[INFO] [stdout]   |
[INFO] [stdout]   = note: this warning originates in the derive macro `YaDeserialize` (in Nightly builds, run with -Z macro-backtrace for more info)
[INFO] [stdout] 
[INFO] [stdout] 
[INFO] [stdout] warning: unreachable call
[INFO] [stdout]   --> src/common/attribution.rs:16:54
[INFO] [stdout]    |
[INFO] [stdout] 16 | #[derive(Debug, Serialize, Deserialize, YaSerialize, YaDeserialize, PartialEq, Clone, Default)]
[INFO] [stdout]    |                                                      ^^^^^^^^^^^^^
[INFO] [stdout]    |                                                      |
[INFO] [stdout]    |                                                      unreachable call
[INFO] [stdout]    |                                                      any code following this expression is unreachable
[INFO] [stdout]    |
[INFO] [stdout]    = note: this warning originates in the derive macro `YaDeserialize` (in Nightly builds, run with -Z macro-backtrace for more info)
[INFO] [stdout] 
[INFO] [stdout] 
[INFO] [stdout] warning: unreachable call
[INFO] [stdout]   --> src/common/note.rs:13:54
[INFO] [stdout]    |
[INFO] [stdout] 13 | #[derive(Debug, Serialize, Deserialize, YaSerialize, YaDeserialize, PartialEq, Clone, Default)]
[INFO] [stdout]    |                                                      ^^^^^^^^^^^^^
[INFO] [stdout]    |                                                      |
[INFO] [stdout]    |                                                      unreachable call
[INFO] [stdout]    |                                                      any code following this expression is unreachable
[INFO] [stdout]    |
[INFO] [stdout]    = note: this warning originates in the derive macro `YaDeserialize` (in Nightly builds, run with -Z macro-backtrace for more info)
[INFO] [stdout] 
[INFO] [stdout] 
[INFO] [stdout] warning: unreachable call
[INFO] [stdout]   --> src/common/qualifier.rs:12:49
[INFO] [stdout]    |
[INFO] [stdout] 12 |     Debug, Serialize, Deserialize, YaSerialize, YaDeserialize, PartialEq, Clone, Default, Eq,
[INFO] [stdout]    |                                                 ^^^^^^^^^^^^^
[INFO] [stdout]    |                                                 |
[INFO] [stdout]    |                                                 unreachable call
[INFO] [stdout]    |                                                 any code following this expression is unreachable
[INFO] [stdout]    |
[INFO] [stdout]    = note: this warning originates in the derive macro `YaDeserialize` (in Nightly builds, run with -Z macro-backtrace for more info)
[INFO] [stdout] 
[INFO] [stdout] 
[INFO] [stdout] warning: unreachable call
[INFO] [stdout]   --> src/common/textvalue.rs:11:49
[INFO] [stdout]    |
[INFO] [stdout] 11 |     Debug, Serialize, Deserialize, YaSerialize, YaDeserialize, PartialEq, Clone, Default, Eq,
[INFO] [stdout]    |                                                 ^^^^^^^^^^^^^
[INFO] [stdout]    |                                                 |
[INFO] [stdout]    |                                                 unreachable call
[INFO] [stdout]    |                                                 any code following this expression is unreachable
[INFO] [stdout]    |
[INFO] [stdout]    = note: this warning originates in the derive macro `YaDeserialize` (in Nightly builds, run with -Z macro-backtrace for more info)
[INFO] [stdout] 
[INFO] [stdout] 
[INFO] [stdout] warning: unreachable call
[INFO] [stdout]   --> src/conclusion/date.rs:11:49
[INFO] [stdout]    |
[INFO] [stdout] 11 |     Debug, Serialize, Deserialize, YaSerialize, YaDeserialize, PartialEq, Clone, Default, Eq,
[INFO] [stdout]    |                                                 ^^^^^^^^^^^^^
[INFO] [stdout]    |                                                 |
[INFO] [stdout]    |                                                 unreachable call
[INFO] [stdout]    |                                                 any code following this expression is unreachable
[INFO] [stdout]    |
[INFO] [stdout]    = note: this warning originates in the derive macro `YaDeserialize` (in Nightly builds, run with -Z macro-backtrace for more info)
[INFO] [stdout] 
[INFO] [stdout] 
[INFO] [stdout] warning: unreachable call
[INFO] [stdout]   --> src/conclusion/document.rs:16:54
[INFO] [stdout]    |
[INFO] [stdout] 16 | #[derive(Debug, Serialize, Deserialize, YaSerialize, YaDeserialize, PartialEq, Default, Clone)]
[INFO] [stdout]    |                                                      ^^^^^^^^^^^^^
[INFO] [stdout]    |                                                      |
[INFO] [stdout]    |                                                      unreachable call
[INFO] [stdout]    |                                                      any code following this expression is unreachable
[INFO] [stdout]    |
[INFO] [stdout]    = note: this warning originates in the derive macro `YaDeserialize` (in Nightly builds, run with -Z macro-backtrace for more info)
[INFO] [stdout] 
[INFO] [stdout] 
[INFO] [stdout] warning: unreachable call
[INFO] [stdout]   --> src/conclusion/eventrole.rs:15:54
[INFO] [stdout]    |
[INFO] [stdout] 15 | #[derive(Debug, Serialize, Deserialize, YaSerialize, YaDeserialize, PartialEq, Clone, Default)]
[INFO] [stdout]    |                                                      ^^^^^^^^^^^^^
[INFO] [stdout]    |                                                      |
[INFO] [stdout]    |                                                      unreachable call
[INFO] [stdout]    |                                                      any code following this expression is unreachable
[INFO] [stdout]    |
[INFO] [stdout]    = note: this warning originates in the derive macro `YaDeserialize` (in Nightly builds, run with -Z macro-backtrace for more info)
[INFO] [stdout] 
[INFO] [stdout] 
[INFO] [stdout] warning: unreachable call
[INFO] [stdout]   --> src/conclusion/fact.rs:53:54
[INFO] [stdout]    |
[INFO] [stdout] 53 | #[derive(Debug, Serialize, Deserialize, YaSerialize, YaDeserialize, PartialEq, Default, Clone)]
[INFO] [stdout]    |                                                      ^^^^^^^^^^^^^
[INFO] [stdout]    |                                                      |
[INFO] [stdout]    |                                                      unreachable call
[INFO] [stdout]    |                                                      any code following this expression is unreachable
[INFO] [stdout]    |
[INFO] [stdout]    = note: this warning originates in the derive macro `YaDeserialize` (in Nightly builds, run with -Z macro-backtrace for more info)
[INFO] [stdout] 
[INFO] [stdout] 
[INFO] [stdout] warning: unreachable call
[INFO] [stdout]   --> src/conclusion/grouprole.rs:15:54
[INFO] [stdout]    |
[INFO] [stdout] 15 | #[derive(Debug, Serialize, Deserialize, YaSerialize, YaDeserialize, PartialEq, Clone, Default)]
[INFO] [stdout]    |                                                      ^^^^^^^^^^^^^
[INFO] [stdout]    |                                                      |
[INFO] [stdout]    |                                                      unreachable call
[INFO] [stdout]    |                                                      any code following this expression is unreachable
[INFO] [stdout]    |
[INFO] [stdout]    = note: this warning originates in the derive macro `YaDeserialize` (in Nightly builds, run with -Z macro-backtrace for more info)
[INFO] [stdout] 
[INFO] [stdout] 
[INFO] [stdout] warning: unreachable call
[INFO] [stdout]  --> src/agent/address.rs:9:36
[INFO] [stdout]   |
[INFO] [stdout] 9 |     Debug, Serialize, YaSerialize, YaDeserialize, Deserialize, PartialEq, Eq, Clone, Default,
[INFO] [stdout]   |                                    ^^^^^^^^^^^^^
[INFO] [stdout]   |                                    |
[INFO] [stdout]   |                                    unreachable call
[INFO] [stdout]   |                                    any code following this expression is unreachable
[INFO] [stdout]   |
[INFO] [stdout]   = note: `#[warn(unreachable_code)]` (part of `#[warn(unused)]`) on by default
[INFO] [stdout]   = note: this warning originates in the derive macro `YaDeserialize` (in Nightly builds, run with -Z macro-backtrace for more info)
[INFO] [stdout] 
[INFO] [stdout] 
[INFO] [stdout] warning: unreachable call
[INFO] [stdout]    --> src/conclusion/name.rs:391:49
[INFO] [stdout]     |
[INFO] [stdout] 391 |     Debug, Serialize, Deserialize, YaSerialize, YaDeserialize, PartialEq, Clone, Default, Eq,
[INFO] [stdout]     |                                                 ^^^^^^^^^^^^^
[INFO] [stdout]     |                                                 |
[INFO] [stdout]     |                                                 unreachable call
[INFO] [stdout]     |                                                 any code following this expression is unreachable
[INFO] [stdout]     |
[INFO] [stdout]     = note: this warning originates in the derive macro `YaDeserialize` (in Nightly builds, run with -Z macro-backtrace for more info)
[INFO] [stdout] 
[INFO] [stdout] 
[INFO] [stdout] warning: unreachable call
[INFO] [stdout]    --> src/conclusion/name.rs:481:49
[INFO] [stdout]     |
[INFO] [stdout] 481 |     Debug, Serialize, Deserialize, YaSerialize, YaDeserialize, PartialEq, Clone, Default, Eq,
[INFO] [stdout]     |                                                 ^^^^^^^^^^^^^
[INFO] [stdout]     |                                                 |
[INFO] [stdout]     |                                                 unreachable call
[INFO] [stdout]     |                                                 any code following this expression is unreachable
[INFO] [stdout]     |
[INFO] [stdout]     = note: this warning originates in the derive macro `YaDeserialize` (in Nightly builds, run with -Z macro-backtrace for more info)
[INFO] [stdout] 
[INFO] [stdout] 
[INFO] [stdout] warning: unreachable call
[INFO] [stdout]  --> src/agent/onlineaccount.rs:9:49
[INFO] [stdout]   |
[INFO] [stdout] 9 |     Debug, Serialize, Deserialize, YaSerialize, YaDeserialize, PartialEq, Clone, Default, Eq,
[INFO] [stdout]   |                                                 ^^^^^^^^^^^^^
[INFO] [stdout]   |                                                 |
[INFO] [stdout]   |                                                 unreachable call
[INFO] [stdout]   |                                                 any code following this expression is unreachable
[INFO] [stdout]   |
[INFO] [stdout]   = note: this warning originates in the derive macro `YaDeserialize` (in Nightly builds, run with -Z macro-backtrace for more info)
[INFO] [stdout] 
[INFO] [stdout] 
[INFO] [stdout] warning: unreachable call
[INFO] [stdout]   --> src/common/attribution.rs:16:54
[INFO] [stdout]    |
[INFO] [stdout] 16 | #[derive(Debug, Serialize, Deserialize, YaSerialize, YaDeserialize, PartialEq, Clone, Default)]
[INFO] [stdout]    |                                                      ^^^^^^^^^^^^^
[INFO] [stdout]    |                                                      |
[INFO] [stdout]    |                                                      unreachable call
[INFO] [stdout]    |                                                      any code following this expression is unreachable
[INFO] [stdout]    |
[INFO] [stdout]    = note: this warning originates in the derive macro `YaDeserialize` (in Nightly builds, run with -Z macro-backtrace for more info)
[INFO] [stdout] 
[INFO] [stdout] 
[INFO] [stdout] warning: unreachable call
[INFO] [stdout]   --> src/conclusion/placereference.rs:13:49
[INFO] [stdout]    |
[INFO] [stdout] 13 |     Debug, Serialize, Deserialize, YaSerialize, YaDeserialize, PartialEq, Clone, Default, Eq,
[INFO] [stdout]    |                                                 ^^^^^^^^^^^^^
[INFO] [stdout]    |                                                 |
[INFO] [stdout]    |                                                 unreachable call
[INFO] [stdout]    |                                                 any code following this expression is unreachable
[INFO] [stdout]    |
[INFO] [stdout]    = note: this warning originates in the derive macro `YaDeserialize` (in Nightly builds, run with -Z macro-backtrace for more info)
[INFO] [stdout] 
[INFO] [stdout] 
[INFO] [stdout] warning: unreachable call
[INFO] [stdout]   --> src/common/note.rs:13:54
[INFO] [stdout]    |
[INFO] [stdout] 13 | #[derive(Debug, Serialize, Deserialize, YaSerialize, YaDeserialize, PartialEq, Clone, Default)]
[INFO] [stdout]    |                                                      ^^^^^^^^^^^^^
[INFO] [stdout]    |                                                      |
[INFO] [stdout]    |                                                      unreachable call
[INFO] [stdout]    |                                                      any code following this expression is unreachable
[INFO] [stdout]    |
[INFO] [stdout]    = note: this warning originates in the derive macro `YaDeserialize` (in Nightly builds, run with -Z macro-backtrace for more info)
[INFO] [stdout] 
[INFO] [stdout] 
[INFO] [stdout] warning: unreachable call
[INFO] [stdout]   --> src/common/qualifier.rs:12:49
[INFO] [stdout]    |
[INFO] [stdout] 12 |     Debug, Serialize, Deserialize, YaSerialize, YaDeserialize, PartialEq, Clone, Default, Eq,
[INFO] [stdout]    |                                                 ^^^^^^^^^^^^^
[INFO] [stdout]    |                                                 |
[INFO] [stdout]    |                                                 unreachable call
[INFO] [stdout]    |                                                 any code following this expression is unreachable
[INFO] [stdout]    |
[INFO] [stdout]    = note: this warning originates in the derive macro `YaDeserialize` (in Nightly builds, run with -Z macro-backtrace for more info)
[INFO] [stdout] 
[INFO] [stdout] 
[INFO] [stdout] warning: unreachable call
[INFO] [stdout]   --> src/common/textvalue.rs:11:49
[INFO] [stdout]    |
[INFO] [stdout] 11 |     Debug, Serialize, Deserialize, YaSerialize, YaDeserialize, PartialEq, Clone, Default, Eq,
[INFO] [stdout]    |                                                 ^^^^^^^^^^^^^
[INFO] [stdout]    |                                                 |
[INFO] [stdout]    |                                                 unreachable call
[INFO] [stdout]    |                                                 any code following this expression is unreachable
[INFO] [stdout]    |
[INFO] [stdout]    = note: this warning originates in the derive macro `YaDeserialize` (in Nightly builds, run with -Z macro-backtrace for more info)
[INFO] [stdout] 
[INFO] [stdout] 
[INFO] [stdout] warning: unreachable call
[INFO] [stdout]   --> src/conclusion/date.rs:11:49
[INFO] [stdout]    |
[INFO] [stdout] 11 |     Debug, Serialize, Deserialize, YaSerialize, YaDeserialize, PartialEq, Clone, Default, Eq,
[INFO] [stdout]    |                                                 ^^^^^^^^^^^^^
[INFO] [stdout]    |                                                 |
[INFO] [stdout]    |                                                 unreachable call
[INFO] [stdout]    |                                                 any code following this expression is unreachable
[INFO] [stdout]    |
[INFO] [stdout]    = note: this warning originates in the derive macro `YaDeserialize` (in Nightly builds, run with -Z macro-backtrace for more info)
[INFO] [stdout] 
[INFO] [stdout] 
[INFO] [stdout] warning: unreachable call
[INFO] [stdout]   --> src/source/sourcecitation.rs:11:49
[INFO] [stdout]    |
[INFO] [stdout] 11 |     Debug, Serialize, Deserialize, YaSerialize, YaDeserialize, PartialEq, Clone, Default, Eq,
[INFO] [stdout]    |                                                 ^^^^^^^^^^^^^
[INFO] [stdout]    |                                                 |
[INFO] [stdout]    |                                                 unreachable call
[INFO] [stdout]    |                                                 any code following this expression is unreachable
[INFO] [stdout]    |
[INFO] [stdout]    = note: this warning originates in the derive macro `YaDeserialize` (in Nightly builds, run with -Z macro-backtrace for more info)
[INFO] [stdout] 
[INFO] [stdout] 
[INFO] [stdout] warning: unreachable call
[INFO] [stdout]   --> src/conclusion/document.rs:16:54
[INFO] [stdout]    |
[INFO] [stdout] 16 | #[derive(Debug, Serialize, Deserialize, YaSerialize, YaDeserialize, PartialEq, Default, Clone)]
[INFO] [stdout]    |                                                      ^^^^^^^^^^^^^
[INFO] [stdout]    |                                                      |
[INFO] [stdout]    |                                                      unreachable call
[INFO] [stdout]    |                                                      any code following this expression is unreachable
[INFO] [stdout]    |
[INFO] [stdout]    = note: this warning originates in the derive macro `YaDeserialize` (in Nightly builds, run with -Z macro-backtrace for more info)
[INFO] [stdout] 
[INFO] [stdout] 
[INFO] [stdout] warning: unreachable call
[INFO] [stdout]   --> src/source/sourcedescription.rs:15:54
[INFO] [stdout]    |
[INFO] [stdout] 15 | #[derive(Debug, Serialize, Deserialize, YaSerialize, YaDeserialize, PartialEq, Default, Clone)]
[INFO] [stdout]    |                                                      ^^^^^^^^^^^^^
[INFO] [stdout]    |                                                      |
[INFO] [stdout]    |                                                      unreachable call
[INFO] [stdout]    |                                                      any code following this expression is unreachable
[INFO] [stdout]    |
[INFO] [stdout]    = note: this warning originates in the derive macro `YaDeserialize` (in Nightly builds, run with -Z macro-backtrace for more info)
[INFO] [stdout] 
[INFO] [stdout] 
[INFO] [stdout] warning: unreachable call
[INFO] [stdout]   --> src/conclusion/eventrole.rs:15:54
[INFO] [stdout]    |
[INFO] [stdout] 15 | #[derive(Debug, Serialize, Deserialize, YaSerialize, YaDeserialize, PartialEq, Clone, Default)]
[INFO] [stdout]    |                                                      ^^^^^^^^^^^^^
[INFO] [stdout]    |                                                      |
[INFO] [stdout]    |                                                      unreachable call
[INFO] [stdout]    |                                                      any code following this expression is unreachable
[INFO] [stdout]    |
[INFO] [stdout]    = note: this warning originates in the derive macro `YaDeserialize` (in Nightly builds, run with -Z macro-backtrace for more info)
[INFO] [stdout] 
[INFO] [stdout] 
[INFO] [stdout] warning: unreachable call
[INFO] [stdout]   --> src/conclusion/fact.rs:53:54
[INFO] [stdout]    |
[INFO] [stdout] 53 | #[derive(Debug, Serialize, Deserialize, YaSerialize, YaDeserialize, PartialEq, Default, Clone)]
[INFO] [stdout]    |                                                      ^^^^^^^^^^^^^
[INFO] [stdout]    |                                                      |
[INFO] [stdout]    |                                                      unreachable call
[INFO] [stdout]    |                                                      any code following this expression is unreachable
[INFO] [stdout]    |
[INFO] [stdout]    = note: this warning originates in the derive macro `YaDeserialize` (in Nightly builds, run with -Z macro-backtrace for more info)
[INFO] [stdout] 
[INFO] [stdout] 
[INFO] [stdout] warning: unreachable call
[INFO] [stdout]   --> src/conclusion/grouprole.rs:15:54
[INFO] [stdout]    |
[INFO] [stdout] 15 | #[derive(Debug, Serialize, Deserialize, YaSerialize, YaDeserialize, PartialEq, Clone, Default)]
[INFO] [stdout]    |                                                      ^^^^^^^^^^^^^
[INFO] [stdout]    |                                                      |
[INFO] [stdout]    |                                                      unreachable call
[INFO] [stdout]    |                                                      any code following this expression is unreachable
[INFO] [stdout]    |
[INFO] [stdout]    = note: this warning originates in the derive macro `YaDeserialize` (in Nightly builds, run with -Z macro-backtrace for more info)
[INFO] [stdout] 
[INFO] [stdout] 
[INFO] [stdout] warning: unreachable call
[INFO] [stdout]    --> src/conclusion/name.rs:391:49
[INFO] [stdout]     |
[INFO] [stdout] 391 |     Debug, Serialize, Deserialize, YaSerialize, YaDeserialize, PartialEq, Clone, Default, Eq,
[INFO] [stdout]     |                                                 ^^^^^^^^^^^^^
[INFO] [stdout]     |                                                 |
[INFO] [stdout]     |                                                 unreachable call
[INFO] [stdout]     |                                                 any code following this expression is unreachable
[INFO] [stdout]     |
[INFO] [stdout]     = note: this warning originates in the derive macro `YaDeserialize` (in Nightly builds, run with -Z macro-backtrace for more info)
[INFO] [stdout] 
[INFO] [stdout] 
[INFO] [stdout] warning: unreachable call
[INFO] [stdout]    --> src/conclusion/name.rs:481:49
[INFO] [stdout]     |
[INFO] [stdout] 481 |     Debug, Serialize, Deserialize, YaSerialize, YaDeserialize, PartialEq, Clone, Default, Eq,
[INFO] [stdout]     |                                                 ^^^^^^^^^^^^^
[INFO] [stdout]     |                                                 |
[INFO] [stdout]     |                                                 unreachable call
[INFO] [stdout]     |                                                 any code following this expression is unreachable
[INFO] [stdout]     |
[INFO] [stdout]     = note: this warning originates in the derive macro `YaDeserialize` (in Nightly builds, run with -Z macro-backtrace for more info)
[INFO] [stdout] 
[INFO] [stdout] 
[INFO] [stdout] warning: unreachable call
[INFO] [stdout]   --> src/conclusion/placereference.rs:13:49
[INFO] [stdout]    |
[INFO] [stdout] 13 |     Debug, Serialize, Deserialize, YaSerialize, YaDeserialize, PartialEq, Clone, Default, Eq,
[INFO] [stdout]    |                                                 ^^^^^^^^^^^^^
[INFO] [stdout]    |                                                 |
[INFO] [stdout]    |                                                 unreachable call
[INFO] [stdout]    |                                                 any code following this expression is unreachable
[INFO] [stdout]    |
[INFO] [stdout]    = note: this warning originates in the derive macro `YaDeserialize` (in Nightly builds, run with -Z macro-backtrace for more info)
[INFO] [stdout] 
[INFO] [stdout] 
[INFO] [stdout] warning: unreachable call
[INFO] [stdout]   --> src/source/sourcecitation.rs:11:49
[INFO] [stdout]    |
[INFO] [stdout] 11 |     Debug, Serialize, Deserialize, YaSerialize, YaDeserialize, PartialEq, Clone, Default, Eq,
[INFO] [stdout]    |                                                 ^^^^^^^^^^^^^
[INFO] [stdout]    |                                                 |
[INFO] [stdout]    |                                                 unreachable call
[INFO] [stdout]    |                                                 any code following this expression is unreachable
[INFO] [stdout]    |
[INFO] [stdout]    = note: this warning originates in the derive macro `YaDeserialize` (in Nightly builds, run with -Z macro-backtrace for more info)
[INFO] [stdout] 
[INFO] [stdout] 
[INFO] [stdout] warning: unreachable call
[INFO] [stdout]   --> src/source/sourcedescription.rs:15:54
[INFO] [stdout]    |
[INFO] [stdout] 15 | #[derive(Debug, Serialize, Deserialize, YaSerialize, YaDeserialize, PartialEq, Default, Clone)]
[INFO] [stdout]    |                                                      ^^^^^^^^^^^^^
[INFO] [stdout]    |                                                      |
[INFO] [stdout]    |                                                      unreachable call
[INFO] [stdout]    |                                                      any code following this expression is unreachable
[INFO] [stdout]    |
[INFO] [stdout]    = note: this warning originates in the derive macro `YaDeserialize` (in Nightly builds, run with -Z macro-backtrace for more info)
[INFO] [stdout] 
[INFO] [stdout] 
[INFO] [stderr]     Finished `release` profile [optimized] target(s) in 4m 56s
[INFO] running `Command { std: "docker" "inspect" "6c8b47c4b9647e47e9e799605eaffceed62e4b9d6518905d13151da2fe3cbfc3", kill_on_drop: false }`
[INFO] running `Command { std: "docker" "exec" "-e" "SOURCE_DIR=/opt/rustwide/workdir" "-e" "CARGO_HOME=/opt/rustwide/cargo-home" "-e" "RUSTUP_HOME=/opt/rustwide/rustup-home" "-e" "CARGO_TARGET_DIR=/opt/rustwide/target" "-e" "CARGO_INCREMENTAL=0" "-e" "RUST_BACKTRACE=full" "-e" "RUSTFLAGS=--cap-lints=warn" "-e" "RUSTDOCFLAGS=--cap-lints=warn" "-w" "/opt/rustwide/workdir" "--user" "0:0" "6c8b47c4b9647e47e9e799605eaffceed62e4b9d6518905d13151da2fe3cbfc3" "/opt/rustwide/cargo-home/bin/cargo" "+1.100.0-beta.1" "test" "--frozen" "--release", kill_on_drop: false }`
[INFO] [stderr] warning: unreachable call
[INFO] [stderr]  --> src/agent/address.rs:9:36
[INFO] [stderr]   |
[INFO] [stderr] 9 |     Debug, Serialize, YaSerialize, YaDeserialize, Deserialize, PartialEq, Eq, Clone, Default,
[INFO] [stderr]   |                                    ^^^^^^^^^^^^^
[INFO] [stderr]   |                                    |
[INFO] [stderr]   |                                    unreachable call
[INFO] [stderr]   |                                    any code following this expression is unreachable
[INFO] [stderr]   |
[INFO] [stderr]   = note: `#[warn(unreachable_code)]` (part of `#[warn(unused)]`) on by default
[INFO] [stderr]   = note: this warning originates in the derive macro `YaDeserialize` (in Nightly builds, run with -Z macro-backtrace for more info)
[INFO] [stderr] 
[INFO] [stderr] warning: unreachable call
[INFO] [stderr]  --> src/agent/onlineaccount.rs:9:49
[INFO] [stderr]   |
[INFO] [stderr] 9 |     Debug, Serialize, Deserialize, YaSerialize, YaDeserialize, PartialEq, Clone, Default, Eq,
[INFO] [stderr]   |                                                 ^^^^^^^^^^^^^
[INFO] [stderr]   |                                                 |
[INFO] [stderr]   |                                                 unreachable call
[INFO] [stderr]   |                                                 any code following this expression is unreachable
[INFO] [stderr]   |
[INFO] [stderr]   = note: this warning originates in the derive macro `YaDeserialize` (in Nightly builds, run with -Z macro-backtrace for more info)
[INFO] [stderr] 
[INFO] [stderr] warning: unreachable call
[INFO] [stderr]   --> src/common/attribution.rs:16:54
[INFO] [stderr]    |
[INFO] [stderr] 16 | #[derive(Debug, Serialize, Deserialize, YaSerialize, YaDeserialize, PartialEq, Clone, Default)]
[INFO] [stderr]    |                                                      ^^^^^^^^^^^^^
[INFO] [stderr]    |                                                      |
[INFO] [stderr]    |                                                      unreachable call
[INFO] [stderr]    |                                                      any code following this expression is unreachable
[INFO] [stderr]    |
[INFO] [stderr]    = note: this warning originates in the derive macro `YaDeserialize` (in Nightly builds, run with -Z macro-backtrace for more info)
[INFO] [stderr] 
[INFO] [stderr] warning: unreachable call
[INFO] [stderr]   --> src/common/note.rs:13:54
[INFO] [stderr]    |
[INFO] [stderr] 13 | #[derive(Debug, Serialize, Deserialize, YaSerialize, YaDeserialize, PartialEq, Clone, Default)]
[INFO] [stderr]    |                                                      ^^^^^^^^^^^^^
[INFO] [stderr]    |                                                      |
[INFO] [stderr]    |                                                      unreachable call
[INFO] [stderr]    |                                                      any code following this expression is unreachable
[INFO] [stderr]    |
[INFO] [stderr]    = note: this warning originates in the derive macro `YaDeserialize` (in Nightly builds, run with -Z macro-backtrace for more info)
[INFO] [stderr] 
[INFO] [stderr] warning: unreachable call
[INFO] [stderr]   --> src/common/qualifier.rs:12:49
[INFO] [stderr]    |
[INFO] [stderr] 12 |     Debug, Serialize, Deserialize, YaSerialize, YaDeserialize, PartialEq, Clone, Default, Eq,
[INFO] [stderr]    |                                                 ^^^^^^^^^^^^^
[INFO] [stderr]    |                                                 |
[INFO] [stderr]    |                                                 unreachable call
[INFO] [stderr]    |                                                 any code following this expression is unreachable
[INFO] [stderr]    |
[INFO] [stderr]    = note: this warning originates in the derive macro `YaDeserialize` (in Nightly builds, run with -Z macro-backtrace for more info)
[INFO] [stderr] 
[INFO] [stderr] warning: unreachable call
[INFO] [stderr]   --> src/common/textvalue.rs:11:49
[INFO] [stderr]    |
[INFO] [stderr] 11 |     Debug, Serialize, Deserialize, YaSerialize, YaDeserialize, PartialEq, Clone, Default, Eq,
[INFO] [stderr]    |                                                 ^^^^^^^^^^^^^
[INFO] [stderr]    |                                                 |
[INFO] [stderr]    |                                                 unreachable call
[INFO] [stderr]    |                                                 any code following this expression is unreachable
[INFO] [stderr]    |
[INFO] [stderr]    = note: this warning originates in the derive macro `YaDeserialize` (in Nightly builds, run with -Z macro-backtrace for more info)
[INFO] [stderr] 
[INFO] [stderr] warning: unreachable call
[INFO] [stderr]   --> src/conclusion/date.rs:11:49
[INFO] [stderr]    |
[INFO] [stderr] 11 |     Debug, Serialize, Deserialize, YaSerialize, YaDeserialize, PartialEq, Clone, Default, Eq,
[INFO] [stderr]    |                                                 ^^^^^^^^^^^^^
[INFO] [stderr]    |                                                 |
[INFO] [stderr]    |                                                 unreachable call
[INFO] [stderr]    |                                                 any code following this expression is unreachable
[INFO] [stderr]    |
[INFO] [stderr]    = note: this warning originates in the derive macro `YaDeserialize` (in Nightly builds, run with -Z macro-backtrace for more info)
[INFO] [stderr] 
[INFO] [stderr] warning: unreachable call
[INFO] [stderr]   --> src/conclusion/document.rs:16:54
[INFO] [stderr]    |
[INFO] [stderr] 16 | #[derive(Debug, Serialize, Deserialize, YaSerialize, YaDeserialize, PartialEq, Default, Clone)]
[INFO] [stderr]    |                                                      ^^^^^^^^^^^^^
[INFO] [stderr]    |                                                      |
[INFO] [stderr]    |                                                      unreachable call
[INFO] [stderr]    |                                                      any code following this expression is unreachable
[INFO] [stderr]    |
[INFO] [stderr]    = note: this warning originates in the derive macro `YaDeserialize` (in Nightly builds, run with -Z macro-backtrace for more info)
[INFO] [stderr] 
[INFO] [stderr] warning: unreachable call
[INFO] [stderr]   --> src/conclusion/eventrole.rs:15:54
[INFO] [stderr]    |
[INFO] [stderr] 15 | #[derive(Debug, Serialize, Deserialize, YaSerialize, YaDeserialize, PartialEq, Clone, Default)]
[INFO] [stderr]    |                                                      ^^^^^^^^^^^^^
[INFO] [stderr]    |                                                      |
[INFO] [stderr]    |                                                      unreachable call
[INFO] [stderr]    |                                                      any code following this expression is unreachable
[INFO] [stderr]    |
[INFO] [stderr]    = note: this warning originates in the derive macro `YaDeserialize` (in Nightly builds, run with -Z macro-backtrace for more info)
[INFO] [stderr] 
[INFO] [stderr] warning: unreachable call
[INFO] [stderr]   --> src/conclusion/fact.rs:53:54
[INFO] [stderr]    |
[INFO] [stderr] 53 | #[derive(Debug, Serialize, Deserialize, YaSerialize, YaDeserialize, PartialEq, Default, Clone)]
[INFO] [stderr]    |                                                      ^^^^^^^^^^^^^
[INFO] [stderr]    |                                                      |
[INFO] [stderr]    |                                                      unreachable call
[INFO] [stderr]    |                                                      any code following this expression is unreachable
[INFO] [stderr]    |
[INFO] [stderr]    = note: this warning originates in the derive macro `YaDeserialize` (in Nightly builds, run with -Z macro-backtrace for more info)
[INFO] [stderr] 
[INFO] [stderr] warning: unreachable call
[INFO] [stderr]   --> src/conclusion/grouprole.rs:15:54
[INFO] [stderr]    |
[INFO] [stderr] 15 | #[derive(Debug, Serialize, Deserialize, YaSerialize, YaDeserialize, PartialEq, Clone, Default)]
[INFO] [stderr]    |                                                      ^^^^^^^^^^^^^
[INFO] [stderr]    |                                                      |
[INFO] [stderr]    |                                                      unreachable call
[INFO] [stderr]    |                                                      any code following this expression is unreachable
[INFO] [stderr]    |
[INFO] [stderr]    = note: this warning originates in the derive macro `YaDeserialize` (in Nightly builds, run with -Z macro-backtrace for more info)
[INFO] [stderr] 
[INFO] [stderr] warning: unreachable call
[INFO] [stderr]    --> src/conclusion/name.rs:391:49
[INFO] [stderr]     |
[INFO] [stderr] 391 |     Debug, Serialize, Deserialize, YaSerialize, YaDeserialize, PartialEq, Clone, Default, Eq,
[INFO] [stderr]     |                                                 ^^^^^^^^^^^^^
[INFO] [stderr]     |                                                 |
[INFO] [stderr]     |                                                 unreachable call
[INFO] [stderr]     |                                                 any code following this expression is unreachable
[INFO] [stderr]     |
[INFO] [stderr]     = note: this warning originates in the derive macro `YaDeserialize` (in Nightly builds, run with -Z macro-backtrace for more info)
[INFO] [stderr] 
[INFO] [stderr] warning: unreachable call
[INFO] [stderr]    --> src/conclusion/name.rs:481:49
[INFO] [stderr]     |
[INFO] [stderr] 481 |     Debug, Serialize, Deserialize, YaSerialize, YaDeserialize, PartialEq, Clone, Default, Eq,
[INFO] [stderr]     |                                                 ^^^^^^^^^^^^^
[INFO] [stderr]     |                                                 |
[INFO] [stderr]     |                                                 unreachable call
[INFO] [stderr]     |                                                 any code following this expression is unreachable
[INFO] [stderr]     |
[INFO] [stderr]     = note: this warning originates in the derive macro `YaDeserialize` (in Nightly builds, run with -Z macro-backtrace for more info)
[INFO] [stderr] 
[INFO] [stderr] warning: unreachable call
[INFO] [stderr]   --> src/conclusion/placereference.rs:13:49
[INFO] [stderr]    |
[INFO] [stderr] 13 |     Debug, Serialize, Deserialize, YaSerialize, YaDeserialize, PartialEq, Clone, Default, Eq,
[INFO] [stderr]    |                                                 ^^^^^^^^^^^^^
[INFO] [stderr]    |                                                 |
[INFO] [stderr]    |                                                 unreachable call
[INFO] [stderr]    |                                                 any code following this expression is unreachable
[INFO] [stderr]    |
[INFO] [stderr]    = note: this warning originates in the derive macro `YaDeserialize` (in Nightly builds, run with -Z macro-backtrace for more info)
[INFO] [stderr] 
[INFO] [stderr] warning: unreachable call
[INFO] [stderr]   --> src/source/sourcecitation.rs:11:49
[INFO] [stderr]    |
[INFO] [stderr] 11 |     Debug, Serialize, Deserialize, YaSerialize, YaDeserialize, PartialEq, Clone, Default, Eq,
[INFO] [stderr]    |                                                 ^^^^^^^^^^^^^
[INFO] [stderr]    |                                                 |
[INFO] [stderr]    |                                                 unreachable call
[INFO] [stderr]    |                                                 any code following this expression is unreachable
[INFO] [stderr]    |
[INFO] [stderr]    = note: this warning originates in the derive macro `YaDeserialize` (in Nightly builds, run with -Z macro-backtrace for more info)
[INFO] [stderr] 
[INFO] [stderr] warning: unreachable call
[INFO] [stderr]   --> src/source/sourcedescription.rs:15:54
[INFO] [stderr]    |
[INFO] [stderr] 15 | #[derive(Debug, Serialize, Deserialize, YaSerialize, YaDeserialize, PartialEq, Default, Clone)]
[INFO] [stderr]    |                                                      ^^^^^^^^^^^^^
[INFO] [stderr]    |                                                      |
[INFO] [stderr]    |                                                      unreachable call
[INFO] [stderr]    |                                                      any code following this expression is unreachable
[INFO] [stderr]    |
[INFO] [stderr]    = note: this warning originates in the derive macro `YaDeserialize` (in Nightly builds, run with -Z macro-backtrace for more info)
[INFO] [stderr] 
[INFO] [stderr] warning: `gedcomx` (lib) generated 16 warnings
[INFO] [stderr] warning: `gedcomx` (lib test) generated 16 warnings (16 duplicates)
[INFO] [stderr]     Finished `release` profile [optimized] target(s) in 0.18s
[INFO] [stderr]      Running unittests src/lib.rs (/opt/rustwide/target/release/build/gedcomx/545b91341626f471/out/gedcomx-545b91341626f471)
[INFO] [stdout] 
[INFO] [stdout] running 238 tests
[INFO] [stdout] test agent::address::test::json_deserialize ... ok
[INFO] [stdout] test agent::address::test::xml_serialize ... ok
[INFO] [stdout] test agent::address::test::json_deserialize_optional_fields ... ok
[INFO] [stdout] test agent::address::test::json_serialize ... ok
[INFO] [stdout] test agent::agent::test::builder ... ok
[INFO] [stdout] test agent::address::test::builder ... ok
[INFO] [stdout] test agent::address::test::xml_deserialize ... ok
[INFO] [stdout] test agent::address::test::json_serialize_optional_fields ... ok
[INFO] [stdout] test agent::agent::test::builder_fails_correctly ... ok
[INFO] [stdout] test agent::agent::test::xml_deserialize ... ok
[INFO] [stdout] test agent::agent::test::xml_serialize ... ok
[INFO] [stdout] test agent::agent::test::json_deserialize ... ok
[INFO] [stdout] test agent::onlineaccount::test::json_deserialize ... ok
[INFO] [stdout] test agent::onlineaccount::test::json_serialize ... ok
[INFO] [stdout] test agent::onlineaccount::test::roundtrip_json ... ok
[INFO] [stdout] test agent::agent::test::json_serialize ... ok
[INFO] [stdout] test agent::onlineaccount::test::xml_deserialize ... ok
[INFO] [stdout] test agent::onlineaccount::test::xml_serialize ... ok
[INFO] [stdout] test common::attribution::test::builder ... ok
[INFO] [stdout] test common::attribution::test::builder_fails_correctly ... ok
[INFO] [stdout] test agent::onlineaccount::test::roundtrip_xml ... ok
[INFO] [stdout] test common::attribution::test::json_serialize_optional_fields ... ok
[INFO] [stdout] test common::attribution::test::roundtrip_json ... ok
[INFO] [stdout] test agent::address::test::roundtrip_json ... ok
[INFO] [stdout] test common::attribution::test::json_deserialize_optional_fields ... ok
[INFO] [stdout] test common::attribution::test::json_serialize ... ok
[INFO] [stdout] test common::attribution::test::json_deserialize ... ok
[INFO] [stdout] test agent::agent::test::roundtrip_json ... ok
[INFO] [stdout] test common::attribution::test::xml_serialize_optional_fields ... ok
[INFO] [stdout] test common::attribution::test::xml_serialize ... ok
[INFO] [stdout] test common::evidencereference::test::json_deserialize_optional_fields ... ok
[INFO] [stdout] test common::evidencereference::test::json_serialize ... ok
[INFO] [stdout] test common::attribution::test::xml_deserialize ... ok
[INFO] [stdout] test common::attribution::test::xml_deserialize_optional_fields ... ok
[INFO] [stdout] test common::evidencereference::test::json_deserialize ... ok
[INFO] [stdout] test common::evidencereference::test::json_serialize_optional_fields ... ok
[INFO] [stdout] test common::evidencereference::test::xml_deserialize_optional_fields ... ok
[INFO] [stdout] test common::evidencereference::test::roundtrip_json ... ok
[INFO] [stdout] test common::evidencereference::test::xml_deserialize ... ok
[INFO] [stdout] test common::evidencereference::test::xml_serialize ... ok
[INFO] [stdout] test common::evidencereference::test::xml_serialize_optional_fields ... ok
[INFO] [stdout] test common::gedcomxdate::test::roundtrip_range ... ok
[INFO] [stdout] test common::gedcomxdate::test::roundtrip_simple_approximate ... ok
[INFO] [stdout] test common::gedcomxdate::test::roundtrip_simple_month ... ok
[INFO] [stdout] test common::gedcomxdate::test::roundtrip_recurring ... ok
[INFO] [stdout] test common::gedcomxdate::test::roundtrip_simple_day ... ok
[INFO] [stdout] test common::gedcomxdate::test::roundtrip_simple_minutes ... ok
[INFO] [stdout] test common::gedcomxdate::test::roundtrip_simple_seconds ... ok
[INFO] [stdout] test common::gedcomxdate::test::roundtrip_simple_timezones ... ok
[INFO] [stdout] test common::gedcomxdate::test::roundtrip_simple_year ... ok
[INFO] [stdout] test common::note::test::builder ... ok
[INFO] [stdout] test common::note::test::json_serialize ... ok
[INFO] [stdout] test common::note::test::json_serialize_optional_fields ... ok
[INFO] [stdout] test common::note::test::json_deserialize ... ok
[INFO] [stdout] test common::note::test::json_deserialize_optional_fields ... ok
[INFO] [stdout] test common::note::test::roundtrip_json ... ok
[INFO] [stdout] test common::qualifier::test::json_deserialize ... ok
[INFO] [stdout] test common::qualifier::test::json_deserialize_optional_fields ... ok
[INFO] [stdout] test common::attribution::test::roundtrip_xml ... ok
[INFO] [stdout] test common::qualifier::test::json_serialize ... ok
[INFO] [stdout] test common::qualifier::test::json_serialize_optional_fields ... ok
[INFO] [stdout] test common::note::test::xml_deserialize ... ok
[INFO] [stdout] test common::note::test::xml_serialize ... ok
[INFO] [stdout] test common::qualifier::test::xml_serialize ... ok
[INFO] [stdout] test common::resourcereference::test::from_agent ... ok
[INFO] [stdout] test common::resourcereference::test::from_agent_no_id ... ok
[INFO] [stdout] test common::resourcereference::test::from_document ... ok
[INFO] [stdout] test common::resourcereference::test::from_document_no_id ... ok
[INFO] [stdout] test common::resourcereference::test::from_document_no_type ... ok
[INFO] [stdout] test common::resourcereference::test::from_document_wrong_type ... ok
[INFO] [stdout] test common::resourcereference::test::from_document_wrong_type_no_id ... ok
[INFO] [stdout] test common::qualifier::test::xml_deserialize ... ok
[INFO] [stdout] test common::resourcereference::test::from_person ... ok
[INFO] [stdout] test common::resourcereference::test::from_person_no_id ... ok
[INFO] [stdout] test common::textvalue::test::json_deserialize ... ok
[INFO] [stdout] test common::textvalue::test::json_deserialize_optional_fields ... ok
[INFO] [stdout] test common::textvalue::test::json_serialize ... ok
[INFO] [stdout] test common::qualifier::test::roundtrip_json ... ok
[INFO] [stdout] test common::textvalue::test::roundtrip_json ... ok
[INFO] [stdout] test common::textvalue::test::json_serialize_optional_fields ... ok
[INFO] [stdout] test common::qualifier::test::roundtrip_xml ... ok
[INFO] [stdout] test common::textvalue::test::xml_deserialize ... ok
[INFO] [stdout] test common::textvalue::test::xml_serialize ... ok
[INFO] [stdout] test common::timestamp::test::json_deserialize ... ok
[INFO] [stdout] test common::timestamp::test::json_serialize ... ok
[INFO] [stdout] test common::timestamp::test::roundtrip_json ... ok
[INFO] [stdout] test common::timestamp::test::xml_serialize ... ok
[INFO] [stdout] test common::timestamp::test::xml_deserialize ... ok
[INFO] [stdout] test common::textvalue::test::roundtrip_xml ... ok
[INFO] [stdout] test common::uri::test::from_place_description_no_id ... ok
[INFO] [stdout] test common::evidencereference::test::roundtrip_xml ... ok
[INFO] [stdout] test conclusion::confidencelevel::test::deserialize ... ok
[INFO] [stdout] test conclusion::confidencelevel::test::deserialize_custom ... ok
[INFO] [stdout] test conclusion::confidencelevel::test::roundtrip_json ... ok
[INFO] [stdout] test conclusion::confidencelevel::test::roundtrip_to_string ... ok
[INFO] [stdout] test conclusion::confidencelevel::test::roundtrip_to_string_custom ... ok
[INFO] [stdout] test common::uri::test::from_id ... ok
[INFO] [stdout] test common::uri::test::from_source_description ... ok
[INFO] [stdout] test conclusion::confidencelevel::test::serialize ... ok
[INFO] [stdout] test common::uri::test::from_place_description ... ok
[INFO] [stdout] test common::uri::test::from_source_description_no_id ... ok
[INFO] [stdout] test common::note::test::roundtrip_xml ... ok
[INFO] [stdout] test conclusion::date::test::json_deserialize ... ok
[INFO] [stdout] test conclusion::confidencelevel::test::serialize_custom ... ok
[INFO] [stdout] test conclusion::date::test::json_deserialize_optional_fields ... ok
[INFO] [stdout] test conclusion::date::test::roundtrip_json ... ok
[INFO] [stdout] test conclusion::date::test::xml_deserialize_optional_fields ... ok
[INFO] [stdout] test conclusion::date::test::json_serialize ... ok
[INFO] [stdout] test conclusion::date::test::xml_serialize ... ok
[INFO] [stdout] test conclusion::document::test::json_deserialize ... ok
[INFO] [stdout] test conclusion::document::test::json_serialize ... ok
[INFO] [stdout] test conclusion::date::test::json_serialize_optional_fields ... ok
[INFO] [stdout] test conclusion::date::test::xml_deserialize ... ok
[INFO] [stdout] test conclusion::date::test::xml_serialize_optional_fields ... ok
[INFO] [stdout] test conclusion::date::test::roundtrip_xml ... ok
[INFO] [stdout] test conclusion::document::test::xml_serialize ... ok
[INFO] [stdout] test conclusion::document::test::xml_deserialize ... ok
[INFO] [stdout] test conclusion::event::test::json_serialize ... ok
[INFO] [stdout] test conclusion::event::test::json_deserialize ... ok
[INFO] [stdout] test conclusion::event::test::xml_deserialize ... ok
[INFO] [stdout] test conclusion::eventrole::test::json_deserialize ... ok
[INFO] [stdout] test conclusion::eventrole::test::json_deserialize_optional_fields ... ok
[INFO] [stdout] test conclusion::eventrole::test::json_serialize ... ok
[INFO] [stdout] test conclusion::event::test::xml_serialize ... ok
[INFO] [stdout] test conclusion::eventrole::test::json_serialize_optional_fields ... ok
[INFO] [stdout] test agent::address::test::roundtrip_xml ... ok
[INFO] [stdout] test conclusion::eventrole::test::xml_deserialize ... ok
[INFO] [stdout] test conclusion::eventrole::test::xml_serialize ... ok
[INFO] [stdout] test conclusion::fact::test::json_deserialize ... ok
[INFO] [stdout] test conclusion::fact::test::json_deserialize_custom_fact_type ... ok
[INFO] [stdout] test conclusion::fact::test::json_deserialize_optional_fields ... ok
[INFO] [stdout] test conclusion::fact::test::json_serialize ... ok
[INFO] [stdout] test conclusion::fact::test::json_serialize_custom_fact_type ... ok
[INFO] [stdout] test conclusion::document::test::roundtrip_json ... ok
[INFO] [stdout] test conclusion::fact::test::json_serialize_optional_fields ... ok
[INFO] [stdout] test conclusion::eventrole::test::roundtrip_json ... ok
[INFO] [stdout] test conclusion::fact::test::xml_deserialize ... ok
[INFO] [stdout] test conclusion::fact::test::xml_serialize ... ok
[INFO] [stdout] test conclusion::gender::test::json_deserialize ... ok
[INFO] [stdout] test conclusion::gender::test::json_serialize ... ok
[INFO] [stdout] test conclusion::fact::test::roundtrip_json ... ok
[INFO] [stdout] test conclusion::gender::test::roundtrip_json ... ok
[INFO] [stdout] test agent::agent::test::roundtrip_xml ... ok
[INFO] [stdout] test conclusion::gender::test::xml_deserialize ... ok
[INFO] [stdout] test conclusion::group::test::json_deserialize ... ok
[INFO] [stdout] test conclusion::group::test::json_serialize ... ok
[INFO] [stdout] test conclusion::gender::test::xml_serialize ... ok
[INFO] [stdout] test conclusion::gender::test::roundtrip_xml ... ok
[INFO] [stdout] test conclusion::group::test::xml_deserialize ... ok
[INFO] [stdout] test conclusion::group::test::xml_serialize ... ok
[INFO] [stdout] test conclusion::grouprole::test::json_deserialize ... ok
[INFO] [stdout] test conclusion::grouprole::test::json_deserialize_optional_fields ... ok
[INFO] [stdout] test conclusion::grouprole::test::json_serialize ... ok
[INFO] [stdout] test conclusion::event::test::roundtrip_json ... ok
[INFO] [stdout] test conclusion::grouprole::test::json_serialize_optional_fields ... ok
[INFO] [stdout] test conclusion::document::test::roundtrip_xml ... ok
[INFO] [stdout] test conclusion::group::test::roundtrip_json ... ok
[INFO] [stdout] test conclusion::eventrole::test::roundtrip_xml ... ok
[INFO] [stdout] test conclusion::grouprole::test::xml_deserialize ... ok
[INFO] [stdout] test conclusion::grouprole::test::xml_serialize ... ok
[INFO] [stdout] test conclusion::identifier::test::json_deserialize ... ok
[INFO] [stdout] test conclusion::identifier::test::xml_serialize ... ok
[INFO] [stdout] test conclusion::identifier::test::xml_deserialize ... ok
[INFO] [stdout] test conclusion::identifier::test::json_serialize ... ok
[INFO] [stdout] test conclusion::name::test::json_deserialize ... ok
[INFO] [stdout] test conclusion::name::test::json_serialize ... ok
[INFO] [stdout] test conclusion::fact::test::roundtrip_xml ... ok
[INFO] [stdout] test conclusion::name::test::json_deserialize_optional_fields ... ok
[INFO] [stdout] test conclusion::name::test::json_serialize_optional_fields ... ok
[INFO] [stdout] test conclusion::name::test::name_part_qualifier_to_qualifier ... ok
[INFO] [stdout] test conclusion::name::test::xml_deserialize ... ok
[INFO] [stdout] test conclusion::name::test::xml_serialize ... ok
[INFO] [stdout] test conclusion::person::test::json_deserialize ... ok
[INFO] [stdout] test conclusion::person::test::json_serialize ... ok
[INFO] [stdout] test conclusion::name::test::roundtrip_json ... ok
[INFO] [stdout] test conclusion::person::test::xml_deserialize ... ok
[INFO] [stdout] test conclusion::person::test::xml_serialize ... ok
[INFO] [stdout] test conclusion::placedescription::test::json_deserialize ... ok
[INFO] [stdout] test conclusion::placedescription::test::json_serialize ... ok
[INFO] [stdout] test conclusion::placedescription::test::roundtrip_json ... ok
[INFO] [stdout] test conclusion::grouprole::test::roundtrip_json ... ok
[INFO] [stdout] test conclusion::placedescription::test::xml_deserialize ... ok
[INFO] [stdout] test conclusion::placedescription::test::xml_serialize ... ok
[INFO] [stdout] test conclusion::placereference::test::json_deserialize ... ok
[INFO] [stdout] test conclusion::placereference::test::json_deserialize_optional_fields ... ok
[INFO] [stdout] test conclusion::placereference::test::json_serialize ... ok
[INFO] [stdout] test conclusion::placereference::test::json_serialize_optional_fields ... ok
[INFO] [stdout] test conclusion::placereference::test::roundtrip_json ... ok
[INFO] [stdout] test conclusion::placereference::test::roundtrip_xml ... ok
[INFO] [stdout] test conclusion::placereference::test::xml_deserialize ... ok
[INFO] [stdout] test conclusion::placereference::test::xml_serialize ... ok
[INFO] [stdout] test conclusion::relationship::test::json_deserialize ... ok
[INFO] [stdout] test conclusion::relationship::test::json_serialize ... ok
[INFO] [stdout] test conclusion::person::test::roundtrip_json ... ok
[INFO] [stdout] test conclusion::name::test::roundtrip_xml ... ok
[INFO] [stdout] test conclusion::relationship::test::xml_deserialize ... ok
[INFO] [stdout] test conclusion::relationship::test::xml_serialize ... ok
[INFO] [stdout] test gedcomx::test::json_deserialize ... ok
[INFO] [stdout] test gedcomx::test::json_serialize ... ok
[INFO] [stdout] test conclusion::event::test::roundtrip_xml ... ok
[INFO] [stdout] test conclusion::relationship::test::roundtrip_json ... ok
[INFO] [stdout] test gedcomx::test::xml_deserialize ... ok
[INFO] [stdout] test gedcomx::test::xml_serialize ... ok
[INFO] [stdout] test source::coverage::test::json_deserialize ... ok
[INFO] [stdout] test source::coverage::test::json_serialize ... ok
[INFO] [stdout] test source::coverage::test::roundtrip_json ... ok
[INFO] [stdout] test source::coverage::test::roundtrip_xml ... ok
[INFO] [stdout] test conclusion::grouprole::test::roundtrip_xml ... ok
[INFO] [stdout] test source::coverage::test::xml_serialize ... ok
[INFO] [stdout] test source::sourcecitation::test::json_deserialize ... ok
[INFO] [stdout] test source::sourcecitation::test::json_deserialize_optional_fields ... ok
[INFO] [stdout] test source::sourcecitation::test::json_serialize ... ok
[INFO] [stdout] test source::sourcecitation::test::json_serialize_optional_fields ... ok
[INFO] [stdout] test source::coverage::test::xml_deserialize ... ok
[INFO] [stdout] test source::sourcecitation::test::roundtrip_json ... ok
[INFO] [stdout] test source::sourcecitation::test::xml_deserialize ... ok
[INFO] [stdout] test source::sourcecitation::test::xml_serialize ... ok
[INFO] [stdout] test source::sourcedescription::test::json_deserialize ... ok
[INFO] [stdout] test source::sourcedescription::test::json_serialize ... ok
[INFO] [stdout] test source::sourcecitation::test::roundtrip_xml ... ok
[INFO] [stdout] test conclusion::placedescription::test::roundtrip_xml ... ok
[INFO] [stdout] test source::sourcedescription::test::xml_deserialize ... ok
[INFO] [stdout] test source::sourcedescription::test::xml_serialize ... ok
[INFO] [stdout] test source::sourcereference::test::json_deserialize ... ok
[INFO] [stdout] test source::sourcereference::test::json_deserialize_optional_fields ... ok
[INFO] [stdout] test source::sourcereference::test::json_serialize ... ok
[INFO] [stdout] test source::sourcereference::test::json_serialize_optional_fields ... ok
[INFO] [stdout] test source::sourcereference::test::roundtrip_json ... ok
[INFO] [stdout] test source::sourcedescription::test::roundtrip_json ... ok
[INFO] [stdout] test source::sourcereference::test::xml_deserialize ... ok
[INFO] [stdout] test source::sourcereference::test::roundtrip_xml ... ok
[INFO] [stdout] test source::sourcereference::test::xml_serialize ... ok
[INFO] [stdout] test conclusion::group::test::roundtrip_xml ... ok
[INFO] [stdout] test source::sourcedescription::test::roundtrip_xml ... ok
[INFO] [stdout] test conclusion::relationship::test::roundtrip_xml ... ok
[INFO] [stdout] test conclusion::person::test::roundtrip_xml ... ok
[INFO] [stdout] test gedcomx::test::roundtrip_json ... ok
[INFO] [stdout] test gedcomx::test::roundtrip_xml ... ok
[INFO] [stdout] 
[INFO] [stdout] test result: ok. 238 passed; 0 failed; 0 ignored; 0 measured; 0 filtered out; finished in 2.85s
[INFO] [stdout] 
[INFO] [stderr]      Running tests/birth_test.rs (/opt/rustwide/target/release/build/gedcomx/acdb7cf4898d975d/out/birth_test-acdb7cf4898d975d)
[INFO] [stdout] 
[INFO] [stdout] running 1 test
[INFO] [stdout] test test_deserialize_serialize ... FAILED
[INFO] [stdout] 
[INFO] [stdout] failures:
[INFO] [stdout] 
[INFO] [stdout] ---- test_deserialize_serialize stdout ----
[INFO] [stdout] 
[INFO] [stdout] thread 'test_deserialize_serialize' (1659) panicked at tests/common/mod.rs:9:67:
[INFO] [stdout] called `Result::unwrap()` on an `Err` value: Os { code: 2, kind: NotFound, message: "No such file or directory" }
[INFO] [stdout] stack backtrace:
[INFO] [stdout]    0:     0x5f211ab5f8e1 - <<std[617be2ca0a6fd877]::sys::backtrace::BacktraceLock>::print::DisplayBacktrace as core[a373ad73a504971]::fmt::Display>::fmt
[INFO] [stdout]    1:     0x5f211ab7723a - core[a373ad73a504971]::fmt::write
[INFO] [stdout]    2:     0x5f211ab6522c - <alloc[2e1b2a31b91974c5]::vec::Vec<u8> as core[a373ad73a504971]::io::write::Write>::write_fmt
[INFO] [stdout]    3:     0x5f211ab3b9e6 - std[617be2ca0a6fd877]::panicking::default_hook::{closure#0}
[INFO] [stdout]    4:     0x5f211ab57c19 - std[617be2ca0a6fd877]::panicking::default_hook
[INFO] [stdout]    5:     0x5f211a9c0340 - test[aada8e7e76ba119b]::test_main_inner::{closure#0}
[INFO] [stdout]    6:     0x5f211ab57dd2 - std[617be2ca0a6fd877]::panicking::panic_with_hook
[INFO] [stdout]    7:     0x5f211ab3ba92 - std[617be2ca0a6fd877]::panicking::panic_handler::{closure#0}
[INFO] [stdout]    8:     0x5f211ab34619 - std[617be2ca0a6fd877]::sys::backtrace::__rust_end_short_backtrace::<std[617be2ca0a6fd877]::panicking::panic_handler::{closure#0}, !>
[INFO] [stdout]    9:     0x5f211ab3c69d - __rustc[ea4f61d10b84890b]::rust_begin_unwind
[INFO] [stdout]   10:     0x5f211ab77a1c - core[a373ad73a504971]::panicking::panic_fmt
[INFO] [stdout]   11:     0x5f211ab777f2 - core[a373ad73a504971]::result::unwrap_failed
[INFO] [stdout]   12:     0x5f211a957a54 - birth_test[54dd0f262b54cf5e]::common::assert_matching_json
[INFO] [stdout]   13:     0x5f211a91bd4e - <birth_test[54dd0f262b54cf5e]::test_deserialize_serialize::{closure#0} as core[a373ad73a504971]::ops::function::FnOnce<()>>::call_once
[INFO] [stdout]   14:     0x5f211a9b378b - test[aada8e7e76ba119b]::__rust_begin_short_backtrace::<core[a373ad73a504971]::result::Result<(), alloc[2e1b2a31b91974c5]::string::String>, fn() -> core[a373ad73a504971]::result::Result<(), alloc[2e1b2a31b91974c5]::string::String>>
[INFO] [stdout]   15:     0x5f211a9c0965 - test[aada8e7e76ba119b]::run_test::{closure#0}
[INFO] [stdout]   16:     0x5f211a9ba254 - std[617be2ca0a6fd877]::sys::backtrace::__rust_begin_short_backtrace::<test[aada8e7e76ba119b]::run_test::{closure#1}, ()>
[INFO] [stdout]   17:     0x5f211a9c39f2 - <std[617be2ca0a6fd877]::thread::lifecycle::spawn_unchecked<test[aada8e7e76ba119b]::run_test::{closure#1}, ()>::{closure#1} as core[a373ad73a504971]::ops::function::FnOnce<()>>::call_once::{shim:vtable#0}
[INFO] [stdout]   18:     0x5f211ab5eddf - <std[617be2ca0a6fd877]::sys::thread::unix::Thread>::new::thread_start
[INFO] [stdout]   19:     0x7a1573bcedfa - <unknown>
[INFO] [stdout]   20:     0x7a1573c623d4 - clone
[INFO] [stdout]   21:                0x0 - <unknown>
[INFO] [stdout] 
[INFO] [stdout] 
[INFO] [stdout] failures:
[INFO] [stdout]     test_deserialize_serialize
[INFO] [stdout] 
[INFO] [stdout] test result: FAILED. 0 passed; 1 failed; 0 ignored; 0 measured; 0 filtered out; finished in 0.00s
[INFO] [stdout] 
[INFO] [stderr] error: test failed, to rerun pass `--test birth_test`
[INFO] running `Command { std: "docker" "inspect" "6c8b47c4b9647e47e9e799605eaffceed62e4b9d6518905d13151da2fe3cbfc3", kill_on_drop: false }`
[INFO] running `Command { std: "docker" "rm" "-f" "6c8b47c4b9647e47e9e799605eaffceed62e4b9d6518905d13151da2fe3cbfc3", kill_on_drop: false }`
[INFO] [stdout] 6c8b47c4b9647e47e9e799605eaffceed62e4b9d6518905d13151da2fe3cbfc3
