[INFO] fetching crate gdk4-sys 0.11.5...
[INFO] testing gdk4-sys-0.11.5 against 1.100.0-beta.1+cargoflags=--release for beta-release-1.100-2
[INFO] extracting crate gdk4-sys 0.11.5 into /workspace/builds/worker-4-tc2/source
[INFO] started tweaking crates.io crate gdk4-sys 0.11.5
[INFO] removed 0 missing tests
[INFO] finished tweaking crates.io crate gdk4-sys 0.11.5
[INFO] tweaked toml for crates.io crate gdk4-sys 0.11.5 written to /workspace/builds/worker-4-tc2/source/Cargo.toml
[INFO] validating manifest of crates.io crate gdk4-sys 0.11.5 on toolchain 1.100.0-beta.1
[INFO] running `Command { std: CARGO_HOME="/workspace/cargo-home" RUSTUP_HOME="/workspace/rustup-home" "/workspace/cargo-home/bin/cargo" "+1.100.0-beta.1" "metadata" "--manifest-path" "Cargo.toml" "--no-deps", kill_on_drop: false }`
[INFO] crate crates.io crate gdk4-sys 0.11.5 already has a lockfile, it will not be regenerated
[INFO] running `Command { std: CARGO_HOME="/workspace/cargo-home" RUSTUP_HOME="/workspace/rustup-home" "/workspace/cargo-home/bin/cargo" "+1.100.0-beta.1" "fetch" "--manifest-path" "Cargo.toml", kill_on_drop: false }`
[INFO] running `Command { std: "docker" "create" "-v" "/var/lib/crater-agent-workspace/builds/worker-4-tc2/source:/opt/rustwide/workdir:ro,Z" "-v" "/var/lib/crater-agent-workspace/builds/worker-4-tc2/target:/opt/rustwide/target:rw,Z" "-v" "/var/lib/crater-agent-workspace/cargo-home:/opt/rustwide/cargo-home:ro,Z" "-v" "/var/lib/crater-agent-workspace/rustup-home:/opt/rustwide/rustup-home:ro,Z" "-m" "1610612736" "--network" "none" "ghcr.io/rust-lang/crates-build-env/linux@sha256:77db811e55d90add9212f6832c23229e3de5f1c1f9905e8cb07319ea15df73ac" "sleep" "infinity", kill_on_drop: false }`
[INFO] [stdout] 7d970d0e14e9ce5b8485616506b605d3f1bd934fff445de3d2da4d454aa9e76e
[INFO] running `Command { std: "docker" "start" "7d970d0e14e9ce5b8485616506b605d3f1bd934fff445de3d2da4d454aa9e76e", kill_on_drop: false }`
[INFO] running `Command { std: "docker" "inspect" "7d970d0e14e9ce5b8485616506b605d3f1bd934fff445de3d2da4d454aa9e76e", kill_on_drop: false }`
[INFO] running `Command { std: "docker" "exec" "-e" "SOURCE_DIR=/opt/rustwide/workdir" "-e" "CARGO_HOME=/opt/rustwide/cargo-home" "-e" "RUSTUP_HOME=/opt/rustwide/rustup-home" "-e" "CARGO_TARGET_DIR=/opt/rustwide/target" "-w" "/opt/rustwide/workdir" "--user" "0:0" "7d970d0e14e9ce5b8485616506b605d3f1bd934fff445de3d2da4d454aa9e76e" "/opt/rustwide/cargo-home/bin/cargo" "+1.100.0-beta.1" "metadata" "--no-deps" "--format-version=1", kill_on_drop: false }`
[INFO] running `Command { std: "docker" "inspect" "7d970d0e14e9ce5b8485616506b605d3f1bd934fff445de3d2da4d454aa9e76e", kill_on_drop: false }`
[INFO] running `Command { std: "docker" "exec" "-e" "SOURCE_DIR=/opt/rustwide/workdir" "-e" "CARGO_HOME=/opt/rustwide/cargo-home" "-e" "RUSTUP_HOME=/opt/rustwide/rustup-home" "-e" "CARGO_TARGET_DIR=/opt/rustwide/target" "-e" "CARGO_INCREMENTAL=0" "-e" "RUST_BACKTRACE=full" "-e" "RUSTFLAGS=--cap-lints=warn" "-e" "RUSTDOCFLAGS=--cap-lints=warn" "-w" "/opt/rustwide/workdir" "--user" "0:0" "7d970d0e14e9ce5b8485616506b605d3f1bd934fff445de3d2da4d454aa9e76e" "/opt/rustwide/cargo-home/bin/cargo" "+1.100.0-beta.1" "build" "--frozen" "--message-format=json" "--release", kill_on_drop: false }`
[INFO] [stderr]    Compiling target-lexicon v0.13.5
[INFO] [stderr]    Compiling winnow v1.0.4
[INFO] [stderr]    Compiling smallvec v1.16.1
[INFO] [stderr]    Compiling serde_spanned v1.1.1
[INFO] [stderr]    Compiling toml_datetime v1.1.1+spec-1.1.0
[INFO] [stderr]    Compiling system-deps v9.0.0
[INFO] [stderr]    Compiling version-compare v0.2.1
[INFO] [stderr]    Compiling toml_parser v1.1.3+spec-1.1.0
[INFO] [stderr]    Compiling toml v1.1.6+spec-1.1.0
[INFO] [stderr]    Compiling cfg-expr v0.20.9
[INFO] [stderr]    Compiling glib-sys v0.22.9
[INFO] [stderr]    Compiling gobject-sys v0.22.9
[INFO] [stderr]    Compiling gio-sys v0.22.9
[INFO] [stderr]    Compiling gdk-pixbuf-sys v0.22.9
[INFO] [stderr]    Compiling pango-sys v0.22.9
[INFO] [stderr]    Compiling cairo-sys-rs v0.22.9
[INFO] [stderr]    Compiling gdk4-sys v0.11.5 (/opt/rustwide/workdir)
[INFO] [stderr]     Finished `release` profile [optimized] target(s) in 10.95s
[INFO] running `Command { std: "docker" "inspect" "7d970d0e14e9ce5b8485616506b605d3f1bd934fff445de3d2da4d454aa9e76e", kill_on_drop: false }`
[INFO] running `Command { std: "docker" "exec" "-e" "SOURCE_DIR=/opt/rustwide/workdir" "-e" "CARGO_HOME=/opt/rustwide/cargo-home" "-e" "RUSTUP_HOME=/opt/rustwide/rustup-home" "-e" "CARGO_TARGET_DIR=/opt/rustwide/target" "-e" "CARGO_INCREMENTAL=0" "-e" "RUST_BACKTRACE=full" "-e" "RUSTFLAGS=--cap-lints=warn" "-e" "RUSTDOCFLAGS=--cap-lints=warn" "-w" "/opt/rustwide/workdir" "--user" "0:0" "7d970d0e14e9ce5b8485616506b605d3f1bd934fff445de3d2da4d454aa9e76e" "/opt/rustwide/cargo-home/bin/cargo" "+1.100.0-beta.1" "test" "--frozen" "--no-run" "--message-format=json" "--release", kill_on_drop: false }`
[INFO] [stderr]    Compiling shell-words v1.1.1
[INFO] [stderr]    Compiling tempfile v3.27.0
[INFO] [stderr]    Compiling gdk4-sys v0.11.5 (/opt/rustwide/workdir)
[INFO] [stderr]     Finished `release` profile [optimized] target(s) in 2.92s
[INFO] running `Command { std: "docker" "inspect" "7d970d0e14e9ce5b8485616506b605d3f1bd934fff445de3d2da4d454aa9e76e", kill_on_drop: false }`
[INFO] running `Command { std: "docker" "exec" "-e" "SOURCE_DIR=/opt/rustwide/workdir" "-e" "CARGO_HOME=/opt/rustwide/cargo-home" "-e" "RUSTUP_HOME=/opt/rustwide/rustup-home" "-e" "CARGO_TARGET_DIR=/opt/rustwide/target" "-e" "CARGO_INCREMENTAL=0" "-e" "RUST_BACKTRACE=full" "-e" "RUSTFLAGS=--cap-lints=warn" "-e" "RUSTDOCFLAGS=--cap-lints=warn" "-w" "/opt/rustwide/workdir" "--user" "0:0" "7d970d0e14e9ce5b8485616506b605d3f1bd934fff445de3d2da4d454aa9e76e" "/opt/rustwide/cargo-home/bin/cargo" "+1.100.0-beta.1" "test" "--frozen" "--release", kill_on_drop: false }`
[INFO] [stderr]     Finished `release` profile [optimized] target(s) in 0.07s
[INFO] [stderr]      Running unittests src/lib.rs (/opt/rustwide/target/release/build/gdk4-sys/81c505e0ef67d95a/out/gdk4_sys-81c505e0ef67d95a)
[INFO] [stderr]      Running tests/abi.rs (/opt/rustwide/target/release/build/gdk4-sys/5f957837bb58b70f/out/abi-5f957837bb58b70f)
[INFO] [stdout] 
[INFO] [stdout] running 0 tests
[INFO] [stdout] 
[INFO] [stdout] test result: ok. 0 passed; 0 failed; 0 ignored; 0 measured; 0 filtered out; finished in 0.00s
[INFO] [stdout] 
[INFO] [stdout] 
[INFO] [stdout] running 2 tests
[INFO] [stderr] tests/constant.c: In function 'main':
[INFO] [stderr] tests/constant.c:133:27: error: 'GDK_FRAME_DISCARDED' undeclared (first use in this function)
[INFO] [stderr]   133 |     PRINT_CONSTANT((gint) GDK_FRAME_DISCARDED);
[INFO] [stderr]       |                           ^~~~~~~~~~~~~~~~~~~
[INFO] [stderr] tests/constant.c:10:22: note: in definition of macro 'PRINT_CONSTANT'
[INFO] [stderr]    10 |     printf(_Generic((CONSTANT_NAME), \
[INFO] [stderr]       |                      ^~~~~~~~~~~~~
[INFO] [stderr] tests/constant.c:133:27: note: each undeclared identifier is reported only once for each function it appears in
[INFO] [stderr]   133 |     PRINT_CONSTANT((gint) GDK_FRAME_DISCARDED);
[INFO] [stderr]       |                           ^~~~~~~~~~~~~~~~~~~
[INFO] [stderr] tests/constant.c:10:22: note: in definition of macro 'PRINT_CONSTANT'
[INFO] [stderr]    10 |     printf(_Generic((CONSTANT_NAME), \
[INFO] [stderr]       |                      ^~~~~~~~~~~~~
[INFO] [stderr] tests/layout.c: In function 'main':
[INFO] [stderr] tests/layout.c:15:66: error: 'GdkContentDeserializerClass' undeclared (first use in this function); did you mean 'GdkContentDeserializer'?
[INFO] [stderr]    15 |     printf("%s;%zu;%zu\n", "GdkContentDeserializerClass", sizeof(GdkContentDeserializerClass), alignof(GdkContentDeserializerClass));
[INFO] [stderr]       |                                                                  ^~~~~~~~~~~~~~~~~~~~~~~~~~~
[INFO] [stderr]       |                                                                  GdkContentDeserializer
[INFO] [stderr] tests/layout.c:15:66: note: each undeclared identifier is reported only once for each function it appears in
[INFO] [stderr] tests/constant.c:134:27: error: 'GDK_FRAME_EMPTY' undeclared (first use in this function); did you mean 'GDK_FRAME_CLOCK'?
[INFO] [stderr]   134 |     PRINT_CONSTANT((gint) GDK_FRAME_EMPTY);
[INFO] [stderr]       |                           ^~~~~~~~~~~~~~~
[INFO] [stderr] tests/constant.c:10:22: note: in definition of macro 'PRINT_CONSTANT'
[INFO] [stderr]    10 |     printf(_Generic((CONSTANT_NAME), \
[INFO] [stderr]       |                      ^~~~~~~~~~~~~
[INFO] [stderr] tests/layout.c:18:64: error: 'GdkContentSerializerClass' undeclared (first use in this function); did you mean 'GdkContentSerializer'?
[INFO] [stderr]    18 |     printf("%s;%zu;%zu\n", "GdkContentSerializerClass", sizeof(GdkContentSerializerClass), alignof(GdkContentSerializerClass));
[INFO] [stderr]       |                                                                ^~~~~~~~~~~~~~~~~~~~~~~~~
[INFO] [stderr]       |                                                                GdkContentSerializer
[INFO] [stderr] tests/layout.c:20:53: error: 'GdkCursorClass' undeclared (first use in this function); did you mean 'GdkSurfaceClass'?
[INFO] [stderr]    20 |     printf("%s;%zu;%zu\n", "GdkCursorClass", sizeof(GdkCursorClass), alignof(GdkCursorClass));
[INFO] [stderr]       |                                                     ^~~~~~~~~~~~~~
[INFO] [stderr]       |                                                     GdkSurfaceClass
[INFO] [stderr] tests/constant.c:135:27: error: 'GDK_FRAME_OUTSTANDING' undeclared (first use in this function)
[INFO] [stderr]   135 |     PRINT_CONSTANT((gint) GDK_FRAME_OUTSTANDING);
[INFO] [stderr]       |                           ^~~~~~~~~~~~~~~~~~~~~
[INFO] [stderr] tests/constant.c:10:22: note: in definition of macro 'PRINT_CONSTANT'
[INFO] [stderr]    10 |     printf(_Generic((CONSTANT_NAME), \
[INFO] [stderr]       |                      ^~~~~~~~~~~~~
[INFO] [stderr] tests/layout.c:28:53: error: 'GdkFrameResult' undeclared (first use in this function)
[INFO] [stderr]    28 |     printf("%s;%zu;%zu\n", "GdkFrameResult", sizeof(GdkFrameResult), alignof(GdkFrameResult));
[INFO] [stderr]       |                                                     ^~~~~~~~~~~~~~
[INFO] [stderr] tests/constant.c:136:27: error: 'GDK_FRAME_PREPARING' undeclared (first use in this function)
[INFO] [stderr]   136 |     PRINT_CONSTANT((gint) GDK_FRAME_PREPARING);
[INFO] [stderr]       |                           ^~~~~~~~~~~~~~~~~~~
[INFO] [stderr] tests/constant.c:10:22: note: in definition of macro 'PRINT_CONSTANT'
[INFO] [stderr]    10 |     printf(_Generic((CONSTANT_NAME), \
[INFO] [stderr]       |                      ^~~~~~~~~~~~~
[INFO] [stdout] test cross_validate_layout_with_c ... FAILED
[INFO] [stderr] tests/constant.c:137:27: error: 'GDK_FRAME_PRESENTED' undeclared (first use in this function)
[INFO] [stderr]   137 |     PRINT_CONSTANT((gint) GDK_FRAME_PRESENTED);
[INFO] [stderr]       |                           ^~~~~~~~~~~~~~~~~~~
[INFO] [stderr] tests/constant.c:10:22: note: in definition of macro 'PRINT_CONSTANT'
[INFO] [stderr]    10 |     printf(_Generic((CONSTANT_NAME), \
[INFO] [stderr]       |                      ^~~~~~~~~~~~~
[INFO] [stderr] tests/constant.c:138:27: error: 'GDK_FRAME_SKIPPED' undeclared (first use in this function)
[INFO] [stderr]   138 |     PRINT_CONSTANT((gint) GDK_FRAME_SKIPPED);
[INFO] [stderr]       |                           ^~~~~~~~~~~~~~~~~
[INFO] [stderr] tests/constant.c:10:22: note: in definition of macro 'PRINT_CONSTANT'
[INFO] [stderr]    10 |     printf(_Generic((CONSTANT_NAME), \
[INFO] [stderr]       |                      ^~~~~~~~~~~~~
[INFO] [stderr] tests/constant.c:139:27: error: 'GDK_FRAME_SUBMITTED' undeclared (first use in this function)
[INFO] [stderr]   139 |     PRINT_CONSTANT((gint) GDK_FRAME_SUBMITTED);
[INFO] [stderr]       |                           ^~~~~~~~~~~~~~~~~~~
[INFO] [stderr] tests/constant.c:10:22: note: in definition of macro 'PRINT_CONSTANT'
[INFO] [stderr]    10 |     printf(_Generic((CONSTANT_NAME), \
[INFO] [stderr]       |                      ^~~~~~~~~~~~~
[INFO] [stderr] tests/constant.c:2626:27: error: 'GDK_MEMORY_ABGR2101010' undeclared (first use in this function); did you mean 'GDK_MEMORY_G16A16'?
[INFO] [stderr]  2626 |     PRINT_CONSTANT((gint) GDK_MEMORY_ABGR2101010);
[INFO] [stderr]       |                           ^~~~~~~~~~~~~~~~~~~~~~
[INFO] [stderr] tests/constant.c:10:22: note: in definition of macro 'PRINT_CONSTANT'
[INFO] [stderr]    10 |     printf(_Generic((CONSTANT_NAME), \
[INFO] [stderr]       |                      ^~~~~~~~~~~~~
[INFO] [stderr] tests/constant.c:2627:27: error: 'GDK_MEMORY_ABGR2101010_PREMULTIPLIED' undeclared (first use in this function); did you mean 'GDK_MEMORY_G16A16_PREMULTIPLIED'?
[INFO] [stderr]  2627 |     PRINT_CONSTANT((gint) GDK_MEMORY_ABGR2101010_PREMULTIPLIED);
[INFO] [stderr]       |                           ^~~~~~~~~~~~~~~~~~~~~~~~~~~~~~~~~~~~
[INFO] [stderr] tests/constant.c:10:22: note: in definition of macro 'PRINT_CONSTANT'
[INFO] [stderr]    10 |     printf(_Generic((CONSTANT_NAME), \
[INFO] [stderr]       |                      ^~~~~~~~~~~~~
[INFO] [stderr] tests/constant.c:2628:27: error: 'GDK_MEMORY_ARGB2101010' undeclared (first use in this function); did you mean 'GDK_MEMORY_G16A16'?
[INFO] [stderr]  2628 |     PRINT_CONSTANT((gint) GDK_MEMORY_ARGB2101010);
[INFO] [stderr]       |                           ^~~~~~~~~~~~~~~~~~~~~~
[INFO] [stderr] tests/constant.c:10:22: note: in definition of macro 'PRINT_CONSTANT'
[INFO] [stderr]    10 |     printf(_Generic((CONSTANT_NAME), \
[INFO] [stderr]       |                      ^~~~~~~~~~~~~
[INFO] [stderr] tests/constant.c:2629:27: error: 'GDK_MEMORY_ARGB2101010_PREMULTIPLIED' undeclared (first use in this function); did you mean 'GDK_MEMORY_G16A16_PREMULTIPLIED'?
[INFO] [stderr]  2629 |     PRINT_CONSTANT((gint) GDK_MEMORY_ARGB2101010_PREMULTIPLIED);
[INFO] [stderr]       |                           ^~~~~~~~~~~~~~~~~~~~~~~~~~~~~~~~~~~~
[INFO] [stderr] tests/constant.c:10:22: note: in definition of macro 'PRINT_CONSTANT'
[INFO] [stderr]    10 |     printf(_Generic((CONSTANT_NAME), \
[INFO] [stderr]       |                      ^~~~~~~~~~~~~
[INFO] [stderr] tests/constant.c:2688:27: error: 'GDK_MEMORY_XBGR2101010' undeclared (first use in this function); did you mean 'GDK_MEMORY_G16A16'?
[INFO] [stderr]  2688 |     PRINT_CONSTANT((gint) GDK_MEMORY_XBGR2101010);
[INFO] [stderr]       |                           ^~~~~~~~~~~~~~~~~~~~~~
[INFO] [stderr] tests/constant.c:10:22: note: in definition of macro 'PRINT_CONSTANT'
[INFO] [stderr]    10 |     printf(_Generic((CONSTANT_NAME), \
[INFO] [stderr]       |                      ^~~~~~~~~~~~~
[INFO] [stderr] tests/constant.c:2689:27: error: 'GDK_MEMORY_XRGB2101010' undeclared (first use in this function); did you mean 'GDK_MEMORY_G16A16'?
[INFO] [stderr]  2689 |     PRINT_CONSTANT((gint) GDK_MEMORY_XRGB2101010);
[INFO] [stderr]       |                           ^~~~~~~~~~~~~~~~~~~~~~
[INFO] [stderr] tests/constant.c:10:22: note: in definition of macro 'PRINT_CONSTANT'
[INFO] [stderr]    10 |     printf(_Generic((CONSTANT_NAME), \
[INFO] [stderr]       |                      ^~~~~~~~~~~~~
[INFO] [stdout] test cross_validate_constants_with_c ... FAILED
[INFO] [stdout] 
[INFO] [stdout] failures:
[INFO] [stdout] 
[INFO] [stdout] ---- cross_validate_layout_with_c stdout ----
[INFO] [stdout] 
[INFO] [stdout] thread 'cross_validate_layout_with_c' (618) panicked at tests/abi.rs:154:37:
[INFO] [stdout] called `Result::unwrap()` on an `Err` value: "compilation command \"cc\" \"-Wno-deprecated-declarations\" \"-std=c11\" \"-D__USE_MINGW_ANSI_STDIO\" \"-I/usr/include/gtk-4.0\" \"-I/usr/include/pango-1.0\" \"-I/usr/include/fribidi\" \"-I/usr/include/harfbuzz\" \"-I/usr/include/gdk-pixbuf-2.0\" \"-I/usr/include/glycin-2\" \"-I/usr/include/cairo\" \"-I/usr/include/freetype2\" \"-I/usr/include/libpng16\" \"-I/usr/include/pixman-1\" \"-I/usr/include/graphene-1.0\" \"-I/usr/lib/x86_64-linux-gnu/graphene-1.0/include\" \"-mfpmath=sse\" \"-msse\" \"-msse2\" \"-I/usr/include/glib-2.0\" \"-I/usr/lib/x86_64-linux-gnu/glib-2.0/include\" \"-I/usr/include/libmount\" \"-I/usr/include/blkid\" \"-I/usr/include/sysprof-6\" \"-pthread\" \"tests/layout.c\" \"-o\" \"/tmp/abil52t3j/layout\" failed, exit status: 1"
[INFO] [stdout] stack backtrace:
[INFO] [stdout]    0:     0x5573d5fa1491 - <<std[617be2ca0a6fd877]::sys::backtrace::BacktraceLock>::print::DisplayBacktrace as core[a373ad73a504971]::fmt::Display>::fmt
[INFO] [stdout]    1:     0x5573d5fb71da - core[a373ad73a504971]::fmt::write
[INFO] [stdout]    2:     0x5573d5fa6e3c - <alloc[2e1b2a31b91974c5]::vec::Vec<u8> as core[a373ad73a504971]::io::write::Write>::write_fmt
[INFO] [stdout]    3:     0x5573d5f7c216 - std[617be2ca0a6fd877]::panicking::default_hook::{closure#0}
[INFO] [stdout]    4:     0x5573d5f99389 - std[617be2ca0a6fd877]::panicking::default_hook
[INFO] [stdout]    5:     0x5573d5f32fc0 - test[aada8e7e76ba119b]::test_main_inner::{closure#0}
[INFO] [stdout]    6:     0x5573d5f99542 - std[617be2ca0a6fd877]::panicking::panic_with_hook
[INFO] [stdout]    7:     0x5573d5f7c2c2 - std[617be2ca0a6fd877]::panicking::panic_handler::{closure#0}
[INFO] [stdout]    8:     0x5573d5f74eb9 - std[617be2ca0a6fd877]::sys::backtrace::__rust_end_short_backtrace::<std[617be2ca0a6fd877]::panicking::panic_handler::{closure#0}, !>
[INFO] [stdout]    9:     0x5573d5f7cecd - __rustc[ea4f61d10b84890b]::rust_begin_unwind
[INFO] [stdout]   10:     0x5573d5fb790c - core[a373ad73a504971]::panicking::panic_fmt
[INFO] [stdout]   11:     0x5573d5fb76e2 - core[a373ad73a504971]::result::unwrap_failed
[INFO] [stdout]   12:     0x5573d5f240a8 - <abi[7ca5ced26b8c5c58]::cross_validate_layout_with_c::{closure#0} as core[a373ad73a504971]::ops::function::FnOnce<()>>::call_once
[INFO] [stdout]   13:     0x5573d5f2640b - test[aada8e7e76ba119b]::__rust_begin_short_backtrace::<core[a373ad73a504971]::result::Result<(), alloc[2e1b2a31b91974c5]::string::String>, fn() -> core[a373ad73a504971]::result::Result<(), alloc[2e1b2a31b91974c5]::string::String>>
[INFO] [stdout]   14:     0x5573d5f335e5 - test[aada8e7e76ba119b]::run_test::{closure#0}
[INFO] [stdout]   15:     0x5573d5f2ced4 - std[617be2ca0a6fd877]::sys::backtrace::__rust_begin_short_backtrace::<test[aada8e7e76ba119b]::run_test::{closure#1}, ()>
[INFO] [stdout]   16:     0x5573d5f36672 - <std[617be2ca0a6fd877]::thread::lifecycle::spawn_unchecked<test[aada8e7e76ba119b]::run_test::{closure#1}, ()>::{closure#1} as core[a373ad73a504971]::ops::function::FnOnce<()>>::call_once::{shim:vtable#0}
[INFO] [stdout]   17:     0x5573d5fa0c6f - <std[617be2ca0a6fd877]::sys::thread::unix::Thread>::new::thread_start
[INFO] [stdout]   18:     0x7e1f92d88dfa - <unknown>
[INFO] [stdout]   19:     0x7e1f92e1c3d4 - clone
[INFO] [stdout]   20:                0x0 - <unknown>
[INFO] [stdout] 
[INFO] [stdout] ---- cross_validate_constants_with_c stdout ----
[INFO] [stdout] 
[INFO] [stdout] thread 'cross_validate_constants_with_c' (617) panicked at tests/abi.rs:120:39:
[INFO] [stdout] called `Result::unwrap()` on an `Err` value: "compilation command \"cc\" \"-Wno-deprecated-declarations\" \"-std=c11\" \"-D__USE_MINGW_ANSI_STDIO\" \"-I/usr/include/gtk-4.0\" \"-I/usr/include/pango-1.0\" \"-I/usr/include/fribidi\" \"-I/usr/include/harfbuzz\" \"-I/usr/include/gdk-pixbuf-2.0\" \"-I/usr/include/glycin-2\" \"-I/usr/include/cairo\" \"-I/usr/include/freetype2\" \"-I/usr/include/libpng16\" \"-I/usr/include/pixman-1\" \"-I/usr/include/graphene-1.0\" \"-I/usr/lib/x86_64-linux-gnu/graphene-1.0/include\" \"-mfpmath=sse\" \"-msse\" \"-msse2\" \"-I/usr/include/glib-2.0\" \"-I/usr/lib/x86_64-linux-gnu/glib-2.0/include\" \"-I/usr/include/libmount\" \"-I/usr/include/blkid\" \"-I/usr/include/sysprof-6\" \"-pthread\" \"tests/constant.c\" \"-o\" \"/tmp/abiBpEBRg/constant\" failed, exit status: 1"
[INFO] [stdout] stack backtrace:
[INFO] [stdout]    0:     0x5573d5fa1491 - <<std[617be2ca0a6fd877]::sys::backtrace::BacktraceLock>::print::DisplayBacktrace as core[a373ad73a504971]::fmt::Display>::fmt
[INFO] [stdout]    1:     0x5573d5fb71da - core[a373ad73a504971]::fmt::write
[INFO] [stdout]    2:     0x5573d5fa6e3c - <alloc[2e1b2a31b91974c5]::vec::Vec<u8> as core[a373ad73a504971]::io::write::Write>::write_fmt
[INFO] [stdout]    3:     0x5573d5f7c216 - std[617be2ca0a6fd877]::panicking::default_hook::{closure#0}
[INFO] [stdout]    4:     0x5573d5f99389 - std[617be2ca0a6fd877]::panicking::default_hook
[INFO] [stdout]    5:     0x5573d5f32fc0 - test[aada8e7e76ba119b]::test_main_inner::{closure#0}
[INFO] [stdout]    6:     0x5573d5f99542 - std[617be2ca0a6fd877]::panicking::panic_with_hook
[INFO] [stdout]    7:     0x5573d5f7c2c2 - std[617be2ca0a6fd877]::panicking::panic_handler::{closure#0}
[INFO] [stdout]    8:     0x5573d5f74eb9 - std[617be2ca0a6fd877]::sys::backtrace::__rust_end_short_backtrace::<std[617be2ca0a6fd877]::panicking::panic_handler::{closure#0}, !>
[INFO] [stdout]    9:     0x5573d5f7cecd - __rustc[ea4f61d10b84890b]::rust_begin_unwind
[INFO] [stdout]   10:     0x5573d5fb790c - core[a373ad73a504971]::panicking::panic_fmt
[INFO] [stdout]   11:     0x5573d5fb76e2 - core[a373ad73a504971]::result::unwrap_failed
[INFO] [stdout]   12:     0x5573d5f24846 - <abi[7ca5ced26b8c5c58]::cross_validate_constants_with_c::{closure#0} as core[a373ad73a504971]::ops::function::FnOnce<()>>::call_once
[INFO] [stdout]   13:     0x5573d5f2640b - test[aada8e7e76ba119b]::__rust_begin_short_backtrace::<core[a373ad73a504971]::result::Result<(), alloc[2e1b2a31b91974c5]::string::String>, fn() -> core[a373ad73a504971]::result::Result<(), alloc[2e1b2a31b91974c5]::string::String>>
[INFO] [stdout]   14:     0x5573d5f335e5 - test[aada8e7e76ba119b]::run_test::{closure#0}
[INFO] [stdout]   15:     0x5573d5f2ced4 - std[617be2ca0a6fd877]::sys::backtrace::__rust_begin_short_backtrace::<test[aada8e7e76ba119b]::run_test::{closure#1}, ()>
[INFO] [stdout]   16:     0x5573d5f36672 - <std[617be2ca0a6fd877]::thread::lifecycle::spawn_unchecked<test[aada8e7e76ba119b]::run_test::{closure#1}, ()>::{closure#1} as core[a373ad73a504971]::ops::function::FnOnce<()>>::call_once::{shim:vtable#0}
[INFO] [stdout]   17:     0x5573d5fa0c6f - <std[617be2ca0a6fd877]::sys::thread::unix::Thread>::new::thread_start
[INFO] [stdout]   18:     0x7e1f92d88dfa - <unknown>
[INFO] [stdout]   19:     0x7e1f92e1c3d4 - clone
[INFO] [stdout]   20:                0x0 - <unknown>
[INFO] [stdout] 
[INFO] [stdout] 
[INFO] [stdout] failures:
[INFO] [stdout]     cross_validate_constants_with_c
[INFO] [stdout]     cross_validate_layout_with_c
[INFO] [stdout] 
[INFO] [stdout] test result: FAILED. 0 passed; 2 failed; 0 ignored; 0 measured; 0 filtered out; finished in 1.65s
[INFO] [stdout] 
[INFO] [stderr] error: test failed, to rerun pass `--test abi`
[INFO] running `Command { std: "docker" "inspect" "7d970d0e14e9ce5b8485616506b605d3f1bd934fff445de3d2da4d454aa9e76e", kill_on_drop: false }`
[INFO] running `Command { std: "docker" "rm" "-f" "7d970d0e14e9ce5b8485616506b605d3f1bd934fff445de3d2da4d454aa9e76e", kill_on_drop: false }`
[INFO] [stdout] 7d970d0e14e9ce5b8485616506b605d3f1bd934fff445de3d2da4d454aa9e76e
