[INFO] fetching crate gd-rs 0.1.1...
[INFO] testing gd-rs-0.1.1 against 1.99.0-beta.8+cargoflags=--release for beta-release-1.100-2
[INFO] extracting crate gd-rs 0.1.1 into /workspace/builds/worker-4-tc1/source
[INFO] started tweaking crates.io crate gd-rs 0.1.1
[INFO] finished tweaking crates.io crate gd-rs 0.1.1
[INFO] tweaked toml for crates.io crate gd-rs 0.1.1 written to /workspace/builds/worker-4-tc1/source/Cargo.toml
[INFO] validating manifest of crates.io crate gd-rs 0.1.1 on toolchain 1.99.0-beta.8
[INFO] running `Command { std: CARGO_HOME="/workspace/cargo-home" RUSTUP_HOME="/workspace/rustup-home" "/workspace/cargo-home/bin/cargo" "+1.99.0-beta.8" "metadata" "--manifest-path" "Cargo.toml" "--no-deps", kill_on_drop: false }`
[INFO] running `Command { std: CARGO_HOME="/workspace/cargo-home" RUSTUP_HOME="/workspace/rustup-home" "/workspace/cargo-home/bin/cargo" "+1.99.0-beta.8" "generate-lockfile" "--manifest-path" "Cargo.toml", kill_on_drop: false }`
[INFO] [stderr]     Updating crates.io index
[INFO] [stderr]      Locking 53 packages to highest compatible versions
[INFO] [stderr]       Adding base64 v0.21.7 (available: v0.23.1)
[INFO] [stderr]       Adding directories v5.0.1 (available: v6.0.0)
[INFO] running `Command { std: CARGO_HOME="/workspace/cargo-home" RUSTUP_HOME="/workspace/rustup-home" "/workspace/cargo-home/bin/cargo" "+1.99.0-beta.8" "fetch" "--manifest-path" "Cargo.toml", kill_on_drop: false }`
[INFO] running `Command { std: "docker" "create" "-v" "/var/lib/crater-agent-workspace/builds/worker-4-tc1/source:/opt/rustwide/workdir:ro,Z" "-v" "/var/lib/crater-agent-workspace/builds/worker-4-tc1/target:/opt/rustwide/target:rw,Z" "-v" "/var/lib/crater-agent-workspace/cargo-home:/opt/rustwide/cargo-home:ro,Z" "-v" "/var/lib/crater-agent-workspace/rustup-home:/opt/rustwide/rustup-home:ro,Z" "-m" "1610612736" "--network" "none" "ghcr.io/rust-lang/crates-build-env/linux@sha256:77db811e55d90add9212f6832c23229e3de5f1c1f9905e8cb07319ea15df73ac" "sleep" "infinity", kill_on_drop: false }`
[INFO] [stdout] 4a7413a5431426ca5ea9d318cc4cab2f19d42ed20e2598446a5ec3413554fa1e
[INFO] running `Command { std: "docker" "start" "4a7413a5431426ca5ea9d318cc4cab2f19d42ed20e2598446a5ec3413554fa1e", kill_on_drop: false }`
[INFO] running `Command { std: "docker" "inspect" "4a7413a5431426ca5ea9d318cc4cab2f19d42ed20e2598446a5ec3413554fa1e", kill_on_drop: false }`
[INFO] running `Command { std: "docker" "exec" "-e" "SOURCE_DIR=/opt/rustwide/workdir" "-e" "CARGO_HOME=/opt/rustwide/cargo-home" "-e" "RUSTUP_HOME=/opt/rustwide/rustup-home" "-e" "CARGO_TARGET_DIR=/opt/rustwide/target" "-w" "/opt/rustwide/workdir" "--user" "0:0" "4a7413a5431426ca5ea9d318cc4cab2f19d42ed20e2598446a5ec3413554fa1e" "/opt/rustwide/cargo-home/bin/cargo" "+1.99.0-beta.8" "metadata" "--no-deps" "--format-version=1", kill_on_drop: false }`
[INFO] running `Command { std: "docker" "inspect" "4a7413a5431426ca5ea9d318cc4cab2f19d42ed20e2598446a5ec3413554fa1e", kill_on_drop: false }`
[INFO] running `Command { std: "docker" "exec" "-e" "SOURCE_DIR=/opt/rustwide/workdir" "-e" "CARGO_HOME=/opt/rustwide/cargo-home" "-e" "RUSTUP_HOME=/opt/rustwide/rustup-home" "-e" "CARGO_TARGET_DIR=/opt/rustwide/target" "-e" "CARGO_INCREMENTAL=0" "-e" "RUST_BACKTRACE=full" "-e" "RUSTFLAGS=--cap-lints=warn" "-e" "RUSTDOCFLAGS=--cap-lints=warn" "-w" "/opt/rustwide/workdir" "--user" "0:0" "4a7413a5431426ca5ea9d318cc4cab2f19d42ed20e2598446a5ec3413554fa1e" "/opt/rustwide/cargo-home/bin/cargo" "+1.99.0-beta.8" "build" "--frozen" "--message-format=json" "--release", kill_on_drop: false }`
[INFO] [stderr]    Compiling crc32fast v1.5.2
[INFO] [stderr]    Compiling no_std_io2 v0.9.4
[INFO] [stderr]    Compiling powerfmt v0.2.1
[INFO] [stderr]    Compiling option-ext v0.2.0
[INFO] [stderr]    Compiling rle-decode-fast v1.0.3
[INFO] [stderr]    Compiling deranged v0.5.9
[INFO] [stderr]    Compiling hashbrown v0.16.1
[INFO] [stderr]    Compiling quick-xml v0.42.0
[INFO] [stderr]    Compiling dary_heap v0.3.9
[INFO] [stderr]    Compiling adler32 v1.2.0
[INFO] [stderr]    Compiling dirs-sys v0.4.1
[INFO] [stderr]    Compiling directories v5.0.1
[INFO] [stderr]    Compiling libflate_lz77 v2.3.0
[INFO] [stderr]    Compiling libflate v2.3.2
[INFO] [stderr]    Compiling time v0.3.55
[INFO] [stderr]    Compiling plist v1.10.1
[INFO] [stderr]    Compiling gd-rs v0.1.1 (/opt/rustwide/workdir)
[INFO] [stdout] warning: unused variable: `ik`
[INFO] [stdout]   --> src/prelude.rs:87:14
[INFO] [stdout]    |
[INFO] [stdout] 87 |         for (ik, nk) in GD_PROPS_MAP {
[INFO] [stdout]    |              ^^ help: if this is intentional, prefix it with an underscore: `_ik`
[INFO] [stdout]    |
[INFO] [stdout]    = note: `#[warn(unused_variables)]` (part of `#[warn(unused)]`) on by default
[INFO] [stdout] 
[INFO] [stdout] 
[INFO] [stdout] warning: unreachable pattern
[INFO] [stdout]    --> src/prelude.rs:265:26
[INFO] [stdout]     |
[INFO] [stdout] 263 |         #[serde(rename = "k18")]
[INFO] [stdout]     |                          ----- matches all the relevant values
[INFO] [stdout] 264 |         pub game_version: Option<u32>,
[INFO] [stdout] 265 |         #[serde(rename = "k18")]
[INFO] [stdout]     |                          ^^^^^ no value can reach this
[INFO] [stdout]     |
[INFO] [stdout]     = note: `#[warn(unreachable_patterns)]` (part of `#[warn(unused)]`) on by default
[INFO] [stdout] 
[INFO] [stdout] 
[INFO] [stderr]     Finished `release` profile [optimized] target(s) in 13.67s
[INFO] running `Command { std: "docker" "inspect" "4a7413a5431426ca5ea9d318cc4cab2f19d42ed20e2598446a5ec3413554fa1e", kill_on_drop: false }`
[INFO] running `Command { std: "docker" "exec" "-e" "SOURCE_DIR=/opt/rustwide/workdir" "-e" "CARGO_HOME=/opt/rustwide/cargo-home" "-e" "RUSTUP_HOME=/opt/rustwide/rustup-home" "-e" "CARGO_TARGET_DIR=/opt/rustwide/target" "-e" "CARGO_INCREMENTAL=0" "-e" "RUST_BACKTRACE=full" "-e" "RUSTFLAGS=--cap-lints=warn" "-e" "RUSTDOCFLAGS=--cap-lints=warn" "-w" "/opt/rustwide/workdir" "--user" "0:0" "4a7413a5431426ca5ea9d318cc4cab2f19d42ed20e2598446a5ec3413554fa1e" "/opt/rustwide/cargo-home/bin/cargo" "+1.99.0-beta.8" "test" "--frozen" "--no-run" "--message-format=json" "--release", kill_on_drop: false }`
[INFO] [stderr]    Compiling gd-rs v0.1.1 (/opt/rustwide/workdir)
[INFO] [stdout] warning: unused variable: `ik`
[INFO] [stdout]   --> src/prelude.rs:87:14
[INFO] [stdout]    |
[INFO] [stdout] 87 |         for (ik, nk) in GD_PROPS_MAP {
[INFO] [stdout]    |              ^^ help: if this is intentional, prefix it with an underscore: `_ik`
[INFO] [stdout]    |
[INFO] [stdout]    = note: `#[warn(unused_variables)]` (part of `#[warn(unused)]`) on by default
[INFO] [stdout] 
[INFO] [stdout] 
[INFO] [stdout] warning: unreachable pattern
[INFO] [stdout]    --> src/prelude.rs:265:26
[INFO] [stdout]     |
[INFO] [stdout] 263 |         #[serde(rename = "k18")]
[INFO] [stdout]     |                          ----- matches all the relevant values
[INFO] [stdout] 264 |         pub game_version: Option<u32>,
[INFO] [stdout] 265 |         #[serde(rename = "k18")]
[INFO] [stdout]     |                          ^^^^^ no value can reach this
[INFO] [stdout]     |
[INFO] [stdout]     = note: `#[warn(unreachable_patterns)]` (part of `#[warn(unused)]`) on by default
[INFO] [stdout] 
[INFO] [stdout] 
[INFO] [stdout] warning: unused variable: `ik`
[INFO] [stdout]   --> src/prelude.rs:87:14
[INFO] [stdout]    |
[INFO] [stdout] 87 |         for (ik, nk) in GD_PROPS_MAP {
[INFO] [stdout]    |              ^^ help: if this is intentional, prefix it with an underscore: `_ik`
[INFO] [stdout]    |
[INFO] [stdout]    = note: `#[warn(unused_variables)]` (part of `#[warn(unused)]`) on by default
[INFO] [stdout] 
[INFO] [stdout] 
[INFO] [stdout] warning: unreachable pattern
[INFO] [stdout]    --> src/prelude.rs:265:26
[INFO] [stdout]     |
[INFO] [stdout] 263 |         #[serde(rename = "k18")]
[INFO] [stdout]     |                          ----- matches all the relevant values
[INFO] [stdout] 264 |         pub game_version: Option<u32>,
[INFO] [stdout] 265 |         #[serde(rename = "k18")]
[INFO] [stdout]     |                          ^^^^^ no value can reach this
[INFO] [stdout]     |
[INFO] [stdout]     = note: `#[warn(unreachable_patterns)]` (part of `#[warn(unused)]`) on by default
[INFO] [stdout] 
[INFO] [stdout] 
[INFO] [stderr]     Finished `release` profile [optimized] target(s) in 4.72s
[INFO] running `Command { std: "docker" "inspect" "4a7413a5431426ca5ea9d318cc4cab2f19d42ed20e2598446a5ec3413554fa1e", kill_on_drop: false }`
[INFO] running `Command { std: "docker" "exec" "-e" "SOURCE_DIR=/opt/rustwide/workdir" "-e" "CARGO_HOME=/opt/rustwide/cargo-home" "-e" "RUSTUP_HOME=/opt/rustwide/rustup-home" "-e" "CARGO_TARGET_DIR=/opt/rustwide/target" "-e" "CARGO_INCREMENTAL=0" "-e" "RUST_BACKTRACE=full" "-e" "RUSTFLAGS=--cap-lints=warn" "-e" "RUSTDOCFLAGS=--cap-lints=warn" "-w" "/opt/rustwide/workdir" "--user" "0:0" "4a7413a5431426ca5ea9d318cc4cab2f19d42ed20e2598446a5ec3413554fa1e" "/opt/rustwide/cargo-home/bin/cargo" "+1.99.0-beta.8" "test" "--frozen" "--release", kill_on_drop: false }`
[INFO] [stderr] warning: unused variable: `ik`
[INFO] [stderr]   --> src/prelude.rs:87:14
[INFO] [stderr]    |
[INFO] [stderr] 87 |         for (ik, nk) in GD_PROPS_MAP {
[INFO] [stderr]    |              ^^ help: if this is intentional, prefix it with an underscore: `_ik`
[INFO] [stderr]    |
[INFO] [stderr]    = note: `#[warn(unused_variables)]` (part of `#[warn(unused)]`) on by default
[INFO] [stderr] 
[INFO] [stderr] warning: unreachable pattern
[INFO] [stderr]    --> src/prelude.rs:265:26
[INFO] [stderr]     |
[INFO] [stderr] 263 |         #[serde(rename = "k18")]
[INFO] [stderr]     |                          ----- matches all the relevant values
[INFO] [stderr] 264 |         pub game_version: Option<u32>,
[INFO] [stderr] 265 |         #[serde(rename = "k18")]
[INFO] [stderr]     |                          ^^^^^ no value can reach this
[INFO] [stderr]     |
[INFO] [stderr]     = note: `#[warn(unreachable_patterns)]` (part of `#[warn(unused)]`) on by default
[INFO] [stderr] 
[INFO] [stderr] warning: `gd-rs` (lib) generated 2 warnings (run `cargo fix --lib -p gd-rs` to apply 1 suggestion)
[INFO] [stderr] warning: `gd-rs` (lib test) generated 2 warnings (2 duplicates)
[INFO] [stderr]     Finished `release` profile [optimized] target(s) in 0.08s
[INFO] [stderr]      Running unittests src/lib.rs (/opt/rustwide/target/release/deps/gd_rs-ecd7b3c8c81d3c83)
[INFO] [stdout] 
[INFO] [stderr] error: test failed, to rerun pass `--lib`
[INFO] [stdout] running 1 test
[INFO] [stdout] test tests::actually_working ... FAILED
[INFO] [stdout] 
[INFO] [stdout] failures:
[INFO] [stdout] 
[INFO] [stdout] ---- tests::actually_working stdout ----
[INFO] [stdout] 
[INFO] [stdout] thread 'tests::actually_working' (424) panicked at src/lib.rs:14:47:
[INFO] [stdout] called `Result::unwrap()` on an `Err` value: Os { code: 2, kind: NotFound, message: "No such file or directory" }
[INFO] [stdout] stack backtrace:
[INFO] [stdout]    0:     0x586c19430e51 - <<std[70759c8f55707aa4]::sys::backtrace::BacktraceLock>::print::DisplayBacktrace as core[df12db4294e9bfd3]::fmt::Display>::fmt
[INFO] [stdout]    1:     0x586c19447b8a - core[df12db4294e9bfd3]::fmt::write
[INFO] [stdout]    2:     0x586c1943538c - <alloc[2182bb758b4b3781]::vec::Vec<u8> as core[df12db4294e9bfd3]::io::write::Write>::write_fmt
[INFO] [stdout]    3:     0x586c1940cee6 - std[70759c8f55707aa4]::panicking::default_hook::{closure#0}
[INFO] [stdout]    4:     0x586c19429299 - std[70759c8f55707aa4]::panicking::default_hook
[INFO] [stdout]    5:     0x586c193b5720 - test[9d35eded1c95d3be]::test_main_inner::<test[9d35eded1c95d3be]::test_main_static::{closure#0}>::{closure#0}
[INFO] [stdout]    6:     0x586c19429452 - std[70759c8f55707aa4]::panicking::panic_with_hook
[INFO] [stdout]    7:     0x586c1940cf92 - std[70759c8f55707aa4]::panicking::panic_handler::{closure#0}
[INFO] [stdout]    8:     0x586c19405b89 - std[70759c8f55707aa4]::sys::backtrace::__rust_end_short_backtrace::<std[70759c8f55707aa4]::panicking::panic_handler::{closure#0}, !>
[INFO] [stdout]    9:     0x586c1940db8d - __rustc[8fa7c3cbc660c2b3]::rust_begin_unwind
[INFO] [stdout]   10:     0x586c194482bc - core[df12db4294e9bfd3]::panicking::panic_fmt
[INFO] [stdout]   11:     0x586c19448092 - core[df12db4294e9bfd3]::result::unwrap_failed
[INFO] [stdout]   12:     0x586c193a2942 - gd_rs[41087c4a8e48d09]::tests::actually_working
[INFO] [stdout]   13:     0x586c193a6bb9 - <gd_rs[41087c4a8e48d09]::tests::actually_working::{closure#0} as core[df12db4294e9bfd3]::ops::function::FnOnce<()>>::call_once
[INFO] [stdout]   14:     0x586c193a8a0b - test[9d35eded1c95d3be]::__rust_begin_short_backtrace::<core[df12db4294e9bfd3]::result::Result<(), alloc[2182bb758b4b3781]::string::String>, fn() -> core[df12db4294e9bfd3]::result::Result<(), alloc[2182bb758b4b3781]::string::String>>
[INFO] [stdout]   15:     0x586c193b6075 - test[9d35eded1c95d3be]::run_test::{closure#0}
[INFO] [stdout]   16:     0x586c193af934 - std[70759c8f55707aa4]::sys::backtrace::__rust_begin_short_backtrace::<test[9d35eded1c95d3be]::run_test::{closure#1}, ()>
[INFO] [stdout]   17:     0x586c193b91d2 - <std[70759c8f55707aa4]::thread::lifecycle::spawn_unchecked<test[9d35eded1c95d3be]::run_test::{closure#1}, ()>::{closure#1} as core[df12db4294e9bfd3]::ops::function::FnOnce<()>>::call_once::{shim:vtable#0}
[INFO] [stdout]   18:     0x586c19430409 - <std[70759c8f55707aa4]::sys::thread::unix::Thread>::new::thread_start
[INFO] [stdout]   19:     0x7eb262582dfa - <unknown>
[INFO] [stdout]   20:     0x7eb2626163d4 - clone
[INFO] [stdout]   21:                0x0 - <unknown>
[INFO] [stdout] 
[INFO] [stdout] 
[INFO] [stdout] failures:
[INFO] [stdout]     tests::actually_working
[INFO] [stdout] 
[INFO] [stdout] test result: FAILED. 0 passed; 1 failed; 0 ignored; 0 measured; 0 filtered out; finished in 0.00s
[INFO] [stdout] 
[INFO] running `Command { std: "docker" "inspect" "4a7413a5431426ca5ea9d318cc4cab2f19d42ed20e2598446a5ec3413554fa1e", kill_on_drop: false }`
[INFO] running `Command { std: "docker" "rm" "-f" "4a7413a5431426ca5ea9d318cc4cab2f19d42ed20e2598446a5ec3413554fa1e", kill_on_drop: false }`
[INFO] [stdout] 4a7413a5431426ca5ea9d318cc4cab2f19d42ed20e2598446a5ec3413554fa1e
