[INFO] fetching crate gctex 0.3.12...
[INFO] testing gctex-0.3.12 against 1.100.0-beta.1+cargoflags=--release for beta-release-1.100-2
[INFO] extracting crate gctex 0.3.12 into /workspace/builds/worker-3-tc2/source
[INFO] started tweaking crates.io crate gctex 0.3.12
[INFO] finished tweaking crates.io crate gctex 0.3.12
[INFO] tweaked toml for crates.io crate gctex 0.3.12 written to /workspace/builds/worker-3-tc2/source/Cargo.toml
[INFO] validating manifest of crates.io crate gctex 0.3.12 on toolchain 1.100.0-beta.1
[INFO] running `Command { std: CARGO_HOME="/workspace/cargo-home" RUSTUP_HOME="/workspace/rustup-home" "/workspace/cargo-home/bin/cargo" "+1.100.0-beta.1" "metadata" "--manifest-path" "Cargo.toml" "--no-deps", kill_on_drop: false }`
[INFO] running `Command { std: CARGO_HOME="/workspace/cargo-home" RUSTUP_HOME="/workspace/rustup-home" "/workspace/cargo-home/bin/cargo" "+1.100.0-beta.1" "generate-lockfile" "--manifest-path" "Cargo.toml", kill_on_drop: false }`
[INFO] [stderr]     Updating crates.io index
[INFO] [stderr]      Locking 162 packages to highest compatible versions
[INFO] [stderr]       Adding bindgen v0.66.1 (available: v0.73.2)
[INFO] [stderr]       Adding heapless v0.8.0 (available: v0.9.3)
[INFO] [stderr]       Adding rand v0.8.8 (available: v0.10.3)
[INFO] running `Command { std: CARGO_HOME="/workspace/cargo-home" RUSTUP_HOME="/workspace/rustup-home" "/workspace/cargo-home/bin/cargo" "+1.100.0-beta.1" "fetch" "--manifest-path" "Cargo.toml", kill_on_drop: false }`
[INFO] running `Command { std: "docker" "create" "-v" "/var/lib/crater-agent-workspace/builds/worker-3-tc2/source:/opt/rustwide/workdir:ro,Z" "-v" "/var/lib/crater-agent-workspace/builds/worker-3-tc2/target:/opt/rustwide/target:rw,Z" "-v" "/var/lib/crater-agent-workspace/cargo-home:/opt/rustwide/cargo-home:ro,Z" "-v" "/var/lib/crater-agent-workspace/rustup-home:/opt/rustwide/rustup-home:ro,Z" "-m" "1610612736" "--network" "none" "ghcr.io/rust-lang/crates-build-env/linux@sha256:77db811e55d90add9212f6832c23229e3de5f1c1f9905e8cb07319ea15df73ac" "sleep" "infinity", kill_on_drop: false }`
[INFO] [stdout] 807e3c01bb11980c3624173e90e5a14ca72d6fffbcbd6d205cfb4806ee42095c
[INFO] running `Command { std: "docker" "start" "807e3c01bb11980c3624173e90e5a14ca72d6fffbcbd6d205cfb4806ee42095c", kill_on_drop: false }`
[INFO] running `Command { std: "docker" "inspect" "807e3c01bb11980c3624173e90e5a14ca72d6fffbcbd6d205cfb4806ee42095c", kill_on_drop: false }`
[INFO] running `Command { std: "docker" "exec" "-e" "SOURCE_DIR=/opt/rustwide/workdir" "-e" "CARGO_HOME=/opt/rustwide/cargo-home" "-e" "RUSTUP_HOME=/opt/rustwide/rustup-home" "-e" "CARGO_TARGET_DIR=/opt/rustwide/target" "-w" "/opt/rustwide/workdir" "--user" "0:0" "807e3c01bb11980c3624173e90e5a14ca72d6fffbcbd6d205cfb4806ee42095c" "/opt/rustwide/cargo-home/bin/cargo" "+1.100.0-beta.1" "metadata" "--no-deps" "--format-version=1", kill_on_drop: false }`
[INFO] running `Command { std: "docker" "inspect" "807e3c01bb11980c3624173e90e5a14ca72d6fffbcbd6d205cfb4806ee42095c", kill_on_drop: false }`
[INFO] running `Command { std: "docker" "exec" "-e" "SOURCE_DIR=/opt/rustwide/workdir" "-e" "CARGO_HOME=/opt/rustwide/cargo-home" "-e" "RUSTUP_HOME=/opt/rustwide/rustup-home" "-e" "CARGO_TARGET_DIR=/opt/rustwide/target" "-e" "CARGO_INCREMENTAL=0" "-e" "RUST_BACKTRACE=full" "-e" "RUSTFLAGS=--cap-lints=warn" "-e" "RUSTDOCFLAGS=--cap-lints=warn" "-w" "/opt/rustwide/workdir" "--user" "0:0" "807e3c01bb11980c3624173e90e5a14ca72d6fffbcbd6d205cfb4806ee42095c" "/opt/rustwide/cargo-home/bin/cargo" "+1.100.0-beta.1" "build" "--frozen" "--message-format=json" "--release", kill_on_drop: false }`
[INFO] [stderr]    Compiling heapless v0.8.0
[INFO] [stderr]    Compiling gctex v0.3.12 (/opt/rustwide/workdir)
[INFO] [stderr] warning: gctex@0.3.12: In function 'void TexDecoder_DecodeImpl_RGB5A3(u32*, const u8*, int, int, TextureFormat, const u8*, TLUTFormat, int, int)',
[INFO] [stderr] warning: gctex@0.3.12:     inlined from 'void _TexDecoder_DecodeImpl(u32*, const u8*, int, int, TextureFormat, const u8*, TLUTFormat)' at src/dolemu/TextureDecoder/TextureDecoder_x64.cpp:1492:35:
[INFO] [stderr] warning: gctex@0.3.12: src/dolemu/TextureDecoder/TextureDecoder_x64.cpp:995:23: warning: 'valV' may be used uninitialized [-Wmaybe-uninitialized]
[INFO] [stderr] warning: gctex@0.3.12:   995 |             if (vals[i] & 0x8000)
[INFO] [stderr] warning: gctex@0.3.12:       |                 ~~~~~~^
[INFO] [stderr] warning: gctex@0.3.12: src/dolemu/TextureDecoder/TextureDecoder_x64.cpp: In function 'void _TexDecoder_DecodeImpl(u32*, const u8*, int, int, TextureFormat, const u8*, TLUTFormat)':
[INFO] [stderr] warning: gctex@0.3.12: src/dolemu/TextureDecoder/TextureDecoder_x64.cpp:928:23: note: 'valV' was declared here
[INFO] [stderr] warning: gctex@0.3.12:   928 |         const __m128i valV = _mm_set_epi16(0, val3, 0, val2, 0, val1, 0, val0);
[INFO] [stderr] warning: gctex@0.3.12:       |                       ^~~~
[INFO] [stderr] warning: gctex@0.3.12: In function 'void TexDecoder_DecodeImpl_RGB5A3_SSSE3(u32*, const u8*, int, int, TextureFormat, const u8*, TLUTFormat, int, int)',
[INFO] [stderr] warning: gctex@0.3.12:     inlined from 'void _TexDecoder_DecodeImpl(u32*, const u8*, int, int, TextureFormat, const u8*, TLUTFormat)' at src/dolemu/TextureDecoder/TextureDecoder_x64.cpp:1489:41:
[INFO] [stderr] warning: gctex@0.3.12: src/dolemu/TextureDecoder/TextureDecoder_x64.cpp:875:23: warning: 'valV' may be used uninitialized [-Wmaybe-uninitialized]
[INFO] [stderr] warning: gctex@0.3.12:   875 |             if (vals[i] & 0x8000)
[INFO] [stderr] warning: gctex@0.3.12:       |                 ~~~~~~^
[INFO] [stderr] warning: gctex@0.3.12: src/dolemu/TextureDecoder/TextureDecoder_x64.cpp: In function 'void _TexDecoder_DecodeImpl(u32*, const u8*, int, int, TextureFormat, const u8*, TLUTFormat)':
[INFO] [stderr] warning: gctex@0.3.12: src/dolemu/TextureDecoder/TextureDecoder_x64.cpp:816:23: note: 'valV' was declared here
[INFO] [stderr] warning: gctex@0.3.12:   816 |         const __m128i valV =
[INFO] [stderr] warning: gctex@0.3.12:       |                       ^~~~
[INFO] [stdout] warning: unused import: `std::arch::x86_64::*`
[INFO] [stdout]    --> src/lib.rs:736:5
[INFO] [stdout]     |
[INFO] [stdout] 736 | use std::arch::x86_64::*;
[INFO] [stdout]     |     ^^^^^^^^^^^^^^^^^^^^
[INFO] [stdout]     |
[INFO] [stdout]     = note: `#[warn(unused_imports)]` (part of `#[warn(unused)]`) on by default
[INFO] [stdout] 
[INFO] [stdout] 
[INFO] [stdout] warning: unreachable expression
[INFO] [stdout]    --> src/lib.rs:907:5
[INFO] [stdout]     |
[INFO] [stdout] 902 |           return;
[INFO] [stdout]     |           ------ any code following this expression is unreachable
[INFO] [stdout] ...
[INFO] [stdout] 907 | /     match texformat {
[INFO] [stdout] 908 | |         TextureFormat::I4 => decode_texture_i4(dst, src, width as usize, height as usize),
[INFO] [stdout] 909 | |         TextureFormat::I8 => decode_texture_i8(
[INFO] [stdout] 910 | |             unsafe { u8_to_u32_slice(dst) },
[INFO] [stdout] ...   |
[INFO] [stdout] 970 | |     }
[INFO] [stdout]     | |_____^ unreachable expression
[INFO] [stdout]     |
[INFO] [stdout]     = note: `#[warn(unreachable_code)]` (part of `#[warn(unused)]`) on by default
[INFO] [stdout] 
[INFO] [stdout] 
[INFO] [stdout] warning: unused variable: `dst_size`
[INFO] [stdout]    --> src/lib.rs:476:5
[INFO] [stdout]     |
[INFO] [stdout] 476 |     dst_size: usize,
[INFO] [stdout]     |     ^^^^^^^^ help: if this is intentional, prefix it with an underscore: `_dst_size`
[INFO] [stdout]     |
[INFO] [stdout]     = note: `#[warn(unused_variables)]` (part of `#[warn(unused)]`) on by default
[INFO] [stdout] 
[INFO] [stdout] 
[INFO] [stdout] warning: unused variable: `wsteps4`
[INFO] [stdout]    --> src/lib.rs:481:9
[INFO] [stdout]     |
[INFO] [stdout] 481 |     let wsteps4 = (width + 3) / 4;
[INFO] [stdout]     |         ^^^^^^^ help: if this is intentional, prefix it with an underscore: `_wsteps4`
[INFO] [stdout] 
[INFO] [stdout] 
[INFO] [stdout] warning: unused variable: `dst_size`
[INFO] [stdout]    --> src/lib.rs:744:5
[INFO] [stdout]     |
[INFO] [stdout] 744 |     dst_size: usize,
[INFO] [stdout]     |     ^^^^^^^^ help: if this is intentional, prefix it with an underscore: `_dst_size`
[INFO] [stdout] 
[INFO] [stdout] 
[INFO] [stdout] warning: unused variable: `wsteps8`
[INFO] [stdout]    --> src/lib.rs:750:9
[INFO] [stdout]     |
[INFO] [stdout] 750 |     let wsteps8 = (width + 7) / 8;
[INFO] [stdout]     |         ^^^^^^^ help: if this is intentional, prefix it with an underscore: `_wsteps8`
[INFO] [stdout] 
[INFO] [stdout] 
[INFO] [stdout] warning: variable `kMask_x0f` should have a snake case name
[INFO] [stdout]    --> src/lib.rs:483:9
[INFO] [stdout]     |
[INFO] [stdout] 483 |     let kMask_x0f = _mm_set1_epi32(0x0f0f0f0fu32 as i32);
[INFO] [stdout]     |         ^^^^^^^^^ help: convert the identifier to snake case: `k_mask_x0f`
[INFO] [stdout]     |
[INFO] [stdout]     = note: `#[warn(non_snake_case)]` (part of `#[warn(nonstandard_style)]`) on by default
[INFO] [stdout] 
[INFO] [stdout] 
[INFO] [stdout] warning: variable `kMask_xf0` should have a snake case name
[INFO] [stdout]    --> src/lib.rs:484:9
[INFO] [stdout]     |
[INFO] [stdout] 484 |     let kMask_xf0 = _mm_set1_epi32(-252645136); // 0xf0f0f0f0u32
[INFO] [stdout]     |         ^^^^^^^^^ help: convert the identifier to snake case: `k_mask_xf0`
[INFO] [stdout] 
[INFO] [stdout] 
[INFO] [stdout] warning: variable `maskB3A2` should have a snake case name
[INFO] [stdout]    --> src/lib.rs:487:9
[INFO] [stdout]     |
[INFO] [stdout] 487 |     let maskB3A2 = _mm_set_epi8(11, 11, 11, 11, 3, 3, 3, 3, 10, 10, 10, 10, 2, 2, 2, 2);
[INFO] [stdout]     |         ^^^^^^^^ help: convert the identifier to snake case: `mask_b3_a2`
[INFO] [stdout] 
[INFO] [stdout] 
[INFO] [stdout] warning: variable `maskD5C4` should have a snake case name
[INFO] [stdout]    --> src/lib.rs:488:9
[INFO] [stdout]     |
[INFO] [stdout] 488 |     let maskD5C4 = _mm_set_epi8(13, 13, 13, 13, 5, 5, 5, 5, 12, 12, 12, 12, 4, 4, 4, 4);
[INFO] [stdout]     |         ^^^^^^^^ help: convert the identifier to snake case: `mask_d5_c4`
[INFO] [stdout] 
[INFO] [stdout] 
[INFO] [stdout] warning: variable `maskF7E6` should have a snake case name
[INFO] [stdout]    --> src/lib.rs:489:9
[INFO] [stdout]     |
[INFO] [stdout] 489 |     let maskF7E6 = _mm_set_epi8(15, 15, 15, 15, 7, 7, 7, 7, 14, 14, 14, 14, 6, 6, 6, 6);
[INFO] [stdout]     |         ^^^^^^^^ help: convert the identifier to snake case: `mask_f7_e6`
[INFO] [stdout] 
[INFO] [stdout] 
[INFO] [stderr]     Finished `release` profile [optimized] target(s) in 9.73s
[INFO] running `Command { std: "docker" "inspect" "807e3c01bb11980c3624173e90e5a14ca72d6fffbcbd6d205cfb4806ee42095c", kill_on_drop: false }`
[INFO] running `Command { std: "docker" "exec" "-e" "SOURCE_DIR=/opt/rustwide/workdir" "-e" "CARGO_HOME=/opt/rustwide/cargo-home" "-e" "RUSTUP_HOME=/opt/rustwide/rustup-home" "-e" "CARGO_TARGET_DIR=/opt/rustwide/target" "-e" "CARGO_INCREMENTAL=0" "-e" "RUST_BACKTRACE=full" "-e" "RUSTFLAGS=--cap-lints=warn" "-e" "RUSTDOCFLAGS=--cap-lints=warn" "-w" "/opt/rustwide/workdir" "--user" "0:0" "807e3c01bb11980c3624173e90e5a14ca72d6fffbcbd6d205cfb4806ee42095c" "/opt/rustwide/cargo-home/bin/cargo" "+1.100.0-beta.1" "test" "--frozen" "--no-run" "--message-format=json" "--release", kill_on_drop: false }`
[INFO] [stderr]    Compiling crossbeam-deque v0.8.8
[INFO] [stderr]    Compiling crossbeam-epoch v0.9.21
[INFO] [stderr]    Compiling simd-adler32 v0.3.10
[INFO] [stderr]    Compiling crossbeam-utils v0.8.23
[INFO] [stderr]    Compiling zerocopy-derive v0.8.63
[INFO] [stderr]    Compiling equator-macro v0.4.2
[INFO] [stderr]    Compiling num-bigint v0.4.8
[INFO] [stderr]    Compiling syn v3.0.9
[INFO] [stderr]    Compiling arrayvec v0.7.8
[INFO] [stderr]    Compiling crc32fast v1.5.2
[INFO] [stderr]    Compiling as-slice v0.2.1
[INFO] [stderr]    Compiling bitflags v2.13.2
[INFO] [stderr]    Compiling bytemuck v1.25.2
[INFO] [stderr]    Compiling libm v0.2.16
[INFO] [stderr]    Compiling av-scenechange v0.14.1
[INFO] [stderr]    Compiling built v0.8.1
[INFO] [stderr]    Compiling equator v0.4.2
[INFO] [stderr]    Compiling pulp v0.22.3
[INFO] [stderr]    Compiling aligned-vec v0.6.4
[INFO] [stderr]    Compiling aligned v0.4.3
[INFO] [stderr]    Compiling v_frame v0.3.9
[INFO] [stderr]    Compiling miniz_oxide v0.9.1
[INFO] [stderr]    Compiling nom v8.0.0
[INFO] [stderr]    Compiling rayon-core v1.13.0
[INFO] [stderr]    Compiling rav1e v0.8.1
[INFO] [stderr]    Compiling no_std_io2 v0.9.4
[INFO] [stderr]    Compiling profiling-procmacros v1.0.18
[INFO] [stderr]    Compiling arg_enum_proc_macro v0.3.4
[INFO] [stderr]    Compiling y4m v0.8.0
[INFO] [stderr]    Compiling rayon v1.12.0
[INFO] [stderr]    Compiling quick-error v2.0.1
[INFO] [stderr]    Compiling pastey v0.1.1
[INFO] [stderr]    Compiling zerocopy v0.8.63
[INFO] [stderr]    Compiling flate2 v1.1.10
[INFO] [stderr]    Compiling num-rational v0.4.2
[INFO] [stderr]    Compiling profiling v1.0.18
[INFO] [stderr]    Compiling thiserror-impl v2.0.21
[INFO] [stderr]    Compiling bitstream-io v4.10.0
[INFO] [stderr]    Compiling num-complex v0.4.6
[INFO] [stderr]    Compiling raw-cpuid v11.6.0
[INFO] [stderr]    Compiling thiserror v2.0.21
[INFO] [stderr]    Compiling miniz_oxide v0.8.9
[INFO] [stderr]    Compiling itertools v0.14.0
[INFO] [stderr]    Compiling maybe-rayon v0.1.1
[INFO] [stderr]    Compiling av1-grain v0.2.5
[INFO] [stderr]    Compiling getrandom v0.2.17
[INFO] [stderr]    Compiling num-derive v0.4.2
[INFO] [stderr]    Compiling simd_helpers v0.1.0
[INFO] [stderr]    Compiling imgref v1.12.3
[INFO] [stderr]    Compiling pulp-wasm-simd-flag v0.1.1
[INFO] [stderr]    Compiling noop_proc_macro v0.3.0
[INFO] [stderr]    Compiling weezl v0.1.12
[INFO] [stderr]    Compiling new_debug_unreachable v1.0.6
[INFO] [stderr]    Compiling zune-core v0.5.3
[INFO] [stderr]    Compiling loop9 v0.1.5
[INFO] [stderr]    Compiling rand_core v0.6.4
[INFO] [stderr]    Compiling fdeflate v0.3.7
[INFO] [stderr]    Compiling zune-jpeg v0.5.15
[INFO] [stderr]    Compiling zune-inflate v0.2.54
[INFO] [stderr]    Compiling avif-serialize v0.8.9
[INFO] [stderr]    Compiling smallvec v1.16.3
[INFO] [stderr]    Compiling rgb v0.8.53
[INFO] [stderr]    Compiling half v2.7.1
[INFO] [stderr]    Compiling ppv-lite86 v0.2.21
[INFO] [stderr]    Compiling bit_field v0.10.3
[INFO] [stderr]    Compiling lebe v0.5.3
[INFO] [stderr]    Compiling byteorder-lite v0.1.0
[INFO] [stderr]    Compiling pxfm v0.1.30
[INFO] [stderr]    Compiling color_quant v1.1.0
[INFO] [stderr]    Compiling fax v0.2.7
[INFO] [stderr]    Compiling rand_chacha v0.3.1
[INFO] [stderr]    Compiling gif v0.14.2
[INFO] [stderr]    Compiling png v0.18.1
[INFO] [stderr]    Compiling image-webp v0.2.4
[INFO] [stderr]    Compiling tiff v0.11.3
[INFO] [stderr] warning: gctex@0.3.12: In function 'void TexDecoder_DecodeImpl_RGB5A3(u32*, const u8*, int, int, TextureFormat, const u8*, TLUTFormat, int, int)',
[INFO] [stderr] warning: gctex@0.3.12:     inlined from 'void _TexDecoder_DecodeImpl(u32*, const u8*, int, int, TextureFormat, const u8*, TLUTFormat)' at src/dolemu/TextureDecoder/TextureDecoder_x64.cpp:1492:35:
[INFO] [stderr] warning: gctex@0.3.12: src/dolemu/TextureDecoder/TextureDecoder_x64.cpp:995:23: warning: 'valV' may be used uninitialized [-Wmaybe-uninitialized]
[INFO] [stderr] warning: gctex@0.3.12:   995 |             if (vals[i] & 0x8000)
[INFO] [stderr] warning: gctex@0.3.12:       |                 ~~~~~~^
[INFO] [stderr] warning: gctex@0.3.12: src/dolemu/TextureDecoder/TextureDecoder_x64.cpp: In function 'void _TexDecoder_DecodeImpl(u32*, const u8*, int, int, TextureFormat, const u8*, TLUTFormat)':
[INFO] [stderr] warning: gctex@0.3.12: src/dolemu/TextureDecoder/TextureDecoder_x64.cpp:928:23: note: 'valV' was declared here
[INFO] [stderr] warning: gctex@0.3.12:   928 |         const __m128i valV = _mm_set_epi16(0, val3, 0, val2, 0, val1, 0, val0);
[INFO] [stderr] warning: gctex@0.3.12:       |                       ^~~~
[INFO] [stderr] warning: gctex@0.3.12: In function 'void TexDecoder_DecodeImpl_RGB5A3_SSSE3(u32*, const u8*, int, int, TextureFormat, const u8*, TLUTFormat, int, int)',
[INFO] [stderr] warning: gctex@0.3.12:     inlined from 'void _TexDecoder_DecodeImpl(u32*, const u8*, int, int, TextureFormat, const u8*, TLUTFormat)' at src/dolemu/TextureDecoder/TextureDecoder_x64.cpp:1489:41:
[INFO] [stderr] warning: gctex@0.3.12: src/dolemu/TextureDecoder/TextureDecoder_x64.cpp:875:23: warning: 'valV' may be used uninitialized [-Wmaybe-uninitialized]
[INFO] [stderr] warning: gctex@0.3.12:   875 |             if (vals[i] & 0x8000)
[INFO] [stderr] warning: gctex@0.3.12:       |                 ~~~~~~^
[INFO] [stderr] warning: gctex@0.3.12: src/dolemu/TextureDecoder/TextureDecoder_x64.cpp: In function 'void _TexDecoder_DecodeImpl(u32*, const u8*, int, int, TextureFormat, const u8*, TLUTFormat)':
[INFO] [stderr] warning: gctex@0.3.12: src/dolemu/TextureDecoder/TextureDecoder_x64.cpp:816:23: note: 'valV' was declared here
[INFO] [stderr] warning: gctex@0.3.12:   816 |         const __m128i valV =
[INFO] [stderr] warning: gctex@0.3.12:       |                       ^~~~
[INFO] [stderr]    Compiling qoi v0.4.1
[INFO] [stderr]    Compiling rand v0.8.8
[INFO] [stdout] warning: unused import: `std::arch::x86_64::*`
[INFO] [stdout]    --> src/lib.rs:736:5
[INFO] [stdout]     |
[INFO] [stdout] 736 | use std::arch::x86_64::*;
[INFO] [stdout]     |     ^^^^^^^^^^^^^^^^^^^^
[INFO] [stdout]     |
[INFO] [stdout]     = note: `#[warn(unused_imports)]` (part of `#[warn(unused)]`) on by default
[INFO] [stdout] 
[INFO] [stdout] 
[INFO] [stdout] warning: unreachable expression
[INFO] [stdout]    --> src/lib.rs:907:5
[INFO] [stdout]     |
[INFO] [stdout] 902 |           return;
[INFO] [stdout]     |           ------ any code following this expression is unreachable
[INFO] [stdout] ...
[INFO] [stdout] 907 | /     match texformat {
[INFO] [stdout] 908 | |         TextureFormat::I4 => decode_texture_i4(dst, src, width as usize, height as usize),
[INFO] [stdout] 909 | |         TextureFormat::I8 => decode_texture_i8(
[INFO] [stdout] 910 | |             unsafe { u8_to_u32_slice(dst) },
[INFO] [stdout] ...   |
[INFO] [stdout] 970 | |     }
[INFO] [stdout]     | |_____^ unreachable expression
[INFO] [stdout]     |
[INFO] [stdout]     = note: `#[warn(unreachable_code)]` (part of `#[warn(unused)]`) on by default
[INFO] [stdout] 
[INFO] [stdout] 
[INFO] [stdout] warning: unused variable: `dst_size`
[INFO] [stdout]    --> src/lib.rs:476:5
[INFO] [stdout]     |
[INFO] [stdout] 476 |     dst_size: usize,
[INFO] [stdout]     |     ^^^^^^^^ help: if this is intentional, prefix it with an underscore: `_dst_size`
[INFO] [stdout]     |
[INFO] [stdout]     = note: `#[warn(unused_variables)]` (part of `#[warn(unused)]`) on by default
[INFO] [stdout] 
[INFO] [stdout] 
[INFO] [stdout] warning: unused variable: `wsteps4`
[INFO] [stdout]    --> src/lib.rs:481:9
[INFO] [stdout]     |
[INFO] [stdout] 481 |     let wsteps4 = (width + 3) / 4;
[INFO] [stdout]     |         ^^^^^^^ help: if this is intentional, prefix it with an underscore: `_wsteps4`
[INFO] [stdout] 
[INFO] [stdout] 
[INFO] [stdout] warning: unused variable: `dst_size`
[INFO] [stdout]    --> src/lib.rs:744:5
[INFO] [stdout]     |
[INFO] [stdout] 744 |     dst_size: usize,
[INFO] [stdout]     |     ^^^^^^^^ help: if this is intentional, prefix it with an underscore: `_dst_size`
[INFO] [stdout] 
[INFO] [stdout] 
[INFO] [stdout] warning: unused variable: `wsteps8`
[INFO] [stdout]    --> src/lib.rs:750:9
[INFO] [stdout]     |
[INFO] [stdout] 750 |     let wsteps8 = (width + 7) / 8;
[INFO] [stdout]     |         ^^^^^^^ help: if this is intentional, prefix it with an underscore: `_wsteps8`
[INFO] [stdout] 
[INFO] [stdout] 
[INFO] [stdout] warning: variable `kMask_x0f` should have a snake case name
[INFO] [stdout]    --> src/lib.rs:483:9
[INFO] [stdout]     |
[INFO] [stdout] 483 |     let kMask_x0f = _mm_set1_epi32(0x0f0f0f0fu32 as i32);
[INFO] [stdout]     |         ^^^^^^^^^ help: convert the identifier to snake case: `k_mask_x0f`
[INFO] [stdout]     |
[INFO] [stdout]     = note: `#[warn(non_snake_case)]` (part of `#[warn(nonstandard_style)]`) on by default
[INFO] [stdout] 
[INFO] [stdout] 
[INFO] [stdout] warning: variable `kMask_xf0` should have a snake case name
[INFO] [stdout]    --> src/lib.rs:484:9
[INFO] [stdout]     |
[INFO] [stdout] 484 |     let kMask_xf0 = _mm_set1_epi32(-252645136); // 0xf0f0f0f0u32
[INFO] [stdout]     |         ^^^^^^^^^ help: convert the identifier to snake case: `k_mask_xf0`
[INFO] [stdout] 
[INFO] [stdout] 
[INFO] [stdout] warning: variable `maskB3A2` should have a snake case name
[INFO] [stdout]    --> src/lib.rs:487:9
[INFO] [stdout]     |
[INFO] [stdout] 487 |     let maskB3A2 = _mm_set_epi8(11, 11, 11, 11, 3, 3, 3, 3, 10, 10, 10, 10, 2, 2, 2, 2);
[INFO] [stdout]     |         ^^^^^^^^ help: convert the identifier to snake case: `mask_b3_a2`
[INFO] [stdout] 
[INFO] [stdout] 
[INFO] [stdout] warning: variable `maskD5C4` should have a snake case name
[INFO] [stdout]    --> src/lib.rs:488:9
[INFO] [stdout]     |
[INFO] [stdout] 488 |     let maskD5C4 = _mm_set_epi8(13, 13, 13, 13, 5, 5, 5, 5, 12, 12, 12, 12, 4, 4, 4, 4);
[INFO] [stdout]     |         ^^^^^^^^ help: convert the identifier to snake case: `mask_d5_c4`
[INFO] [stdout] 
[INFO] [stdout] 
[INFO] [stdout] warning: variable `maskF7E6` should have a snake case name
[INFO] [stdout]    --> src/lib.rs:489:9
[INFO] [stdout]     |
[INFO] [stdout] 489 |     let maskF7E6 = _mm_set_epi8(15, 15, 15, 15, 7, 7, 7, 7, 14, 14, 14, 14, 6, 6, 6, 6);
[INFO] [stdout]     |         ^^^^^^^^ help: convert the identifier to snake case: `mask_f7_e6`
[INFO] [stdout] 
[INFO] [stdout] 
[INFO] [stderr]    Compiling moxcms v0.8.1
[INFO] [stderr]    Compiling exr v1.74.2
[INFO] [stderr]    Compiling ravif v0.13.0
[INFO] [stderr]    Compiling image v0.25.10
[INFO] [stderr]    Compiling gctex v0.3.12 (/opt/rustwide/workdir)
[INFO] [stdout] warning: unused import: `std::arch::x86_64::*`
[INFO] [stdout]    --> src/lib.rs:736:5
[INFO] [stdout]     |
[INFO] [stdout] 736 | use std::arch::x86_64::*;
[INFO] [stdout]     |     ^^^^^^^^^^^^^^^^^^^^
[INFO] [stdout]     |
[INFO] [stdout]     = note: `#[warn(unused_imports)]` (part of `#[warn(unused)]`) on by default
[INFO] [stdout] 
[INFO] [stdout] 
[INFO] [stdout] warning: unreachable expression
[INFO] [stdout]    --> src/lib.rs:907:5
[INFO] [stdout]     |
[INFO] [stdout] 902 |           return;
[INFO] [stdout]     |           ------ any code following this expression is unreachable
[INFO] [stdout] ...
[INFO] [stdout] 907 | /     match texformat {
[INFO] [stdout] 908 | |         TextureFormat::I4 => decode_texture_i4(dst, src, width as usize, height as usize),
[INFO] [stdout] 909 | |         TextureFormat::I8 => decode_texture_i8(
[INFO] [stdout] 910 | |             unsafe { u8_to_u32_slice(dst) },
[INFO] [stdout] ...   |
[INFO] [stdout] 970 | |     }
[INFO] [stdout]     | |_____^ unreachable expression
[INFO] [stdout]     |
[INFO] [stdout]     = note: `#[warn(unreachable_code)]` (part of `#[warn(unused)]`) on by default
[INFO] [stdout] 
[INFO] [stdout] 
[INFO] [stdout] warning: unused variable: `dst_size`
[INFO] [stdout]    --> src/lib.rs:476:5
[INFO] [stdout]     |
[INFO] [stdout] 476 |     dst_size: usize,
[INFO] [stdout]     |     ^^^^^^^^ help: if this is intentional, prefix it with an underscore: `_dst_size`
[INFO] [stdout]     |
[INFO] [stdout]     = note: `#[warn(unused_variables)]` (part of `#[warn(unused)]`) on by default
[INFO] [stdout] 
[INFO] [stdout] 
[INFO] [stdout] warning: unused variable: `wsteps4`
[INFO] [stdout]    --> src/lib.rs:481:9
[INFO] [stdout]     |
[INFO] [stdout] 481 |     let wsteps4 = (width + 3) / 4;
[INFO] [stdout]     |         ^^^^^^^ help: if this is intentional, prefix it with an underscore: `_wsteps4`
[INFO] [stdout] 
[INFO] [stdout] 
[INFO] [stdout] warning: unused variable: `dst_size`
[INFO] [stdout]    --> src/lib.rs:744:5
[INFO] [stdout]     |
[INFO] [stdout] 744 |     dst_size: usize,
[INFO] [stdout]     |     ^^^^^^^^ help: if this is intentional, prefix it with an underscore: `_dst_size`
[INFO] [stdout] 
[INFO] [stdout] 
[INFO] [stdout] warning: unused variable: `wsteps8`
[INFO] [stdout]    --> src/lib.rs:750:9
[INFO] [stdout]     |
[INFO] [stdout] 750 |     let wsteps8 = (width + 7) / 8;
[INFO] [stdout]     |         ^^^^^^^ help: if this is intentional, prefix it with an underscore: `_wsteps8`
[INFO] [stdout] 
[INFO] [stdout] 
[INFO] [stdout] warning: variable `kMask_x0f` should have a snake case name
[INFO] [stdout]    --> src/lib.rs:483:9
[INFO] [stdout]     |
[INFO] [stdout] 483 |     let kMask_x0f = _mm_set1_epi32(0x0f0f0f0fu32 as i32);
[INFO] [stdout]     |         ^^^^^^^^^ help: convert the identifier to snake case: `k_mask_x0f`
[INFO] [stdout]     |
[INFO] [stdout]     = note: `#[warn(non_snake_case)]` (part of `#[warn(nonstandard_style)]`) on by default
[INFO] [stdout] 
[INFO] [stdout] 
[INFO] [stdout] warning: variable `kMask_xf0` should have a snake case name
[INFO] [stdout]    --> src/lib.rs:484:9
[INFO] [stdout]     |
[INFO] [stdout] 484 |     let kMask_xf0 = _mm_set1_epi32(-252645136); // 0xf0f0f0f0u32
[INFO] [stdout]     |         ^^^^^^^^^ help: convert the identifier to snake case: `k_mask_xf0`
[INFO] [stdout] 
[INFO] [stdout] 
[INFO] [stdout] warning: variable `maskB3A2` should have a snake case name
[INFO] [stdout]    --> src/lib.rs:487:9
[INFO] [stdout]     |
[INFO] [stdout] 487 |     let maskB3A2 = _mm_set_epi8(11, 11, 11, 11, 3, 3, 3, 3, 10, 10, 10, 10, 2, 2, 2, 2);
[INFO] [stdout]     |         ^^^^^^^^ help: convert the identifier to snake case: `mask_b3_a2`
[INFO] [stdout] 
[INFO] [stdout] 
[INFO] [stdout] warning: variable `maskD5C4` should have a snake case name
[INFO] [stdout]    --> src/lib.rs:488:9
[INFO] [stdout]     |
[INFO] [stdout] 488 |     let maskD5C4 = _mm_set_epi8(13, 13, 13, 13, 5, 5, 5, 5, 12, 12, 12, 12, 4, 4, 4, 4);
[INFO] [stdout]     |         ^^^^^^^^ help: convert the identifier to snake case: `mask_d5_c4`
[INFO] [stdout] 
[INFO] [stdout] 
[INFO] [stdout] warning: variable `maskF7E6` should have a snake case name
[INFO] [stdout]    --> src/lib.rs:489:9
[INFO] [stdout]     |
[INFO] [stdout] 489 |     let maskF7E6 = _mm_set_epi8(15, 15, 15, 15, 7, 7, 7, 7, 14, 14, 14, 14, 6, 6, 6, 6);
[INFO] [stdout]     |         ^^^^^^^^ help: convert the identifier to snake case: `mask_f7_e6`
[INFO] [stdout] 
[INFO] [stdout] 
[INFO] [stderr]     Finished `release` profile [optimized] target(s) in 4m 43s
[INFO] running `Command { std: "docker" "inspect" "807e3c01bb11980c3624173e90e5a14ca72d6fffbcbd6d205cfb4806ee42095c", kill_on_drop: false }`
[INFO] running `Command { std: "docker" "exec" "-e" "SOURCE_DIR=/opt/rustwide/workdir" "-e" "CARGO_HOME=/opt/rustwide/cargo-home" "-e" "RUSTUP_HOME=/opt/rustwide/rustup-home" "-e" "CARGO_TARGET_DIR=/opt/rustwide/target" "-e" "CARGO_INCREMENTAL=0" "-e" "RUST_BACKTRACE=full" "-e" "RUSTFLAGS=--cap-lints=warn" "-e" "RUSTDOCFLAGS=--cap-lints=warn" "-w" "/opt/rustwide/workdir" "--user" "0:0" "807e3c01bb11980c3624173e90e5a14ca72d6fffbcbd6d205cfb4806ee42095c" "/opt/rustwide/cargo-home/bin/cargo" "+1.100.0-beta.1" "test" "--frozen" "--release", kill_on_drop: false }`
[INFO] [stderr] warning: gctex@0.3.12: In function 'void TexDecoder_DecodeImpl_RGB5A3(u32*, const u8*, int, int, TextureFormat, const u8*, TLUTFormat, int, int)',
[INFO] [stderr] warning: gctex@0.3.12:     inlined from 'void _TexDecoder_DecodeImpl(u32*, const u8*, int, int, TextureFormat, const u8*, TLUTFormat)' at src/dolemu/TextureDecoder/TextureDecoder_x64.cpp:1492:35:
[INFO] [stderr] warning: gctex@0.3.12: src/dolemu/TextureDecoder/TextureDecoder_x64.cpp:995:23: warning: 'valV' may be used uninitialized [-Wmaybe-uninitialized]
[INFO] [stderr] warning: gctex@0.3.12:   995 |             if (vals[i] & 0x8000)
[INFO] [stderr] warning: gctex@0.3.12:       |                 ~~~~~~^
[INFO] [stderr] warning: gctex@0.3.12: src/dolemu/TextureDecoder/TextureDecoder_x64.cpp: In function 'void _TexDecoder_DecodeImpl(u32*, const u8*, int, int, TextureFormat, const u8*, TLUTFormat)':
[INFO] [stderr] warning: gctex@0.3.12: src/dolemu/TextureDecoder/TextureDecoder_x64.cpp:928:23: note: 'valV' was declared here
[INFO] [stderr] warning: gctex@0.3.12:   928 |         const __m128i valV = _mm_set_epi16(0, val3, 0, val2, 0, val1, 0, val0);
[INFO] [stderr] warning: gctex@0.3.12:       |                       ^~~~
[INFO] [stderr] warning: gctex@0.3.12: In function 'void TexDecoder_DecodeImpl_RGB5A3_SSSE3(u32*, const u8*, int, int, TextureFormat, const u8*, TLUTFormat, int, int)',
[INFO] [stderr] warning: gctex@0.3.12:     inlined from 'void _TexDecoder_DecodeImpl(u32*, const u8*, int, int, TextureFormat, const u8*, TLUTFormat)' at src/dolemu/TextureDecoder/TextureDecoder_x64.cpp:1489:41:
[INFO] [stderr] warning: gctex@0.3.12: src/dolemu/TextureDecoder/TextureDecoder_x64.cpp:875:23: warning: 'valV' may be used uninitialized [-Wmaybe-uninitialized]
[INFO] [stderr] warning: gctex@0.3.12:   875 |             if (vals[i] & 0x8000)
[INFO] [stderr] warning: gctex@0.3.12:       |                 ~~~~~~^
[INFO] [stderr] warning: gctex@0.3.12: src/dolemu/TextureDecoder/TextureDecoder_x64.cpp: In function 'void _TexDecoder_DecodeImpl(u32*, const u8*, int, int, TextureFormat, const u8*, TLUTFormat)':
[INFO] [stderr] warning: gctex@0.3.12: src/dolemu/TextureDecoder/TextureDecoder_x64.cpp:816:23: note: 'valV' was declared here
[INFO] [stderr] warning: gctex@0.3.12:   816 |         const __m128i valV =
[INFO] [stderr] warning: gctex@0.3.12:       |                       ^~~~
[INFO] [stderr] warning: unused import: `std::arch::x86_64::*`
[INFO] [stderr]    --> src/lib.rs:736:5
[INFO] [stderr]     |
[INFO] [stderr] 736 | use std::arch::x86_64::*;
[INFO] [stderr]     |     ^^^^^^^^^^^^^^^^^^^^
[INFO] [stderr]     |
[INFO] [stderr]     = note: `#[warn(unused_imports)]` (part of `#[warn(unused)]`) on by default
[INFO] [stderr] 
[INFO] [stderr] warning: unreachable expression
[INFO] [stderr]    --> src/lib.rs:907:5
[INFO] [stderr]     |
[INFO] [stderr] 902 |           return;
[INFO] [stderr]     |           ------ any code following this expression is unreachable
[INFO] [stderr] ...
[INFO] [stderr] 907 | /     match texformat {
[INFO] [stderr] 908 | |         TextureFormat::I4 => decode_texture_i4(dst, src, width as usize, height as usize),
[INFO] [stderr] 909 | |         TextureFormat::I8 => decode_texture_i8(
[INFO] [stderr] 910 | |             unsafe { u8_to_u32_slice(dst) },
[INFO] [stderr] ...   |
[INFO] [stderr] 970 | |     }
[INFO] [stderr]     | |_____^ unreachable expression
[INFO] [stderr]     |
[INFO] [stderr]     = note: `#[warn(unreachable_code)]` (part of `#[warn(unused)]`) on by default
[INFO] [stderr] 
[INFO] [stderr] warning: unused variable: `dst_size`
[INFO] [stderr]    --> src/lib.rs:476:5
[INFO] [stderr]     |
[INFO] [stderr] 476 |     dst_size: usize,
[INFO] [stderr]     |     ^^^^^^^^ help: if this is intentional, prefix it with an underscore: `_dst_size`
[INFO] [stderr]     |
[INFO] [stderr]     = note: `#[warn(unused_variables)]` (part of `#[warn(unused)]`) on by default
[INFO] [stderr] 
[INFO] [stderr] warning: unused variable: `wsteps4`
[INFO] [stderr]    --> src/lib.rs:481:9
[INFO] [stderr]     |
[INFO] [stderr] 481 |     let wsteps4 = (width + 3) / 4;
[INFO] [stderr]     |         ^^^^^^^ help: if this is intentional, prefix it with an underscore: `_wsteps4`
[INFO] [stderr] 
[INFO] [stderr] warning: unused variable: `dst_size`
[INFO] [stderr]    --> src/lib.rs:744:5
[INFO] [stderr]     |
[INFO] [stderr] 744 |     dst_size: usize,
[INFO] [stderr]     |     ^^^^^^^^ help: if this is intentional, prefix it with an underscore: `_dst_size`
[INFO] [stderr] 
[INFO] [stderr] warning: unused variable: `wsteps8`
[INFO] [stderr]    --> src/lib.rs:750:9
[INFO] [stderr]     |
[INFO] [stderr] 750 |     let wsteps8 = (width + 7) / 8;
[INFO] [stderr]     |         ^^^^^^^ help: if this is intentional, prefix it with an underscore: `_wsteps8`
[INFO] [stderr] 
[INFO] [stderr] warning: variable `kMask_x0f` should have a snake case name
[INFO] [stderr]    --> src/lib.rs:483:9
[INFO] [stderr]     |
[INFO] [stderr] 483 |     let kMask_x0f = _mm_set1_epi32(0x0f0f0f0fu32 as i32);
[INFO] [stderr]     |         ^^^^^^^^^ help: convert the identifier to snake case: `k_mask_x0f`
[INFO] [stderr]     |
[INFO] [stderr]     = note: `#[warn(non_snake_case)]` (part of `#[warn(nonstandard_style)]`) on by default
[INFO] [stderr] 
[INFO] [stderr] warning: variable `kMask_xf0` should have a snake case name
[INFO] [stderr]    --> src/lib.rs:484:9
[INFO] [stderr]     |
[INFO] [stderr] 484 |     let kMask_xf0 = _mm_set1_epi32(-252645136); // 0xf0f0f0f0u32
[INFO] [stderr]     |         ^^^^^^^^^ help: convert the identifier to snake case: `k_mask_xf0`
[INFO] [stderr] 
[INFO] [stderr] warning: variable `maskB3A2` should have a snake case name
[INFO] [stderr]    --> src/lib.rs:487:9
[INFO] [stderr]     |
[INFO] [stderr] 487 |     let maskB3A2 = _mm_set_epi8(11, 11, 11, 11, 3, 3, 3, 3, 10, 10, 10, 10, 2, 2, 2, 2);
[INFO] [stderr]     |         ^^^^^^^^ help: convert the identifier to snake case: `mask_b3_a2`
[INFO] [stderr] 
[INFO] [stderr] warning: variable `maskD5C4` should have a snake case name
[INFO] [stderr]    --> src/lib.rs:488:9
[INFO] [stderr]     |
[INFO] [stderr] 488 |     let maskD5C4 = _mm_set_epi8(13, 13, 13, 13, 5, 5, 5, 5, 12, 12, 12, 12, 4, 4, 4, 4);
[INFO] [stderr]     |         ^^^^^^^^ help: convert the identifier to snake case: `mask_d5_c4`
[INFO] [stderr] 
[INFO] [stderr] warning: variable `maskF7E6` should have a snake case name
[INFO] [stderr]    --> src/lib.rs:489:9
[INFO] [stderr]     |
[INFO] [stderr] 489 |     let maskF7E6 = _mm_set_epi8(15, 15, 15, 15, 7, 7, 7, 7, 14, 14, 14, 14, 6, 6, 6, 6);
[INFO] [stderr]     |         ^^^^^^^^ help: convert the identifier to snake case: `mask_f7_e6`
[INFO] [stderr] 
[INFO] [stderr] warning: `gctex` (lib) generated 11 warnings (run `cargo fix --lib -p gctex` to apply 5 suggestions)
[INFO] [stderr] warning: `gctex` (lib test) generated 11 warnings (11 duplicates)
[INFO] [stderr]     Finished `release` profile [optimized] target(s) in 0.16s
[INFO] [stderr]      Running unittests src/lib.rs (/opt/rustwide/target/release/build/gctex/53ad63d01c6428aa/out/gctex-53ad63d01c6428aa)
[INFO] [stdout] 
[INFO] [stdout] running 11 tests
[INFO] [stdout] test tests::image_size_c8 ... ok
[INFO] [stdout] test tests3::test_decode_all_formats ... FAILED
[INFO] [stdout] test tests3::test_decode_cmpr_nonfast2 ... FAILED
[INFO] [stdout] test tests2::test_decode_cmpr_fast ... FAILED
[INFO] [stdout] test tests3::test_encode_all_formats ... FAILED
[INFO] [stdout] test tests::test_rii_compute_image_size_mip_with_multiple_images ... ok
[INFO] [stdout] test tests::test_rii_compute_image_size_mip_with_large_size ... ok
[INFO] [stdout] test tests::test_rii_compute_image_size_mip_with_small_size ... ok
[INFO] [stdout] test tests::test_rii_compute_image_size_mip_with_1x1 ... ok
[INFO] [stdout] test tests3::test_decode_with_random_data ... FAILED
[INFO] [stdout] test tests3::test_encode_with_random_data ... FAILED
[INFO] [stdout] 
[INFO] [stdout] failures:
[INFO] [stdout] 
[INFO] [stdout] ---- tests3::test_decode_all_formats stdout ----
[INFO] [stdout] 
[INFO] [stdout] thread 'tests3::test_decode_all_formats' (1566) panicked at src/lib.rs:1780:41:
[INFO] [stdout] Failed to open raw image file: Os { code: 2, kind: NotFound, message: "No such file or directory" }
[INFO] [stdout] stack backtrace:
[INFO] [stdout]    0:     0x5eb0625ccca1 - <<std[617be2ca0a6fd877]::sys::backtrace::BacktraceLock>::print::DisplayBacktrace as core[a373ad73a504971]::fmt::Display>::fmt
[INFO] [stdout]    1:     0x5eb0625e176a - core[a373ad73a504971]::fmt::write
[INFO] [stdout]    2:     0x5eb0625d10bc - <alloc[2e1b2a31b91974c5]::vec::Vec<u8> as core[a373ad73a504971]::io::write::Write>::write_fmt
[INFO] [stdout]    3:     0x5eb0625a88b6 - std[617be2ca0a6fd877]::panicking::default_hook::{closure#0}
[INFO] [stdout]    4:     0x5eb0625c4cc9 - std[617be2ca0a6fd877]::panicking::default_hook
[INFO] [stdout]    5:     0x5eb062388a40 - test[aada8e7e76ba119b]::test_main_inner::{closure#0}
[INFO] [stdout]    6:     0x5eb0625c4ff2 - std[617be2ca0a6fd877]::panicking::panic_with_hook
[INFO] [stdout]    7:     0x5eb0625a8962 - std[617be2ca0a6fd877]::panicking::panic_handler::{closure#0}
[INFO] [stdout]    8:     0x5eb0625a14b9 - std[617be2ca0a6fd877]::sys::backtrace::__rust_end_short_backtrace::<std[617be2ca0a6fd877]::panicking::panic_handler::{closure#0}, !>
[INFO] [stdout]    9:     0x5eb0625a956d - __rustc[ea4f61d10b84890b]::rust_begin_unwind
[INFO] [stdout]   10:     0x5eb0625e1e9c - core[a373ad73a504971]::panicking::panic_fmt
[INFO] [stdout]   11:     0x5eb0625e1c72 - core[a373ad73a504971]::result::unwrap_failed
[INFO] [stdout]   12:     0x5eb0622acd0c - gctex[1203d3202d4c590c]::tests3::load_raw_image
[INFO] [stdout]   13:     0x5eb0622b52f3 - <gctex[1203d3202d4c590c]::tests3::test_decode_all_formats::{closure#0} as core[a373ad73a504971]::ops::function::FnOnce<()>>::call_once
[INFO] [stdout]   14:     0x5eb06237be8b - test[aada8e7e76ba119b]::__rust_begin_short_backtrace::<core[a373ad73a504971]::result::Result<(), alloc[2e1b2a31b91974c5]::string::String>, fn() -> core[a373ad73a504971]::result::Result<(), alloc[2e1b2a31b91974c5]::string::String>>
[INFO] [stdout]   15:     0x5eb062389065 - test[aada8e7e76ba119b]::run_test::{closure#0}
[INFO] [stdout]   16:     0x5eb062382954 - std[617be2ca0a6fd877]::sys::backtrace::__rust_begin_short_backtrace::<test[aada8e7e76ba119b]::run_test::{closure#1}, ()>
[INFO] [stdout]   17:     0x5eb06238c0f2 - <std[617be2ca0a6fd877]::thread::lifecycle::spawn_unchecked<test[aada8e7e76ba119b]::run_test::{closure#1}, ()>::{closure#1} as core[a373ad73a504971]::ops::function::FnOnce<()>>::call_once::{shim:vtable#0}
[INFO] [stdout]   18:     0x5eb0625cbfff - <std[617be2ca0a6fd877]::sys::thread::unix::Thread>::new::thread_start
[INFO] [stdout]   19:     0x711a7c1b9dfa - <unknown>
[INFO] [stdout]   20:     0x711a7c24d3d4 - clone
[INFO] [stdout]   21:                0x0 - <unknown>
[INFO] [stdout] 
[INFO] [stdout] ---- tests3::test_decode_cmpr_nonfast2 stdout ----
[INFO] [stdout] 
[INFO] [stdout] thread 'tests3::test_decode_cmpr_nonfast2' (1567) panicked at src/lib.rs:1948:57:
[INFO] [stdout] called `Result::unwrap()` on an `Err` value: Os { code: 2, kind: NotFound, message: "No such file or directory" }
[INFO] [stdout] stack backtrace:
[INFO] [stdout]    0:     0x5eb0625ccca1 - <<std[617be2ca0a6fd877]::sys::backtrace::BacktraceLock>::print::DisplayBacktrace as core[a373ad73a504971]::fmt::Display>::fmt
[INFO] [stdout]    1:     0x5eb0625e176a - core[a373ad73a504971]::fmt::write
[INFO] [stdout]    2:     0x5eb0625d10bc - <alloc[2e1b2a31b91974c5]::vec::Vec<u8> as core[a373ad73a504971]::io::write::Write>::write_fmt
[INFO] [stdout]    3:     0x5eb0625a88b6 - std[617be2ca0a6fd877]::panicking::default_hook::{closure#0}
[INFO] [stdout]    4:     0x5eb0625c4cc9 - std[617be2ca0a6fd877]::panicking::default_hook
[INFO] [stdout]    5:     0x5eb062388a40 - test[aada8e7e76ba119b]::test_main_inner::{closure#0}
[INFO] [stdout]    6:     0x5eb0625c4ff2 - std[617be2ca0a6fd877]::panicking::panic_with_hook
[INFO] [stdout]    7:     0x5eb0625a8962 - std[617be2ca0a6fd877]::panicking::panic_handler::{closure#0}
[INFO] [stdout]    8:     0x5eb0625a14b9 - std[617be2ca0a6fd877]::sys::backtrace::__rust_end_short_backtrace::<std[617be2ca0a6fd877]::panicking::panic_handler::{closure#0}, !>
[INFO] [stdout]    9:     0x5eb0625a956d - __rustc[ea4f61d10b84890b]::rust_begin_unwind
[INFO] [stdout]   10:     0x5eb0625e1e9c - core[a373ad73a504971]::panicking::panic_fmt
[INFO] [stdout]   11:     0x5eb0625e1c72 - core[a373ad73a504971]::result::unwrap_failed
[INFO] [stdout]   12:     0x5eb0622b5ecc - <gctex[1203d3202d4c590c]::tests3::test_decode_cmpr_nonfast2::{closure#0} as core[a373ad73a504971]::ops::function::FnOnce<()>>::call_once
[INFO] [stdout]   13:     0x5eb06237be8b - test[aada8e7e76ba119b]::__rust_begin_short_backtrace::<core[a373ad73a504971]::result::Result<(), alloc[2e1b2a31b91974c5]::string::String>, fn() -> core[a373ad73a504971]::result::Result<(), alloc[2e1b2a31b91974c5]::string::String>>
[INFO] [stdout]   14:     0x5eb062389065 - test[aada8e7e76ba119b]::run_test::{closure#0}
[INFO] [stdout]   15:     0x5eb062382954 - std[617be2ca0a6fd877]::sys::backtrace::__rust_begin_short_backtrace::<test[aada8e7e76ba119b]::run_test::{closure#1}, ()>
[INFO] [stdout]   16:     0x5eb06238c0f2 - <std[617be2ca0a6fd877]::thread::lifecycle::spawn_unchecked<test[aada8e7e76ba119b]::run_test::{closure#1}, ()>::{closure#1} as core[a373ad73a504971]::ops::function::FnOnce<()>>::call_once::{shim:vtable#0}
[INFO] [stdout]   17:     0x5eb0625cbfff - <std[617be2ca0a6fd877]::sys::thread::unix::Thread>::new::thread_start
[INFO] [stdout]   18:     0x711a7c1b9dfa - <unknown>
[INFO] [stdout]   19:     0x711a7c24d3d4 - clone
[INFO] [stdout]   20:                0x0 - <unknown>
[INFO] [stdout] 
[INFO] [stdout] ---- tests2::test_decode_cmpr_fast stdout ----
[INFO] [stdout] 
[INFO] [stdout] thread 'tests2::test_decode_cmpr_fast' (1565) panicked at src/lib.rs:1042:55:
[INFO] [stdout] called `Result::unwrap()` on an `Err` value: Os { code: 2, kind: NotFound, message: "No such file or directory" }
[INFO] [stdout] stack backtrace:
[INFO] [stdout]    0:     0x5eb0625ccca1 - <<std[617be2ca0a6fd877]::sys::backtrace::BacktraceLock>::print::DisplayBacktrace as core[a373ad73a504971]::fmt::Display>::fmt
[INFO] [stdout]    1:     0x5eb0625e176a - core[a373ad73a504971]::fmt::write
[INFO] [stdout]    2:     0x5eb0625d10bc - <alloc[2e1b2a31b91974c5]::vec::Vec<u8> as core[a373ad73a504971]::io::write::Write>::write_fmt
[INFO] [stdout]    3:     0x5eb0625a88b6 - std[617be2ca0a6fd877]::panicking::default_hook::{closure#0}
[INFO] [stdout]    4:     0x5eb0625c4cc9 - std[617be2ca0a6fd877]::panicking::default_hook
[INFO] [stdout]    5:     0x5eb062388a40 - test[aada8e7e76ba119b]::test_main_inner::{closure#0}
[INFO] [stdout]    6:     0x5eb0625c4ff2 - std[617be2ca0a6fd877]::panicking::panic_with_hook
[INFO] [stdout]    7:     0x5eb0625a8962 - std[617be2ca0a6fd877]::panicking::panic_handler::{closure#0}
[INFO] [stdout]    8:     0x5eb0625a14b9 - std[617be2ca0a6fd877]::sys::backtrace::__rust_end_short_backtrace::<std[617be2ca0a6fd877]::panicking::panic_handler::{closure#0}, !>
[INFO] [stdout]    9:     0x5eb0625a956d - __rustc[ea4f61d10b84890b]::rust_begin_unwind
[INFO] [stdout]   10:     0x5eb0625e1e9c - core[a373ad73a504971]::panicking::panic_fmt
[INFO] [stdout]   11:     0x5eb0625e1c72 - core[a373ad73a504971]::result::unwrap_failed
[INFO] [stdout]   12:     0x5eb0622b512f - <gctex[1203d3202d4c590c]::tests2::test_decode_cmpr_fast::{closure#0} as core[a373ad73a504971]::ops::function::FnOnce<()>>::call_once
[INFO] [stdout]   13:     0x5eb06237be8b - test[aada8e7e76ba119b]::__rust_begin_short_backtrace::<core[a373ad73a504971]::result::Result<(), alloc[2e1b2a31b91974c5]::string::String>, fn() -> core[a373ad73a504971]::result::Result<(), alloc[2e1b2a31b91974c5]::string::String>>
[INFO] [stdout]   14:     0x5eb062389065 - test[aada8e7e76ba119b]::run_test::{closure#0}
[INFO] [stdout]   15:     0x5eb062382954 - std[617be2ca0a6fd877]::sys::backtrace::__rust_begin_short_backtrace::<test[aada8e7e76ba119b]::run_test::{closure#1}, ()>
[INFO] [stdout]   16:     0x5eb06238c0f2 - <std[617be2ca0a6fd877]::thread::lifecycle::spawn_unchecked<test[aada8e7e76ba119b]::run_test::{closure#1}, ()>::{closure#1} as core[a373ad73a504971]::ops::function::FnOnce<()>>::call_once::{shim:vtable#0}
[INFO] [stdout]   17:     0x5eb0625cbfff - <std[617be2ca0a6fd877]::sys::thread::unix::Thread>::new::thread_start
[INFO] [stdout]   18:     0x711a7c1b9dfa - <unknown>
[INFO] [stdout]   19:     0x711a7c24d3d4 - clone
[INFO] [stdout]   20:                0x0 - <unknown>
[INFO] [stdout] 
[INFO] [stdout] ---- tests3::test_encode_all_formats stdout ----
[INFO] [stdout] 
[INFO] [stdout] thread 'tests3::test_encode_all_formats' (1569) panicked at src/lib.rs:1780:41:
[INFO] [stdout] Failed to open raw image file: Os { code: 2, kind: NotFound, message: "No such file or directory" }
[INFO] [stdout] stack backtrace:
[INFO] [stdout]    0:     0x5eb0625ccca1 - <<std[617be2ca0a6fd877]::sys::backtrace::BacktraceLock>::print::DisplayBacktrace as core[a373ad73a504971]::fmt::Display>::fmt
[INFO] [stdout]    1:     0x5eb0625e176a - core[a373ad73a504971]::fmt::write
[INFO] [stdout]    2:     0x5eb0625d10bc - <alloc[2e1b2a31b91974c5]::vec::Vec<u8> as core[a373ad73a504971]::io::write::Write>::write_fmt
[INFO] [stdout]    3:     0x5eb0625a88b6 - std[617be2ca0a6fd877]::panicking::default_hook::{closure#0}
[INFO] [stdout]    4:     0x5eb0625c4cc9 - std[617be2ca0a6fd877]::panicking::default_hook
[INFO] [stdout]    5:     0x5eb062388a40 - test[aada8e7e76ba119b]::test_main_inner::{closure#0}
[INFO] [stdout]    6:     0x5eb0625c4ff2 - std[617be2ca0a6fd877]::panicking::panic_with_hook
[INFO] [stdout]    7:     0x5eb0625a8962 - std[617be2ca0a6fd877]::panicking::panic_handler::{closure#0}
[INFO] [stdout]    8:     0x5eb0625a14b9 - std[617be2ca0a6fd877]::sys::backtrace::__rust_end_short_backtrace::<std[617be2ca0a6fd877]::panicking::panic_handler::{closure#0}, !>
[INFO] [stdout]    9:     0x5eb0625a956d - __rustc[ea4f61d10b84890b]::rust_begin_unwind
[INFO] [stdout]   10:     0x5eb0625e1e9c - core[a373ad73a504971]::panicking::panic_fmt
[INFO] [stdout]   11:     0x5eb0625e1c72 - core[a373ad73a504971]::result::unwrap_failed
[INFO] [stdout]   12:     0x5eb0622acd0c - gctex[1203d3202d4c590c]::tests3::load_raw_image
[INFO] [stdout]   13:     0x5eb0622b5853 - <gctex[1203d3202d4c590c]::tests3::test_encode_all_formats::{closure#0} as core[a373ad73a504971]::ops::function::FnOnce<()>>::call_once
[INFO] [stdout]   14:     0x5eb06237be8b - test[aada8e7e76ba119b]::__rust_begin_short_backtrace::<core[a373ad73a504971]::result::Result<(), alloc[2e1b2a31b91974c5]::string::String>, fn() -> core[a373ad73a504971]::result::Result<(), alloc[2e1b2a31b91974c5]::string::String>>
[INFO] [stdout]   15:     0x5eb062389065 - test[aada8e7e76ba119b]::run_test::{closure#0}
[INFO] [stdout]   16:     0x5eb062382954 - std[617be2ca0a6fd877]::sys::backtrace::__rust_begin_short_backtrace::<test[aada8e7e76ba119b]::run_test::{closure#1}, ()>
[INFO] [stdout]   17:     0x5eb06238c0f2 - <std[617be2ca0a6fd877]::thread::lifecycle::spawn_unchecked<test[aada8e7e76ba119b]::run_test::{closure#1}, ()>::{closure#1} as core[a373ad73a504971]::ops::function::FnOnce<()>>::call_once::{shim:vtable#0}
[INFO] [stdout]   18:     0x5eb0625cbfff - <std[617be2ca0a6fd877]::sys::thread::unix::Thread>::new::thread_start
[INFO] [stdout]   19:     0x711a7c1b9dfa - <unknown>
[INFO] [stdout]   20:     0x711a7c24d3d4 - clone
[INFO] [stdout]   21:                0x0 - <unknown>
[INFO] [stdout] 
[INFO] [stdout] ---- tests3::test_decode_with_random_data stdout ----
[INFO] [stdout] Decoding 0
[INFO] [stdout] 
[INFO] [stdout] thread 'tests3::test_decode_with_random_data' (1568) panicked at src/lib.rs:1789:37:
[INFO] [stdout] Failed to write encoded blob to cache: Os { code: 2, kind: NotFound, message: "No such file or directory" }
[INFO] [stdout] stack backtrace:
[INFO] [stdout]    0:     0x5eb0625ccca1 - <<std[617be2ca0a6fd877]::sys::backtrace::BacktraceLock>::print::DisplayBacktrace as core[a373ad73a504971]::fmt::Display>::fmt
[INFO] [stdout]    1:     0x5eb0625e176a - core[a373ad73a504971]::fmt::write
[INFO] [stdout]    2:     0x5eb0625d10bc - <alloc[2e1b2a31b91974c5]::vec::Vec<u8> as core[a373ad73a504971]::io::write::Write>::write_fmt
[INFO] [stdout]    3:     0x5eb0625a88b6 - std[617be2ca0a6fd877]::panicking::default_hook::{closure#0}
[INFO] [stdout]    4:     0x5eb0625c4cc9 - std[617be2ca0a6fd877]::panicking::default_hook
[INFO] [stdout]    5:     0x5eb062388a40 - test[aada8e7e76ba119b]::test_main_inner::{closure#0}
[INFO] [stdout]    6:     0x5eb0625c4ff2 - std[617be2ca0a6fd877]::panicking::panic_with_hook
[INFO] [stdout]    7:     0x5eb0625a8962 - std[617be2ca0a6fd877]::panicking::panic_handler::{closure#0}
[INFO] [stdout]    8:     0x5eb0625a14b9 - std[617be2ca0a6fd877]::sys::backtrace::__rust_end_short_backtrace::<std[617be2ca0a6fd877]::panicking::panic_handler::{closure#0}, !>
[INFO] [stdout]    9:     0x5eb0625a956d - __rustc[ea4f61d10b84890b]::rust_begin_unwind
[INFO] [stdout]   10:     0x5eb0625e1e9c - core[a373ad73a504971]::panicking::panic_fmt
[INFO] [stdout]   11:     0x5eb0625e1c72 - core[a373ad73a504971]::result::unwrap_failed
[INFO] [stdout]   12:     0x5eb0622ad03e - gctex[1203d3202d4c590c]::tests3::save_encoded_blob
[INFO] [stdout]   13:     0x5eb0622b613e - <gctex[1203d3202d4c590c]::tests3::test_decode_with_random_data::{closure#0} as core[a373ad73a504971]::ops::function::FnOnce<()>>::call_once
[INFO] [stdout]   14:     0x5eb06237be8b - test[aada8e7e76ba119b]::__rust_begin_short_backtrace::<core[a373ad73a504971]::result::Result<(), alloc[2e1b2a31b91974c5]::string::String>, fn() -> core[a373ad73a504971]::result::Result<(), alloc[2e1b2a31b91974c5]::string::String>>
[INFO] [stdout]   15:     0x5eb062389065 - test[aada8e7e76ba119b]::run_test::{closure#0}
[INFO] [stdout]   16:     0x5eb062382954 - std[617be2ca0a6fd877]::sys::backtrace::__rust_begin_short_backtrace::<test[aada8e7e76ba119b]::run_test::{closure#1}, ()>
[INFO] [stdout]   17:     0x5eb06238c0f2 - <std[617be2ca0a6fd877]::thread::lifecycle::spawn_unchecked<test[aada8e7e76ba119b]::run_test::{closure#1}, ()>::{closure#1} as core[a373ad73a504971]::ops::function::FnOnce<()>>::call_once::{shim:vtable#0}
[INFO] [stdout]   18:     0x5eb0625cbfff - <std[617be2ca0a6fd877]::sys::thread::unix::Thread>::new::thread_start
[INFO] [stdout]   19:     0x711a7c1b9dfa - <unknown>
[INFO] [stdout]   20:     0x711a7c24d3d4 - clone
[INFO] [stdout]   21:                0x0 - <unknown>
[INFO] [stdout] 
[INFO] [stdout] ---- tests3::test_encode_with_random_data stdout ----
[INFO] [stdout] Encoding 0
[INFO] [stdout] 
[INFO] [stdout] thread 'tests3::test_encode_with_random_data' (1570) panicked at src/lib.rs:1965:27:
[INFO] [stdout] called `Result::unwrap()` on an `Err` value: IoError(Os { code: 2, kind: NotFound, message: "No such file or directory" })
[INFO] [stdout] stack backtrace:
[INFO] [stdout]    0:     0x5eb0625ccca1 - <<std[617be2ca0a6fd877]::sys::backtrace::BacktraceLock>::print::DisplayBacktrace as core[a373ad73a504971]::fmt::Display>::fmt
[INFO] [stdout]    1:     0x5eb0625e176a - core[a373ad73a504971]::fmt::write
[INFO] [stdout]    2:     0x5eb0625d10bc - <alloc[2e1b2a31b91974c5]::vec::Vec<u8> as core[a373ad73a504971]::io::write::Write>::write_fmt
[INFO] [stdout]    3:     0x5eb0625a88b6 - std[617be2ca0a6fd877]::panicking::default_hook::{closure#0}
[INFO] [stdout]    4:     0x5eb0625c4cc9 - std[617be2ca0a6fd877]::panicking::default_hook
[INFO] [stdout]    5:     0x5eb062388a40 - test[aada8e7e76ba119b]::test_main_inner::{closure#0}
[INFO] [stdout]    6:     0x5eb0625c4ff2 - std[617be2ca0a6fd877]::panicking::panic_with_hook
[INFO] [stdout]    7:     0x5eb0625a8962 - std[617be2ca0a6fd877]::panicking::panic_handler::{closure#0}
[INFO] [stdout]    8:     0x5eb0625a14b9 - std[617be2ca0a6fd877]::sys::backtrace::__rust_end_short_backtrace::<std[617be2ca0a6fd877]::panicking::panic_handler::{closure#0}, !>
[INFO] [stdout]    9:     0x5eb0625a956d - __rustc[ea4f61d10b84890b]::rust_begin_unwind
[INFO] [stdout]   10:     0x5eb0625e1e9c - core[a373ad73a504971]::panicking::panic_fmt
[INFO] [stdout]   11:     0x5eb0625e1c72 - core[a373ad73a504971]::result::unwrap_failed
[INFO] [stdout]   12:     0x5eb0622ad4ad - gctex[1203d3202d4c590c]::tests3::save_png
[INFO] [stdout]   13:     0x5eb0622b66a2 - <gctex[1203d3202d4c590c]::tests3::test_encode_with_random_data::{closure#0} as core[a373ad73a504971]::ops::function::FnOnce<()>>::call_once
[INFO] [stdout]   14:     0x5eb06237be8b - test[aada8e7e76ba119b]::__rust_begin_short_backtrace::<core[a373ad73a504971]::result::Result<(), alloc[2e1b2a31b91974c5]::string::String>, fn() -> core[a373ad73a504971]::result::Result<(), alloc[2e1b2a31b91974c5]::string::String>>
[INFO] [stdout]   15:     0x5eb062389065 - test[aada8e7e76ba119b]::run_test::{closure#0}
[INFO] [stdout]   16:     0x5eb062382954 - std[617be2ca0a6fd877]::sys::backtrace::__rust_begin_short_backtrace::<test[aada8e7e76ba119b]::run_test::{closure#1}, ()>
[INFO] [stdout]   17:     0x5eb06238c0f2 - <std[617be2ca0a6fd877]::thread::lifecycle::spawn_unchecked<test[aada8e7e76ba119b]::run_test::{closure#1}, ()>::{closure#1} as core[a373ad73a504971]::ops::function::FnOnce<()>>::call_once::{shim:vtable#0}
[INFO] [stdout]   18:     0x5eb0625cbfff - <std[617be2ca0a6fd877]::sys::thread::unix::Thread>::new::thread_start
[INFO] [stdout]   19:     0x711a7c1b9dfa - <unknown>
[INFO] [stdout]   20:     0x711a7c24d3d4 - clone
[INFO] [stdout]   21:                0x0 - <unknown>
[INFO] [stdout] 
[INFO] [stdout] 
[INFO] [stdout] failures:
[INFO] [stdout]     tests2::test_decode_cmpr_fast
[INFO] [stdout]     tests3::test_decode_all_formats
[INFO] [stdout]     tests3::test_decode_cmpr_nonfast2
[INFO] [stdout]     tests3::test_decode_with_random_data
[INFO] [stdout]     tests3::test_encode_all_formats
[INFO] [stdout]     tests3::test_encode_with_random_data
[INFO] [stdout] 
[INFO] [stdout] test result: FAILED. 5 passed; 6 failed; 0 ignored; 0 measured; 0 filtered out; finished in 0.04s
[INFO] [stdout] 
[INFO] [stderr] error: test failed, to rerun pass `--lib`
[INFO] running `Command { std: "docker" "inspect" "807e3c01bb11980c3624173e90e5a14ca72d6fffbcbd6d205cfb4806ee42095c", kill_on_drop: false }`
[INFO] running `Command { std: "docker" "rm" "-f" "807e3c01bb11980c3624173e90e5a14ca72d6fffbcbd6d205cfb4806ee42095c", kill_on_drop: false }`
[INFO] [stdout] 807e3c01bb11980c3624173e90e5a14ca72d6fffbcbd6d205cfb4806ee42095c
