[INFO] fetching crate gcn-frontend-fr 4.0.0...
[INFO] testing gcn-frontend-fr-4.0.0 against 1.99.0-beta.8+cargoflags=--release for beta-release-1.100-2
[INFO] extracting crate gcn-frontend-fr 4.0.0 into /workspace/builds/worker-7-tc1/source
[INFO] started tweaking crates.io crate gcn-frontend-fr 4.0.0
[INFO] removed 0 missing tests
[INFO] finished tweaking crates.io crate gcn-frontend-fr 4.0.0
[INFO] tweaked toml for crates.io crate gcn-frontend-fr 4.0.0 written to /workspace/builds/worker-7-tc1/source/Cargo.toml
[INFO] validating manifest of crates.io crate gcn-frontend-fr 4.0.0 on toolchain 1.99.0-beta.8
[INFO] running `Command { std: CARGO_HOME="/workspace/cargo-home" RUSTUP_HOME="/workspace/rustup-home" "/workspace/cargo-home/bin/cargo" "+1.99.0-beta.8" "metadata" "--manifest-path" "Cargo.toml" "--no-deps", kill_on_drop: false }`
[INFO] crate crates.io crate gcn-frontend-fr 4.0.0 already has a lockfile, it will not be regenerated
[INFO] running `Command { std: CARGO_HOME="/workspace/cargo-home" RUSTUP_HOME="/workspace/rustup-home" "/workspace/cargo-home/bin/cargo" "+1.99.0-beta.8" "fetch" "--manifest-path" "Cargo.toml", kill_on_drop: false }`
[INFO] [stderr]     Updating crates.io index
[INFO] [stderr]  Downloading crates ...
[INFO] [stderr]   Downloaded gcn-ir v4.0.0
[INFO] [stderr]   Downloaded gcn-knowledge v4.0.0
[INFO] [stderr]   Downloaded libyaml-rs v0.3.0
[INFO] [stderr]   Downloaded yaml_serde v0.10.7
[INFO] running `Command { std: "docker" "create" "-v" "/var/lib/crater-agent-workspace/builds/worker-7-tc1/source:/opt/rustwide/workdir:ro,Z" "-v" "/var/lib/crater-agent-workspace/builds/worker-7-tc1/target:/opt/rustwide/target:rw,Z" "-v" "/var/lib/crater-agent-workspace/cargo-home:/opt/rustwide/cargo-home:ro,Z" "-v" "/var/lib/crater-agent-workspace/rustup-home:/opt/rustwide/rustup-home:ro,Z" "-m" "1610612736" "--network" "none" "ghcr.io/rust-lang/crates-build-env/linux@sha256:77db811e55d90add9212f6832c23229e3de5f1c1f9905e8cb07319ea15df73ac" "sleep" "infinity", kill_on_drop: false }`
[INFO] [stdout] 3d5ca1b8ae5387b97543071411bc19e07087abf17498d14dd04227deb6733b1f
[INFO] running `Command { std: "docker" "start" "3d5ca1b8ae5387b97543071411bc19e07087abf17498d14dd04227deb6733b1f", kill_on_drop: false }`
[INFO] running `Command { std: "docker" "inspect" "3d5ca1b8ae5387b97543071411bc19e07087abf17498d14dd04227deb6733b1f", kill_on_drop: false }`
[INFO] running `Command { std: "docker" "exec" "-e" "SOURCE_DIR=/opt/rustwide/workdir" "-e" "CARGO_HOME=/opt/rustwide/cargo-home" "-e" "RUSTUP_HOME=/opt/rustwide/rustup-home" "-e" "CARGO_TARGET_DIR=/opt/rustwide/target" "-w" "/opt/rustwide/workdir" "--user" "0:0" "3d5ca1b8ae5387b97543071411bc19e07087abf17498d14dd04227deb6733b1f" "/opt/rustwide/cargo-home/bin/cargo" "+1.99.0-beta.8" "metadata" "--no-deps" "--format-version=1", kill_on_drop: false }`
[INFO] running `Command { std: "docker" "inspect" "3d5ca1b8ae5387b97543071411bc19e07087abf17498d14dd04227deb6733b1f", kill_on_drop: false }`
[INFO] running `Command { std: "docker" "exec" "-e" "SOURCE_DIR=/opt/rustwide/workdir" "-e" "CARGO_HOME=/opt/rustwide/cargo-home" "-e" "RUSTUP_HOME=/opt/rustwide/rustup-home" "-e" "CARGO_TARGET_DIR=/opt/rustwide/target" "-e" "CARGO_INCREMENTAL=0" "-e" "RUST_BACKTRACE=full" "-e" "RUSTFLAGS=--cap-lints=warn" "-e" "RUSTDOCFLAGS=--cap-lints=warn" "-w" "/opt/rustwide/workdir" "--user" "0:0" "3d5ca1b8ae5387b97543071411bc19e07087abf17498d14dd04227deb6733b1f" "/opt/rustwide/cargo-home/bin/cargo" "+1.99.0-beta.8" "build" "--frozen" "--message-format=json" "--release", kill_on_drop: false }`
[INFO] [stderr]    Compiling libyaml-rs v0.3.0
[INFO] [stderr]    Compiling tinyvec v1.13.3
[INFO] [stderr]    Compiling indexmap v2.14.2
[INFO] [stderr]    Compiling syn v3.0.5
[INFO] [stderr]    Compiling unicode-normalization v0.1.25
[INFO] [stderr]    Compiling serde_derive v1.0.229
[INFO] [stderr]    Compiling thiserror-impl v2.0.20
[INFO] [stderr]    Compiling thiserror v2.0.20
[INFO] [stderr]    Compiling serde v1.0.229
[INFO] [stderr]    Compiling smallvec v1.16.1
[INFO] [stderr]    Compiling yaml_serde v0.10.7
[INFO] [stderr]    Compiling gcn-ir v4.0.0
[INFO] [stderr]    Compiling gcn-knowledge v4.0.0
[INFO] [stderr]    Compiling gcn-frontend-fr v4.0.0 (/opt/rustwide/workdir)
[INFO] [stderr]     Finished `release` profile [optimized] target(s) in 15.10s
[INFO] running `Command { std: "docker" "inspect" "3d5ca1b8ae5387b97543071411bc19e07087abf17498d14dd04227deb6733b1f", kill_on_drop: false }`
[INFO] running `Command { std: "docker" "exec" "-e" "SOURCE_DIR=/opt/rustwide/workdir" "-e" "CARGO_HOME=/opt/rustwide/cargo-home" "-e" "RUSTUP_HOME=/opt/rustwide/rustup-home" "-e" "CARGO_TARGET_DIR=/opt/rustwide/target" "-e" "CARGO_INCREMENTAL=0" "-e" "RUST_BACKTRACE=full" "-e" "RUSTFLAGS=--cap-lints=warn" "-e" "RUSTDOCFLAGS=--cap-lints=warn" "-w" "/opt/rustwide/workdir" "--user" "0:0" "3d5ca1b8ae5387b97543071411bc19e07087abf17498d14dd04227deb6733b1f" "/opt/rustwide/cargo-home/bin/cargo" "+1.99.0-beta.8" "test" "--frozen" "--no-run" "--message-format=json" "--release", kill_on_drop: false }`
[INFO] [stderr]    Compiling gcn-frontend-fr v4.0.0 (/opt/rustwide/workdir)
[INFO] [stderr]     Finished `release` profile [optimized] target(s) in 1.10s
[INFO] running `Command { std: "docker" "inspect" "3d5ca1b8ae5387b97543071411bc19e07087abf17498d14dd04227deb6733b1f", kill_on_drop: false }`
[INFO] running `Command { std: "docker" "exec" "-e" "SOURCE_DIR=/opt/rustwide/workdir" "-e" "CARGO_HOME=/opt/rustwide/cargo-home" "-e" "RUSTUP_HOME=/opt/rustwide/rustup-home" "-e" "CARGO_TARGET_DIR=/opt/rustwide/target" "-e" "CARGO_INCREMENTAL=0" "-e" "RUST_BACKTRACE=full" "-e" "RUSTFLAGS=--cap-lints=warn" "-e" "RUSTDOCFLAGS=--cap-lints=warn" "-w" "/opt/rustwide/workdir" "--user" "0:0" "3d5ca1b8ae5387b97543071411bc19e07087abf17498d14dd04227deb6733b1f" "/opt/rustwide/cargo-home/bin/cargo" "+1.99.0-beta.8" "test" "--frozen" "--release", kill_on_drop: false }`
[INFO] [stderr]     Finished `release` profile [optimized] target(s) in 0.06s
[INFO] [stderr]      Running unittests src/lib.rs (/opt/rustwide/target/release/deps/gcn_frontend_fr-555e8b4d86c1584a)
[INFO] [stdout] 
[INFO] [stdout] running 2 tests
[INFO] [stdout] test rules::tests::lemmatize_real_participes_ir ... ok
[INFO] [stdout] test rules::tests::lemmatize_non_verb_i_words_unchanged ... ok
[INFO] [stdout] 
[INFO] [stdout] test result: ok. 2 passed; 0 failed; 0 ignored; 0 measured; 0 filtered out; finished in 0.00s
[INFO] [stdout] 
[INFO] [stderr]      Running tests/integration_fr.rs (/opt/rustwide/target/release/deps/integration_fr-e123b6a8295c8a79)
[INFO] [stdout] 
[INFO] [stdout] running 21 tests
[INFO] [stdout] test paper_003c_sequence ... FAILED
[INFO] [stdout] test fix_bug1_three_sentence_juxtaposition ... FAILED
[INFO] [stdout] test paper_007_causal_verb ... FAILED
[INFO] [stdout] test paper_003a_simple_action ... FAILED
[INFO] [stdout] test fix_bug3_hypothetical_targets_main_clause ... FAILED
[INFO] [stdout] test paper_006_motivation ... FAILED
[INFO] [stdout] test paper_009_implicit_juxtaposition ... FAILED
[INFO] [stdout] test three_clause_chain_temporal_indices_strictly_increasing ... FAILED
[INFO] [stdout] test paper_013_goal_to_action_initial ... FAILED
[INFO] [stdout] test paper_008_universal_scope ... FAILED
[INFO] [stdout] test paper_004_negation_on_node ... FAILED
[INFO] [stdout] test fix_c1_concession_sentence_implicit_edge_src_not_hypothetical ... FAILED
[INFO] [stdout] test paper_005_concession ... FAILED
[INFO] [stdout] test paper_010_enable ... FAILED
[INFO] [stdout] test paper_003b_depuis_compositional ... FAILED
[INFO] [stdout] test paper_002_cause_backward ... FAILED
[INFO] [stdout] test paper_011_negated_edge ... FAILED
[INFO] [stdout] test single_verb_produces_one_node ... FAILED
[INFO] [stdout] test paper_012_hypothetical_node ... FAILED
[INFO] [stdout] test empty_input_errors ... FAILED
[INFO] [stdout] test paper_001_condition ... FAILED
[INFO] [stdout] 
[INFO] [stdout] failures:
[INFO] [stdout] 
[INFO] [stdout] ---- paper_003c_sequence stdout ----
[INFO] [stdout] 
[INFO] [stdout] thread 'paper_003c_sequence' (432) panicked at tests/integration_fr.rs:14:36:
[INFO] [stdout] Failed to load taxonomies: Knowledge(Io(Os { code: 2, kind: NotFound, message: "No such file or directory" }, "/opt/rustwide/workdir/../../../gcn-references/taxonomies/fr"))
[INFO] [stdout] stack backtrace:
[INFO] [stdout]    0:     0x61e7b54de501 - <<std[70759c8f55707aa4]::sys::backtrace::BacktraceLock>::print::DisplayBacktrace as core[df12db4294e9bfd3]::fmt::Display>::fmt
[INFO] [stdout]    1:     0x61e7b54f423a - core[df12db4294e9bfd3]::fmt::write
[INFO] [stdout]    2:     0x61e7b54e2c6c - <alloc[2182bb758b4b3781]::vec::Vec<u8> as core[df12db4294e9bfd3]::io::write::Write>::write_fmt
[INFO] [stdout]    3:     0x61e7b54ba176 - std[70759c8f55707aa4]::panicking::default_hook::{closure#0}
[INFO] [stdout]    4:     0x61e7b54d66e9 - std[70759c8f55707aa4]::panicking::default_hook
[INFO] [stdout]    5:     0x61e7b542c020 - test[9d35eded1c95d3be]::test_main_inner::<test[9d35eded1c95d3be]::test_main_static::{closure#0}>::{closure#0}
[INFO] [stdout]    6:     0x61e7b54d68a2 - std[70759c8f55707aa4]::panicking::panic_with_hook
[INFO] [stdout]    7:     0x61e7b54ba222 - std[70759c8f55707aa4]::panicking::panic_handler::{closure#0}
[INFO] [stdout]    8:     0x61e7b54b2d79 - std[70759c8f55707aa4]::sys::backtrace::__rust_end_short_backtrace::<std[70759c8f55707aa4]::panicking::panic_handler::{closure#0}, !>
[INFO] [stdout]    9:     0x61e7b54bae1d - __rustc[8fa7c3cbc660c2b3]::rust_begin_unwind
[INFO] [stdout]   10:     0x61e7b54f496c - core[df12db4294e9bfd3]::panicking::panic_fmt
[INFO] [stdout]   11:     0x61e7b54f4742 - core[df12db4294e9bfd3]::result::unwrap_failed
[INFO] [stdout]   12:     0x61e7b541ac34 - integration_fr[60a567f00403415c]::parser
[INFO] [stdout]   13:     0x61e7b541bb6d - <integration_fr[60a567f00403415c]::paper_003c_sequence::{closure#0} as core[df12db4294e9bfd3]::ops::function::FnOnce<()>>::call_once
[INFO] [stdout]   14:     0x61e7b541f30b - test[9d35eded1c95d3be]::__rust_begin_short_backtrace::<core[df12db4294e9bfd3]::result::Result<(), alloc[2182bb758b4b3781]::string::String>, fn() -> core[df12db4294e9bfd3]::result::Result<(), alloc[2182bb758b4b3781]::string::String>>
[INFO] [stdout]   15:     0x61e7b542c975 - test[9d35eded1c95d3be]::run_test::{closure#0}
[INFO] [stdout]   16:     0x61e7b5426234 - std[70759c8f55707aa4]::sys::backtrace::__rust_begin_short_backtrace::<test[9d35eded1c95d3be]::run_test::{closure#1}, ()>
[INFO] [stdout]   17:     0x61e7b542fad2 - <std[70759c8f55707aa4]::thread::lifecycle::spawn_unchecked<test[9d35eded1c95d3be]::run_test::{closure#1}, ()>::{closure#1} as core[df12db4294e9bfd3]::ops::function::FnOnce<()>>::call_once::{shim:vtable#0}
[INFO] [stdout]   18:     0x61e7b54dda69 - <std[70759c8f55707aa4]::sys::thread::unix::Thread>::new::thread_start
[INFO] [stdout]   19:     0x787b28277dfa - <unknown>
[INFO] [stdout]   20:     0x787b2830b3d4 - clone
[INFO] [stdout]   21:                0x0 - <unknown>
[INFO] [stdout] 
[INFO] [stdout] ---- fix_bug1_three_sentence_juxtaposition stdout ----
[INFO] [stdout] 
[INFO] [stdout] thread 'fix_bug1_three_sentence_juxtaposition' (425) panicked at tests/integration_fr.rs:14:36:
[INFO] [stdout] Failed to load taxonomies: Knowledge(Io(Os { code: 2, kind: NotFound, message: "No such file or directory" }, "/opt/rustwide/workdir/../../../gcn-references/taxonomies/fr"))
[INFO] [stdout] stack backtrace:
[INFO] [stdout]    0:     0x61e7b54de501 - <<std[70759c8f55707aa4]::sys::backtrace::BacktraceLock>::print::DisplayBacktrace as core[df12db4294e9bfd3]::fmt::Display>::fmt
[INFO] [stdout]    1:     0x61e7b54f423a - core[df12db4294e9bfd3]::fmt::write
[INFO] [stdout]    2:     0x61e7b54e2c6c - <alloc[2182bb758b4b3781]::vec::Vec<u8> as core[df12db4294e9bfd3]::io::write::Write>::write_fmt
[INFO] [stdout]    3:     0x61e7b54ba176 - std[70759c8f55707aa4]::panicking::default_hook::{closure#0}
[INFO] [stdout]    4:     0x61e7b54d66e9 - std[70759c8f55707aa4]::panicking::default_hook
[INFO] [stdout]    5:     0x61e7b542c020 - test[9d35eded1c95d3be]::test_main_inner::<test[9d35eded1c95d3be]::test_main_static::{closure#0}>::{closure#0}
[INFO] [stdout]    6:     0x61e7b54d68a2 - std[70759c8f55707aa4]::panicking::panic_with_hook
[INFO] [stdout]    7:     0x61e7b54ba222 - std[70759c8f55707aa4]::panicking::panic_handler::{closure#0}
[INFO] [stdout]    8:     0x61e7b54b2d79 - std[70759c8f55707aa4]::sys::backtrace::__rust_end_short_backtrace::<std[70759c8f55707aa4]::panicking::panic_handler::{closure#0}, !>
[INFO] [stdout]    9:     0x61e7b54bae1d - __rustc[8fa7c3cbc660c2b3]::rust_begin_unwind
[INFO] [stdout]   10:     0x61e7b54f496c - core[df12db4294e9bfd3]::panicking::panic_fmt
[INFO] [stdout]   11:     0x61e7b54f4742 - core[df12db4294e9bfd3]::result::unwrap_failed
[INFO] [stdout]   12:     0x61e7b541ac34 - integration_fr[60a567f00403415c]::parser
[INFO] [stdout]   13:     0x61e7b541d97d - <integration_fr[60a567f00403415c]::fix_bug1_three_sentence_juxtaposition::{closure#0} as core[df12db4294e9bfd3]::ops::function::FnOnce<()>>::call_once
[INFO] [stdout]   14:     0x61e7b541f30b - test[9d35eded1c95d3be]::__rust_begin_short_backtrace::<core[df12db4294e9bfd3]::result::Result<(), alloc[2182bb758b4b3781]::string::String>, fn() -> core[df12db4294e9bfd3]::result::Result<(), alloc[2182bb758b4b3781]::string::String>>
[INFO] [stdout]   15:     0x61e7b542c975 - test[9d35eded1c95d3be]::run_test::{closure#0}
[INFO] [stdout]   16:     0x61e7b5426234 - std[70759c8f55707aa4]::sys::backtrace::__rust_begin_short_backtrace::<test[9d35eded1c95d3be]::run_test::{closure#1}, ()>
[INFO] [stdout]   17:     0x61e7b542fad2 - <std[70759c8f55707aa4]::thread::lifecycle::spawn_unchecked<test[9d35eded1c95d3be]::run_test::{closure#1}, ()>::{closure#1} as core[df12db4294e9bfd3]::ops::function::FnOnce<()>>::call_once::{shim:vtable#0}
[INFO] [stdout]   18:     0x61e7b54dda69 - <std[70759c8f55707aa4]::sys::thread::unix::Thread>::new::thread_start
[INFO] [stdout]   19:     0x787b28277dfa - <unknown>
[INFO] [stdout]   20:     0x787b2830b3d4 - clone
[INFO] [stdout]   21:                0x0 - <unknown>
[INFO] [stdout] 
[INFO] [stdout] ---- paper_007_causal_verb stdout ----
[INFO] [stdout] 
[INFO] [stdout] thread 'paper_007_causal_verb' (436) panicked at tests/integration_fr.rs:14:36:
[INFO] [stdout] Failed to load taxonomies: Knowledge(Io(Os { code: 2, kind: NotFound, message: "No such file or directory" }, "/opt/rustwide/workdir/../../../gcn-references/taxonomies/fr"))
[INFO] [stdout] stack backtrace:
[INFO] [stdout]    0:     0x61e7b54de501 - <<std[70759c8f55707aa4]::sys::backtrace::BacktraceLock>::print::DisplayBacktrace as core[df12db4294e9bfd3]::fmt::Display>::fmt
[INFO] [stdout]    1:     0x61e7b54f423a - core[df12db4294e9bfd3]::fmt::write
[INFO] [stdout]    2:     0x61e7b54e2c6c - <alloc[2182bb758b4b3781]::vec::Vec<u8> as core[df12db4294e9bfd3]::io::write::Write>::write_fmt
[INFO] [stdout]    3:     0x61e7b54ba176 - std[70759c8f55707aa4]::panicking::default_hook::{closure#0}
[INFO] [stdout]    4:     0x61e7b54d66e9 - std[70759c8f55707aa4]::panicking::default_hook
[INFO] [stdout]    5:     0x61e7b542c020 - test[9d35eded1c95d3be]::test_main_inner::<test[9d35eded1c95d3be]::test_main_static::{closure#0}>::{closure#0}
[INFO] [stdout]    6:     0x61e7b54d68a2 - std[70759c8f55707aa4]::panicking::panic_with_hook
[INFO] [stdout]    7:     0x61e7b54ba222 - std[70759c8f55707aa4]::panicking::panic_handler::{closure#0}
[INFO] [stdout]    8:     0x61e7b54b2d79 - std[70759c8f55707aa4]::sys::backtrace::__rust_end_short_backtrace::<std[70759c8f55707aa4]::panicking::panic_handler::{closure#0}, !>
[INFO] [stdout]    9:     0x61e7b54bae1d - __rustc[8fa7c3cbc660c2b3]::rust_begin_unwind
[INFO] [stdout]   10:     0x61e7b54f496c - core[df12db4294e9bfd3]::panicking::panic_fmt
[INFO] [stdout]   11:     0x61e7b54f4742 - core[df12db4294e9bfd3]::result::unwrap_failed
[INFO] [stdout]   12:     0x61e7b541ac34 - integration_fr[60a567f00403415c]::parser
[INFO] [stdout]   13:     0x61e7b541c0ff - <integration_fr[60a567f00403415c]::paper_007_causal_verb::{closure#0} as core[df12db4294e9bfd3]::ops::function::FnOnce<()>>::call_once
[INFO] [stdout]   14:     0x61e7b541f30b - test[9d35eded1c95d3be]::__rust_begin_short_backtrace::<core[df12db4294e9bfd3]::result::Result<(), alloc[2182bb758b4b3781]::string::String>, fn() -> core[df12db4294e9bfd3]::result::Result<(), alloc[2182bb758b4b3781]::string::String>>
[INFO] [stdout]   15:     0x61e7b542c975 - test[9d35eded1c95d3be]::run_test::{closure#0}
[INFO] [stdout]   16:     0x61e7b5426234 - std[70759c8f55707aa4]::sys::backtrace::__rust_begin_short_backtrace::<test[9d35eded1c95d3be]::run_test::{closure#1}, ()>
[INFO] [stdout]   17:     0x61e7b542fad2 - <std[70759c8f55707aa4]::thread::lifecycle::spawn_unchecked<test[9d35eded1c95d3be]::run_test::{closure#1}, ()>::{closure#1} as core[df12db4294e9bfd3]::ops::function::FnOnce<()>>::call_once::{shim:vtable#0}
[INFO] [stdout]   18:     0x61e7b54dda69 - <std[70759c8f55707aa4]::sys::thread::unix::Thread>::new::thread_start
[INFO] [stdout]   19:     0x787b28277dfa - <unknown>
[INFO] [stdout]   20:     0x787b2830b3d4 - clone
[INFO] [stdout]   21:                0x0 - <unknown>
[INFO] [stdout] 
[INFO] [stdout] ---- paper_003a_simple_action stdout ----
[INFO] [stdout] 
[INFO] [stdout] thread 'paper_003a_simple_action' (430) panicked at tests/integration_fr.rs:14:36:
[INFO] [stdout] Failed to load taxonomies: Knowledge(Io(Os { code: 2, kind: NotFound, message: "No such file or directory" }, "/opt/rustwide/workdir/../../../gcn-references/taxonomies/fr"))
[INFO] [stdout] stack backtrace:
[INFO] [stdout]    0:     0x61e7b54de501 - <<std[70759c8f55707aa4]::sys::backtrace::BacktraceLock>::print::DisplayBacktrace as core[df12db4294e9bfd3]::fmt::Display>::fmt
[INFO] [stdout]    1:     0x61e7b54f423a - core[df12db4294e9bfd3]::fmt::write
[INFO] [stdout]    2:     0x61e7b54e2c6c - <alloc[2182bb758b4b3781]::vec::Vec<u8> as core[df12db4294e9bfd3]::io::write::Write>::write_fmt
[INFO] [stdout]    3:     0x61e7b54ba176 - std[70759c8f55707aa4]::panicking::default_hook::{closure#0}
[INFO] [stdout]    4:     0x61e7b54d66e9 - std[70759c8f55707aa4]::panicking::default_hook
[INFO] [stdout]    5:     0x61e7b542c020 - test[9d35eded1c95d3be]::test_main_inner::<test[9d35eded1c95d3be]::test_main_static::{closure#0}>::{closure#0}
[INFO] [stdout]    6:     0x61e7b54d68a2 - std[70759c8f55707aa4]::panicking::panic_with_hook
[INFO] [stdout]    7:     0x61e7b54ba222 - std[70759c8f55707aa4]::panicking::panic_handler::{closure#0}
[INFO] [stdout]    8:     0x61e7b54b2d79 - std[70759c8f55707aa4]::sys::backtrace::__rust_end_short_backtrace::<std[70759c8f55707aa4]::panicking::panic_handler::{closure#0}, !>
[INFO] [stdout]    9:     0x61e7b54bae1d - __rustc[8fa7c3cbc660c2b3]::rust_begin_unwind
[INFO] [stdout]   10:     0x61e7b54f496c - core[df12db4294e9bfd3]::panicking::panic_fmt
[INFO] [stdout]   11:     0x61e7b54f4742 - core[df12db4294e9bfd3]::result::unwrap_failed
[INFO] [stdout]   12:     0x61e7b541ac34 - integration_fr[60a567f00403415c]::parser
[INFO] [stdout]   13:     0x61e7b541c84d - <integration_fr[60a567f00403415c]::paper_003a_simple_action::{closure#0} as core[df12db4294e9bfd3]::ops::function::FnOnce<()>>::call_once
[INFO] [stdout]   14:     0x61e7b541f30b - test[9d35eded1c95d3be]::__rust_begin_short_backtrace::<core[df12db4294e9bfd3]::result::Result<(), alloc[2182bb758b4b3781]::string::String>, fn() -> core[df12db4294e9bfd3]::result::Result<(), alloc[2182bb758b4b3781]::string::String>>
[INFO] [stdout]   15:     0x61e7b542c975 - test[9d35eded1c95d3be]::run_test::{closure#0}
[INFO] [stdout]   16:     0x61e7b5426234 - std[70759c8f55707aa4]::sys::backtrace::__rust_begin_short_backtrace::<test[9d35eded1c95d3be]::run_test::{closure#1}, ()>
[INFO] [stdout]   17:     0x61e7b542fad2 - <std[70759c8f55707aa4]::thread::lifecycle::spawn_unchecked<test[9d35eded1c95d3be]::run_test::{closure#1}, ()>::{closure#1} as core[df12db4294e9bfd3]::ops::function::FnOnce<()>>::call_once::{shim:vtable#0}
[INFO] [stdout]   18:     0x61e7b54dda69 - <std[70759c8f55707aa4]::sys::thread::unix::Thread>::new::thread_start
[INFO] [stdout]   19:     0x787b28277dfa - <unknown>
[INFO] [stdout]   20:     0x787b2830b3d4 - clone
[INFO] [stdout]   21:                0x0 - <unknown>
[INFO] [stdout] 
[INFO] [stdout] ---- fix_bug3_hypothetical_targets_main_clause stdout ----
[INFO] [stdout] 
[INFO] [stdout] thread 'fix_bug3_hypothetical_targets_main_clause' (426) panicked at tests/integration_fr.rs:14:36:
[INFO] [stdout] Failed to load taxonomies: Knowledge(Io(Os { code: 2, kind: NotFound, message: "No such file or directory" }, "/opt/rustwide/workdir/../../../gcn-references/taxonomies/fr"))
[INFO] [stdout] stack backtrace:
[INFO] [stdout]    0:     0x61e7b54de501 - <<std[70759c8f55707aa4]::sys::backtrace::BacktraceLock>::print::DisplayBacktrace as core[df12db4294e9bfd3]::fmt::Display>::fmt
[INFO] [stdout]    1:     0x61e7b54f423a - core[df12db4294e9bfd3]::fmt::write
[INFO] [stdout]    2:     0x61e7b54e2c6c - <alloc[2182bb758b4b3781]::vec::Vec<u8> as core[df12db4294e9bfd3]::io::write::Write>::write_fmt
[INFO] [stdout]    3:     0x61e7b54ba176 - std[70759c8f55707aa4]::panicking::default_hook::{closure#0}
[INFO] [stdout]    4:     0x61e7b54d66e9 - std[70759c8f55707aa4]::panicking::default_hook
[INFO] [stdout]    5:     0x61e7b542c020 - test[9d35eded1c95d3be]::test_main_inner::<test[9d35eded1c95d3be]::test_main_static::{closure#0}>::{closure#0}
[INFO] [stdout]    6:     0x61e7b54d68a2 - std[70759c8f55707aa4]::panicking::panic_with_hook
[INFO] [stdout]    7:     0x61e7b54ba222 - std[70759c8f55707aa4]::panicking::panic_handler::{closure#0}
[INFO] [stdout]    8:     0x61e7b54b2d79 - std[70759c8f55707aa4]::sys::backtrace::__rust_end_short_backtrace::<std[70759c8f55707aa4]::panicking::panic_handler::{closure#0}, !>
[INFO] [stdout]    9:     0x61e7b54bae1d - __rustc[8fa7c3cbc660c2b3]::rust_begin_unwind
[INFO] [stdout]   10:     0x61e7b54f496c - core[df12db4294e9bfd3]::panicking::panic_fmt
[INFO] [stdout]   11:     0x61e7b54f4742 - core[df12db4294e9bfd3]::result::unwrap_failed
[INFO] [stdout]   12:     0x61e7b541ac34 - integration_fr[60a567f00403415c]::parser
[INFO] [stdout]   13:     0x61e7b541dc7d - <integration_fr[60a567f00403415c]::fix_bug3_hypothetical_targets_main_clause::{closure#0} as core[df12db4294e9bfd3]::ops::function::FnOnce<()>>::call_once
[INFO] [stdout]   14:     0x61e7b541f30b - test[9d35eded1c95d3be]::__rust_begin_short_backtrace::<core[df12db4294e9bfd3]::result::Result<(), alloc[2182bb758b4b3781]::string::String>, fn() -> core[df12db4294e9bfd3]::result::Result<(), alloc[2182bb758b4b3781]::string::String>>
[INFO] [stdout]   15:     0x61e7b542c975 - test[9d35eded1c95d3be]::run_test::{closure#0}
[INFO] [stdout]   16:     0x61e7b5426234 - std[70759c8f55707aa4]::sys::backtrace::__rust_begin_short_backtrace::<test[9d35eded1c95d3be]::run_test::{closure#1}, ()>
[INFO] [stdout]   17:     0x61e7b542fad2 - <std[70759c8f55707aa4]::thread::lifecycle::spawn_unchecked<test[9d35eded1c95d3be]::run_test::{closure#1}, ()>::{closure#1} as core[df12db4294e9bfd3]::ops::function::FnOnce<()>>::call_once::{shim:vtable#0}
[INFO] [stdout]   18:     0x61e7b54dda69 - <std[70759c8f55707aa4]::sys::thread::unix::Thread>::new::thread_start
[INFO] [stdout]   19:     0x787b28277dfa - <unknown>
[INFO] [stdout]   20:     0x787b2830b3d4 - clone
[INFO] [stdout]   21:                0x0 - <unknown>
[INFO] [stdout] 
[INFO] [stdout] ---- paper_006_motivation stdout ----
[INFO] [stdout] 
[INFO] [stdout] thread 'paper_006_motivation' (435) panicked at tests/integration_fr.rs:14:36:
[INFO] [stdout] Failed to load taxonomies: Knowledge(Io(Os { code: 2, kind: NotFound, message: "No such file or directory" }, "/opt/rustwide/workdir/../../../gcn-references/taxonomies/fr"))
[INFO] [stdout] stack backtrace:
[INFO] [stdout]    0:     0x61e7b54de501 - <<std[70759c8f55707aa4]::sys::backtrace::BacktraceLock>::print::DisplayBacktrace as core[df12db4294e9bfd3]::fmt::Display>::fmt
[INFO] [stdout]    1:     0x61e7b54f423a - core[df12db4294e9bfd3]::fmt::write
[INFO] [stdout]    2:     0x61e7b54e2c6c - <alloc[2182bb758b4b3781]::vec::Vec<u8> as core[df12db4294e9bfd3]::io::write::Write>::write_fmt
[INFO] [stdout]    3:     0x61e7b54ba176 - std[70759c8f55707aa4]::panicking::default_hook::{closure#0}
[INFO] [stdout]    4:     0x61e7b54d66e9 - std[70759c8f55707aa4]::panicking::default_hook
[INFO] [stdout]    5:     0x61e7b542c020 - test[9d35eded1c95d3be]::test_main_inner::<test[9d35eded1c95d3be]::test_main_static::{closure#0}>::{closure#0}
[INFO] [stdout]    6:     0x61e7b54d68a2 - std[70759c8f55707aa4]::panicking::panic_with_hook
[INFO] [stdout]    7:     0x61e7b54ba222 - std[70759c8f55707aa4]::panicking::panic_handler::{closure#0}
[INFO] [stdout]    8:     0x61e7b54b2d79 - std[70759c8f55707aa4]::sys::backtrace::__rust_end_short_backtrace::<std[70759c8f55707aa4]::panicking::panic_handler::{closure#0}, !>
[INFO] [stdout]    9:     0x61e7b54bae1d - __rustc[8fa7c3cbc660c2b3]::rust_begin_unwind
[INFO] [stdout]   10:     0x61e7b54f496c - core[df12db4294e9bfd3]::panicking::panic_fmt
[INFO] [stdout]   11:     0x61e7b54f4742 - core[df12db4294e9bfd3]::result::unwrap_failed
[INFO] [stdout]   12:     0x61e7b541ac34 - integration_fr[60a567f00403415c]::parser
[INFO] [stdout]   13:     0x61e7b541bf3d - <integration_fr[60a567f00403415c]::paper_006_motivation::{closure#0} as core[df12db4294e9bfd3]::ops::function::FnOnce<()>>::call_once
[INFO] [stdout]   14:     0x61e7b541f30b - test[9d35eded1c95d3be]::__rust_begin_short_backtrace::<core[df12db4294e9bfd3]::result::Result<(), alloc[2182bb758b4b3781]::string::String>, fn() -> core[df12db4294e9bfd3]::result::Result<(), alloc[2182bb758b4b3781]::string::String>>
[INFO] [stdout]   15:     0x61e7b542c975 - test[9d35eded1c95d3be]::run_test::{closure#0}
[INFO] [stdout]   16:     0x61e7b5426234 - std[70759c8f55707aa4]::sys::backtrace::__rust_begin_short_backtrace::<test[9d35eded1c95d3be]::run_test::{closure#1}, ()>
[INFO] [stdout]   17:     0x61e7b542fad2 - <std[70759c8f55707aa4]::thread::lifecycle::spawn_unchecked<test[9d35eded1c95d3be]::run_test::{closure#1}, ()>::{closure#1} as core[df12db4294e9bfd3]::ops::function::FnOnce<()>>::call_once::{shim:vtable#0}
[INFO] [stdout]   18:     0x61e7b54dda69 - <std[70759c8f55707aa4]::sys::thread::unix::Thread>::new::thread_start
[INFO] [stdout]   19:     0x787b28277dfa - <unknown>
[INFO] [stdout]   20:     0x787b2830b3d4 - clone
[INFO] [stdout]   21:                0x0 - <unknown>
[INFO] [stdout] 
[INFO] [stdout] ---- paper_009_implicit_juxtaposition stdout ----
[INFO] [stdout] 
[INFO] [stdout] thread 'paper_009_implicit_juxtaposition' (438) panicked at tests/integration_fr.rs:14:36:
[INFO] [stdout] Failed to load taxonomies: Knowledge(Io(Os { code: 2, kind: NotFound, message: "No such file or directory" }, "/opt/rustwide/workdir/../../../gcn-references/taxonomies/fr"))
[INFO] [stdout] stack backtrace:
[INFO] [stdout]    0:     0x61e7b54de501 - <<std[70759c8f55707aa4]::sys::backtrace::BacktraceLock>::print::DisplayBacktrace as core[df12db4294e9bfd3]::fmt::Display>::fmt
[INFO] [stdout]    1:     0x61e7b54f423a - core[df12db4294e9bfd3]::fmt::write
[INFO] [stdout]    2:     0x61e7b54e2c6c - <alloc[2182bb758b4b3781]::vec::Vec<u8> as core[df12db4294e9bfd3]::io::write::Write>::write_fmt
[INFO] [stdout]    3:     0x61e7b54ba176 - std[70759c8f55707aa4]::panicking::default_hook::{closure#0}
[INFO] [stdout]    4:     0x61e7b54d66e9 - std[70759c8f55707aa4]::panicking::default_hook
[INFO] [stdout]    5:     0x61e7b542c020 - test[9d35eded1c95d3be]::test_main_inner::<test[9d35eded1c95d3be]::test_main_static::{closure#0}>::{closure#0}
[INFO] [stdout]    6:     0x61e7b54d68a2 - std[70759c8f55707aa4]::panicking::panic_with_hook
[INFO] [stdout]    7:     0x61e7b54ba222 - std[70759c8f55707aa4]::panicking::panic_handler::{closure#0}
[INFO] [stdout]    8:     0x61e7b54b2d79 - std[70759c8f55707aa4]::sys::backtrace::__rust_end_short_backtrace::<std[70759c8f55707aa4]::panicking::panic_handler::{closure#0}, !>
[INFO] [stdout]    9:     0x61e7b54bae1d - __rustc[8fa7c3cbc660c2b3]::rust_begin_unwind
[INFO] [stdout]   10:     0x61e7b54f496c - core[df12db4294e9bfd3]::panicking::panic_fmt
[INFO] [stdout]   11:     0x61e7b54f4742 - core[df12db4294e9bfd3]::result::unwrap_failed
[INFO] [stdout]   12:     0x61e7b541ac34 - integration_fr[60a567f00403415c]::parser
[INFO] [stdout]   13:     0x61e7b541d46d - <integration_fr[60a567f00403415c]::paper_009_implicit_juxtaposition::{closure#0} as core[df12db4294e9bfd3]::ops::function::FnOnce<()>>::call_once
[INFO] [stdout]   14:     0x61e7b541f30b - test[9d35eded1c95d3be]::__rust_begin_short_backtrace::<core[df12db4294e9bfd3]::result::Result<(), alloc[2182bb758b4b3781]::string::String>, fn() -> core[df12db4294e9bfd3]::result::Result<(), alloc[2182bb758b4b3781]::string::String>>
[INFO] [stdout]   15:     0x61e7b542c975 - test[9d35eded1c95d3be]::run_test::{closure#0}
[INFO] [stdout]   16:     0x61e7b5426234 - std[70759c8f55707aa4]::sys::backtrace::__rust_begin_short_backtrace::<test[9d35eded1c95d3be]::run_test::{closure#1}, ()>
[INFO] [stdout]   17:     0x61e7b542fad2 - <std[70759c8f55707aa4]::thread::lifecycle::spawn_unchecked<test[9d35eded1c95d3be]::run_test::{closure#1}, ()>::{closure#1} as core[df12db4294e9bfd3]::ops::function::FnOnce<()>>::call_once::{shim:vtable#0}
[INFO] [stdout]   18:     0x61e7b54dda69 - <std[70759c8f55707aa4]::sys::thread::unix::Thread>::new::thread_start
[INFO] [stdout]   19:     0x787b28277dfa - <unknown>
[INFO] [stdout]   20:     0x787b2830b3d4 - clone
[INFO] [stdout]   21:                0x0 - <unknown>
[INFO] [stdout] 
[INFO] [stdout] ---- three_clause_chain_temporal_indices_strictly_increasing stdout ----
[INFO] [stdout] 
[INFO] [stdout] thread 'three_clause_chain_temporal_indices_strictly_increasing' (444) panicked at tests/integration_fr.rs:14:36:
[INFO] [stdout] Failed to load taxonomies: Knowledge(Io(Os { code: 2, kind: NotFound, message: "No such file or directory" }, "/opt/rustwide/workdir/../../../gcn-references/taxonomies/fr"))
[INFO] [stdout] stack backtrace:
[INFO] [stdout]    0:     0x61e7b54de501 - <<std[70759c8f55707aa4]::sys::backtrace::BacktraceLock>::print::DisplayBacktrace as core[df12db4294e9bfd3]::fmt::Display>::fmt
[INFO] [stdout]    1:     0x61e7b54f423a - core[df12db4294e9bfd3]::fmt::write
[INFO] [stdout]    2:     0x61e7b54e2c6c - <alloc[2182bb758b4b3781]::vec::Vec<u8> as core[df12db4294e9bfd3]::io::write::Write>::write_fmt
[INFO] [stdout]    3:     0x61e7b54ba176 - std[70759c8f55707aa4]::panicking::default_hook::{closure#0}
[INFO] [stdout]    4:     0x61e7b54d66e9 - std[70759c8f55707aa4]::panicking::default_hook
[INFO] [stdout]    5:     0x61e7b542c020 - test[9d35eded1c95d3be]::test_main_inner::<test[9d35eded1c95d3be]::test_main_static::{closure#0}>::{closure#0}
[INFO] [stdout]    6:     0x61e7b54d68a2 - std[70759c8f55707aa4]::panicking::panic_with_hook
[INFO] [stdout]    7:     0x61e7b54ba222 - std[70759c8f55707aa4]::panicking::panic_handler::{closure#0}
[INFO] [stdout]    8:     0x61e7b54b2d79 - std[70759c8f55707aa4]::sys::backtrace::__rust_end_short_backtrace::<std[70759c8f55707aa4]::panicking::panic_handler::{closure#0}, !>
[INFO] [stdout]    9:     0x61e7b54bae1d - __rustc[8fa7c3cbc660c2b3]::rust_begin_unwind
[INFO] [stdout]   10:     0x61e7b54f496c - core[df12db4294e9bfd3]::panicking::panic_fmt
[INFO] [stdout]   11:     0x61e7b54f4742 - core[df12db4294e9bfd3]::result::unwrap_failed
[INFO] [stdout]   12:     0x61e7b541ac34 - integration_fr[60a567f00403415c]::parser
[INFO] [stdout]   13:     0x61e7b541df54 - <integration_fr[60a567f00403415c]::three_clause_chain_temporal_indices_strictly_increasing::{closure#0} as core[df12db4294e9bfd3]::ops::function::FnOnce<()>>::call_once
[INFO] [stdout]   14:     0x61e7b541f30b - test[9d35eded1c95d3be]::__rust_begin_short_backtrace::<core[df12db4294e9bfd3]::result::Result<(), alloc[2182bb758b4b3781]::string::String>, fn() -> core[df12db4294e9bfd3]::result::Result<(), alloc[2182bb758b4b3781]::string::String>>
[INFO] [stdout]   15:     0x61e7b542c975 - test[9d35eded1c95d3be]::run_test::{closure#0}
[INFO] [stdout]   16:     0x61e7b5426234 - std[70759c8f55707aa4]::sys::backtrace::__rust_begin_short_backtrace::<test[9d35eded1c95d3be]::run_test::{closure#1}, ()>
[INFO] [stdout]   17:     0x61e7b542fad2 - <std[70759c8f55707aa4]::thread::lifecycle::spawn_unchecked<test[9d35eded1c95d3be]::run_test::{closure#1}, ()>::{closure#1} as core[df12db4294e9bfd3]::ops::function::FnOnce<()>>::call_once::{shim:vtable#0}
[INFO] [stdout]   18:     0x61e7b54dda69 - <std[70759c8f55707aa4]::sys::thread::unix::Thread>::new::thread_start
[INFO] [stdout]   19:     0x787b28277dfa - <unknown>
[INFO] [stdout]   20:     0x787b2830b3d4 - clone
[INFO] [stdout]   21:                0x0 - <unknown>
[INFO] [stdout] 
[INFO] [stdout] ---- paper_013_goal_to_action_initial stdout ----
[INFO] [stdout] 
[INFO] [stdout] thread 'paper_013_goal_to_action_initial' (442) panicked at tests/integration_fr.rs:14:36:
[INFO] [stdout] Failed to load taxonomies: Knowledge(Io(Os { code: 2, kind: NotFound, message: "No such file or directory" }, "/opt/rustwide/workdir/../../../gcn-references/taxonomies/fr"))
[INFO] [stdout] stack backtrace:
[INFO] [stdout]    0:     0x61e7b54de501 - <<std[70759c8f55707aa4]::sys::backtrace::BacktraceLock>::print::DisplayBacktrace as core[df12db4294e9bfd3]::fmt::Display>::fmt
[INFO] [stdout]    1:     0x61e7b54f423a - core[df12db4294e9bfd3]::fmt::write
[INFO] [stdout]    2:     0x61e7b54e2c6c - <alloc[2182bb758b4b3781]::vec::Vec<u8> as core[df12db4294e9bfd3]::io::write::Write>::write_fmt
[INFO] [stdout]    3:     0x61e7b54ba176 - std[70759c8f55707aa4]::panicking::default_hook::{closure#0}
[INFO] [stdout]    4:     0x61e7b54d66e9 - std[70759c8f55707aa4]::panicking::default_hook
[INFO] [stdout]    5:     0x61e7b542c020 - test[9d35eded1c95d3be]::test_main_inner::<test[9d35eded1c95d3be]::test_main_static::{closure#0}>::{closure#0}
[INFO] [stdout]    6:     0x61e7b54d68a2 - std[70759c8f55707aa4]::panicking::panic_with_hook
[INFO] [stdout]    7:     0x61e7b54ba222 - std[70759c8f55707aa4]::panicking::panic_handler::{closure#0}
[INFO] [stdout]    8:     0x61e7b54b2d79 - std[70759c8f55707aa4]::sys::backtrace::__rust_end_short_backtrace::<std[70759c8f55707aa4]::panicking::panic_handler::{closure#0}, !>
[INFO] [stdout]    9:     0x61e7b54bae1d - __rustc[8fa7c3cbc660c2b3]::rust_begin_unwind
[INFO] [stdout]   10:     0x61e7b54f496c - core[df12db4294e9bfd3]::panicking::panic_fmt
[INFO] [stdout]   11:     0x61e7b54f4742 - core[df12db4294e9bfd3]::result::unwrap_failed
[INFO] [stdout]   12:     0x61e7b541ac34 - integration_fr[60a567f00403415c]::parser
[INFO] [stdout]   13:     0x61e7b541d69f - <integration_fr[60a567f00403415c]::paper_013_goal_to_action_initial::{closure#0} as core[df12db4294e9bfd3]::ops::function::FnOnce<()>>::call_once
[INFO] [stdout]   14:     0x61e7b541f30b - test[9d35eded1c95d3be]::__rust_begin_short_backtrace::<core[df12db4294e9bfd3]::result::Result<(), alloc[2182bb758b4b3781]::string::String>, fn() -> core[df12db4294e9bfd3]::result::Result<(), alloc[2182bb758b4b3781]::string::String>>
[INFO] [stdout]   15:     0x61e7b542c975 - test[9d35eded1c95d3be]::run_test::{closure#0}
[INFO] [stdout]   16:     0x61e7b5426234 - std[70759c8f55707aa4]::sys::backtrace::__rust_begin_short_backtrace::<test[9d35eded1c95d3be]::run_test::{closure#1}, ()>
[INFO] [stdout]   17:     0x61e7b542fad2 - <std[70759c8f55707aa4]::thread::lifecycle::spawn_unchecked<test[9d35eded1c95d3be]::run_test::{closure#1}, ()>::{closure#1} as core[df12db4294e9bfd3]::ops::function::FnOnce<()>>::call_once::{shim:vtable#0}
[INFO] [stdout]   18:     0x61e7b54dda69 - <std[70759c8f55707aa4]::sys::thread::unix::Thread>::new::thread_start
[INFO] [stdout]   19:     0x787b28277dfa - <unknown>
[INFO] [stdout]   20:     0x787b2830b3d4 - clone
[INFO] [stdout]   21:                0x0 - <unknown>
[INFO] [stdout] 
[INFO] [stdout] ---- paper_008_universal_scope stdout ----
[INFO] [stdout] 
[INFO] [stdout] thread 'paper_008_universal_scope' (437) panicked at tests/integration_fr.rs:14:36:
[INFO] [stdout] Failed to load taxonomies: Knowledge(Io(Os { code: 2, kind: NotFound, message: "No such file or directory" }, "/opt/rustwide/workdir/../../../gcn-references/taxonomies/fr"))
[INFO] [stdout] stack backtrace:
[INFO] [stdout]    0:     0x61e7b54de501 - <<std[70759c8f55707aa4]::sys::backtrace::BacktraceLock>::print::DisplayBacktrace as core[df12db4294e9bfd3]::fmt::Display>::fmt
[INFO] [stdout]    1:     0x61e7b54f423a - core[df12db4294e9bfd3]::fmt::write
[INFO] [stdout]    2:     0x61e7b54e2c6c - <alloc[2182bb758b4b3781]::vec::Vec<u8> as core[df12db4294e9bfd3]::io::write::Write>::write_fmt
[INFO] [stdout]    3:     0x61e7b54ba176 - std[70759c8f55707aa4]::panicking::default_hook::{closure#0}
[INFO] [stdout]    4:     0x61e7b54d66e9 - std[70759c8f55707aa4]::panicking::default_hook
[INFO] [stdout]    5:     0x61e7b542c020 - test[9d35eded1c95d3be]::test_main_inner::<test[9d35eded1c95d3be]::test_main_static::{closure#0}>::{closure#0}
[INFO] [stdout]    6:     0x61e7b54d68a2 - std[70759c8f55707aa4]::panicking::panic_with_hook
[INFO] [stdout]    7:     0x61e7b54ba222 - std[70759c8f55707aa4]::panicking::panic_handler::{closure#0}
[INFO] [stdout]    8:     0x61e7b54b2d79 - std[70759c8f55707aa4]::sys::backtrace::__rust_end_short_backtrace::<std[70759c8f55707aa4]::panicking::panic_handler::{closure#0}, !>
[INFO] [stdout]    9:     0x61e7b54bae1d - __rustc[8fa7c3cbc660c2b3]::rust_begin_unwind
[INFO] [stdout]   10:     0x61e7b54f496c - core[df12db4294e9bfd3]::panicking::panic_fmt
[INFO] [stdout]   11:     0x61e7b54f4742 - core[df12db4294e9bfd3]::result::unwrap_failed
[INFO] [stdout]   12:     0x61e7b541ac34 - integration_fr[60a567f00403415c]::parser
[INFO] [stdout]   13:     0x61e7b541c9fd - <integration_fr[60a567f00403415c]::paper_008_universal_scope::{closure#0} as core[df12db4294e9bfd3]::ops::function::FnOnce<()>>::call_once
[INFO] [stdout]   14:     0x61e7b541f30b - test[9d35eded1c95d3be]::__rust_begin_short_backtrace::<core[df12db4294e9bfd3]::result::Result<(), alloc[2182bb758b4b3781]::string::String>, fn() -> core[df12db4294e9bfd3]::result::Result<(), alloc[2182bb758b4b3781]::string::String>>
[INFO] [stdout]   15:     0x61e7b542c975 - test[9d35eded1c95d3be]::run_test::{closure#0}
[INFO] [stdout]   16:     0x61e7b5426234 - std[70759c8f55707aa4]::sys::backtrace::__rust_begin_short_backtrace::<test[9d35eded1c95d3be]::run_test::{closure#1}, ()>
[INFO] [stdout]   17:     0x61e7b542fad2 - <std[70759c8f55707aa4]::thread::lifecycle::spawn_unchecked<test[9d35eded1c95d3be]::run_test::{closure#1}, ()>::{closure#1} as core[df12db4294e9bfd3]::ops::function::FnOnce<()>>::call_once::{shim:vtable#0}
[INFO] [stdout]   18:     0x61e7b54dda69 - <std[70759c8f55707aa4]::sys::thread::unix::Thread>::new::thread_start
[INFO] [stdout]   19:     0x787b28277dfa - <unknown>
[INFO] [stdout]   20:     0x787b2830b3d4 - clone
[INFO] [stdout]   21:                0x0 - <unknown>
[INFO] [stdout] 
[INFO] [stdout] ---- paper_004_negation_on_node stdout ----
[INFO] [stdout] 
[INFO] [stdout] thread 'paper_004_negation_on_node' (433) panicked at tests/integration_fr.rs:14:36:
[INFO] [stdout] Failed to load taxonomies: Knowledge(Io(Os { code: 2, kind: NotFound, message: "No such file or directory" }, "/opt/rustwide/workdir/../../../gcn-references/taxonomies/fr"))
[INFO] [stdout] stack backtrace:
[INFO] [stdout]    0:     0x61e7b54de501 - <<std[70759c8f55707aa4]::sys::backtrace::BacktraceLock>::print::DisplayBacktrace as core[df12db4294e9bfd3]::fmt::Display>::fmt
[INFO] [stdout]    1:     0x61e7b54f423a - core[df12db4294e9bfd3]::fmt::write
[INFO] [stdout]    2:     0x61e7b54e2c6c - <alloc[2182bb758b4b3781]::vec::Vec<u8> as core[df12db4294e9bfd3]::io::write::Write>::write_fmt
[INFO] [stdout]    3:     0x61e7b54ba176 - std[70759c8f55707aa4]::panicking::default_hook::{closure#0}
[INFO] [stdout]    4:     0x61e7b54d66e9 - std[70759c8f55707aa4]::panicking::default_hook
[INFO] [stdout]    5:     0x61e7b542c020 - test[9d35eded1c95d3be]::test_main_inner::<test[9d35eded1c95d3be]::test_main_static::{closure#0}>::{closure#0}
[INFO] [stdout]    6:     0x61e7b54d68a2 - std[70759c8f55707aa4]::panicking::panic_with_hook
[INFO] [stdout]    7:     0x61e7b54ba222 - std[70759c8f55707aa4]::panicking::panic_handler::{closure#0}
[INFO] [stdout]    8:     0x61e7b54b2d79 - std[70759c8f55707aa4]::sys::backtrace::__rust_end_short_backtrace::<std[70759c8f55707aa4]::panicking::panic_handler::{closure#0}, !>
[INFO] [stdout]    9:     0x61e7b54bae1d - __rustc[8fa7c3cbc660c2b3]::rust_begin_unwind
[INFO] [stdout]   10:     0x61e7b54f496c - core[df12db4294e9bfd3]::panicking::panic_fmt
[INFO] [stdout]   11:     0x61e7b54f4742 - core[df12db4294e9bfd3]::result::unwrap_failed
[INFO] [stdout]   12:     0x61e7b541ac34 - integration_fr[60a567f00403415c]::parser
[INFO] [stdout]   13:     0x61e7b541cbad - <integration_fr[60a567f00403415c]::paper_004_negation_on_node::{closure#0} as core[df12db4294e9bfd3]::ops::function::FnOnce<()>>::call_once
[INFO] [stdout]   14:     0x61e7b541f30b - test[9d35eded1c95d3be]::__rust_begin_short_backtrace::<core[df12db4294e9bfd3]::result::Result<(), alloc[2182bb758b4b3781]::string::String>, fn() -> core[df12db4294e9bfd3]::result::Result<(), alloc[2182bb758b4b3781]::string::String>>
[INFO] [stdout]   15:     0x61e7b542c975 - test[9d35eded1c95d3be]::run_test::{closure#0}
[INFO] [stdout]   16:     0x61e7b5426234 - std[70759c8f55707aa4]::sys::backtrace::__rust_begin_short_backtrace::<test[9d35eded1c95d3be]::run_test::{closure#1}, ()>
[INFO] [stdout]   17:     0x61e7b542fad2 - <std[70759c8f55707aa4]::thread::lifecycle::spawn_unchecked<test[9d35eded1c95d3be]::run_test::{closure#1}, ()>::{closure#1} as core[df12db4294e9bfd3]::ops::function::FnOnce<()>>::call_once::{shim:vtable#0}
[INFO] [stdout]   18:     0x61e7b54dda69 - <std[70759c8f55707aa4]::sys::thread::unix::Thread>::new::thread_start
[INFO] [stdout]   19:     0x787b28277dfa - <unknown>
[INFO] [stdout]   20:     0x787b2830b3d4 - clone
[INFO] [stdout]   21:                0x0 - <unknown>
[INFO] [stdout] 
[INFO] [stdout] ---- fix_c1_concession_sentence_implicit_edge_src_not_hypothetical stdout ----
[INFO] [stdout] 
[INFO] [stdout] thread 'fix_c1_concession_sentence_implicit_edge_src_not_hypothetical' (427) panicked at tests/integration_fr.rs:14:36:
[INFO] [stdout] Failed to load taxonomies: Knowledge(Io(Os { code: 2, kind: NotFound, message: "No such file or directory" }, "/opt/rustwide/workdir/../../../gcn-references/taxonomies/fr"))
[INFO] [stdout] stack backtrace:
[INFO] [stdout]    0:     0x61e7b54de501 - <<std[70759c8f55707aa4]::sys::backtrace::BacktraceLock>::print::DisplayBacktrace as core[df12db4294e9bfd3]::fmt::Display>::fmt
[INFO] [stdout]    1:     0x61e7b54f423a - core[df12db4294e9bfd3]::fmt::write
[INFO] [stdout]    2:     0x61e7b54e2c6c - <alloc[2182bb758b4b3781]::vec::Vec<u8> as core[df12db4294e9bfd3]::io::write::Write>::write_fmt
[INFO] [stdout]    3:     0x61e7b54ba176 - std[70759c8f55707aa4]::panicking::default_hook::{closure#0}
[INFO] [stdout]    4:     0x61e7b54d66e9 - std[70759c8f55707aa4]::panicking::default_hook
[INFO] [stdout]    5:     0x61e7b542c020 - test[9d35eded1c95d3be]::test_main_inner::<test[9d35eded1c95d3be]::test_main_static::{closure#0}>::{closure#0}
[INFO] [stdout]    6:     0x61e7b54d68a2 - std[70759c8f55707aa4]::panicking::panic_with_hook
[INFO] [stdout]    7:     0x61e7b54ba222 - std[70759c8f55707aa4]::panicking::panic_handler::{closure#0}
[INFO] [stdout]    8:     0x61e7b54b2d79 - std[70759c8f55707aa4]::sys::backtrace::__rust_end_short_backtrace::<std[70759c8f55707aa4]::panicking::panic_handler::{closure#0}, !>
[INFO] [stdout]    9:     0x61e7b54bae1d - __rustc[8fa7c3cbc660c2b3]::rust_begin_unwind
[INFO] [stdout]   10:     0x61e7b54f496c - core[df12db4294e9bfd3]::panicking::panic_fmt
[INFO] [stdout]   11:     0x61e7b54f4742 - core[df12db4294e9bfd3]::result::unwrap_failed
[INFO] [stdout]   12:     0x61e7b541ac34 - integration_fr[60a567f00403415c]::parser
[INFO] [stdout]   13:     0x61e7b541e2ad - <integration_fr[60a567f00403415c]::fix_c1_concession_sentence_implicit_edge_src_not_hypothetical::{closure#0} as core[df12db4294e9bfd3]::ops::function::FnOnce<()>>::call_once
[INFO] [stdout]   14:     0x61e7b541f30b - test[9d35eded1c95d3be]::__rust_begin_short_backtrace::<core[df12db4294e9bfd3]::result::Result<(), alloc[2182bb758b4b3781]::string::String>, fn() -> core[df12db4294e9bfd3]::result::Result<(), alloc[2182bb758b4b3781]::string::String>>
[INFO] [stdout]   15:     0x61e7b542c975 - test[9d35eded1c95d3be]::run_test::{closure#0}
[INFO] [stdout]   16:     0x61e7b5426234 - std[70759c8f55707aa4]::sys::backtrace::__rust_begin_short_backtrace::<test[9d35eded1c95d3be]::run_test::{closure#1}, ()>
[INFO] [stdout]   17:     0x61e7b542fad2 - <std[70759c8f55707aa4]::thread::lifecycle::spawn_unchecked<test[9d35eded1c95d3be]::run_test::{closure#1}, ()>::{closure#1} as core[df12db4294e9bfd3]::ops::function::FnOnce<()>>::call_once::{shim:vtable#0}
[INFO] [stdout]   18:     0x61e7b54dda69 - <std[70759c8f55707aa4]::sys::thread::unix::Thread>::new::thread_start
[INFO] [stdout]   19:     0x787b28277dfa - <unknown>
[INFO] [stdout]   20:     0x787b2830b3d4 - clone
[INFO] [stdout]   21:                0x0 - <unknown>
[INFO] [stdout] 
[INFO] [stdout] ---- paper_005_concession stdout ----
[INFO] [stdout] 
[INFO] [stderr] error: test failed, to rerun pass `--test integration_fr`
[INFO] [stdout] thread 'paper_005_concession' (434) panicked at tests/integration_fr.rs:14:36:
[INFO] [stdout] Failed to load taxonomies: Knowledge(Io(Os { code: 2, kind: NotFound, message: "No such file or directory" }, "/opt/rustwide/workdir/../../../gcn-references/taxonomies/fr"))
[INFO] [stdout] stack backtrace:
[INFO] [stdout]    0:     0x61e7b54de501 - <<std[70759c8f55707aa4]::sys::backtrace::BacktraceLock>::print::DisplayBacktrace as core[df12db4294e9bfd3]::fmt::Display>::fmt
[INFO] [stdout]    1:     0x61e7b54f423a - core[df12db4294e9bfd3]::fmt::write
[INFO] [stdout]    2:     0x61e7b54e2c6c - <alloc[2182bb758b4b3781]::vec::Vec<u8> as core[df12db4294e9bfd3]::io::write::Write>::write_fmt
[INFO] [stdout]    3:     0x61e7b54ba176 - std[70759c8f55707aa4]::panicking::default_hook::{closure#0}
[INFO] [stdout]    4:     0x61e7b54d66e9 - std[70759c8f55707aa4]::panicking::default_hook
[INFO] [stdout]    5:     0x61e7b542c020 - test[9d35eded1c95d3be]::test_main_inner::<test[9d35eded1c95d3be]::test_main_static::{closure#0}>::{closure#0}
[INFO] [stdout]    6:     0x61e7b54d68a2 - std[70759c8f55707aa4]::panicking::panic_with_hook
[INFO] [stdout]    7:     0x61e7b54ba222 - std[70759c8f55707aa4]::panicking::panic_handler::{closure#0}
[INFO] [stdout]    8:     0x61e7b54b2d79 - std[70759c8f55707aa4]::sys::backtrace::__rust_end_short_backtrace::<std[70759c8f55707aa4]::panicking::panic_handler::{closure#0}, !>
[INFO] [stdout]    9:     0x61e7b54bae1d - __rustc[8fa7c3cbc660c2b3]::rust_begin_unwind
[INFO] [stdout]   10:     0x61e7b54f496c - core[df12db4294e9bfd3]::panicking::panic_fmt
[INFO] [stdout]   11:     0x61e7b54f4742 - core[df12db4294e9bfd3]::result::unwrap_failed
[INFO] [stdout]   12:     0x61e7b541ac34 - integration_fr[60a567f00403415c]::parser
[INFO] [stdout]   13:     0x61e7b541bd5f - <integration_fr[60a567f00403415c]::paper_005_concession::{closure#0} as core[df12db4294e9bfd3]::ops::function::FnOnce<()>>::call_once
[INFO] [stdout]   14:     0x61e7b541f30b - test[9d35eded1c95d3be]::__rust_begin_short_backtrace::<core[df12db4294e9bfd3]::result::Result<(), alloc[2182bb758b4b3781]::string::String>, fn() -> core[df12db4294e9bfd3]::result::Result<(), alloc[2182bb758b4b3781]::string::String>>
[INFO] [stdout]   15:     0x61e7b542c975 - test[9d35eded1c95d3be]::run_test::{closure#0}
[INFO] [stdout]   16:     0x61e7b5426234 - std[70759c8f55707aa4]::sys::backtrace::__rust_begin_short_backtrace::<test[9d35eded1c95d3be]::run_test::{closure#1}, ()>
[INFO] [stdout]   17:     0x61e7b542fad2 - <std[70759c8f55707aa4]::thread::lifecycle::spawn_unchecked<test[9d35eded1c95d3be]::run_test::{closure#1}, ()>::{closure#1} as core[df12db4294e9bfd3]::ops::function::FnOnce<()>>::call_once::{shim:vtable#0}
[INFO] [stdout]   18:     0x61e7b54dda69 - <std[70759c8f55707aa4]::sys::thread::unix::Thread>::new::thread_start
[INFO] [stdout]   19:     0x787b28277dfa - <unknown>
[INFO] [stdout]   20:     0x787b2830b3d4 - clone
[INFO] [stdout]   21:                0x0 - <unknown>
[INFO] [stdout] 
[INFO] [stdout] ---- paper_010_enable stdout ----
[INFO] [stdout] 
[INFO] [stdout] thread 'paper_010_enable' (439) panicked at tests/integration_fr.rs:14:36:
[INFO] [stdout] Failed to load taxonomies: Knowledge(Io(Os { code: 2, kind: NotFound, message: "No such file or directory" }, "/opt/rustwide/workdir/../../../gcn-references/taxonomies/fr"))
[INFO] [stdout] stack backtrace:
[INFO] [stdout]    0:     0x61e7b54de501 - <<std[70759c8f55707aa4]::sys::backtrace::BacktraceLock>::print::DisplayBacktrace as core[df12db4294e9bfd3]::fmt::Display>::fmt
[INFO] [stdout]    1:     0x61e7b54f423a - core[df12db4294e9bfd3]::fmt::write
[INFO] [stdout]    2:     0x61e7b54e2c6c - <alloc[2182bb758b4b3781]::vec::Vec<u8> as core[df12db4294e9bfd3]::io::write::Write>::write_fmt
[INFO] [stdout]    3:     0x61e7b54ba176 - std[70759c8f55707aa4]::panicking::default_hook::{closure#0}
[INFO] [stdout]    4:     0x61e7b54d66e9 - std[70759c8f55707aa4]::panicking::default_hook
[INFO] [stdout]    5:     0x61e7b542c020 - test[9d35eded1c95d3be]::test_main_inner::<test[9d35eded1c95d3be]::test_main_static::{closure#0}>::{closure#0}
[INFO] [stdout]    6:     0x61e7b54d68a2 - std[70759c8f55707aa4]::panicking::panic_with_hook
[INFO] [stdout]    7:     0x61e7b54ba222 - std[70759c8f55707aa4]::panicking::panic_handler::{closure#0}
[INFO] [stdout]    8:     0x61e7b54b2d79 - std[70759c8f55707aa4]::sys::backtrace::__rust_end_short_backtrace::<std[70759c8f55707aa4]::panicking::panic_handler::{closure#0}, !>
[INFO] [stdout]    9:     0x61e7b54bae1d - __rustc[8fa7c3cbc660c2b3]::rust_begin_unwind
[INFO] [stdout]   10:     0x61e7b54f496c - core[df12db4294e9bfd3]::panicking::panic_fmt
[INFO] [stdout]   11:     0x61e7b54f4742 - core[df12db4294e9bfd3]::result::unwrap_failed
[INFO] [stdout]   12:     0x61e7b541ac34 - integration_fr[60a567f00403415c]::parser
[INFO] [stdout]   13:     0x61e7b541b56f - <integration_fr[60a567f00403415c]::paper_010_enable::{closure#0} as core[df12db4294e9bfd3]::ops::function::FnOnce<()>>::call_once
[INFO] [stdout]   14:     0x61e7b541f30b - test[9d35eded1c95d3be]::__rust_begin_short_backtrace::<core[df12db4294e9bfd3]::result::Result<(), alloc[2182bb758b4b3781]::string::String>, fn() -> core[df12db4294e9bfd3]::result::Result<(), alloc[2182bb758b4b3781]::string::String>>
[INFO] [stdout]   15:     0x61e7b542c975 - test[9d35eded1c95d3be]::run_test::{closure#0}
[INFO] [stdout]   16:     0x61e7b5426234 - std[70759c8f55707aa4]::sys::backtrace::__rust_begin_short_backtrace::<test[9d35eded1c95d3be]::run_test::{closure#1}, ()>
[INFO] [stdout]   17:     0x61e7b542fad2 - <std[70759c8f55707aa4]::thread::lifecycle::spawn_unchecked<test[9d35eded1c95d3be]::run_test::{closure#1}, ()>::{closure#1} as core[df12db4294e9bfd3]::ops::function::FnOnce<()>>::call_once::{shim:vtable#0}
[INFO] [stdout]   18:     0x61e7b54dda69 - <std[70759c8f55707aa4]::sys::thread::unix::Thread>::new::thread_start
[INFO] [stdout]   19:     0x787b28277dfa - <unknown>
[INFO] [stdout]   20:     0x787b2830b3d4 - clone
[INFO] [stdout]   21:                0x0 - <unknown>
[INFO] [stdout] 
[INFO] [stdout] ---- paper_003b_depuis_compositional stdout ----
[INFO] [stdout] 
[INFO] [stdout] thread 'paper_003b_depuis_compositional' (431) panicked at tests/integration_fr.rs:14:36:
[INFO] [stdout] Failed to load taxonomies: Knowledge(Io(Os { code: 2, kind: NotFound, message: "No such file or directory" }, "/opt/rustwide/workdir/../../../gcn-references/taxonomies/fr"))
[INFO] [stdout] stack backtrace:
[INFO] [stdout]    0:     0x61e7b54de501 - <<std[70759c8f55707aa4]::sys::backtrace::BacktraceLock>::print::DisplayBacktrace as core[df12db4294e9bfd3]::fmt::Display>::fmt
[INFO] [stdout]    1:     0x61e7b54f423a - core[df12db4294e9bfd3]::fmt::write
[INFO] [stdout]    2:     0x61e7b54e2c6c - <alloc[2182bb758b4b3781]::vec::Vec<u8> as core[df12db4294e9bfd3]::io::write::Write>::write_fmt
[INFO] [stdout]    3:     0x61e7b54ba176 - std[70759c8f55707aa4]::panicking::default_hook::{closure#0}
[INFO] [stdout]    4:     0x61e7b54d66e9 - std[70759c8f55707aa4]::panicking::default_hook
[INFO] [stdout]    5:     0x61e7b542c020 - test[9d35eded1c95d3be]::test_main_inner::<test[9d35eded1c95d3be]::test_main_static::{closure#0}>::{closure#0}
[INFO] [stdout]    6:     0x61e7b54d68a2 - std[70759c8f55707aa4]::panicking::panic_with_hook
[INFO] [stdout]    7:     0x61e7b54ba222 - std[70759c8f55707aa4]::panicking::panic_handler::{closure#0}
[INFO] [stdout]    8:     0x61e7b54b2d79 - std[70759c8f55707aa4]::sys::backtrace::__rust_end_short_backtrace::<std[70759c8f55707aa4]::panicking::panic_handler::{closure#0}, !>
[INFO] [stdout]    9:     0x61e7b54bae1d - __rustc[8fa7c3cbc660c2b3]::rust_begin_unwind
[INFO] [stdout]   10:     0x61e7b54f496c - core[df12db4294e9bfd3]::panicking::panic_fmt
[INFO] [stdout]   11:     0x61e7b54f4742 - core[df12db4294e9bfd3]::result::unwrap_failed
[INFO] [stdout]   12:     0x61e7b541ac34 - integration_fr[60a567f00403415c]::parser
[INFO] [stdout]   13:     0x61e7b541d23d - <integration_fr[60a567f00403415c]::paper_003b_depuis_compositional::{closure#0} as core[df12db4294e9bfd3]::ops::function::FnOnce<()>>::call_once
[INFO] [stdout]   14:     0x61e7b541f30b - test[9d35eded1c95d3be]::__rust_begin_short_backtrace::<core[df12db4294e9bfd3]::result::Result<(), alloc[2182bb758b4b3781]::string::String>, fn() -> core[df12db4294e9bfd3]::result::Result<(), alloc[2182bb758b4b3781]::string::String>>
[INFO] [stdout]   15:     0x61e7b542c975 - test[9d35eded1c95d3be]::run_test::{closure#0}
[INFO] [stdout]   16:     0x61e7b5426234 - std[70759c8f55707aa4]::sys::backtrace::__rust_begin_short_backtrace::<test[9d35eded1c95d3be]::run_test::{closure#1}, ()>
[INFO] [stdout]   17:     0x61e7b542fad2 - <std[70759c8f55707aa4]::thread::lifecycle::spawn_unchecked<test[9d35eded1c95d3be]::run_test::{closure#1}, ()>::{closure#1} as core[df12db4294e9bfd3]::ops::function::FnOnce<()>>::call_once::{shim:vtable#0}
[INFO] [stdout]   18:     0x61e7b54dda69 - <std[70759c8f55707aa4]::sys::thread::unix::Thread>::new::thread_start
[INFO] [stdout]   19:     0x787b28277dfa - <unknown>
[INFO] [stdout]   20:     0x787b2830b3d4 - clone
[INFO] [stdout]   21:                0x0 - <unknown>
[INFO] [stdout] 
[INFO] [stdout] ---- paper_002_cause_backward stdout ----
[INFO] [stdout] 
[INFO] [stdout] thread 'paper_002_cause_backward' (429) panicked at tests/integration_fr.rs:14:36:
[INFO] [stdout] Failed to load taxonomies: Knowledge(Io(Os { code: 2, kind: NotFound, message: "No such file or directory" }, "/opt/rustwide/workdir/../../../gcn-references/taxonomies/fr"))
[INFO] [stdout] stack backtrace:
[INFO] [stdout]    0:     0x61e7b54de501 - <<std[70759c8f55707aa4]::sys::backtrace::BacktraceLock>::print::DisplayBacktrace as core[df12db4294e9bfd3]::fmt::Display>::fmt
[INFO] [stdout]    1:     0x61e7b54f423a - core[df12db4294e9bfd3]::fmt::write
[INFO] [stdout]    2:     0x61e7b54e2c6c - <alloc[2182bb758b4b3781]::vec::Vec<u8> as core[df12db4294e9bfd3]::io::write::Write>::write_fmt
[INFO] [stdout]    3:     0x61e7b54ba176 - std[70759c8f55707aa4]::panicking::default_hook::{closure#0}
[INFO] [stdout]    4:     0x61e7b54d66e9 - std[70759c8f55707aa4]::panicking::default_hook
[INFO] [stdout]    5:     0x61e7b542c020 - test[9d35eded1c95d3be]::test_main_inner::<test[9d35eded1c95d3be]::test_main_static::{closure#0}>::{closure#0}
[INFO] [stdout]    6:     0x61e7b54d68a2 - std[70759c8f55707aa4]::panicking::panic_with_hook
[INFO] [stdout]    7:     0x61e7b54ba222 - std[70759c8f55707aa4]::panicking::panic_handler::{closure#0}
[INFO] [stdout]    8:     0x61e7b54b2d79 - std[70759c8f55707aa4]::sys::backtrace::__rust_end_short_backtrace::<std[70759c8f55707aa4]::panicking::panic_handler::{closure#0}, !>
[INFO] [stdout]    9:     0x61e7b54bae1d - __rustc[8fa7c3cbc660c2b3]::rust_begin_unwind
[INFO] [stdout]   10:     0x61e7b54f496c - core[df12db4294e9bfd3]::panicking::panic_fmt
[INFO] [stdout]   11:     0x61e7b54f4742 - core[df12db4294e9bfd3]::result::unwrap_failed
[INFO] [stdout]   12:     0x61e7b541ac34 - integration_fr[60a567f00403415c]::parser
[INFO] [stdout]   13:     0x61e7b541c55f - <integration_fr[60a567f00403415c]::paper_002_cause_backward::{closure#0} as core[df12db4294e9bfd3]::ops::function::FnOnce<()>>::call_once
[INFO] [stdout]   14:     0x61e7b541f30b - test[9d35eded1c95d3be]::__rust_begin_short_backtrace::<core[df12db4294e9bfd3]::result::Result<(), alloc[2182bb758b4b3781]::string::String>, fn() -> core[df12db4294e9bfd3]::result::Result<(), alloc[2182bb758b4b3781]::string::String>>
[INFO] [stdout]   15:     0x61e7b542c975 - test[9d35eded1c95d3be]::run_test::{closure#0}
[INFO] [stdout]   16:     0x61e7b5426234 - std[70759c8f55707aa4]::sys::backtrace::__rust_begin_short_backtrace::<test[9d35eded1c95d3be]::run_test::{closure#1}, ()>
[INFO] [stdout]   17:     0x61e7b542fad2 - <std[70759c8f55707aa4]::thread::lifecycle::spawn_unchecked<test[9d35eded1c95d3be]::run_test::{closure#1}, ()>::{closure#1} as core[df12db4294e9bfd3]::ops::function::FnOnce<()>>::call_once::{shim:vtable#0}
[INFO] [stdout]   18:     0x61e7b54dda69 - <std[70759c8f55707aa4]::sys::thread::unix::Thread>::new::thread_start
[INFO] [stdout]   19:     0x787b28277dfa - <unknown>
[INFO] [stdout]   20:     0x787b2830b3d4 - clone
[INFO] [stdout]   21:                0x0 - <unknown>
[INFO] [stdout] 
[INFO] [stdout] ---- paper_011_negated_edge stdout ----
[INFO] [stdout] 
[INFO] [stdout] thread 'paper_011_negated_edge' (440) panicked at tests/integration_fr.rs:14:36:
[INFO] [stdout] Failed to load taxonomies: Knowledge(Io(Os { code: 2, kind: NotFound, message: "No such file or directory" }, "/opt/rustwide/workdir/../../../gcn-references/taxonomies/fr"))
[INFO] [stdout] stack backtrace:
[INFO] [stdout]    0:     0x61e7b54de501 - <<std[70759c8f55707aa4]::sys::backtrace::BacktraceLock>::print::DisplayBacktrace as core[df12db4294e9bfd3]::fmt::Display>::fmt
[INFO] [stdout]    1:     0x61e7b54f423a - core[df12db4294e9bfd3]::fmt::write
[INFO] [stdout]    2:     0x61e7b54e2c6c - <alloc[2182bb758b4b3781]::vec::Vec<u8> as core[df12db4294e9bfd3]::io::write::Write>::write_fmt
[INFO] [stdout]    3:     0x61e7b54ba176 - std[70759c8f55707aa4]::panicking::default_hook::{closure#0}
[INFO] [stdout]    4:     0x61e7b54d66e9 - std[70759c8f55707aa4]::panicking::default_hook
[INFO] [stdout]    5:     0x61e7b542c020 - test[9d35eded1c95d3be]::test_main_inner::<test[9d35eded1c95d3be]::test_main_static::{closure#0}>::{closure#0}
[INFO] [stdout]    6:     0x61e7b54d68a2 - std[70759c8f55707aa4]::panicking::panic_with_hook
[INFO] [stdout]    7:     0x61e7b54ba222 - std[70759c8f55707aa4]::panicking::panic_handler::{closure#0}
[INFO] [stdout]    8:     0x61e7b54b2d79 - std[70759c8f55707aa4]::sys::backtrace::__rust_end_short_backtrace::<std[70759c8f55707aa4]::panicking::panic_handler::{closure#0}, !>
[INFO] [stdout]    9:     0x61e7b54bae1d - __rustc[8fa7c3cbc660c2b3]::rust_begin_unwind
[INFO] [stdout]   10:     0x61e7b54f496c - core[df12db4294e9bfd3]::panicking::panic_fmt
[INFO] [stdout]   11:     0x61e7b54f4742 - core[df12db4294e9bfd3]::result::unwrap_failed
[INFO] [stdout]   12:     0x61e7b541ac34 - integration_fr[60a567f00403415c]::parser
[INFO] [stdout]   13:     0x61e7b541c32f - <integration_fr[60a567f00403415c]::paper_011_negated_edge::{closure#0} as core[df12db4294e9bfd3]::ops::function::FnOnce<()>>::call_once
[INFO] [stdout]   14:     0x61e7b541f30b - test[9d35eded1c95d3be]::__rust_begin_short_backtrace::<core[df12db4294e9bfd3]::result::Result<(), alloc[2182bb758b4b3781]::string::String>, fn() -> core[df12db4294e9bfd3]::result::Result<(), alloc[2182bb758b4b3781]::string::String>>
[INFO] [stdout]   15:     0x61e7b542c975 - test[9d35eded1c95d3be]::run_test::{closure#0}
[INFO] [stdout]   16:     0x61e7b5426234 - std[70759c8f55707aa4]::sys::backtrace::__rust_begin_short_backtrace::<test[9d35eded1c95d3be]::run_test::{closure#1}, ()>
[INFO] [stdout]   17:     0x61e7b542fad2 - <std[70759c8f55707aa4]::thread::lifecycle::spawn_unchecked<test[9d35eded1c95d3be]::run_test::{closure#1}, ()>::{closure#1} as core[df12db4294e9bfd3]::ops::function::FnOnce<()>>::call_once::{shim:vtable#0}
[INFO] [stdout]   18:     0x61e7b54dda69 - <std[70759c8f55707aa4]::sys::thread::unix::Thread>::new::thread_start
[INFO] [stdout]   19:     0x787b28277dfa - <unknown>
[INFO] [stdout]   20:     0x787b2830b3d4 - clone
[INFO] [stdout]   21:                0x0 - <unknown>
[INFO] [stdout] 
[INFO] [stdout] ---- single_verb_produces_one_node stdout ----
[INFO] [stdout] 
[INFO] [stdout] thread 'single_verb_produces_one_node' (443) panicked at tests/integration_fr.rs:14:36:
[INFO] [stdout] Failed to load taxonomies: Knowledge(Io(Os { code: 2, kind: NotFound, message: "No such file or directory" }, "/opt/rustwide/workdir/../../../gcn-references/taxonomies/fr"))
[INFO] [stdout] stack backtrace:
[INFO] [stdout]    0:     0x61e7b54de501 - <<std[70759c8f55707aa4]::sys::backtrace::BacktraceLock>::print::DisplayBacktrace as core[df12db4294e9bfd3]::fmt::Display>::fmt
[INFO] [stdout]    1:     0x61e7b54f423a - core[df12db4294e9bfd3]::fmt::write
[INFO] [stdout]    2:     0x61e7b54e2c6c - <alloc[2182bb758b4b3781]::vec::Vec<u8> as core[df12db4294e9bfd3]::io::write::Write>::write_fmt
[INFO] [stdout]    3:     0x61e7b54ba176 - std[70759c8f55707aa4]::panicking::default_hook::{closure#0}
[INFO] [stdout]    4:     0x61e7b54d66e9 - std[70759c8f55707aa4]::panicking::default_hook
[INFO] [stdout]    5:     0x61e7b542c020 - test[9d35eded1c95d3be]::test_main_inner::<test[9d35eded1c95d3be]::test_main_static::{closure#0}>::{closure#0}
[INFO] [stdout]    6:     0x61e7b54d68a2 - std[70759c8f55707aa4]::panicking::panic_with_hook
[INFO] [stdout]    7:     0x61e7b54ba222 - std[70759c8f55707aa4]::panicking::panic_handler::{closure#0}
[INFO] [stdout]    8:     0x61e7b54b2d79 - std[70759c8f55707aa4]::sys::backtrace::__rust_end_short_backtrace::<std[70759c8f55707aa4]::panicking::panic_handler::{closure#0}, !>
[INFO] [stdout]    9:     0x61e7b54bae1d - __rustc[8fa7c3cbc660c2b3]::rust_begin_unwind
[INFO] [stdout]   10:     0x61e7b54f496c - core[df12db4294e9bfd3]::panicking::panic_fmt
[INFO] [stdout]   11:     0x61e7b54f4742 - core[df12db4294e9bfd3]::result::unwrap_failed
[INFO] [stdout]   12:     0x61e7b541ac34 - integration_fr[60a567f00403415c]::parser
[INFO] [stdout]   13:     0x61e7b541d08d - <integration_fr[60a567f00403415c]::single_verb_produces_one_node::{closure#0} as core[df12db4294e9bfd3]::ops::function::FnOnce<()>>::call_once
[INFO] [stdout]   14:     0x61e7b541f30b - test[9d35eded1c95d3be]::__rust_begin_short_backtrace::<core[df12db4294e9bfd3]::result::Result<(), alloc[2182bb758b4b3781]::string::String>, fn() -> core[df12db4294e9bfd3]::result::Result<(), alloc[2182bb758b4b3781]::string::String>>
[INFO] [stdout]   15:     0x61e7b542c975 - test[9d35eded1c95d3be]::run_test::{closure#0}
[INFO] [stdout]   16:     0x61e7b5426234 - std[70759c8f55707aa4]::sys::backtrace::__rust_begin_short_backtrace::<test[9d35eded1c95d3be]::run_test::{closure#1}, ()>
[INFO] [stdout]   17:     0x61e7b542fad2 - <std[70759c8f55707aa4]::thread::lifecycle::spawn_unchecked<test[9d35eded1c95d3be]::run_test::{closure#1}, ()>::{closure#1} as core[df12db4294e9bfd3]::ops::function::FnOnce<()>>::call_once::{shim:vtable#0}
[INFO] [stdout]   18:     0x61e7b54dda69 - <std[70759c8f55707aa4]::sys::thread::unix::Thread>::new::thread_start
[INFO] [stdout]   19:     0x787b28277dfa - <unknown>
[INFO] [stdout]   20:     0x787b2830b3d4 - clone
[INFO] [stdout]   21:                0x0 - <unknown>
[INFO] [stdout] 
[INFO] [stdout] ---- paper_012_hypothetical_node stdout ----
[INFO] [stdout] 
[INFO] [stdout] thread 'paper_012_hypothetical_node' (441) panicked at tests/integration_fr.rs:14:36:
[INFO] [stdout] Failed to load taxonomies: Knowledge(Io(Os { code: 2, kind: NotFound, message: "No such file or directory" }, "/opt/rustwide/workdir/../../../gcn-references/taxonomies/fr"))
[INFO] [stdout] stack backtrace:
[INFO] [stdout]    0:     0x61e7b54de501 - <<std[70759c8f55707aa4]::sys::backtrace::BacktraceLock>::print::DisplayBacktrace as core[df12db4294e9bfd3]::fmt::Display>::fmt
[INFO] [stdout]    1:     0x61e7b54f423a - core[df12db4294e9bfd3]::fmt::write
[INFO] [stdout]    2:     0x61e7b54e2c6c - <alloc[2182bb758b4b3781]::vec::Vec<u8> as core[df12db4294e9bfd3]::io::write::Write>::write_fmt
[INFO] [stdout]    3:     0x61e7b54ba176 - std[70759c8f55707aa4]::panicking::default_hook::{closure#0}
[INFO] [stdout]    4:     0x61e7b54d66e9 - std[70759c8f55707aa4]::panicking::default_hook
[INFO] [stdout]    5:     0x61e7b542c020 - test[9d35eded1c95d3be]::test_main_inner::<test[9d35eded1c95d3be]::test_main_static::{closure#0}>::{closure#0}
[INFO] [stdout]    6:     0x61e7b54d68a2 - std[70759c8f55707aa4]::panicking::panic_with_hook
[INFO] [stdout]    7:     0x61e7b54ba222 - std[70759c8f55707aa4]::panicking::panic_handler::{closure#0}
[INFO] [stdout]    8:     0x61e7b54b2d79 - std[70759c8f55707aa4]::sys::backtrace::__rust_end_short_backtrace::<std[70759c8f55707aa4]::panicking::panic_handler::{closure#0}, !>
[INFO] [stdout]    9:     0x61e7b54bae1d - __rustc[8fa7c3cbc660c2b3]::rust_begin_unwind
[INFO] [stdout]   10:     0x61e7b54f496c - core[df12db4294e9bfd3]::panicking::panic_fmt
[INFO] [stdout]   11:     0x61e7b54f4742 - core[df12db4294e9bfd3]::result::unwrap_failed
[INFO] [stdout]   12:     0x61e7b541ac34 - integration_fr[60a567f00403415c]::parser
[INFO] [stdout]   13:     0x61e7b541cd9d - <integration_fr[60a567f00403415c]::paper_012_hypothetical_node::{closure#0} as core[df12db4294e9bfd3]::ops::function::FnOnce<()>>::call_once
[INFO] [stdout]   14:     0x61e7b541f30b - test[9d35eded1c95d3be]::__rust_begin_short_backtrace::<core[df12db4294e9bfd3]::result::Result<(), alloc[2182bb758b4b3781]::string::String>, fn() -> core[df12db4294e9bfd3]::result::Result<(), alloc[2182bb758b4b3781]::string::String>>
[INFO] [stdout]   15:     0x61e7b542c975 - test[9d35eded1c95d3be]::run_test::{closure#0}
[INFO] [stdout]   16:     0x61e7b5426234 - std[70759c8f55707aa4]::sys::backtrace::__rust_begin_short_backtrace::<test[9d35eded1c95d3be]::run_test::{closure#1}, ()>
[INFO] [stdout]   17:     0x61e7b542fad2 - <std[70759c8f55707aa4]::thread::lifecycle::spawn_unchecked<test[9d35eded1c95d3be]::run_test::{closure#1}, ()>::{closure#1} as core[df12db4294e9bfd3]::ops::function::FnOnce<()>>::call_once::{shim:vtable#0}
[INFO] [stdout]   18:     0x61e7b54dda69 - <std[70759c8f55707aa4]::sys::thread::unix::Thread>::new::thread_start
[INFO] [stdout]   19:     0x787b28277dfa - <unknown>
[INFO] [stdout]   20:     0x787b2830b3d4 - clone
[INFO] [stdout]   21:                0x0 - <unknown>
[INFO] [stdout] 
[INFO] [stdout] ---- empty_input_errors stdout ----
[INFO] [stdout] 
[INFO] [stdout] thread 'empty_input_errors' (424) panicked at tests/integration_fr.rs:14:36:
[INFO] [stdout] Failed to load taxonomies: Knowledge(Io(Os { code: 2, kind: NotFound, message: "No such file or directory" }, "/opt/rustwide/workdir/../../../gcn-references/taxonomies/fr"))
[INFO] [stdout] stack backtrace:
[INFO] [stdout]    0:     0x61e7b54de501 - <<std[70759c8f55707aa4]::sys::backtrace::BacktraceLock>::print::DisplayBacktrace as core[df12db4294e9bfd3]::fmt::Display>::fmt
[INFO] [stdout]    1:     0x61e7b54f423a - core[df12db4294e9bfd3]::fmt::write
[INFO] [stdout]    2:     0x61e7b54e2c6c - <alloc[2182bb758b4b3781]::vec::Vec<u8> as core[df12db4294e9bfd3]::io::write::Write>::write_fmt
[INFO] [stdout]    3:     0x61e7b54ba176 - std[70759c8f55707aa4]::panicking::default_hook::{closure#0}
[INFO] [stdout]    4:     0x61e7b54d66e9 - std[70759c8f55707aa4]::panicking::default_hook
[INFO] [stdout]    5:     0x61e7b542c020 - test[9d35eded1c95d3be]::test_main_inner::<test[9d35eded1c95d3be]::test_main_static::{closure#0}>::{closure#0}
[INFO] [stdout]    6:     0x61e7b54d68a2 - std[70759c8f55707aa4]::panicking::panic_with_hook
[INFO] [stdout]    7:     0x61e7b54ba222 - std[70759c8f55707aa4]::panicking::panic_handler::{closure#0}
[INFO] [stdout]    8:     0x61e7b54b2d79 - std[70759c8f55707aa4]::sys::backtrace::__rust_end_short_backtrace::<std[70759c8f55707aa4]::panicking::panic_handler::{closure#0}, !>
[INFO] [stdout]    9:     0x61e7b54bae1d - __rustc[8fa7c3cbc660c2b3]::rust_begin_unwind
[INFO] [stdout]   10:     0x61e7b54f496c - core[df12db4294e9bfd3]::panicking::panic_fmt
[INFO] [stdout]   11:     0x61e7b54f4742 - core[df12db4294e9bfd3]::result::unwrap_failed
[INFO] [stdout]   12:     0x61e7b541ac34 - integration_fr[60a567f00403415c]::parser
[INFO] [stdout]   13:     0x61e7b541b76d - <integration_fr[60a567f00403415c]::empty_input_errors::{closure#0} as core[df12db4294e9bfd3]::ops::function::FnOnce<()>>::call_once
[INFO] [stdout]   14:     0x61e7b541f30b - test[9d35eded1c95d3be]::__rust_begin_short_backtrace::<core[df12db4294e9bfd3]::result::Result<(), alloc[2182bb758b4b3781]::string::String>, fn() -> core[df12db4294e9bfd3]::result::Result<(), alloc[2182bb758b4b3781]::string::String>>
[INFO] [stdout]   15:     0x61e7b542c975 - test[9d35eded1c95d3be]::run_test::{closure#0}
[INFO] [stdout]   16:     0x61e7b5426234 - std[70759c8f55707aa4]::sys::backtrace::__rust_begin_short_backtrace::<test[9d35eded1c95d3be]::run_test::{closure#1}, ()>
[INFO] [stdout]   17:     0x61e7b542fad2 - <std[70759c8f55707aa4]::thread::lifecycle::spawn_unchecked<test[9d35eded1c95d3be]::run_test::{closure#1}, ()>::{closure#1} as core[df12db4294e9bfd3]::ops::function::FnOnce<()>>::call_once::{shim:vtable#0}
[INFO] [stdout]   18:     0x61e7b54dda69 - <std[70759c8f55707aa4]::sys::thread::unix::Thread>::new::thread_start
[INFO] [stdout]   19:     0x787b28277dfa - <unknown>
[INFO] [stdout]   20:     0x787b2830b3d4 - clone
[INFO] [stdout]   21:                0x0 - <unknown>
[INFO] [stdout] 
[INFO] [stdout] ---- paper_001_condition stdout ----
[INFO] [stdout] 
[INFO] [stdout] thread 'paper_001_condition' (428) panicked at tests/integration_fr.rs:14:36:
[INFO] [stdout] Failed to load taxonomies: Knowledge(Io(Os { code: 2, kind: NotFound, message: "No such file or directory" }, "/opt/rustwide/workdir/../../../gcn-references/taxonomies/fr"))
[INFO] [stdout] stack backtrace:
[INFO] [stdout]    0:     0x61e7b54de501 - <<std[70759c8f55707aa4]::sys::backtrace::BacktraceLock>::print::DisplayBacktrace as core[df12db4294e9bfd3]::fmt::Display>::fmt
[INFO] [stdout]    1:     0x61e7b54f423a - core[df12db4294e9bfd3]::fmt::write
[INFO] [stdout]    2:     0x61e7b54e2c6c - <alloc[2182bb758b4b3781]::vec::Vec<u8> as core[df12db4294e9bfd3]::io::write::Write>::write_fmt
[INFO] [stdout]    3:     0x61e7b54ba176 - std[70759c8f55707aa4]::panicking::default_hook::{closure#0}
[INFO] [stdout]    4:     0x61e7b54d66e9 - std[70759c8f55707aa4]::panicking::default_hook
[INFO] [stdout]    5:     0x61e7b542c020 - test[9d35eded1c95d3be]::test_main_inner::<test[9d35eded1c95d3be]::test_main_static::{closure#0}>::{closure#0}
[INFO] [stdout]    6:     0x61e7b54d68a2 - std[70759c8f55707aa4]::panicking::panic_with_hook
[INFO] [stdout]    7:     0x61e7b54ba222 - std[70759c8f55707aa4]::panicking::panic_handler::{closure#0}
[INFO] [stdout]    8:     0x61e7b54b2d79 - std[70759c8f55707aa4]::sys::backtrace::__rust_end_short_backtrace::<std[70759c8f55707aa4]::panicking::panic_handler::{closure#0}, !>
[INFO] [stdout]    9:     0x61e7b54bae1d - __rustc[8fa7c3cbc660c2b3]::rust_begin_unwind
[INFO] [stdout]   10:     0x61e7b54f496c - core[df12db4294e9bfd3]::panicking::panic_fmt
[INFO] [stdout]   11:     0x61e7b54f4742 - core[df12db4294e9bfd3]::result::unwrap_failed
[INFO] [stdout]   12:     0x61e7b541ac34 - integration_fr[60a567f00403415c]::parser
[INFO] [stdout]   13:     0x61e7b541b83d - <integration_fr[60a567f00403415c]::paper_001_condition::{closure#0} as core[df12db4294e9bfd3]::ops::function::FnOnce<()>>::call_once
[INFO] [stdout]   14:     0x61e7b541f30b - test[9d35eded1c95d3be]::__rust_begin_short_backtrace::<core[df12db4294e9bfd3]::result::Result<(), alloc[2182bb758b4b3781]::string::String>, fn() -> core[df12db4294e9bfd3]::result::Result<(), alloc[2182bb758b4b3781]::string::String>>
[INFO] [stdout]   15:     0x61e7b542c975 - test[9d35eded1c95d3be]::run_test::{closure#0}
[INFO] [stdout]   16:     0x61e7b5426234 - std[70759c8f55707aa4]::sys::backtrace::__rust_begin_short_backtrace::<test[9d35eded1c95d3be]::run_test::{closure#1}, ()>
[INFO] [stdout]   17:     0x61e7b542fad2 - <std[70759c8f55707aa4]::thread::lifecycle::spawn_unchecked<test[9d35eded1c95d3be]::run_test::{closure#1}, ()>::{closure#1} as core[df12db4294e9bfd3]::ops::function::FnOnce<()>>::call_once::{shim:vtable#0}
[INFO] [stdout]   18:     0x61e7b54dda69 - <std[70759c8f55707aa4]::sys::thread::unix::Thread>::new::thread_start
[INFO] [stdout]   19:     0x787b28277dfa - <unknown>
[INFO] [stdout]   20:     0x787b2830b3d4 - clone
[INFO] [stdout]   21:                0x0 - <unknown>
[INFO] [stdout] 
[INFO] [stdout] 
[INFO] [stdout] failures:
[INFO] [stdout]     empty_input_errors
[INFO] [stdout]     fix_bug1_three_sentence_juxtaposition
[INFO] [stdout]     fix_bug3_hypothetical_targets_main_clause
[INFO] [stdout]     fix_c1_concession_sentence_implicit_edge_src_not_hypothetical
[INFO] [stdout]     paper_001_condition
[INFO] [stdout]     paper_002_cause_backward
[INFO] [stdout]     paper_003a_simple_action
[INFO] [stdout]     paper_003b_depuis_compositional
[INFO] [stdout]     paper_003c_sequence
[INFO] [stdout]     paper_004_negation_on_node
[INFO] [stdout]     paper_005_concession
[INFO] [stdout]     paper_006_motivation
[INFO] [stdout]     paper_007_causal_verb
[INFO] [stdout]     paper_008_universal_scope
[INFO] [stdout]     paper_009_implicit_juxtaposition
[INFO] [stdout]     paper_010_enable
[INFO] [stdout]     paper_011_negated_edge
[INFO] [stdout]     paper_012_hypothetical_node
[INFO] [stdout]     paper_013_goal_to_action_initial
[INFO] [stdout]     single_verb_produces_one_node
[INFO] [stdout]     three_clause_chain_temporal_indices_strictly_increasing
[INFO] [stdout] 
[INFO] [stdout] test result: FAILED. 0 passed; 21 failed; 0 ignored; 0 measured; 0 filtered out; finished in 0.02s
[INFO] [stdout] 
[INFO] running `Command { std: "docker" "inspect" "3d5ca1b8ae5387b97543071411bc19e07087abf17498d14dd04227deb6733b1f", kill_on_drop: false }`
[INFO] running `Command { std: "docker" "rm" "-f" "3d5ca1b8ae5387b97543071411bc19e07087abf17498d14dd04227deb6733b1f", kill_on_drop: false }`
[INFO] [stdout] 3d5ca1b8ae5387b97543071411bc19e07087abf17498d14dd04227deb6733b1f
