[INFO] fetching crate gcloud-storage-patch 1.1.5...
[INFO] testing gcloud-storage-patch-1.1.5 against 1.100.0-beta.1+cargoflags=--release for beta-release-1.100-2
[INFO] extracting crate gcloud-storage-patch 1.1.5 into /workspace/builds/worker-5-tc2/source
[INFO] started tweaking crates.io crate gcloud-storage-patch 1.1.5
[INFO] finished tweaking crates.io crate gcloud-storage-patch 1.1.5
[INFO] tweaked toml for crates.io crate gcloud-storage-patch 1.1.5 written to /workspace/builds/worker-5-tc2/source/Cargo.toml
[INFO] validating manifest of crates.io crate gcloud-storage-patch 1.1.5 on toolchain 1.100.0-beta.1
[INFO] running `Command { std: CARGO_HOME="/workspace/cargo-home" RUSTUP_HOME="/workspace/rustup-home" "/workspace/cargo-home/bin/cargo" "+1.100.0-beta.1" "metadata" "--manifest-path" "Cargo.toml" "--no-deps", kill_on_drop: false }`
[INFO] crate crates.io crate gcloud-storage-patch 1.1.5 already has a lockfile, it will not be regenerated
[INFO] running `Command { std: CARGO_HOME="/workspace/cargo-home" RUSTUP_HOME="/workspace/rustup-home" "/workspace/cargo-home/bin/cargo" "+1.100.0-beta.1" "fetch" "--manifest-path" "Cargo.toml", kill_on_drop: false }`
[INFO] running `Command { std: "docker" "create" "-v" "/var/lib/crater-agent-workspace/builds/worker-5-tc2/source:/opt/rustwide/workdir:ro,Z" "-v" "/var/lib/crater-agent-workspace/builds/worker-5-tc2/target:/opt/rustwide/target:rw,Z" "-v" "/var/lib/crater-agent-workspace/cargo-home:/opt/rustwide/cargo-home:ro,Z" "-v" "/var/lib/crater-agent-workspace/rustup-home:/opt/rustwide/rustup-home:ro,Z" "-m" "1610612736" "--network" "none" "ghcr.io/rust-lang/crates-build-env/linux@sha256:77db811e55d90add9212f6832c23229e3de5f1c1f9905e8cb07319ea15df73ac" "sleep" "infinity", kill_on_drop: false }`
[INFO] [stdout] 16681cb5005b5b1bd64364e50b5c1846cbbbd09d1b619aeb5bb87a298f01471e
[INFO] running `Command { std: "docker" "start" "16681cb5005b5b1bd64364e50b5c1846cbbbd09d1b619aeb5bb87a298f01471e", kill_on_drop: false }`
[INFO] running `Command { std: "docker" "inspect" "16681cb5005b5b1bd64364e50b5c1846cbbbd09d1b619aeb5bb87a298f01471e", kill_on_drop: false }`
[INFO] running `Command { std: "docker" "exec" "-e" "SOURCE_DIR=/opt/rustwide/workdir" "-e" "CARGO_HOME=/opt/rustwide/cargo-home" "-e" "RUSTUP_HOME=/opt/rustwide/rustup-home" "-e" "CARGO_TARGET_DIR=/opt/rustwide/target" "-w" "/opt/rustwide/workdir" "--user" "0:0" "16681cb5005b5b1bd64364e50b5c1846cbbbd09d1b619aeb5bb87a298f01471e" "/opt/rustwide/cargo-home/bin/cargo" "+1.100.0-beta.1" "metadata" "--no-deps" "--format-version=1", kill_on_drop: false }`
[INFO] running `Command { std: "docker" "inspect" "16681cb5005b5b1bd64364e50b5c1846cbbbd09d1b619aeb5bb87a298f01471e", kill_on_drop: false }`
[INFO] running `Command { std: "docker" "exec" "-e" "SOURCE_DIR=/opt/rustwide/workdir" "-e" "CARGO_HOME=/opt/rustwide/cargo-home" "-e" "RUSTUP_HOME=/opt/rustwide/rustup-home" "-e" "CARGO_TARGET_DIR=/opt/rustwide/target" "-e" "CARGO_INCREMENTAL=0" "-e" "RUST_BACKTRACE=full" "-e" "RUSTFLAGS=--cap-lints=warn" "-e" "RUSTDOCFLAGS=--cap-lints=warn" "-w" "/opt/rustwide/workdir" "--user" "0:0" "16681cb5005b5b1bd64364e50b5c1846cbbbd09d1b619aeb5bb87a298f01471e" "/opt/rustwide/cargo-home/bin/cargo" "+1.100.0-beta.1" "build" "--frozen" "--message-format=json" "--release", kill_on_drop: false }`
[INFO] [stderr]    Compiling proc-macro2 v1.0.103
[INFO] [stderr]    Compiling unicode-ident v1.0.22
[INFO] [stderr]    Compiling libc v0.2.177
[INFO] [stderr]    Compiling find-msvc-tools v0.1.5
[INFO] [stderr]    Compiling bytes v1.11.0
[INFO] [stderr]    Compiling serde_core v1.0.228
[INFO] [stderr]    Compiling writeable v0.6.2
[INFO] [stderr]    Compiling litemap v0.8.1
[INFO] [stderr]    Compiling serde v1.0.228
[INFO] [stderr]    Compiling cc v1.2.47
[INFO] [stderr]    Compiling icu_normalizer_data v2.1.1
[INFO] [stderr]    Compiling icu_properties_data v2.1.1
[INFO] [stderr]    Compiling openssl v0.10.75
[INFO] [stderr]    Compiling bitflags v2.10.0
[INFO] [stderr]    Compiling slab v0.4.11
[INFO] [stderr]    Compiling memchr v2.7.6
[INFO] [stderr]    Compiling native-tls v0.2.14
[INFO] [stderr]    Compiling num-traits v0.2.19
[INFO] [stderr]    Compiling openssl-probe v0.1.6
[INFO] [stderr]    Compiling quote v1.0.42
[INFO] [stderr]    Compiling http v1.4.0
[INFO] [stderr]    Compiling typenum v1.19.0
[INFO] [stderr]    Compiling syn v2.0.111
[INFO] [stderr]    Compiling log v0.4.28
[INFO] [stderr]    Compiling serde_json v1.0.145
[INFO] [stderr]    Compiling thiserror v2.0.17
[INFO] [stderr]    Compiling parking_lot_core v0.9.12
[INFO] [stderr]    Compiling openssl-sys v0.9.111
[INFO] [stderr]    Compiling parking_lot v0.12.5
[INFO] [stderr]    Compiling socket2 v0.6.1
[INFO] [stderr]    Compiling mio v1.1.0
[INFO] [stderr]    Compiling http-body v1.0.1
[INFO] [stderr]    Compiling http-body-util v0.1.3
[INFO] [stderr]    Compiling time-core v0.1.6
[INFO] [stderr]    Compiling num-conv v0.1.0
[INFO] [stderr]    Compiling futures-sink v0.3.31
[INFO] [stderr]    Compiling iri-string v0.7.9
[INFO] [stderr]    Compiling time-macros v0.2.24
[INFO] [stderr]    Compiling generic-array v0.14.7
[INFO] [stderr]    Compiling num-integer v0.1.46
[INFO] [stderr]    Compiling deranged v0.5.5
[INFO] [stderr]    Compiling ring v0.17.14
[INFO] [stderr]    Compiling rustls-pki-types v1.13.0
[INFO] [stderr]    Compiling base64ct v1.8.0
[INFO] [stderr]    Compiling pem-rfc7468 v0.7.0
[INFO] [stderr]    Compiling num-bigint v0.4.6
[INFO] [stderr]    Compiling getrandom v0.2.16
[INFO] [stderr]    Compiling anyhow v1.0.100
[INFO] [stderr]    Compiling der v0.7.10
[INFO] [stderr]    Compiling block-buffer v0.10.4
[INFO] [stderr]    Compiling crypto-common v0.1.7
[INFO] [stderr]    Compiling aho-corasick v1.1.4
[INFO] [stderr]    Compiling pem v3.0.6
[INFO] [stderr]    Compiling synstructure v0.13.2
[INFO] [stderr]    Compiling regex-syntax v0.8.8
[INFO] [stderr]    Compiling spki v0.7.3
[INFO] [stderr]    Compiling digest v0.10.7
[INFO] [stderr]    Compiling urlencoding v2.1.3
[INFO] [stderr]    Compiling home v0.5.12
[INFO] [stderr]    Compiling zerofrom-derive v0.1.6
[INFO] [stderr]    Compiling yoke-derive v0.8.1
[INFO] [stderr]    Compiling zerovec-derive v0.11.2
[INFO] [stderr]    Compiling displaydoc v0.2.5
[INFO] [stderr]    Compiling tokio-macros v2.6.0
[INFO] [stderr]    Compiling serde_derive v1.0.228
[INFO] [stderr]    Compiling zerofrom v0.1.6
[INFO] [stderr]    Compiling yoke v0.8.1
[INFO] [stderr]    Compiling futures-macro v0.3.31
[INFO] [stderr]    Compiling zerovec v0.11.5
[INFO] [stderr]    Compiling tokio v1.48.0
[INFO] [stderr]    Compiling zerotrie v0.2.3
[INFO] [stderr]    Compiling tinystr v0.8.2
[INFO] [stderr]    Compiling potential_utf v0.1.4
[INFO] [stderr]    Compiling icu_collections v2.1.1
[INFO] [stderr]    Compiling icu_locale_core v2.1.1
[INFO] [stderr]    Compiling futures-util v0.3.31
[INFO] [stderr]    Compiling openssl-macros v0.1.1
[INFO] [stderr]    Compiling icu_provider v2.1.1
[INFO] [stderr]    Compiling icu_normalizer v2.1.1
[INFO] [stderr]    Compiling icu_properties v2.1.1
[INFO] [stderr]    Compiling tracing-attributes v0.1.30
[INFO] [stderr]    Compiling thiserror-impl v2.0.17
[INFO] [stderr]    Compiling serde_urlencoded v0.7.1
[INFO] [stderr]    Compiling tracing v0.1.41
[INFO] [stderr]    Compiling idna_adapter v1.2.1
[INFO] [stderr]    Compiling idna v1.1.0
[INFO] [stderr]    Compiling hyper v1.8.1
[INFO] [stderr]    Compiling tokio-native-tls v0.3.1
[INFO] [stderr]    Compiling tower v0.5.2
[INFO] [stderr]    Compiling url v2.5.7
[INFO] [stderr]    Compiling tower-http v0.6.7
[INFO] [stderr]    Compiling hyper-util v0.1.18
[INFO] [stderr]    Compiling tokio-util v0.7.17
[INFO] [stderr]    Compiling time v0.3.44
[INFO] [stderr]    Compiling async-trait v0.1.89
[INFO] [stderr]    Compiling hyper-tls v0.6.0
[INFO] [stderr]    Compiling reqwest v0.12.24
[INFO] [stderr]    Compiling thiserror-impl v1.0.69
[INFO] [stderr]    Compiling token-source v1.0.0
[INFO] [stderr]    Compiling regex-automata v0.4.13
[INFO] [stderr]    Compiling sha2 v0.10.9
[INFO] [stderr]    Compiling simple_asn1 v0.6.3
[INFO] [stderr]    Compiling thiserror v1.0.69
[INFO] [stderr]    Compiling pkcs8 v0.10.2
[INFO] [stderr]    Compiling jsonwebtoken v9.3.1
[INFO] [stderr]    Compiling gcloud-metadata v1.0.1
[INFO] [stderr]    Compiling reqwest-middleware v0.4.2
[INFO] [stderr]    Compiling hex v0.4.3
[INFO] [stderr]    Compiling gcloud-auth-patch v1.1.3
[INFO] [stderr]    Compiling regex v1.12.2
[INFO] [stderr]    Compiling gcloud-storage-patch v1.1.5 (/opt/rustwide/workdir)
[INFO] [stderr]     Finished `release` profile [optimized] target(s) in 3m 18s
[INFO] running `Command { std: "docker" "inspect" "16681cb5005b5b1bd64364e50b5c1846cbbbd09d1b619aeb5bb87a298f01471e", kill_on_drop: false }`
[INFO] running `Command { std: "docker" "exec" "-e" "SOURCE_DIR=/opt/rustwide/workdir" "-e" "CARGO_HOME=/opt/rustwide/cargo-home" "-e" "RUSTUP_HOME=/opt/rustwide/rustup-home" "-e" "CARGO_TARGET_DIR=/opt/rustwide/target" "-e" "CARGO_INCREMENTAL=0" "-e" "RUST_BACKTRACE=full" "-e" "RUSTFLAGS=--cap-lints=warn" "-e" "RUSTDOCFLAGS=--cap-lints=warn" "-w" "/opt/rustwide/workdir" "--user" "0:0" "16681cb5005b5b1bd64364e50b5c1846cbbbd09d1b619aeb5bb87a298f01471e" "/opt/rustwide/cargo-home/bin/cargo" "+1.100.0-beta.1" "test" "--frozen" "--no-run" "--message-format=json" "--release", kill_on_drop: false }`
[INFO] [stderr]    Compiling memchr v2.7.6
[INFO] [stderr]    Compiling futures-channel v0.3.31
[INFO] [stderr]    Compiling tokio v1.48.0
[INFO] [stderr]    Compiling log v0.4.28
[INFO] [stderr]    Compiling tracing-core v0.1.34
[INFO] [stderr]    Compiling sdd v3.0.10
[INFO] [stderr]    Compiling dtor-proc-macro v0.0.6
[INFO] [stderr]    Compiling serial_test_derive v3.2.0
[INFO] [stderr]    Compiling ctor-proc-macro v0.0.6
[INFO] [stderr]    Compiling native-tls v0.2.14
[INFO] [stderr]    Compiling scc v2.4.0
[INFO] [stderr]    Compiling dtor v0.1.1
[INFO] [stderr]    Compiling ctor v0.5.0
[INFO] [stderr]    Compiling tracing v0.1.41
[INFO] [stderr]    Compiling tracing-log v0.2.0
[INFO] [stderr]    Compiling futures-util v0.3.31
[INFO] [stderr]    Compiling serde_json v1.0.145
[INFO] [stderr]    Compiling aho-corasick v1.1.4
[INFO] [stderr]    Compiling jsonwebtoken v9.3.1
[INFO] [stderr]    Compiling regex-automata v0.4.13
[INFO] [stderr]    Compiling futures-executor v0.3.31
[INFO] [stderr]    Compiling futures v0.3.31
[INFO] [stderr]    Compiling serial_test v3.2.0
[INFO] [stderr]    Compiling hyper v1.8.1
[INFO] [stderr]    Compiling tokio-native-tls v0.3.1
[INFO] [stderr]    Compiling tower v0.5.2
[INFO] [stderr]    Compiling tokio-util v0.7.17
[INFO] [stderr]    Compiling tower-http v0.6.7
[INFO] [stderr]    Compiling hyper-util v0.1.18
[INFO] [stderr]    Compiling matchers v0.2.0
[INFO] [stderr]    Compiling tracing-subscriber v0.3.20
[INFO] [stderr]    Compiling regex v1.12.2
[INFO] [stderr]    Compiling hyper-tls v0.6.0
[INFO] [stderr]    Compiling reqwest v0.12.24
[INFO] [stderr]    Compiling gcloud-metadata v1.0.1
[INFO] [stderr]    Compiling reqwest-middleware v0.4.2
[INFO] [stderr]    Compiling gcloud-auth-patch v1.1.3
[INFO] [stderr]    Compiling gcloud-storage-patch v1.1.5 (/opt/rustwide/workdir)
[INFO] [stderr]     Finished `release` profile [optimized] target(s) in 2m 14s
[INFO] running `Command { std: "docker" "inspect" "16681cb5005b5b1bd64364e50b5c1846cbbbd09d1b619aeb5bb87a298f01471e", kill_on_drop: false }`
[INFO] running `Command { std: "docker" "exec" "-e" "SOURCE_DIR=/opt/rustwide/workdir" "-e" "CARGO_HOME=/opt/rustwide/cargo-home" "-e" "RUSTUP_HOME=/opt/rustwide/rustup-home" "-e" "CARGO_TARGET_DIR=/opt/rustwide/target" "-e" "CARGO_INCREMENTAL=0" "-e" "RUST_BACKTRACE=full" "-e" "RUSTFLAGS=--cap-lints=warn" "-e" "RUSTDOCFLAGS=--cap-lints=warn" "-w" "/opt/rustwide/workdir" "--user" "0:0" "16681cb5005b5b1bd64364e50b5c1846cbbbd09d1b619aeb5bb87a298f01471e" "/opt/rustwide/cargo-home/bin/cargo" "+1.100.0-beta.1" "test" "--frozen" "--release", kill_on_drop: false }`
[INFO] [stderr]     Finished `release` profile [optimized] target(s) in 0.32s
[INFO] [stderr]      Running unittests src/lib.rs (/opt/rustwide/target/release/build/gcloud-storage-patch/4ac53268fe6c3597/out/gcloud_storage_patch-4ac53268fe6c3597)
[INFO] [stdout] 
[INFO] [stdout] running 20 tests
[INFO] [stdout] test http::service_account_client::test::sign_blob_test ... FAILED
[INFO] [stdout] test http::storage_client::test::crud_hmac_key ... FAILED
[INFO] [stdout] test http::storage_client::test::crud_object ... FAILED
[INFO] [stdout] test client::test::test_sign ... FAILED
[INFO] [stdout] test client::test::test_anonymous ... FAILED
[INFO] [stdout] test http::storage_client::test::list_buckets ... FAILED
[INFO] [stdout] test http::storage_client::test::crud_bucket ... FAILED
[INFO] [stdout] test http::storage_client::test::crud_default_object_controls ... FAILED
[INFO] [stdout] test http::storage_client::test::crud_notification ... FAILED
[INFO] [stdout] test http::storage_client::test::crud_bucket_access_controls ... FAILED
[INFO] [stdout] test http::storage_client::test::set_get_test_iam ... FAILED
[INFO] [stdout] test http::storage_client::test::streamed_object ... FAILED
[INFO] [stdout] test client::test::test_sign_with_overwrites ... FAILED
[INFO] [stdout] test http::storage_client::test::resumable_multiple_chunk_upload_unknown ... FAILED
[INFO] [stdout] test http::storage_client::test::resumable_multiple_chunk_upload ... FAILED
[INFO] [stdout] test http::storage_client::test::resumable_upload_cancel ... FAILED
[INFO] [stdout] test http::storage_client::test::crud_object_access_controls ... FAILED
[INFO] [stdout] test http::storage_client::test::resumable_simple_upload ... FAILED
[INFO] [stdout] test http::storage_client::test::crud_object_with_metadata ... FAILED
[INFO] [stdout] test sign::test::create_signed_buffer_test ... FAILED
[INFO] [stdout] 
[INFO] [stdout] failures:
[INFO] [stdout] 
[INFO] [stdout] ---- http::service_account_client::test::sign_blob_test stdout ----
[INFO] [stdout] 
[INFO] [stdout] thread 'http::service_account_client::test::sign_blob_test' (2968) panicked at src/http/service_account_client.rs:92:10:
[INFO] [stdout] called `Result::unwrap()` on an `Err` value: CredentialsIOError(Os { code: 2, kind: NotFound, message: "No such file or directory" })
[INFO] [stdout] stack backtrace:
[INFO] [stdout]    0:     0x5c3854c55c61 - <<std[617be2ca0a6fd877]::sys::backtrace::BacktraceLock>::print::DisplayBacktrace as core[a373ad73a504971]::fmt::Display>::fmt
[INFO] [stdout]    1:     0x5c3854c6e9aa - core[a373ad73a504971]::fmt::write
[INFO] [stdout]    2:     0x5c3854c5adcc - <alloc[2e1b2a31b91974c5]::vec::Vec<u8> as core[a373ad73a504971]::io::write::Write>::write_fmt
[INFO] [stdout]    3:     0x5c3854c30866 - std[617be2ca0a6fd877]::panicking::default_hook::{closure#0}
[INFO] [stdout]    4:     0x5c3854c4d829 - std[617be2ca0a6fd877]::panicking::default_hook
[INFO] [stdout]    5:     0x5c385494d010 - test[aada8e7e76ba119b]::test_main_inner::{closure#0}
[INFO] [stdout]    6:     0x5c3854c4db52 - std[617be2ca0a6fd877]::panicking::panic_with_hook
[INFO] [stdout]    7:     0x5c3854c30912 - std[617be2ca0a6fd877]::panicking::panic_handler::{closure#0}
[INFO] [stdout]    8:     0x5c3854c28f79 - std[617be2ca0a6fd877]::sys::backtrace::__rust_end_short_backtrace::<std[617be2ca0a6fd877]::panicking::panic_handler::{closure#0}, !>
[INFO] [stdout]    9:     0x5c3854c3180d - __rustc[ea4f61d10b84890b]::rust_begin_unwind
[INFO] [stdout]   10:     0x5c3854c6f18c - core[a373ad73a504971]::panicking::panic_fmt
[INFO] [stdout]   11:     0x5c3854c6ef62 - core[a373ad73a504971]::result::unwrap_failed
[INFO] [stdout]   12:     0x5c38548ce150 - gcloud_storage_patch[9a8793e14ecdf5fc]::http::service_account_client::test::sign_blob_test::{closure#0}::{closure#0}
[INFO] [stdout]   13:     0x5c385490eb28 - <tokio[2524eb0aa9f8970d]::runtime::context::scoped::Scoped<tokio[2524eb0aa9f8970d]::runtime::scheduler::Context>>::set::<<tokio[2524eb0aa9f8970d]::runtime::scheduler::current_thread::CoreGuard>::enter<<tokio[2524eb0aa9f8970d]::runtime::scheduler::current_thread::CoreGuard>::block_on<core[a373ad73a504971]::pin::Pin<&mut core[a373ad73a504971]::pin::Pin<&mut dyn core[a373ad73a504971]::future::future::Future<Output = ()>>>>::{closure#0}, core[a373ad73a504971]::option::Option<()>>::{closure#0}, (alloc[2e1b2a31b91974c5]::boxed::Box<tokio[2524eb0aa9f8970d]::runtime::scheduler::current_thread::Core>, core[a373ad73a504971]::option::Option<()>)>
[INFO] [stdout]   14:     0x5c385490e5bb - <tokio[2524eb0aa9f8970d]::runtime::runtime::Runtime>::block_on::<core[a373ad73a504971]::pin::Pin<&mut dyn core[a373ad73a504971]::future::future::Future<Output = ()>>>
[INFO] [stdout]   15:     0x5c38548d54eb - <gcloud_storage_patch[9a8793e14ecdf5fc]::http::service_account_client::test::sign_blob_test::{closure#0} as core[a373ad73a504971]::ops::function::FnOnce<()>>::call_once
[INFO] [stdout]   16:     0x5c3854a71ac7 - serial_test[ff56165be612f425]::serial_code_lock::local_serial_core
[INFO] [stdout]   17:     0x5c38548d542d - <gcloud_storage_patch[9a8793e14ecdf5fc]::http::service_account_client::test::sign_blob_test::{closure#0} as core[a373ad73a504971]::ops::function::FnOnce<()>>::call_once
[INFO] [stdout]   18:     0x5c385494045b - test[aada8e7e76ba119b]::__rust_begin_short_backtrace::<core[a373ad73a504971]::result::Result<(), alloc[2e1b2a31b91974c5]::string::String>, fn() -> core[a373ad73a504971]::result::Result<(), alloc[2e1b2a31b91974c5]::string::String>>
[INFO] [stdout]   19:     0x5c385494d635 - test[aada8e7e76ba119b]::run_test::{closure#0}
[INFO] [stdout]   20:     0x5c3854946f24 - std[617be2ca0a6fd877]::sys::backtrace::__rust_begin_short_backtrace::<test[aada8e7e76ba119b]::run_test::{closure#1}, ()>
[INFO] [stdout]   21:     0x5c38549506c2 - <std[617be2ca0a6fd877]::thread::lifecycle::spawn_unchecked<test[aada8e7e76ba119b]::run_test::{closure#1}, ()>::{closure#1} as core[a373ad73a504971]::ops::function::FnOnce<()>>::call_once::{shim:vtable#0}
[INFO] [stdout]   22:     0x5c3854c54dff - <std[617be2ca0a6fd877]::sys::thread::unix::Thread>::new::thread_start
[INFO] [stdout]   23:     0x701d83728dfa - <unknown>
[INFO] [stdout]   24:     0x701d837bc3d4 - clone
[INFO] [stdout]   25:                0x0 - <unknown>
[INFO] [stdout] 
[INFO] [stdout] ---- http::storage_client::test::crud_hmac_key stdout ----
[INFO] [stdout] 
[INFO] [stdout] thread 'http::storage_client::test::crud_hmac_key' (2972) panicked at src/http/storage_client.rs:1453:14:
[INFO] [stdout] called `Result::unwrap()` on an `Err` value: CredentialsIOError(Os { code: 2, kind: NotFound, message: "No such file or directory" })
[INFO] [stdout] stack backtrace:
[INFO] [stdout]    0:     0x5c3854c55c61 - <<std[617be2ca0a6fd877]::sys::backtrace::BacktraceLock>::print::DisplayBacktrace as core[a373ad73a504971]::fmt::Display>::fmt
[INFO] [stdout]    1:     0x5c3854c6e9aa - core[a373ad73a504971]::fmt::write
[INFO] [stdout]    2:     0x5c3854c5adcc - <alloc[2e1b2a31b91974c5]::vec::Vec<u8> as core[a373ad73a504971]::io::write::Write>::write_fmt
[INFO] [stdout]    3:     0x5c3854c30866 - std[617be2ca0a6fd877]::panicking::default_hook::{closure#0}
[INFO] [stdout]    4:     0x5c3854c4d829 - std[617be2ca0a6fd877]::panicking::default_hook
[INFO] [stdout]    5:     0x5c385494d010 - test[aada8e7e76ba119b]::test_main_inner::{closure#0}
[INFO] [stdout]    6:     0x5c3854c4db52 - std[617be2ca0a6fd877]::panicking::panic_with_hook
[INFO] [stdout]    7:     0x5c3854c30912 - std[617be2ca0a6fd877]::panicking::panic_handler::{closure#0}
[INFO] [stdout]    8:     0x5c3854c28f79 - std[617be2ca0a6fd877]::sys::backtrace::__rust_end_short_backtrace::<std[617be2ca0a6fd877]::panicking::panic_handler::{closure#0}, !>
[INFO] [stdout]    9:     0x5c3854c3180d - __rustc[ea4f61d10b84890b]::rust_begin_unwind
[INFO] [stdout]   10:     0x5c3854c6f18c - core[a373ad73a504971]::panicking::panic_fmt
[INFO] [stdout]   11:     0x5c3854c6ef62 - core[a373ad73a504971]::result::unwrap_failed
[INFO] [stdout]   12:     0x5c385489b683 - gcloud_storage_patch[9a8793e14ecdf5fc]::http::storage_client::test::client::{closure#0}
[INFO] [stdout]   13:     0x5c3854876e85 - gcloud_storage_patch[9a8793e14ecdf5fc]::http::storage_client::test::crud_hmac_key::{closure#0}::{closure#0}
[INFO] [stdout]   14:     0x5c385490eb28 - <tokio[2524eb0aa9f8970d]::runtime::context::scoped::Scoped<tokio[2524eb0aa9f8970d]::runtime::scheduler::Context>>::set::<<tokio[2524eb0aa9f8970d]::runtime::scheduler::current_thread::CoreGuard>::enter<<tokio[2524eb0aa9f8970d]::runtime::scheduler::current_thread::CoreGuard>::block_on<core[a373ad73a504971]::pin::Pin<&mut core[a373ad73a504971]::pin::Pin<&mut dyn core[a373ad73a504971]::future::future::Future<Output = ()>>>>::{closure#0}, core[a373ad73a504971]::option::Option<()>>::{closure#0}, (alloc[2e1b2a31b91974c5]::boxed::Box<tokio[2524eb0aa9f8970d]::runtime::scheduler::current_thread::Core>, core[a373ad73a504971]::option::Option<()>)>
[INFO] [stdout]   15:     0x5c385490e5bb - <tokio[2524eb0aa9f8970d]::runtime::runtime::Runtime>::block_on::<core[a373ad73a504971]::pin::Pin<&mut dyn core[a373ad73a504971]::future::future::Future<Output = ()>>>
[INFO] [stdout]   16:     0x5c385489fcbb - <gcloud_storage_patch[9a8793e14ecdf5fc]::http::storage_client::test::crud_hmac_key::{closure#0} as core[a373ad73a504971]::ops::function::FnOnce<()>>::call_once
[INFO] [stdout]   17:     0x5c3854a71ac7 - serial_test[ff56165be612f425]::serial_code_lock::local_serial_core
[INFO] [stdout]   18:     0x5c385489f26d - <gcloud_storage_patch[9a8793e14ecdf5fc]::http::storage_client::test::crud_hmac_key::{closure#0} as core[a373ad73a504971]::ops::function::FnOnce<()>>::call_once
[INFO] [stdout]   19:     0x5c385494045b - test[aada8e7e76ba119b]::__rust_begin_short_backtrace::<core[a373ad73a504971]::result::Result<(), alloc[2e1b2a31b91974c5]::string::String>, fn() -> core[a373ad73a504971]::result::Result<(), alloc[2e1b2a31b91974c5]::string::String>>
[INFO] [stdout]   20:     0x5c385494d635 - test[aada8e7e76ba119b]::run_test::{closure#0}
[INFO] [stdout]   21:     0x5c3854946f24 - std[617be2ca0a6fd877]::sys::backtrace::__rust_begin_short_backtrace::<test[aada8e7e76ba119b]::run_test::{closure#1}, ()>
[INFO] [stdout]   22:     0x5c38549506c2 - <std[617be2ca0a6fd877]::thread::lifecycle::spawn_unchecked<test[aada8e7e76ba119b]::run_test::{closure#1}, ()>::{closure#1} as core[a373ad73a504971]::ops::function::FnOnce<()>>::call_once::{shim:vtable#0}
[INFO] [stdout]   23:     0x5c3854c54dff - <std[617be2ca0a6fd877]::sys::thread::unix::Thread>::new::thread_start
[INFO] [stdout]   24:     0x701d83728dfa - <unknown>
[INFO] [stdout]   25:     0x701d837bc3d4 - clone
[INFO] [stdout]   26:                0x0 - <unknown>
[INFO] [stdout] 
[INFO] [stdout] ---- http::storage_client::test::crud_object stdout ----
[INFO] [stdout] 
[INFO] [stdout] thread 'http::storage_client::test::crud_object' (2976) panicked at src/http/storage_client.rs:1453:14:
[INFO] [stdout] called `Result::unwrap()` on an `Err` value: CredentialsIOError(Os { code: 2, kind: NotFound, message: "No such file or directory" })
[INFO] [stdout] stack backtrace:
[INFO] [stdout]    0:     0x5c3854c55c61 - <<std[617be2ca0a6fd877]::sys::backtrace::BacktraceLock>::print::DisplayBacktrace as core[a373ad73a504971]::fmt::Display>::fmt
[INFO] [stdout]    1:     0x5c3854c6e9aa - core[a373ad73a504971]::fmt::write
[INFO] [stdout]    2:     0x5c3854c5adcc - <alloc[2e1b2a31b91974c5]::vec::Vec<u8> as core[a373ad73a504971]::io::write::Write>::write_fmt
[INFO] [stdout]    3:     0x5c3854c30866 - std[617be2ca0a6fd877]::panicking::default_hook::{closure#0}
[INFO] [stdout]    4:     0x5c3854c4d829 - std[617be2ca0a6fd877]::panicking::default_hook
[INFO] [stdout]    5:     0x5c385494d010 - test[aada8e7e76ba119b]::test_main_inner::{closure#0}
[INFO] [stdout]    6:     0x5c3854c4db52 - std[617be2ca0a6fd877]::panicking::panic_with_hook
[INFO] [stdout]    7:     0x5c3854c30912 - std[617be2ca0a6fd877]::panicking::panic_handler::{closure#0}
[INFO] [stdout]    8:     0x5c3854c28f79 - std[617be2ca0a6fd877]::sys::backtrace::__rust_end_short_backtrace::<std[617be2ca0a6fd877]::panicking::panic_handler::{closure#0}, !>
[INFO] [stdout]    9:     0x5c3854c3180d - __rustc[ea4f61d10b84890b]::rust_begin_unwind
[INFO] [stdout]   10:     0x5c3854c6f18c - core[a373ad73a504971]::panicking::panic_fmt
[INFO] [stdout]   11:     0x5c3854c6ef62 - core[a373ad73a504971]::result::unwrap_failed
[INFO] [stdout]   12:     0x5c385489b683 - gcloud_storage_patch[9a8793e14ecdf5fc]::http::storage_client::test::client::{closure#0}
[INFO] [stdout]   13:     0x5c385486f63a - gcloud_storage_patch[9a8793e14ecdf5fc]::http::storage_client::test::crud_object::{closure#0}::{closure#0}
[INFO] [stdout]   14:     0x5c385490eb28 - <tokio[2524eb0aa9f8970d]::runtime::context::scoped::Scoped<tokio[2524eb0aa9f8970d]::runtime::scheduler::Context>>::set::<<tokio[2524eb0aa9f8970d]::runtime::scheduler::current_thread::CoreGuard>::enter<<tokio[2524eb0aa9f8970d]::runtime::scheduler::current_thread::CoreGuard>::block_on<core[a373ad73a504971]::pin::Pin<&mut core[a373ad73a504971]::pin::Pin<&mut dyn core[a373ad73a504971]::future::future::Future<Output = ()>>>>::{closure#0}, core[a373ad73a504971]::option::Option<()>>::{closure#0}, (alloc[2e1b2a31b91974c5]::boxed::Box<tokio[2524eb0aa9f8970d]::runtime::scheduler::current_thread::Core>, core[a373ad73a504971]::option::Option<()>)>
[INFO] [stdout]   15:     0x5c385490e5bb - <tokio[2524eb0aa9f8970d]::runtime::runtime::Runtime>::block_on::<core[a373ad73a504971]::pin::Pin<&mut dyn core[a373ad73a504971]::future::future::Future<Output = ()>>>
[INFO] [stdout]   16:     0x5c385489fa1a - <gcloud_storage_patch[9a8793e14ecdf5fc]::http::storage_client::test::crud_object::{closure#0} as core[a373ad73a504971]::ops::function::FnOnce<()>>::call_once
[INFO] [stdout]   17:     0x5c3854a71ac7 - serial_test[ff56165be612f425]::serial_code_lock::local_serial_core
[INFO] [stdout]   18:     0x5c385489f16d - <gcloud_storage_patch[9a8793e14ecdf5fc]::http::storage_client::test::crud_object::{closure#0} as core[a373ad73a504971]::ops::function::FnOnce<()>>::call_once
[INFO] [stdout]   19:     0x5c385494045b - test[aada8e7e76ba119b]::__rust_begin_short_backtrace::<core[a373ad73a504971]::result::Result<(), alloc[2e1b2a31b91974c5]::string::String>, fn() -> core[a373ad73a504971]::result::Result<(), alloc[2e1b2a31b91974c5]::string::String>>
[INFO] [stdout]   20:     0x5c385494d635 - test[aada8e7e76ba119b]::run_test::{closure#0}
[INFO] [stdout]   21:     0x5c3854946f24 - std[617be2ca0a6fd877]::sys::backtrace::__rust_begin_short_backtrace::<test[aada8e7e76ba119b]::run_test::{closure#1}, ()>
[INFO] [stdout]   22:     0x5c38549506c2 - <std[617be2ca0a6fd877]::thread::lifecycle::spawn_unchecked<test[aada8e7e76ba119b]::run_test::{closure#1}, ()>::{closure#1} as core[a373ad73a504971]::ops::function::FnOnce<()>>::call_once::{shim:vtable#0}
[INFO] [stdout]   23:     0x5c3854c54dff - <std[617be2ca0a6fd877]::sys::thread::unix::Thread>::new::thread_start
[INFO] [stdout]   24:     0x701d83728dfa - <unknown>
[INFO] [stdout]   25:     0x701d837bc3d4 - clone
[INFO] [stdout]   26:                0x0 - <unknown>
[INFO] [stdout] 
[INFO] [stdout] ---- client::test::test_sign stdout ----
[INFO] [stdout] 
[INFO] [stdout] thread 'client::test::test_sign' (2966) panicked at src/client.rs:285:64:
[INFO] [stdout] called `Result::unwrap()` on an `Err` value: CredentialsIOError(Os { code: 2, kind: NotFound, message: "No such file or directory" })
[INFO] [stdout] stack backtrace:
[INFO] [stdout]    0:     0x5c3854c55c61 - <<std[617be2ca0a6fd877]::sys::backtrace::BacktraceLock>::print::DisplayBacktrace as core[a373ad73a504971]::fmt::Display>::fmt
[INFO] [stdout]    1:     0x5c3854c6e9aa - core[a373ad73a504971]::fmt::write
[INFO] [stdout]    2:     0x5c3854c5adcc - <alloc[2e1b2a31b91974c5]::vec::Vec<u8> as core[a373ad73a504971]::io::write::Write>::write_fmt
[INFO] [stdout]    3:     0x5c3854c30866 - std[617be2ca0a6fd877]::panicking::default_hook::{closure#0}
[INFO] [stdout]    4:     0x5c3854c4d829 - std[617be2ca0a6fd877]::panicking::default_hook
[INFO] [stdout]    5:     0x5c385494d010 - test[aada8e7e76ba119b]::test_main_inner::{closure#0}
[INFO] [stdout]    6:     0x5c3854c4db52 - std[617be2ca0a6fd877]::panicking::panic_with_hook
[INFO] [stdout]    7:     0x5c3854c30912 - std[617be2ca0a6fd877]::panicking::panic_handler::{closure#0}
[INFO] [stdout]    8:     0x5c3854c28f79 - std[617be2ca0a6fd877]::sys::backtrace::__rust_end_short_backtrace::<std[617be2ca0a6fd877]::panicking::panic_handler::{closure#0}, !>
[INFO] [stdout]    9:     0x5c3854c3180d - __rustc[ea4f61d10b84890b]::rust_begin_unwind
[INFO] [stdout]   10:     0x5c3854c6f18c - core[a373ad73a504971]::panicking::panic_fmt
[INFO] [stdout]   11:     0x5c3854c6ef62 - core[a373ad73a504971]::result::unwrap_failed
[INFO] [stdout]   12:     0x5c38548be49e - gcloud_storage_patch[9a8793e14ecdf5fc]::client::test::create_client::{closure#0}
[INFO] [stdout]   13:     0x5c38548b433f - gcloud_storage_patch[9a8793e14ecdf5fc]::client::test::test_sign::{closure#0}::{closure#0}
[INFO] [stdout]   14:     0x5c385490eb28 - <tokio[2524eb0aa9f8970d]::runtime::context::scoped::Scoped<tokio[2524eb0aa9f8970d]::runtime::scheduler::Context>>::set::<<tokio[2524eb0aa9f8970d]::runtime::scheduler::current_thread::CoreGuard>::enter<<tokio[2524eb0aa9f8970d]::runtime::scheduler::current_thread::CoreGuard>::block_on<core[a373ad73a504971]::pin::Pin<&mut core[a373ad73a504971]::pin::Pin<&mut dyn core[a373ad73a504971]::future::future::Future<Output = ()>>>>::{closure#0}, core[a373ad73a504971]::option::Option<()>>::{closure#0}, (alloc[2e1b2a31b91974c5]::boxed::Box<tokio[2524eb0aa9f8970d]::runtime::scheduler::current_thread::Core>, core[a373ad73a504971]::option::Option<()>)>
[INFO] [stdout]   15:     0x5c385490e5bb - <tokio[2524eb0aa9f8970d]::runtime::runtime::Runtime>::block_on::<core[a373ad73a504971]::pin::Pin<&mut dyn core[a373ad73a504971]::future::future::Future<Output = ()>>>
[INFO] [stdout]   16:     0x5c38548bf3cb - <gcloud_storage_patch[9a8793e14ecdf5fc]::client::test::test_sign::{closure#0} as core[a373ad73a504971]::ops::function::FnOnce<()>>::call_once
[INFO] [stdout]   17:     0x5c3854a71ac7 - serial_test[ff56165be612f425]::serial_code_lock::local_serial_core
[INFO] [stdout]   18:     0x5c38548bf06d - <gcloud_storage_patch[9a8793e14ecdf5fc]::client::test::test_sign::{closure#0} as core[a373ad73a504971]::ops::function::FnOnce<()>>::call_once
[INFO] [stdout]   19:     0x5c385494045b - test[aada8e7e76ba119b]::__rust_begin_short_backtrace::<core[a373ad73a504971]::result::Result<(), alloc[2e1b2a31b91974c5]::string::String>, fn() -> core[a373ad73a504971]::result::Result<(), alloc[2e1b2a31b91974c5]::string::String>>
[INFO] [stdout]   20:     0x5c385494d635 - test[aada8e7e76ba119b]::run_test::{closure#0}
[INFO] [stdout]   21:     0x5c3854946f24 - std[617be2ca0a6fd877]::sys::backtrace::__rust_begin_short_backtrace::<test[aada8e7e76ba119b]::run_test::{closure#1}, ()>
[INFO] [stdout]   22:     0x5c38549506c2 - <std[617be2ca0a6fd877]::thread::lifecycle::spawn_unchecked<test[aada8e7e76ba119b]::run_test::{closure#1}, ()>::{closure#1} as core[a373ad73a504971]::ops::function::FnOnce<()>>::call_once::{shim:vtable#0}
[INFO] [stdout]   23:     0x5c3854c54dff - <std[617be2ca0a6fd877]::sys::thread::unix::Thread>::new::thread_start
[INFO] [stdout]   24:     0x701d83728dfa - <unknown>
[INFO] [stdout]   25:     0x701d837bc3d4 - clone
[INFO] [stdout]   26:                0x0 - <unknown>
[INFO] [stdout] 
[INFO] [stdout] ---- client::test::test_anonymous stdout ----
[INFO] [stdout] 
[INFO] [stdout] thread 'client::test::test_anonymous' (2965) panicked at src/client.rs:406:65:
[INFO] [stdout] called `Result::unwrap()` on an `Err` value: CredentialsIOError(Os { code: 2, kind: NotFound, message: "No such file or directory" })
[INFO] [stdout] stack backtrace:
[INFO] [stdout]    0:     0x5c3854c55c61 - <<std[617be2ca0a6fd877]::sys::backtrace::BacktraceLock>::print::DisplayBacktrace as core[a373ad73a504971]::fmt::Display>::fmt
[INFO] [stdout]    1:     0x5c3854c6e9aa - core[a373ad73a504971]::fmt::write
[INFO] [stdout]    2:     0x5c3854c5adcc - <alloc[2e1b2a31b91974c5]::vec::Vec<u8> as core[a373ad73a504971]::io::write::Write>::write_fmt
[INFO] [stdout]    3:     0x5c3854c30866 - std[617be2ca0a6fd877]::panicking::default_hook::{closure#0}
[INFO] [stdout]    4:     0x5c3854c4d829 - std[617be2ca0a6fd877]::panicking::default_hook
[INFO] [stdout]    5:     0x5c385494d010 - test[aada8e7e76ba119b]::test_main_inner::{closure#0}
[INFO] [stdout]    6:     0x5c3854c4db52 - std[617be2ca0a6fd877]::panicking::panic_with_hook
[INFO] [stdout]    7:     0x5c3854c30912 - std[617be2ca0a6fd877]::panicking::panic_handler::{closure#0}
[INFO] [stdout]    8:     0x5c3854c28f79 - std[617be2ca0a6fd877]::sys::backtrace::__rust_end_short_backtrace::<std[617be2ca0a6fd877]::panicking::panic_handler::{closure#0}, !>
[INFO] [stdout]    9:     0x5c3854c3180d - __rustc[ea4f61d10b84890b]::rust_begin_unwind
[INFO] [stdout]   10:     0x5c3854c6f18c - core[a373ad73a504971]::panicking::panic_fmt
[INFO] [stdout]   11:     0x5c3854c6ef62 - core[a373ad73a504971]::result::unwrap_failed
[INFO] [stdout]   12:     0x5c38548b266b - gcloud_storage_patch[9a8793e14ecdf5fc]::client::test::test_anonymous::{closure#0}::{closure#0}
[INFO] [stdout]   13:     0x5c385490eb28 - <tokio[2524eb0aa9f8970d]::runtime::context::scoped::Scoped<tokio[2524eb0aa9f8970d]::runtime::scheduler::Context>>::set::<<tokio[2524eb0aa9f8970d]::runtime::scheduler::current_thread::CoreGuard>::enter<<tokio[2524eb0aa9f8970d]::runtime::scheduler::current_thread::CoreGuard>::block_on<core[a373ad73a504971]::pin::Pin<&mut core[a373ad73a504971]::pin::Pin<&mut dyn core[a373ad73a504971]::future::future::Future<Output = ()>>>>::{closure#0}, core[a373ad73a504971]::option::Option<()>>::{closure#0}, (alloc[2e1b2a31b91974c5]::boxed::Box<tokio[2524eb0aa9f8970d]::runtime::scheduler::current_thread::Core>, core[a373ad73a504971]::option::Option<()>)>
[INFO] [stdout]   14:     0x5c385490e5bb - <tokio[2524eb0aa9f8970d]::runtime::runtime::Runtime>::block_on::<core[a373ad73a504971]::pin::Pin<&mut dyn core[a373ad73a504971]::future::future::Future<Output = ()>>>
[INFO] [stdout]   15:     0x5c38548bf12b - <gcloud_storage_patch[9a8793e14ecdf5fc]::client::test::test_anonymous::{closure#0} as core[a373ad73a504971]::ops::function::FnOnce<()>>::call_once
[INFO] [stdout]   16:     0x5c3854a71ac7 - serial_test[ff56165be612f425]::serial_code_lock::local_serial_core
[INFO] [stdout]   17:     0x5c38548bef6d - <gcloud_storage_patch[9a8793e14ecdf5fc]::client::test::test_anonymous::{closure#0} as core[a373ad73a504971]::ops::function::FnOnce<()>>::call_once
[INFO] [stdout]   18:     0x5c385494045b - test[aada8e7e76ba119b]::__rust_begin_short_backtrace::<core[a373ad73a504971]::result::Result<(), alloc[2e1b2a31b91974c5]::string::String>, fn() -> core[a373ad73a504971]::result::Result<(), alloc[2e1b2a31b91974c5]::string::String>>
[INFO] [stdout]   19:     0x5c385494d635 - test[aada8e7e76ba119b]::run_test::{closure#0}
[INFO] [stdout]   20:     0x5c3854946f24 - std[617be2ca0a6fd877]::sys::backtrace::__rust_begin_short_backtrace::<test[aada8e7e76ba119b]::run_test::{closure#1}, ()>
[INFO] [stdout]   21:     0x5c38549506c2 - <std[617be2ca0a6fd877]::thread::lifecycle::spawn_unchecked<test[aada8e7e76ba119b]::run_test::{closure#1}, ()>::{closure#1} as core[a373ad73a504971]::ops::function::FnOnce<()>>::call_once::{shim:vtable#0}
[INFO] [stdout]   22:     0x5c3854c54dff - <std[617be2ca0a6fd877]::sys::thread::unix::Thread>::new::thread_start
[INFO] [stdout]   23:     0x701d83728dfa - <unknown>
[INFO] [stdout]   24:     0x701d837bc3d4 - clone
[INFO] [stdout]   25:                0x0 - <unknown>
[INFO] [stdout] 
[INFO] [stdout] ---- http::storage_client::test::list_buckets stdout ----
[INFO] [stdout] 
[INFO] [stdout] thread 'http::storage_client::test::list_buckets' (2982) panicked at src/http/storage_client.rs:1453:14:
[INFO] [stdout] called `Result::unwrap()` on an `Err` value: CredentialsIOError(Os { code: 2, kind: NotFound, message: "No such file or directory" })
[INFO] [stdout] stack backtrace:
[INFO] [stdout]    0:     0x5c3854c55c61 - <<std[617be2ca0a6fd877]::sys::backtrace::BacktraceLock>::print::DisplayBacktrace as core[a373ad73a504971]::fmt::Display>::fmt
[INFO] [stdout]    1:     0x5c3854c6e9aa - core[a373ad73a504971]::fmt::write
[INFO] [stdout]    2:     0x5c3854c5adcc - <alloc[2e1b2a31b91974c5]::vec::Vec<u8> as core[a373ad73a504971]::io::write::Write>::write_fmt
[INFO] [stdout]    3:     0x5c3854c30866 - std[617be2ca0a6fd877]::panicking::default_hook::{closure#0}
[INFO] [stdout]    4:     0x5c3854c4d829 - std[617be2ca0a6fd877]::panicking::default_hook
[INFO] [stdout]    5:     0x5c385494d010 - test[aada8e7e76ba119b]::test_main_inner::{closure#0}
[INFO] [stdout]    6:     0x5c3854c4db52 - std[617be2ca0a6fd877]::panicking::panic_with_hook
[INFO] [stdout]    7:     0x5c3854c30912 - std[617be2ca0a6fd877]::panicking::panic_handler::{closure#0}
[INFO] [stdout]    8:     0x5c3854c28f79 - std[617be2ca0a6fd877]::sys::backtrace::__rust_end_short_backtrace::<std[617be2ca0a6fd877]::panicking::panic_handler::{closure#0}, !>
[INFO] [stdout]    9:     0x5c3854c3180d - __rustc[ea4f61d10b84890b]::rust_begin_unwind
[INFO] [stdout]   10:     0x5c3854c6f18c - core[a373ad73a504971]::panicking::panic_fmt
[INFO] [stdout]   11:     0x5c3854c6ef62 - core[a373ad73a504971]::result::unwrap_failed
[INFO] [stdout]   12:     0x5c385489b683 - gcloud_storage_patch[9a8793e14ecdf5fc]::http::storage_client::test::client::{closure#0}
[INFO] [stdout]   13:     0x5c3854875e95 - gcloud_storage_patch[9a8793e14ecdf5fc]::http::storage_client::test::list_buckets::{closure#0}::{closure#0}
[INFO] [stdout]   14:     0x5c385490eb28 - <tokio[2524eb0aa9f8970d]::runtime::context::scoped::Scoped<tokio[2524eb0aa9f8970d]::runtime::scheduler::Context>>::set::<<tokio[2524eb0aa9f8970d]::runtime::scheduler::current_thread::CoreGuard>::enter<<tokio[2524eb0aa9f8970d]::runtime::scheduler::current_thread::CoreGuard>::block_on<core[a373ad73a504971]::pin::Pin<&mut core[a373ad73a504971]::pin::Pin<&mut dyn core[a373ad73a504971]::future::future::Future<Output = ()>>>>::{closure#0}, core[a373ad73a504971]::option::Option<()>>::{closure#0}, (alloc[2e1b2a31b91974c5]::boxed::Box<tokio[2524eb0aa9f8970d]::runtime::scheduler::current_thread::Core>, core[a373ad73a504971]::option::Option<()>)>
[INFO] [stdout]   15:     0x5c385490e5bb - <tokio[2524eb0aa9f8970d]::runtime::runtime::Runtime>::block_on::<core[a373ad73a504971]::pin::Pin<&mut dyn core[a373ad73a504971]::future::future::Future<Output = ()>>>
[INFO] [stdout]   16:     0x5c385489fb6b - <gcloud_storage_patch[9a8793e14ecdf5fc]::http::storage_client::test::list_buckets::{closure#0} as core[a373ad73a504971]::ops::function::FnOnce<()>>::call_once
[INFO] [stdout]   17:     0x5c3854a71ac7 - serial_test[ff56165be612f425]::serial_code_lock::local_serial_core
[INFO] [stdout]   18:     0x5c385489f1ed - <gcloud_storage_patch[9a8793e14ecdf5fc]::http::storage_client::test::list_buckets::{closure#0} as core[a373ad73a504971]::ops::function::FnOnce<()>>::call_once
[INFO] [stdout]   19:     0x5c385494045b - test[aada8e7e76ba119b]::__rust_begin_short_backtrace::<core[a373ad73a504971]::result::Result<(), alloc[2e1b2a31b91974c5]::string::String>, fn() -> core[a373ad73a504971]::result::Result<(), alloc[2e1b2a31b91974c5]::string::String>>
[INFO] [stdout]   20:     0x5c385494d635 - test[aada8e7e76ba119b]::run_test::{closure#0}
[INFO] [stdout]   21:     0x5c3854946f24 - std[617be2ca0a6fd877]::sys::backtrace::__rust_begin_short_backtrace::<test[aada8e7e76ba119b]::run_test::{closure#1}, ()>
[INFO] [stdout]   22:     0x5c38549506c2 - <std[617be2ca0a6fd877]::thread::lifecycle::spawn_unchecked<test[aada8e7e76ba119b]::run_test::{closure#1}, ()>::{closure#1} as core[a373ad73a504971]::ops::function::FnOnce<()>>::call_once::{shim:vtable#0}
[INFO] [stdout]   23:     0x5c3854c54dff - <std[617be2ca0a6fd877]::sys::thread::unix::Thread>::new::thread_start
[INFO] [stdout]   24:     0x701d83728dfa - <unknown>
[INFO] [stdout]   25:     0x701d837bc3d4 - clone
[INFO] [stdout]   26:                0x0 - <unknown>
[INFO] [stdout] 
[INFO] [stdout] ---- http::storage_client::test::crud_bucket stdout ----
[INFO] [stdout] 
[INFO] [stdout] thread 'http::storage_client::test::crud_bucket' (2969) panicked at src/http/storage_client.rs:1453:14:
[INFO] [stdout] called `Result::unwrap()` on an `Err` value: CredentialsIOError(Os { code: 2, kind: NotFound, message: "No such file or directory" })
[INFO] [stdout] stack backtrace:
[INFO] [stdout]    0:     0x5c3854c55c61 - <<std[617be2ca0a6fd877]::sys::backtrace::BacktraceLock>::print::DisplayBacktrace as core[a373ad73a504971]::fmt::Display>::fmt
[INFO] [stdout]    1:     0x5c3854c6e9aa - core[a373ad73a504971]::fmt::write
[INFO] [stdout]    2:     0x5c3854c5adcc - <alloc[2e1b2a31b91974c5]::vec::Vec<u8> as core[a373ad73a504971]::io::write::Write>::write_fmt
[INFO] [stdout]    3:     0x5c3854c30866 - std[617be2ca0a6fd877]::panicking::default_hook::{closure#0}
[INFO] [stdout]    4:     0x5c3854c4d829 - std[617be2ca0a6fd877]::panicking::default_hook
[INFO] [stdout]    5:     0x5c385494d010 - test[aada8e7e76ba119b]::test_main_inner::{closure#0}
[INFO] [stdout]    6:     0x5c3854c4db52 - std[617be2ca0a6fd877]::panicking::panic_with_hook
[INFO] [stdout]    7:     0x5c3854c30912 - std[617be2ca0a6fd877]::panicking::panic_handler::{closure#0}
[INFO] [stdout]    8:     0x5c3854c28f79 - std[617be2ca0a6fd877]::sys::backtrace::__rust_end_short_backtrace::<std[617be2ca0a6fd877]::panicking::panic_handler::{closure#0}, !>
[INFO] [stdout]    9:     0x5c3854c3180d - __rustc[ea4f61d10b84890b]::rust_begin_unwind
[INFO] [stdout]   10:     0x5c3854c6f18c - core[a373ad73a504971]::panicking::panic_fmt
[INFO] [stdout]   11:     0x5c3854c6ef62 - core[a373ad73a504971]::result::unwrap_failed
[INFO] [stdout]   12:     0x5c385489b683 - gcloud_storage_patch[9a8793e14ecdf5fc]::http::storage_client::test::client::{closure#0}
[INFO] [stdout]   13:     0x5c385486b9e0 - gcloud_storage_patch[9a8793e14ecdf5fc]::http::storage_client::test::crud_bucket::{closure#0}::{closure#0}
[INFO] [stdout]   14:     0x5c385490eb28 - <tokio[2524eb0aa9f8970d]::runtime::context::scoped::Scoped<tokio[2524eb0aa9f8970d]::runtime::scheduler::Context>>::set::<<tokio[2524eb0aa9f8970d]::runtime::scheduler::current_thread::CoreGuard>::enter<<tokio[2524eb0aa9f8970d]::runtime::scheduler::current_thread::CoreGuard>::block_on<core[a373ad73a504971]::pin::Pin<&mut core[a373ad73a504971]::pin::Pin<&mut dyn core[a373ad73a504971]::future::future::Future<Output = ()>>>>::{closure#0}, core[a373ad73a504971]::option::Option<()>>::{closure#0}, (alloc[2e1b2a31b91974c5]::boxed::Box<tokio[2524eb0aa9f8970d]::runtime::scheduler::current_thread::Core>, core[a373ad73a504971]::option::Option<()>)>
[INFO] [stdout]   15:     0x5c385490e5bb - <tokio[2524eb0aa9f8970d]::runtime::runtime::Runtime>::block_on::<core[a373ad73a504971]::pin::Pin<&mut dyn core[a373ad73a504971]::future::future::Future<Output = ()>>>
[INFO] [stdout]   16:     0x5c385489f8ba - <gcloud_storage_patch[9a8793e14ecdf5fc]::http::storage_client::test::crud_bucket::{closure#0} as core[a373ad73a504971]::ops::function::FnOnce<()>>::call_once
[INFO] [stdout]   17:     0x5c3854a71ac7 - serial_test[ff56165be612f425]::serial_code_lock::local_serial_core
[INFO] [stdout]   18:     0x5c385489f0ed - <gcloud_storage_patch[9a8793e14ecdf5fc]::http::storage_client::test::crud_bucket::{closure#0} as core[a373ad73a504971]::ops::function::FnOnce<()>>::call_once
[INFO] [stdout]   19:     0x5c385494045b - test[aada8e7e76ba119b]::__rust_begin_short_backtrace::<core[a373ad73a504971]::result::Result<(), alloc[2e1b2a31b91974c5]::string::String>, fn() -> core[a373ad73a504971]::result::Result<(), alloc[2e1b2a31b91974c5]::string::String>>
[INFO] [stdout]   20:     0x5c385494d635 - test[aada8e7e76ba119b]::run_test::{closure#0}
[INFO] [stdout]   21:     0x5c3854946f24 - std[617be2ca0a6fd877]::sys::backtrace::__rust_begin_short_backtrace::<test[aada8e7e76ba119b]::run_test::{closure#1}, ()>
[INFO] [stdout]   22:     0x5c38549506c2 - <std[617be2ca0a6fd877]::thread::lifecycle::spawn_unchecked<test[aada8e7e76ba119b]::run_test::{closure#1}, ()>::{closure#1} as core[a373ad73a504971]::ops::function::FnOnce<()>>::call_once::{shim:vtable#0}
[INFO] [stdout]   23:     0x5c3854c54dff - <std[617be2ca0a6fd877]::sys::thread::unix::Thread>::new::thread_start
[INFO] [stdout]   24:     0x701d83728dfa - <unknown>
[INFO] [stdout]   25:     0x701d837bc3d4 - clone
[INFO] [stdout]   26:                0x0 - <unknown>
[INFO] [stdout] 
[INFO] [stdout] ---- http::storage_client::test::crud_default_object_controls stdout ----
[INFO] [stdout] 
[INFO] [stdout] thread 'http::storage_client::test::crud_default_object_controls' (2971) panicked at src/http/storage_client.rs:1453:14:
[INFO] [stdout] called `Result::unwrap()` on an `Err` value: CredentialsIOError(Os { code: 2, kind: NotFound, message: "No such file or directory" })
[INFO] [stdout] stack backtrace:
[INFO] [stdout]    0:     0x5c3854c55c61 - <<std[617be2ca0a6fd877]::sys::backtrace::BacktraceLock>::print::DisplayBacktrace as core[a373ad73a504971]::fmt::Display>::fmt
[INFO] [stdout]    1:     0x5c3854c6e9aa - core[a373ad73a504971]::fmt::write
[INFO] [stdout]    2:     0x5c3854c5adcc - <alloc[2e1b2a31b91974c5]::vec::Vec<u8> as core[a373ad73a504971]::io::write::Write>::write_fmt
[INFO] [stdout]    3:     0x5c3854c30866 - std[617be2ca0a6fd877]::panicking::default_hook::{closure#0}
[INFO] [stdout]    4:     0x5c3854c4d829 - std[617be2ca0a6fd877]::panicking::default_hook
[INFO] [stdout]    5:     0x5c385494d010 - test[aada8e7e76ba119b]::test_main_inner::{closure#0}
[INFO] [stdout]    6:     0x5c3854c4db52 - std[617be2ca0a6fd877]::panicking::panic_with_hook
[INFO] [stdout]    7:     0x5c3854c30912 - std[617be2ca0a6fd877]::panicking::panic_handler::{closure#0}
[INFO] [stdout]    8:     0x5c3854c28f79 - std[617be2ca0a6fd877]::sys::backtrace::__rust_end_short_backtrace::<std[617be2ca0a6fd877]::panicking::panic_handler::{closure#0}, !>
[INFO] [stdout]    9:     0x5c3854c3180d - __rustc[ea4f61d10b84890b]::rust_begin_unwind
[INFO] [stdout]   10:     0x5c3854c6f18c - core[a373ad73a504971]::panicking::panic_fmt
[INFO] [stdout]   11:     0x5c3854c6ef62 - core[a373ad73a504971]::result::unwrap_failed
[INFO] [stdout]   12:     0x5c385489b683 - gcloud_storage_patch[9a8793e14ecdf5fc]::http::storage_client::test::client::{closure#0}
[INFO] [stdout]   13:     0x5c3854889ef3 - gcloud_storage_patch[9a8793e14ecdf5fc]::http::storage_client::test::crud_default_object_controls::{closure#0}::{closure#0}
[INFO] [stdout]   14:     0x5c385490eb28 - <tokio[2524eb0aa9f8970d]::runtime::context::scoped::Scoped<tokio[2524eb0aa9f8970d]::runtime::scheduler::Context>>::set::<<tokio[2524eb0aa9f8970d]::runtime::scheduler::current_thread::CoreGuard>::enter<<tokio[2524eb0aa9f8970d]::runtime::scheduler::current_thread::CoreGuard>::block_on<core[a373ad73a504971]::pin::Pin<&mut core[a373ad73a504971]::pin::Pin<&mut dyn core[a373ad73a504971]::future::future::Future<Output = ()>>>>::{closure#0}, core[a373ad73a504971]::option::Option<()>>::{closure#0}, (alloc[2e1b2a31b91974c5]::boxed::Box<tokio[2524eb0aa9f8970d]::runtime::scheduler::current_thread::Core>, core[a373ad73a504971]::option::Option<()>)>
[INFO] [stdout]   15:     0x5c385490e5bb - <tokio[2524eb0aa9f8970d]::runtime::runtime::Runtime>::block_on::<core[a373ad73a504971]::pin::Pin<&mut dyn core[a373ad73a504971]::future::future::Future<Output = ()>>>
[INFO] [stdout]   16:     0x5c38548a089b - <gcloud_storage_patch[9a8793e14ecdf5fc]::http::storage_client::test::crud_default_object_controls::{closure#0} as core[a373ad73a504971]::ops::function::FnOnce<()>>::call_once
[INFO] [stdout]   17:     0x5c3854a71ac7 - serial_test[ff56165be612f425]::serial_code_lock::local_serial_core
[INFO] [stdout]   18:     0x5c385489f6ed - <gcloud_storage_patch[9a8793e14ecdf5fc]::http::storage_client::test::crud_default_object_controls::{closure#0} as core[a373ad73a504971]::ops::function::FnOnce<()>>::call_once
[INFO] [stdout]   19:     0x5c385494045b - test[aada8e7e76ba119b]::__rust_begin_short_backtrace::<core[a373ad73a504971]::result::Result<(), alloc[2e1b2a31b91974c5]::string::String>, fn() -> core[a373ad73a504971]::result::Result<(), alloc[2e1b2a31b91974c5]::string::String>>
[INFO] [stdout]   20:     0x5c385494d635 - test[aada8e7e76ba119b]::run_test::{closure#0}
[INFO] [stdout]   21:     0x5c3854946f24 - std[617be2ca0a6fd877]::sys::backtrace::__rust_begin_short_backtrace::<test[aada8e7e76ba119b]::run_test::{closure#1}, ()>
[INFO] [stdout]   22:     0x5c38549506c2 - <std[617be2ca0a6fd877]::thread::lifecycle::spawn_unchecked<test[aada8e7e76ba119b]::run_test::{closure#1}, ()>::{closure#1} as core[a373ad73a504971]::ops::function::FnOnce<()>>::call_once::{shim:vtable#0}
[INFO] [stdout]   23:     0x5c3854c54dff - <std[617be2ca0a6fd877]::sys::thread::unix::Thread>::new::thread_start
[INFO] [stdout]   24:     0x701d83728dfa - <unknown>
[INFO] [stdout]   25:     0x701d837bc3d4 - clone
[INFO] [stdout]   26:                0x0 - <unknown>
[INFO] [stdout] 
[INFO] [stdout] ---- http::storage_client::test::crud_notification stdout ----
[INFO] [stdout] 
[INFO] [stdout] thread 'http::storage_client::test::crud_notification' (2975) panicked at src/http/storage_client.rs:1453:14:
[INFO] [stdout] called `Result::unwrap()` on an `Err` value: CredentialsIOError(Os { code: 2, kind: NotFound, message: "No such file or directory" })
[INFO] [stdout] stack backtrace:
[INFO] [stdout]    0:     0x5c3854c55c61 - <<std[617be2ca0a6fd877]::sys::backtrace::BacktraceLock>::print::DisplayBacktrace as core[a373ad73a504971]::fmt::Display>::fmt
[INFO] [stdout]    1:     0x5c3854c6e9aa - core[a373ad73a504971]::fmt::write
[INFO] [stdout]    2:     0x5c3854c5adcc - <alloc[2e1b2a31b91974c5]::vec::Vec<u8> as core[a373ad73a504971]::io::write::Write>::write_fmt
[INFO] [stdout]    3:     0x5c3854c30866 - std[617be2ca0a6fd877]::panicking::default_hook::{closure#0}
[INFO] [stdout]    4:     0x5c3854c4d829 - std[617be2ca0a6fd877]::panicking::default_hook
[INFO] [stdout]    5:     0x5c385494d010 - test[aada8e7e76ba119b]::test_main_inner::{closure#0}
[INFO] [stdout]    6:     0x5c3854c4db52 - std[617be2ca0a6fd877]::panicking::panic_with_hook
[INFO] [stdout]    7:     0x5c3854c30912 - std[617be2ca0a6fd877]::panicking::panic_handler::{closure#0}
[INFO] [stdout]    8:     0x5c3854c28f79 - std[617be2ca0a6fd877]::sys::backtrace::__rust_end_short_backtrace::<std[617be2ca0a6fd877]::panicking::panic_handler::{closure#0}, !>
[INFO] [stdout]    9:     0x5c3854c3180d - __rustc[ea4f61d10b84890b]::rust_begin_unwind
[INFO] [stdout]   10:     0x5c3854c6f18c - core[a373ad73a504971]::panicking::panic_fmt
[INFO] [stdout]   11:     0x5c3854c6ef62 - core[a373ad73a504971]::result::unwrap_failed
[INFO] [stdout]   12:     0x5c385489b683 - gcloud_storage_patch[9a8793e14ecdf5fc]::http::storage_client::test::client::{closure#0}
[INFO] [stdout]   13:     0x5c385487dd93 - gcloud_storage_patch[9a8793e14ecdf5fc]::http::storage_client::test::crud_notification::{closure#0}::{closure#0}
[INFO] [stdout]   14:     0x5c385490eb28 - <tokio[2524eb0aa9f8970d]::runtime::context::scoped::Scoped<tokio[2524eb0aa9f8970d]::runtime::scheduler::Context>>::set::<<tokio[2524eb0aa9f8970d]::runtime::scheduler::current_thread::CoreGuard>::enter<<tokio[2524eb0aa9f8970d]::runtime::scheduler::current_thread::CoreGuard>::block_on<core[a373ad73a504971]::pin::Pin<&mut core[a373ad73a504971]::pin::Pin<&mut dyn core[a373ad73a504971]::future::future::Future<Output = ()>>>>::{closure#0}, core[a373ad73a504971]::option::Option<()>>::{closure#0}, (alloc[2e1b2a31b91974c5]::boxed::Box<tokio[2524eb0aa9f8970d]::runtime::scheduler::current_thread::Core>, core[a373ad73a504971]::option::Option<()>)>
[INFO] [stdout]   15:     0x5c385490e5bb - <tokio[2524eb0aa9f8970d]::runtime::runtime::Runtime>::block_on::<core[a373ad73a504971]::pin::Pin<&mut dyn core[a373ad73a504971]::future::future::Future<Output = ()>>>
[INFO] [stdout]   16:     0x5c38548a00ab - <gcloud_storage_patch[9a8793e14ecdf5fc]::http::storage_client::test::crud_notification::{closure#0} as core[a373ad73a504971]::ops::function::FnOnce<()>>::call_once
[INFO] [stdout]   17:     0x5c3854a71ac7 - serial_test[ff56165be612f425]::serial_code_lock::local_serial_core
[INFO] [stdout]   18:     0x5c385489f3ed - <gcloud_storage_patch[9a8793e14ecdf5fc]::http::storage_client::test::crud_notification::{closure#0} as core[a373ad73a504971]::ops::function::FnOnce<()>>::call_once
[INFO] [stdout]   19:     0x5c385494045b - test[aada8e7e76ba119b]::__rust_begin_short_backtrace::<core[a373ad73a504971]::result::Result<(), alloc[2e1b2a31b91974c5]::string::String>, fn() -> core[a373ad73a504971]::result::Result<(), alloc[2e1b2a31b91974c5]::string::String>>
[INFO] [stdout]   20:     0x5c385494d635 - test[aada8e7e76ba119b]::run_test::{closure#0}
[INFO] [stdout]   21:     0x5c3854946f24 - std[617be2ca0a6fd877]::sys::backtrace::__rust_begin_short_backtrace::<test[aada8e7e76ba119b]::run_test::{closure#1}, ()>
[INFO] [stdout]   22:     0x5c38549506c2 - <std[617be2ca0a6fd877]::thread::lifecycle::spawn_unchecked<test[aada8e7e76ba119b]::run_test::{closure#1}, ()>::{closure#1} as core[a373ad73a504971]::ops::function::FnOnce<()>>::call_once::{shim:vtable#0}
[INFO] [stdout]   23:     0x5c3854c54dff - <std[617be2ca0a6fd877]::sys::thread::unix::Thread>::new::thread_start
[INFO] [stdout]   24:     0x701d83728dfa - <unknown>
[INFO] [stdout]   25:     0x701d837bc3d4 - clone
[INFO] [stdout]   26:                0x0 - <unknown>
[INFO] [stdout] 
[INFO] [stdout] ---- http::storage_client::test::crud_bucket_access_controls stdout ----
[INFO] [stdout] 
[INFO] [stdout] thread 'http::storage_client::test::crud_bucket_access_controls' (2970) panicked at src/http/storage_client.rs:1453:14:
[INFO] [stdout] called `Result::unwrap()` on an `Err` value: CredentialsIOError(Os { code: 2, kind: NotFound, message: "No such file or directory" })
[INFO] [stdout] stack backtrace:
[INFO] [stdout]    0:     0x5c3854c55c61 - <<std[617be2ca0a6fd877]::sys::backtrace::BacktraceLock>::print::DisplayBacktrace as core[a373ad73a504971]::fmt::Display>::fmt
[INFO] [stdout]    1:     0x5c3854c6e9aa - core[a373ad73a504971]::fmt::write
[INFO] [stdout]    2:     0x5c3854c5adcc - <alloc[2e1b2a31b91974c5]::vec::Vec<u8> as core[a373ad73a504971]::io::write::Write>::write_fmt
[INFO] [stdout]    3:     0x5c3854c30866 - std[617be2ca0a6fd877]::panicking::default_hook::{closure#0}
[INFO] [stdout]    4:     0x5c3854c4d829 - std[617be2ca0a6fd877]::panicking::default_hook
[INFO] [stdout]    5:     0x5c385494d010 - test[aada8e7e76ba119b]::test_main_inner::{closure#0}
[INFO] [stdout]    6:     0x5c3854c4db52 - std[617be2ca0a6fd877]::panicking::panic_with_hook
[INFO] [stdout]    7:     0x5c3854c30912 - std[617be2ca0a6fd877]::panicking::panic_handler::{closure#0}
[INFO] [stdout]    8:     0x5c3854c28f79 - std[617be2ca0a6fd877]::sys::backtrace::__rust_end_short_backtrace::<std[617be2ca0a6fd877]::panicking::panic_handler::{closure#0}, !>
[INFO] [stdout]    9:     0x5c3854c3180d - __rustc[ea4f61d10b84890b]::rust_begin_unwind
[INFO] [stdout]   10:     0x5c3854c6f18c - core[a373ad73a504971]::panicking::panic_fmt
[INFO] [stdout]   11:     0x5c3854c6ef62 - core[a373ad73a504971]::result::unwrap_failed
[INFO] [stdout]   12:     0x5c385489b683 - gcloud_storage_patch[9a8793e14ecdf5fc]::http::storage_client::test::client::{closure#0}
[INFO] [stdout]   13:     0x5c38548870ff - gcloud_storage_patch[9a8793e14ecdf5fc]::http::storage_client::test::crud_bucket_access_controls::{closure#0}::{closure#0}
[INFO] [stdout]   14:     0x5c385490eb28 - <tokio[2524eb0aa9f8970d]::runtime::context::scoped::Scoped<tokio[2524eb0aa9f8970d]::runtime::scheduler::Context>>::set::<<tokio[2524eb0aa9f8970d]::runtime::scheduler::current_thread::CoreGuard>::enter<<tokio[2524eb0aa9f8970d]::runtime::scheduler::current_thread::CoreGuard>::block_on<core[a373ad73a504971]::pin::Pin<&mut core[a373ad73a504971]::pin::Pin<&mut dyn core[a373ad73a504971]::future::future::Future<Output = ()>>>>::{closure#0}, core[a373ad73a504971]::option::Option<()>>::{closure#0}, (alloc[2e1b2a31b91974c5]::boxed::Box<tokio[2524eb0aa9f8970d]::runtime::scheduler::current_thread::Core>, core[a373ad73a504971]::option::Option<()>)>
[INFO] [stdout]   15:     0x5c385490e5bb - <tokio[2524eb0aa9f8970d]::runtime::runtime::Runtime>::block_on::<core[a373ad73a504971]::pin::Pin<&mut dyn core[a373ad73a504971]::future::future::Future<Output = ()>>>
[INFO] [stdout]   16:     0x5c38548a05fb - <gcloud_storage_patch[9a8793e14ecdf5fc]::http::storage_client::test::crud_bucket_access_controls::{closure#0} as core[a373ad73a504971]::ops::function::FnOnce<()>>::call_once
[INFO] [stdout]   17:     0x5c3854a71ac7 - serial_test[ff56165be612f425]::serial_code_lock::local_serial_core
[INFO] [stdout]   18:     0x5c385489f5ed - <gcloud_storage_patch[9a8793e14ecdf5fc]::http::storage_client::test::crud_bucket_access_controls::{closure#0} as core[a373ad73a504971]::ops::function::FnOnce<()>>::call_once
[INFO] [stdout]   19:     0x5c385494045b - test[aada8e7e76ba119b]::__rust_begin_short_backtrace::<core[a373ad73a504971]::result::Result<(), alloc[2e1b2a31b91974c5]::string::String>, fn() -> core[a373ad73a504971]::result::Result<(), alloc[2e1b2a31b91974c5]::string::String>>
[INFO] [stdout]   20:     0x5c385494d635 - test[aada8e7e76ba119b]::run_test::{closure#0}
[INFO] [stdout]   21:     0x5c3854946f24 - std[617be2ca0a6fd877]::sys::backtrace::__rust_begin_short_backtrace::<test[aada8e7e76ba119b]::run_test::{closure#1}, ()>
[INFO] [stdout]   22:     0x5c38549506c2 - <std[617be2ca0a6fd877]::thread::lifecycle::spawn_unchecked<test[aada8e7e76ba119b]::run_test::{closure#1}, ()>::{closure#1} as core[a373ad73a504971]::ops::function::FnOnce<()>>::call_once::{shim:vtable#0}
[INFO] [stdout]   23:     0x5c3854c54dff - <std[617be2ca0a6fd877]::sys::thread::unix::Thread>::new::thread_start
[INFO] [stdout]   24:     0x701d83728dfa - <unknown>
[INFO] [stdout]   25:     0x701d837bc3d4 - clone
[INFO] [stdout]   26:                0x0 - <unknown>
[INFO] [stdout] 
[INFO] [stdout] ---- http::storage_client::test::set_get_test_iam stdout ----
[INFO] [stdout] 
[INFO] [stdout] thread 'http::storage_client::test::set_get_test_iam' (2992) panicked at src/http/storage_client.rs:1453:14:
[INFO] [stdout] called `Result::unwrap()` on an `Err` value: CredentialsIOError(Os { code: 2, kind: NotFound, message: "No such file or directory" })
[INFO] [stdout] stack backtrace:
[INFO] [stdout]    0:     0x5c3854c55c61 - <<std[617be2ca0a6fd877]::sys::backtrace::BacktraceLock>::print::DisplayBacktrace as core[a373ad73a504971]::fmt::Display>::fmt
[INFO] [stdout]    1:     0x5c3854c6e9aa - core[a373ad73a504971]::fmt::write
[INFO] [stdout]    2:     0x5c3854c5adcc - <alloc[2e1b2a31b91974c5]::vec::Vec<u8> as core[a373ad73a504971]::io::write::Write>::write_fmt
[INFO] [stdout]    3:     0x5c3854c30866 - std[617be2ca0a6fd877]::panicking::default_hook::{closure#0}
[INFO] [stdout]    4:     0x5c3854c4d829 - std[617be2ca0a6fd877]::panicking::default_hook
[INFO] [stdout]    5:     0x5c385494d010 - test[aada8e7e76ba119b]::test_main_inner::{closure#0}
[INFO] [stdout]    6:     0x5c3854c4db52 - std[617be2ca0a6fd877]::panicking::panic_with_hook
[INFO] [stdout]    7:     0x5c3854c30912 - std[617be2ca0a6fd877]::panicking::panic_handler::{closure#0}
[INFO] [stdout]    8:     0x5c3854c28f79 - std[617be2ca0a6fd877]::sys::backtrace::__rust_end_short_backtrace::<std[617be2ca0a6fd877]::panicking::panic_handler::{closure#0}, !>
[INFO] [stdout]    9:     0x5c3854c3180d - __rustc[ea4f61d10b84890b]::rust_begin_unwind
[INFO] [stdout]   10:     0x5c3854c6f18c - core[a373ad73a504971]::panicking::panic_fmt
[INFO] [stdout]   11:     0x5c3854c6ef62 - core[a373ad73a504971]::result::unwrap_failed
[INFO] [stdout]   12:     0x5c385489b683 - gcloud_storage_patch[9a8793e14ecdf5fc]::http::storage_client::test::client::{closure#0}
[INFO] [stdout]   13:     0x5c385487c1f3 - gcloud_storage_patch[9a8793e14ecdf5fc]::http::storage_client::test::set_get_test_iam::{closure#0}::{closure#0}
[INFO] [stdout]   14:     0x5c385490eb28 - <tokio[2524eb0aa9f8970d]::runtime::context::scoped::Scoped<tokio[2524eb0aa9f8970d]::runtime::scheduler::Context>>::set::<<tokio[2524eb0aa9f8970d]::runtime::scheduler::current_thread::CoreGuard>::enter<<tokio[2524eb0aa9f8970d]::runtime::scheduler::current_thread::CoreGuard>::block_on<core[a373ad73a504971]::pin::Pin<&mut core[a373ad73a504971]::pin::Pin<&mut dyn core[a373ad73a504971]::future::future::Future<Output = ()>>>>::{closure#0}, core[a373ad73a504971]::option::Option<()>>::{closure#0}, (alloc[2e1b2a31b91974c5]::boxed::Box<tokio[2524eb0aa9f8970d]::runtime::scheduler::current_thread::Core>, core[a373ad73a504971]::option::Option<()>)>
[INFO] [stdout]   15:     0x5c385490e5bb - <tokio[2524eb0aa9f8970d]::runtime::runtime::Runtime>::block_on::<core[a373ad73a504971]::pin::Pin<&mut dyn core[a373ad73a504971]::future::future::Future<Output = ()>>>
[INFO] [stdout]   16:     0x5c385489ff5b - <gcloud_storage_patch[9a8793e14ecdf5fc]::http::storage_client::test::set_get_test_iam::{closure#0} as core[a373ad73a504971]::ops::function::FnOnce<()>>::call_once
[INFO] [stdout]   17:     0x5c3854a71ac7 - serial_test[ff56165be612f425]::serial_code_lock::local_serial_core
[INFO] [stdout]   18:     0x5c385489f36d - <gcloud_storage_patch[9a8793e14ecdf5fc]::http::storage_client::test::set_get_test_iam::{closure#0} as core[a373ad73a504971]::ops::function::FnOnce<()>>::call_once
[INFO] [stdout]   19:     0x5c385494045b - test[aada8e7e76ba119b]::__rust_begin_short_backtrace::<core[a373ad73a504971]::result::Result<(), alloc[2e1b2a31b91974c5]::string::String>, fn() -> core[a373ad73a504971]::result::Result<(), alloc[2e1b2a31b91974c5]::string::String>>
[INFO] [stdout]   20:     0x5c385494d635 - test[aada8e7e76ba119b]::run_test::{closure#0}
[INFO] [stdout]   21:     0x5c3854946f24 - std[617be2ca0a6fd877]::sys::backtrace::__rust_begin_short_backtrace::<test[aada8e7e76ba119b]::run_test::{closure#1}, ()>
[INFO] [stdout]   22:     0x5c38549506c2 - <std[617be2ca0a6fd877]::thread::lifecycle::spawn_unchecked<test[aada8e7e76ba119b]::run_test::{closure#1}, ()>::{closure#1} as core[a373ad73a504971]::ops::function::FnOnce<()>>::call_once::{shim:vtable#0}
[INFO] [stdout]   23:     0x5c3854c54dff - <std[617be2ca0a6fd877]::sys::thread::unix::Thread>::new::thread_start
[INFO] [stdout]   24:     0x701d83728dfa - <unknown>
[INFO] [stdout]   25:     0x701d837bc3d4 - clone
[INFO] [stdout]   26:                0x0 - <unknown>
[INFO] [stdout] 
[INFO] [stdout] ---- http::storage_client::test::streamed_object stdout ----
[INFO] [stdout] 
[INFO] [stdout] thread 'http::storage_client::test::streamed_object' (2994) panicked at src/http/storage_client.rs:1453:14:
[INFO] [stdout] called `Result::unwrap()` on an `Err` value: CredentialsIOError(Os { code: 2, kind: NotFound, message: "No such file or directory" })
[INFO] [stdout] stack backtrace:
[INFO] [stdout]    0:     0x5c3854c55c61 - <<std[617be2ca0a6fd877]::sys::backtrace::BacktraceLock>::print::DisplayBacktrace as core[a373ad73a504971]::fmt::Display>::fmt
[INFO] [stdout]    1:     0x5c3854c6e9aa - core[a373ad73a504971]::fmt::write
[INFO] [stdout]    2:     0x5c3854c5adcc - <alloc[2e1b2a31b91974c5]::vec::Vec<u8> as core[a373ad73a504971]::io::write::Write>::write_fmt
[INFO] [stdout]    3:     0x5c3854c30866 - std[617be2ca0a6fd877]::panicking::default_hook::{closure#0}
[INFO] [stdout]    4:     0x5c3854c4d829 - std[617be2ca0a6fd877]::panicking::default_hook
[INFO] [stdout]    5:     0x5c385494d010 - test[aada8e7e76ba119b]::test_main_inner::{closure#0}
[INFO] [stdout]    6:     0x5c3854c4db52 - std[617be2ca0a6fd877]::panicking::panic_with_hook
[INFO] [stdout]    7:     0x5c3854c30912 - std[617be2ca0a6fd877]::panicking::panic_handler::{closure#0}
[INFO] [stdout]    8:     0x5c3854c28f79 - std[617be2ca0a6fd877]::sys::backtrace::__rust_end_short_backtrace::<std[617be2ca0a6fd877]::panicking::panic_handler::{closure#0}, !>
[INFO] [stdout]    9:     0x5c3854c3180d - __rustc[ea4f61d10b84890b]::rust_begin_unwind
[INFO] [stdout]   10:     0x5c3854c6f18c - core[a373ad73a504971]::panicking::panic_fmt
[INFO] [stdout]   11:     0x5c3854c6ef62 - core[a373ad73a504971]::result::unwrap_failed
[INFO] [stdout]   12:     0x5c385489b683 - gcloud_storage_patch[9a8793e14ecdf5fc]::http::storage_client::test::client::{closure#0}
[INFO] [stdout]   13:     0x5c3854879e39 - gcloud_storage_patch[9a8793e14ecdf5fc]::http::storage_client::test::streamed_object::{closure#0}::{closure#0}
[INFO] [stdout]   14:     0x5c385490eb28 - <tokio[2524eb0aa9f8970d]::runtime::context::scoped::Scoped<tokio[2524eb0aa9f8970d]::runtime::scheduler::Context>>::set::<<tokio[2524eb0aa9f8970d]::runtime::scheduler::current_thread::CoreGuard>::enter<<tokio[2524eb0aa9f8970d]::runtime::scheduler::current_thread::CoreGuard>::block_on<core[a373ad73a504971]::pin::Pin<&mut core[a373ad73a504971]::pin::Pin<&mut dyn core[a373ad73a504971]::future::future::Future<Output = ()>>>>::{closure#0}, core[a373ad73a504971]::option::Option<()>>::{closure#0}, (alloc[2e1b2a31b91974c5]::boxed::Box<tokio[2524eb0aa9f8970d]::runtime::scheduler::current_thread::Core>, core[a373ad73a504971]::option::Option<()>)>
[INFO] [stdout]   15:     0x5c385490e5bb - <tokio[2524eb0aa9f8970d]::runtime::runtime::Runtime>::block_on::<core[a373ad73a504971]::pin::Pin<&mut dyn core[a373ad73a504971]::future::future::Future<Output = ()>>>
[INFO] [stdout]   16:     0x5c385489fe0b - <gcloud_storage_patch[9a8793e14ecdf5fc]::http::storage_client::test::streamed_object::{closure#0} as core[a373ad73a504971]::ops::function::FnOnce<()>>::call_once
[INFO] [stdout]   17:     0x5c3854a71ac7 - serial_test[ff56165be612f425]::serial_code_lock::local_serial_core
[INFO] [stdout]   18:     0x5c385489f2ed - <gcloud_storage_patch[9a8793e14ecdf5fc]::http::storage_client::test::streamed_object::{closure#0} as core[a373ad73a504971]::ops::function::FnOnce<()>>::call_once
[INFO] [stdout]   19:     0x5c385494045b - test[aada8e7e76ba119b]::__rust_begin_short_backtrace::<core[a373ad73a504971]::result::Result<(), alloc[2e1b2a31b91974c5]::string::String>, fn() -> core[a373ad73a504971]::result::Result<(), alloc[2e1b2a31b91974c5]::string::String>>
[INFO] [stdout]   20:     0x5c385494d635 - test[aada8e7e76ba119b]::run_test::{closure#0}
[INFO] [stdout]   21:     0x5c3854946f24 - std[617be2ca0a6fd877]::sys::backtrace::__rust_begin_short_backtrace::<test[aada8e7e76ba119b]::run_test::{closure#1}, ()>
[INFO] [stdout]   22:     0x5c38549506c2 - <std[617be2ca0a6fd877]::thread::lifecycle::spawn_unchecked<test[aada8e7e76ba119b]::run_test::{closure#1}, ()>::{closure#1} as core[a373ad73a504971]::ops::function::FnOnce<()>>::call_once::{shim:vtable#0}
[INFO] [stdout]   23:     0x5c3854c54dff - <std[617be2ca0a6fd877]::sys::thread::unix::Thread>::new::thread_start
[INFO] [stdout]   24:     0x701d83728dfa - <unknown>
[INFO] [stdout]   25:     0x701d837bc3d4 - clone
[INFO] [stdout]   26:                0x0 - <unknown>
[INFO] [stdout] 
[INFO] [stdout] ---- client::test::test_sign_with_overwrites stdout ----
[INFO] [stdout] 
[INFO] [stdout] thread 'client::test::test_sign_with_overwrites' (2967) panicked at src/client.rs:285:64:
[INFO] [stdout] called `Result::unwrap()` on an `Err` value: CredentialsIOError(Os { code: 2, kind: NotFound, message: "No such file or directory" })
[INFO] [stdout] stack backtrace:
[INFO] [stdout]    0:     0x5c3854c55c61 - <<std[617be2ca0a6fd877]::sys::backtrace::BacktraceLock>::print::DisplayBacktrace as core[a373ad73a504971]::fmt::Display>::fmt
[INFO] [stdout]    1:     0x5c3854c6e9aa - core[a373ad73a504971]::fmt::write
[INFO] [stdout]    2:     0x5c3854c5adcc - <alloc[2e1b2a31b91974c5]::vec::Vec<u8> as core[a373ad73a504971]::io::write::Write>::write_fmt
[INFO] [stdout]    3:     0x5c3854c30866 - std[617be2ca0a6fd877]::panicking::default_hook::{closure#0}
[INFO] [stdout]    4:     0x5c3854c4d829 - std[617be2ca0a6fd877]::panicking::default_hook
[INFO] [stdout]    5:     0x5c385494d010 - test[aada8e7e76ba119b]::test_main_inner::{closure#0}
[INFO] [stdout]    6:     0x5c3854c4db52 - std[617be2ca0a6fd877]::panicking::panic_with_hook
[INFO] [stdout]    7:     0x5c3854c30912 - std[617be2ca0a6fd877]::panicking::panic_handler::{closure#0}
[INFO] [stdout]    8:     0x5c3854c28f79 - std[617be2ca0a6fd877]::sys::backtrace::__rust_end_short_backtrace::<std[617be2ca0a6fd877]::panicking::panic_handler::{closure#0}, !>
[INFO] [stdout]    9:     0x5c3854c3180d - __rustc[ea4f61d10b84890b]::rust_begin_unwind
[INFO] [stdout]   10:     0x5c3854c6f18c - core[a373ad73a504971]::panicking::panic_fmt
[INFO] [stdout]   11:     0x5c3854c6ef62 - core[a373ad73a504971]::result::unwrap_failed
[INFO] [stdout]   12:     0x5c38548be49e - gcloud_storage_patch[9a8793e14ecdf5fc]::client::test::create_client::{closure#0}
[INFO] [stdout]   13:     0x5c38548b2e9f - gcloud_storage_patch[9a8793e14ecdf5fc]::client::test::test_sign_with_overwrites::{closure#0}::{closure#0}
[INFO] [stdout]   14:     0x5c385490eb28 - <tokio[2524eb0aa9f8970d]::runtime::context::scoped::Scoped<tokio[2524eb0aa9f8970d]::runtime::scheduler::Context>>::set::<<tokio[2524eb0aa9f8970d]::runtime::scheduler::current_thread::CoreGuard>::enter<<tokio[2524eb0aa9f8970d]::runtime::scheduler::current_thread::CoreGuard>::block_on<core[a373ad73a504971]::pin::Pin<&mut core[a373ad73a504971]::pin::Pin<&mut dyn core[a373ad73a504971]::future::future::Future<Output = ()>>>>::{closure#0}, core[a373ad73a504971]::option::Option<()>>::{closure#0}, (alloc[2e1b2a31b91974c5]::boxed::Box<tokio[2524eb0aa9f8970d]::runtime::scheduler::current_thread::Core>, core[a373ad73a504971]::option::Option<()>)>
[INFO] [stdout]   15:     0x5c385490e5bb - <tokio[2524eb0aa9f8970d]::runtime::runtime::Runtime>::block_on::<core[a373ad73a504971]::pin::Pin<&mut dyn core[a373ad73a504971]::future::future::Future<Output = ()>>>
[INFO] [stdout]   16:     0x5c38548bf27b - <gcloud_storage_patch[9a8793e14ecdf5fc]::client::test::test_sign_with_overwrites::{closure#0} as core[a373ad73a504971]::ops::function::FnOnce<()>>::call_once
[INFO] [stdout]   17:     0x5c3854a71ac7 - serial_test[ff56165be612f425]::serial_code_lock::local_serial_core
[INFO] [stdout]   18:     0x5c38548befed - <gcloud_storage_patch[9a8793e14ecdf5fc]::client::test::test_sign_with_overwrites::{closure#0} as core[a373ad73a504971]::ops::function::FnOnce<()>>::call_once
[INFO] [stdout]   19:     0x5c385494045b - test[aada8e7e76ba119b]::__rust_begin_short_backtrace::<core[a373ad73a504971]::result::Result<(), alloc[2e1b2a31b91974c5]::string::String>, fn() -> core[a373ad73a504971]::result::Result<(), alloc[2e1b2a31b91974c5]::string::String>>
[INFO] [stdout]   20:     0x5c385494d635 - test[aada8e7e76ba119b]::run_test::{closure#0}
[INFO] [stdout]   21:     0x5c3854946f24 - std[617be2ca0a6fd877]::sys::backtrace::__rust_begin_short_backtrace::<test[aada8e7e76ba119b]::run_test::{closure#1}, ()>
[INFO] [stdout]   22:     0x5c38549506c2 - <std[617be2ca0a6fd877]::thread::lifecycle::spawn_unchecked<test[aada8e7e76ba119b]::run_test::{closure#1}, ()>::{closure#1} as core[a373ad73a504971]::ops::function::FnOnce<()>>::call_once::{shim:vtable#0}
[INFO] [stdout]   23:     0x5c3854c54dff - <std[617be2ca0a6fd877]::sys::thread::unix::Thread>::new::thread_start
[INFO] [stdout]   24:     0x701d83728dfa - <unknown>
[INFO] [stdout]   25:     0x701d837bc3d4 - clone
[INFO] [stdout]   26:                0x0 - <unknown>
[INFO] [stdout] 
[INFO] [stdout] ---- http::storage_client::test::resumable_multiple_chunk_upload_unknown stdout ----
[INFO] [stdout] 
[INFO] [stdout] thread 'http::storage_client::test::resumable_multiple_chunk_upload_unknown' (2986) panicked at src/http/storage_client.rs:1453:14:
[INFO] [stdout] called `Result::unwrap()` on an `Err` value: CredentialsIOError(Os { code: 2, kind: NotFound, message: "No such file or directory" })
[INFO] [stdout] stack backtrace:
[INFO] [stdout]    0:     0x5c3854c55c61 - <<std[617be2ca0a6fd877]::sys::backtrace::BacktraceLock>::print::DisplayBacktrace as core[a373ad73a504971]::fmt::Display>::fmt
[INFO] [stdout]    1:     0x5c3854c6e9aa - core[a373ad73a504971]::fmt::write
[INFO] [stdout]    2:     0x5c3854c5adcc - <alloc[2e1b2a31b91974c5]::vec::Vec<u8> as core[a373ad73a504971]::io::write::Write>::write_fmt
[INFO] [stdout]    3:     0x5c3854c30866 - std[617be2ca0a6fd877]::panicking::default_hook::{closure#0}
[INFO] [stdout]    4:     0x5c3854c4d829 - std[617be2ca0a6fd877]::panicking::default_hook
[INFO] [stdout]    5:     0x5c385494d010 - test[aada8e7e76ba119b]::test_main_inner::{closure#0}
[INFO] [stdout]    6:     0x5c3854c4db52 - std[617be2ca0a6fd877]::panicking::panic_with_hook
[INFO] [stdout]    7:     0x5c3854c30912 - std[617be2ca0a6fd877]::panicking::panic_handler::{closure#0}
[INFO] [stdout]    8:     0x5c3854c28f79 - std[617be2ca0a6fd877]::sys::backtrace::__rust_end_short_backtrace::<std[617be2ca0a6fd877]::panicking::panic_handler::{closure#0}, !>
[INFO] [stdout]    9:     0x5c3854c3180d - __rustc[ea4f61d10b84890b]::rust_begin_unwind
[INFO] [stdout]   10:     0x5c3854c6f18c - core[a373ad73a504971]::panicking::panic_fmt
[INFO] [stdout]   11:     0x5c3854c6ef62 - core[a373ad73a504971]::result::unwrap_failed
[INFO] [stdout]   12:     0x5c385489b683 - gcloud_storage_patch[9a8793e14ecdf5fc]::http::storage_client::test::client::{closure#0}
[INFO] [stdout]   13:     0x5c385488ef44 - gcloud_storage_patch[9a8793e14ecdf5fc]::http::storage_client::test::resumable_multiple_chunk_upload_unknown::{closure#0}::{closure#0}
[INFO] [stdout]   14:     0x5c385490eb28 - <tokio[2524eb0aa9f8970d]::runtime::context::scoped::Scoped<tokio[2524eb0aa9f8970d]::runtime::scheduler::Context>>::set::<<tokio[2524eb0aa9f8970d]::runtime::scheduler::current_thread::CoreGuard>::enter<<tokio[2524eb0aa9f8970d]::runtime::scheduler::current_thread::CoreGuard>::block_on<core[a373ad73a504971]::pin::Pin<&mut core[a373ad73a504971]::pin::Pin<&mut dyn core[a373ad73a504971]::future::future::Future<Output = ()>>>>::{closure#0}, core[a373ad73a504971]::option::Option<()>>::{closure#0}, (alloc[2e1b2a31b91974c5]::boxed::Box<tokio[2524eb0aa9f8970d]::runtime::scheduler::current_thread::Core>, core[a373ad73a504971]::option::Option<()>)>
[INFO] [stdout]   15:     0x5c385490e5bb - <tokio[2524eb0aa9f8970d]::runtime::runtime::Runtime>::block_on::<core[a373ad73a504971]::pin::Pin<&mut dyn core[a373ad73a504971]::future::future::Future<Output = ()>>>
[INFO] [stdout]   16:     0x5c38548a0b5a - <gcloud_storage_patch[9a8793e14ecdf5fc]::http::storage_client::test::resumable_multiple_chunk_upload_unknown::{closure#0} as core[a373ad73a504971]::ops::function::FnOnce<()>>::call_once
[INFO] [stdout]   17:     0x5c3854a71ac7 - serial_test[ff56165be612f425]::serial_code_lock::local_serial_core
[INFO] [stdout]   18:     0x5c385489f7ed - <gcloud_storage_patch[9a8793e14ecdf5fc]::http::storage_client::test::resumable_multiple_chunk_upload_unknown::{closure#0} as core[a373ad73a504971]::ops::function::FnOnce<()>>::call_once
[INFO] [stdout]   19:     0x5c385494045b - test[aada8e7e76ba119b]::__rust_begin_short_backtrace::<core[a373ad73a504971]::result::Result<(), alloc[2e1b2a31b91974c5]::string::String>, fn() -> core[a373ad73a504971]::result::Result<(), alloc[2e1b2a31b91974c5]::string::String>>
[INFO] [stdout]   20:     0x5c385494d635 - test[aada8e7e76ba119b]::run_test::{closure#0}
[INFO] [stdout]   21:     0x5c3854946f24 - std[617be2ca0a6fd877]::sys::backtrace::__rust_begin_short_backtrace::<test[aada8e7e76ba119b]::run_test::{closure#1}, ()>
[INFO] [stdout]   22:     0x5c38549506c2 - <std[617be2ca0a6fd877]::thread::lifecycle::spawn_unchecked<test[aada8e7e76ba119b]::run_test::{closure#1}, ()>::{closure#1} as core[a373ad73a504971]::ops::function::FnOnce<()>>::call_once::{shim:vtable#0}
[INFO] [stdout]   23:     0x5c3854c54dff - <std[617be2ca0a6fd877]::sys::thread::unix::Thread>::new::thread_start
[INFO] [stdout]   24:     0x701d83728dfa - <unknown>
[INFO] [stdout]   25:     0x701d837bc3d4 - clone
[INFO] [stdout]   26:                0x0 - <unknown>
[INFO] [stdout] 
[INFO] [stdout] ---- http::storage_client::test::resumable_multiple_chunk_upload stdout ----
[INFO] [stdout] 
[INFO] [stdout] thread 'http::storage_client::test::resumable_multiple_chunk_upload' (2985) panicked at src/http/storage_client.rs:1453:14:
[INFO] [stdout] called `Result::unwrap()` on an `Err` value: CredentialsIOError(Os { code: 2, kind: NotFound, message: "No such file or directory" })
[INFO] [stdout] stack backtrace:
[INFO] [stdout]    0:     0x5c3854c55c61 - <<std[617be2ca0a6fd877]::sys::backtrace::BacktraceLock>::print::DisplayBacktrace as core[a373ad73a504971]::fmt::Display>::fmt
[INFO] [stdout]    1:     0x5c3854c6e9aa - core[a373ad73a504971]::fmt::write
[INFO] [stdout]    2:     0x5c3854c5adcc - <alloc[2e1b2a31b91974c5]::vec::Vec<u8> as core[a373ad73a504971]::io::write::Write>::write_fmt
[INFO] [stdout]    3:     0x5c3854c30866 - std[617be2ca0a6fd877]::panicking::default_hook::{closure#0}
[INFO] [stdout]    4:     0x5c3854c4d829 - std[617be2ca0a6fd877]::panicking::default_hook
[INFO] [stdout]    5:     0x5c385494d010 - test[aada8e7e76ba119b]::test_main_inner::{closure#0}
[INFO] [stdout]    6:     0x5c3854c4db52 - std[617be2ca0a6fd877]::panicking::panic_with_hook
[INFO] [stdout]    7:     0x5c3854c30912 - std[617be2ca0a6fd877]::panicking::panic_handler::{closure#0}
[INFO] [stdout]    8:     0x5c3854c28f79 - std[617be2ca0a6fd877]::sys::backtrace::__rust_end_short_backtrace::<std[617be2ca0a6fd877]::panicking::panic_handler::{closure#0}, !>
[INFO] [stdout]    9:     0x5c3854c3180d - __rustc[ea4f61d10b84890b]::rust_begin_unwind
[INFO] [stdout]   10:     0x5c3854c6f18c - core[a373ad73a504971]::panicking::panic_fmt
[INFO] [stdout]   11:     0x5c3854c6ef62 - core[a373ad73a504971]::result::unwrap_failed
[INFO] [stdout]   12:     0x5c385489b683 - gcloud_storage_patch[9a8793e14ecdf5fc]::http::storage_client::test::client::{closure#0}
[INFO] [stdout]   13:     0x5c385488be07 - gcloud_storage_patch[9a8793e14ecdf5fc]::http::storage_client::test::resumable_multiple_chunk_upload::{closure#0}::{closure#0}
[INFO] [stdout]   14:     0x5c385490eb28 - <tokio[2524eb0aa9f8970d]::runtime::context::scoped::Scoped<tokio[2524eb0aa9f8970d]::runtime::scheduler::Context>>::set::<<tokio[2524eb0aa9f8970d]::runtime::scheduler::current_thread::CoreGuard>::enter<<tokio[2524eb0aa9f8970d]::runtime::scheduler::current_thread::CoreGuard>::block_on<core[a373ad73a504971]::pin::Pin<&mut core[a373ad73a504971]::pin::Pin<&mut dyn core[a373ad73a504971]::future::future::Future<Output = ()>>>>::{closure#0}, core[a373ad73a504971]::option::Option<()>>::{closure#0}, (alloc[2e1b2a31b91974c5]::boxed::Box<tokio[2524eb0aa9f8970d]::runtime::scheduler::current_thread::Core>, core[a373ad73a504971]::option::Option<()>)>
[INFO] [stdout]   15:     0x5c385490e5bb - <tokio[2524eb0aa9f8970d]::runtime::runtime::Runtime>::block_on::<core[a373ad73a504971]::pin::Pin<&mut dyn core[a373ad73a504971]::future::future::Future<Output = ()>>>
[INFO] [stdout]   16:     0x5c38548a09fa - <gcloud_storage_patch[9a8793e14ecdf5fc]::http::storage_client::test::resumable_multiple_chunk_upload::{closure#0} as core[a373ad73a504971]::ops::function::FnOnce<()>>::call_once
[INFO] [stdout]   17:     0x5c3854a71ac7 - serial_test[ff56165be612f425]::serial_code_lock::local_serial_core
[INFO] [stdout]   18:     0x5c385489f76d - <gcloud_storage_patch[9a8793e14ecdf5fc]::http::storage_client::test::resumable_multiple_chunk_upload::{closure#0} as core[a373ad73a504971]::ops::function::FnOnce<()>>::call_once
[INFO] [stdout]   19:     0x5c385494045b - test[aada8e7e76ba119b]::__rust_begin_short_backtrace::<core[a373ad73a504971]::result::Result<(), alloc[2e1b2a31b91974c5]::string::String>, fn() -> core[a373ad73a504971]::result::Result<(), alloc[2e1b2a31b91974c5]::string::String>>
[INFO] [stdout]   20:     0x5c385494d635 - test[aada8e7e76ba119b]::run_test::{closure#0}
[INFO] [stdout]   21:     0x5c3854946f24 - std[617be2ca0a6fd877]::sys::backtrace::__rust_begin_short_backtrace::<test[aada8e7e76ba119b]::run_test::{closure#1}, ()>
[INFO] [stdout]   22:     0x5c38549506c2 - <std[617be2ca0a6fd877]::thread::lifecycle::spawn_unchecked<test[aada8e7e76ba119b]::run_test::{closure#1}, ()>::{closure#1} as core[a373ad73a504971]::ops::function::FnOnce<()>>::call_once::{shim:vtable#0}
[INFO] [stdout]   23:     0x5c3854c54dff - <std[617be2ca0a6fd877]::sys::thread::unix::Thread>::new::thread_start
[INFO] [stdout]   24:     0x701d83728dfa - <unknown>
[INFO] [stdout]   25:     0x701d837bc3d4 - clone
[INFO] [stdout]   26:                0x0 - <unknown>
[INFO] [stdout] 
[INFO] [stdout] ---- http::storage_client::test::resumable_upload_cancel stdout ----
[INFO] [stdout] 
[INFO] [stdout] thread 'http::storage_client::test::resumable_upload_cancel' (2991) panicked at src/http/storage_client.rs:1453:14:
[INFO] [stdout] called `Result::unwrap()` on an `Err` value: CredentialsIOError(Os { code: 2, kind: NotFound, message: "No such file or directory" })
[INFO] [stdout] stack backtrace:
[INFO] [stdout]    0:     0x5c3854c55c61 - <<std[617be2ca0a6fd877]::sys::backtrace::BacktraceLock>::print::DisplayBacktrace as core[a373ad73a504971]::fmt::Display>::fmt
[INFO] [stdout]    1:     0x5c3854c6e9aa - core[a373ad73a504971]::fmt::write
[INFO] [stdout]    2:     0x5c3854c5adcc - <alloc[2e1b2a31b91974c5]::vec::Vec<u8> as core[a373ad73a504971]::io::write::Write>::write_fmt
[INFO] [stdout]    3:     0x5c3854c30866 - std[617be2ca0a6fd877]::panicking::default_hook::{closure#0}
[INFO] [stdout]    4:     0x5c3854c4d829 - std[617be2ca0a6fd877]::panicking::default_hook
[INFO] [stdout]    5:     0x5c385494d010 - test[aada8e7e76ba119b]::test_main_inner::{closure#0}
[INFO] [stdout]    6:     0x5c3854c4db52 - std[617be2ca0a6fd877]::panicking::panic_with_hook
[INFO] [stdout]    7:     0x5c3854c30912 - std[617be2ca0a6fd877]::panicking::panic_handler::{closure#0}
[INFO] [stdout]    8:     0x5c3854c28f79 - std[617be2ca0a6fd877]::sys::backtrace::__rust_end_short_backtrace::<std[617be2ca0a6fd877]::panicking::panic_handler::{closure#0}, !>
[INFO] [stdout]    9:     0x5c3854c3180d - __rustc[ea4f61d10b84890b]::rust_begin_unwind
[INFO] [stdout]   10:     0x5c3854c6f18c - core[a373ad73a504971]::panicking::panic_fmt
[INFO] [stdout]   11:     0x5c3854c6ef62 - core[a373ad73a504971]::result::unwrap_failed
[INFO] [stdout]   12:     0x5c385489b683 - gcloud_storage_patch[9a8793e14ecdf5fc]::http::storage_client::test::client::{closure#0}
[INFO] [stdout]   13:     0x5c3854881f38 - gcloud_storage_patch[9a8793e14ecdf5fc]::http::storage_client::test::resumable_upload_cancel::{closure#0}::{closure#0}
[INFO] [stdout]   14:     0x5c385490eb28 - <tokio[2524eb0aa9f8970d]::runtime::context::scoped::Scoped<tokio[2524eb0aa9f8970d]::runtime::scheduler::Context>>::set::<<tokio[2524eb0aa9f8970d]::runtime::scheduler::current_thread::CoreGuard>::enter<<tokio[2524eb0aa9f8970d]::runtime::scheduler::current_thread::CoreGuard>::block_on<core[a373ad73a504971]::pin::Pin<&mut core[a373ad73a504971]::pin::Pin<&mut dyn core[a373ad73a504971]::future::future::Future<Output = ()>>>>::{closure#0}, core[a373ad73a504971]::option::Option<()>>::{closure#0}, (alloc[2e1b2a31b91974c5]::boxed::Box<tokio[2524eb0aa9f8970d]::runtime::scheduler::current_thread::Core>, core[a373ad73a504971]::option::Option<()>)>
[INFO] [stdout]   15:     0x5c385490e5bb - <tokio[2524eb0aa9f8970d]::runtime::runtime::Runtime>::block_on::<core[a373ad73a504971]::pin::Pin<&mut dyn core[a373ad73a504971]::future::future::Future<Output = ()>>>
[INFO] [stdout]   16:     0x5c38548a034b - <gcloud_storage_patch[9a8793e14ecdf5fc]::http::storage_client::test::resumable_upload_cancel::{closure#0} as core[a373ad73a504971]::ops::function::FnOnce<()>>::call_once
[INFO] [stdout]   17:     0x5c3854a71ac7 - serial_test[ff56165be612f425]::serial_code_lock::local_serial_core
[INFO] [stdout]   18:     0x5c385489f4ed - <gcloud_storage_patch[9a8793e14ecdf5fc]::http::storage_client::test::resumable_upload_cancel::{closure#0} as core[a373ad73a504971]::ops::function::FnOnce<()>>::call_once
[INFO] [stdout]   19:     0x5c385494045b - test[aada8e7e76ba119b]::__rust_begin_short_backtrace::<core[a373ad73a504971]::result::Result<(), alloc[2e1b2a31b91974c5]::string::String>, fn() -> core[a373ad73a504971]::result::Result<(), alloc[2e1b2a31b91974c5]::string::String>>
[INFO] [stderr] error: test failed, to rerun pass `--lib`
[INFO] [stdout]   20:     0x5c385494d635 - test[aada8e7e76ba119b]::run_test::{closure#0}
[INFO] [stdout]   21:     0x5c3854946f24 - std[617be2ca0a6fd877]::sys::backtrace::__rust_begin_short_backtrace::<test[aada8e7e76ba119b]::run_test::{closure#1}, ()>
[INFO] [stdout]   22:     0x5c38549506c2 - <std[617be2ca0a6fd877]::thread::lifecycle::spawn_unchecked<test[aada8e7e76ba119b]::run_test::{closure#1}, ()>::{closure#1} as core[a373ad73a504971]::ops::function::FnOnce<()>>::call_once::{shim:vtable#0}
[INFO] [stdout]   23:     0x5c3854c54dff - <std[617be2ca0a6fd877]::sys::thread::unix::Thread>::new::thread_start
[INFO] [stdout]   24:     0x701d83728dfa - <unknown>
[INFO] [stdout]   25:     0x701d837bc3d4 - clone
[INFO] [stdout]   26:                0x0 - <unknown>
[INFO] [stdout] 
[INFO] [stdout] ---- http::storage_client::test::crud_object_access_controls stdout ----
[INFO] [stdout] 
[INFO] [stdout] thread 'http::storage_client::test::crud_object_access_controls' (2978) panicked at src/http/storage_client.rs:1453:14:
[INFO] [stdout] called `Result::unwrap()` on an `Err` value: CredentialsIOError(Os { code: 2, kind: NotFound, message: "No such file or directory" })
[INFO] [stdout] stack backtrace:
[INFO] [stdout]    0:     0x5c3854c55c61 - <<std[617be2ca0a6fd877]::sys::backtrace::BacktraceLock>::print::DisplayBacktrace as core[a373ad73a504971]::fmt::Display>::fmt
[INFO] [stdout]    1:     0x5c3854c6e9aa - core[a373ad73a504971]::fmt::write
[INFO] [stdout]    2:     0x5c3854c5adcc - <alloc[2e1b2a31b91974c5]::vec::Vec<u8> as core[a373ad73a504971]::io::write::Write>::write_fmt
[INFO] [stdout]    3:     0x5c3854c30866 - std[617be2ca0a6fd877]::panicking::default_hook::{closure#0}
[INFO] [stdout]    4:     0x5c3854c4d829 - std[617be2ca0a6fd877]::panicking::default_hook
[INFO] [stdout]    5:     0x5c385494d010 - test[aada8e7e76ba119b]::test_main_inner::{closure#0}
[INFO] [stdout]    6:     0x5c3854c4db52 - std[617be2ca0a6fd877]::panicking::panic_with_hook
[INFO] [stdout]    7:     0x5c3854c30912 - std[617be2ca0a6fd877]::panicking::panic_handler::{closure#0}
[INFO] [stdout]    8:     0x5c3854c28f79 - std[617be2ca0a6fd877]::sys::backtrace::__rust_end_short_backtrace::<std[617be2ca0a6fd877]::panicking::panic_handler::{closure#0}, !>
[INFO] [stdout]    9:     0x5c3854c3180d - __rustc[ea4f61d10b84890b]::rust_begin_unwind
[INFO] [stdout]   10:     0x5c3854c6f18c - core[a373ad73a504971]::panicking::panic_fmt
[INFO] [stdout]   11:     0x5c3854c6ef62 - core[a373ad73a504971]::result::unwrap_failed
[INFO] [stdout]   12:     0x5c385489b683 - gcloud_storage_patch[9a8793e14ecdf5fc]::http::storage_client::test::client::{closure#0}
[INFO] [stdout]   13:     0x5c385488866f - gcloud_storage_patch[9a8793e14ecdf5fc]::http::storage_client::test::crud_object_access_controls::{closure#0}::{closure#0}
[INFO] [stdout]   14:     0x5c385490eb28 - <tokio[2524eb0aa9f8970d]::runtime::context::scoped::Scoped<tokio[2524eb0aa9f8970d]::runtime::scheduler::Context>>::set::<<tokio[2524eb0aa9f8970d]::runtime::scheduler::current_thread::CoreGuard>::enter<<tokio[2524eb0aa9f8970d]::runtime::scheduler::current_thread::CoreGuard>::block_on<core[a373ad73a504971]::pin::Pin<&mut core[a373ad73a504971]::pin::Pin<&mut dyn core[a373ad73a504971]::future::future::Future<Output = ()>>>>::{closure#0}, core[a373ad73a504971]::option::Option<()>>::{closure#0}, (alloc[2e1b2a31b91974c5]::boxed::Box<tokio[2524eb0aa9f8970d]::runtime::scheduler::current_thread::Core>, core[a373ad73a504971]::option::Option<()>)>
[INFO] [stdout]   15:     0x5c385490e5bb - <tokio[2524eb0aa9f8970d]::runtime::runtime::Runtime>::block_on::<core[a373ad73a504971]::pin::Pin<&mut dyn core[a373ad73a504971]::future::future::Future<Output = ()>>>
[INFO] [stdout]   16:     0x5c38548a074b - <gcloud_storage_patch[9a8793e14ecdf5fc]::http::storage_client::test::crud_object_access_controls::{closure#0} as core[a373ad73a504971]::ops::function::FnOnce<()>>::call_once
[INFO] [stdout]   17:     0x5c3854a71ac7 - serial_test[ff56165be612f425]::serial_code_lock::local_serial_core
[INFO] [stdout]   18:     0x5c385489f66d - <gcloud_storage_patch[9a8793e14ecdf5fc]::http::storage_client::test::crud_object_access_controls::{closure#0} as core[a373ad73a504971]::ops::function::FnOnce<()>>::call_once
[INFO] [stdout]   19:     0x5c385494045b - test[aada8e7e76ba119b]::__rust_begin_short_backtrace::<core[a373ad73a504971]::result::Result<(), alloc[2e1b2a31b91974c5]::string::String>, fn() -> core[a373ad73a504971]::result::Result<(), alloc[2e1b2a31b91974c5]::string::String>>
[INFO] [stdout]   20:     0x5c385494d635 - test[aada8e7e76ba119b]::run_test::{closure#0}
[INFO] [stdout]   21:     0x5c3854946f24 - std[617be2ca0a6fd877]::sys::backtrace::__rust_begin_short_backtrace::<test[aada8e7e76ba119b]::run_test::{closure#1}, ()>
[INFO] [stdout]   22:     0x5c38549506c2 - <std[617be2ca0a6fd877]::thread::lifecycle::spawn_unchecked<test[aada8e7e76ba119b]::run_test::{closure#1}, ()>::{closure#1} as core[a373ad73a504971]::ops::function::FnOnce<()>>::call_once::{shim:vtable#0}
[INFO] [stdout]   23:     0x5c3854c54dff - <std[617be2ca0a6fd877]::sys::thread::unix::Thread>::new::thread_start
[INFO] [stdout]   24:     0x701d83728dfa - <unknown>
[INFO] [stdout]   25:     0x701d837bc3d4 - clone
[INFO] [stdout]   26:                0x0 - <unknown>
[INFO] [stdout] 
[INFO] [stdout] ---- http::storage_client::test::resumable_simple_upload stdout ----
[INFO] [stdout] 
[INFO] [stdout] thread 'http::storage_client::test::resumable_simple_upload' (2989) panicked at src/http/storage_client.rs:1453:14:
[INFO] [stdout] called `Result::unwrap()` on an `Err` value: CredentialsIOError(Os { code: 2, kind: NotFound, message: "No such file or directory" })
[INFO] [stdout] stack backtrace:
[INFO] [stdout]    0:     0x5c3854c55c61 - <<std[617be2ca0a6fd877]::sys::backtrace::BacktraceLock>::print::DisplayBacktrace as core[a373ad73a504971]::fmt::Display>::fmt
[INFO] [stdout]    1:     0x5c3854c6e9aa - core[a373ad73a504971]::fmt::write
[INFO] [stdout]    2:     0x5c3854c5adcc - <alloc[2e1b2a31b91974c5]::vec::Vec<u8> as core[a373ad73a504971]::io::write::Write>::write_fmt
[INFO] [stdout]    3:     0x5c3854c30866 - std[617be2ca0a6fd877]::panicking::default_hook::{closure#0}
[INFO] [stdout]    4:     0x5c3854c4d829 - std[617be2ca0a6fd877]::panicking::default_hook
[INFO] [stdout]    5:     0x5c385494d010 - test[aada8e7e76ba119b]::test_main_inner::{closure#0}
[INFO] [stdout]    6:     0x5c3854c4db52 - std[617be2ca0a6fd877]::panicking::panic_with_hook
[INFO] [stdout]    7:     0x5c3854c30912 - std[617be2ca0a6fd877]::panicking::panic_handler::{closure#0}
[INFO] [stdout]    8:     0x5c3854c28f79 - std[617be2ca0a6fd877]::sys::backtrace::__rust_end_short_backtrace::<std[617be2ca0a6fd877]::panicking::panic_handler::{closure#0}, !>
[INFO] [stdout]    9:     0x5c3854c3180d - __rustc[ea4f61d10b84890b]::rust_begin_unwind
[INFO] [stdout]   10:     0x5c3854c6f18c - core[a373ad73a504971]::panicking::panic_fmt
[INFO] [stdout]   11:     0x5c3854c6ef62 - core[a373ad73a504971]::result::unwrap_failed
[INFO] [stdout]   12:     0x5c385489b683 - gcloud_storage_patch[9a8793e14ecdf5fc]::http::storage_client::test::client::{closure#0}
[INFO] [stdout]   13:     0x5c3854880208 - gcloud_storage_patch[9a8793e14ecdf5fc]::http::storage_client::test::resumable_simple_upload::{closure#0}::{closure#0}
[INFO] [stdout]   14:     0x5c385490eb28 - <tokio[2524eb0aa9f8970d]::runtime::context::scoped::Scoped<tokio[2524eb0aa9f8970d]::runtime::scheduler::Context>>::set::<<tokio[2524eb0aa9f8970d]::runtime::scheduler::current_thread::CoreGuard>::enter<<tokio[2524eb0aa9f8970d]::runtime::scheduler::current_thread::CoreGuard>::block_on<core[a373ad73a504971]::pin::Pin<&mut core[a373ad73a504971]::pin::Pin<&mut dyn core[a373ad73a504971]::future::future::Future<Output = ()>>>>::{closure#0}, core[a373ad73a504971]::option::Option<()>>::{closure#0}, (alloc[2e1b2a31b91974c5]::boxed::Box<tokio[2524eb0aa9f8970d]::runtime::scheduler::current_thread::Core>, core[a373ad73a504971]::option::Option<()>)>
[INFO] [stdout]   15:     0x5c385490e5bb - <tokio[2524eb0aa9f8970d]::runtime::runtime::Runtime>::block_on::<core[a373ad73a504971]::pin::Pin<&mut dyn core[a373ad73a504971]::future::future::Future<Output = ()>>>
[INFO] [stdout]   16:     0x5c38548a01fb - <gcloud_storage_patch[9a8793e14ecdf5fc]::http::storage_client::test::resumable_simple_upload::{closure#0} as core[a373ad73a504971]::ops::function::FnOnce<()>>::call_once
[INFO] [stdout]   17:     0x5c3854a71ac7 - serial_test[ff56165be612f425]::serial_code_lock::local_serial_core
[INFO] [stdout]   18:     0x5c385489f46d - <gcloud_storage_patch[9a8793e14ecdf5fc]::http::storage_client::test::resumable_simple_upload::{closure#0} as core[a373ad73a504971]::ops::function::FnOnce<()>>::call_once
[INFO] [stdout]   19:     0x5c385494045b - test[aada8e7e76ba119b]::__rust_begin_short_backtrace::<core[a373ad73a504971]::result::Result<(), alloc[2e1b2a31b91974c5]::string::String>, fn() -> core[a373ad73a504971]::result::Result<(), alloc[2e1b2a31b91974c5]::string::String>>
[INFO] [stdout]   20:     0x5c385494d635 - test[aada8e7e76ba119b]::run_test::{closure#0}
[INFO] [stdout]   21:     0x5c3854946f24 - std[617be2ca0a6fd877]::sys::backtrace::__rust_begin_short_backtrace::<test[aada8e7e76ba119b]::run_test::{closure#1}, ()>
[INFO] [stdout]   22:     0x5c38549506c2 - <std[617be2ca0a6fd877]::thread::lifecycle::spawn_unchecked<test[aada8e7e76ba119b]::run_test::{closure#1}, ()>::{closure#1} as core[a373ad73a504971]::ops::function::FnOnce<()>>::call_once::{shim:vtable#0}
[INFO] [stdout]   23:     0x5c3854c54dff - <std[617be2ca0a6fd877]::sys::thread::unix::Thread>::new::thread_start
[INFO] [stdout]   24:     0x701d83728dfa - <unknown>
[INFO] [stdout]   25:     0x701d837bc3d4 - clone
[INFO] [stdout]   26:                0x0 - <unknown>
[INFO] [stdout] 
[INFO] [stdout] ---- http::storage_client::test::crud_object_with_metadata stdout ----
[INFO] [stdout] 
[INFO] [stdout] thread 'http::storage_client::test::crud_object_with_metadata' (2981) panicked at src/http/storage_client.rs:1453:14:
[INFO] [stdout] called `Result::unwrap()` on an `Err` value: CredentialsIOError(Os { code: 2, kind: NotFound, message: "No such file or directory" })
[INFO] [stdout] stack backtrace:
[INFO] [stdout]    0:     0x5c3854c55c61 - <<std[617be2ca0a6fd877]::sys::backtrace::BacktraceLock>::print::DisplayBacktrace as core[a373ad73a504971]::fmt::Display>::fmt
[INFO] [stdout]    1:     0x5c3854c6e9aa - core[a373ad73a504971]::fmt::write
[INFO] [stdout]    2:     0x5c3854c5adcc - <alloc[2e1b2a31b91974c5]::vec::Vec<u8> as core[a373ad73a504971]::io::write::Write>::write_fmt
[INFO] [stdout]    3:     0x5c3854c30866 - std[617be2ca0a6fd877]::panicking::default_hook::{closure#0}
[INFO] [stdout]    4:     0x5c3854c4d829 - std[617be2ca0a6fd877]::panicking::default_hook
[INFO] [stdout]    5:     0x5c385494d010 - test[aada8e7e76ba119b]::test_main_inner::{closure#0}
[INFO] [stdout]    6:     0x5c3854c4db52 - std[617be2ca0a6fd877]::panicking::panic_with_hook
[INFO] [stdout]    7:     0x5c3854c30912 - std[617be2ca0a6fd877]::panicking::panic_handler::{closure#0}
[INFO] [stdout]    8:     0x5c3854c28f79 - std[617be2ca0a6fd877]::sys::backtrace::__rust_end_short_backtrace::<std[617be2ca0a6fd877]::panicking::panic_handler::{closure#0}, !>
[INFO] [stdout]    9:     0x5c3854c3180d - __rustc[ea4f61d10b84890b]::rust_begin_unwind
[INFO] [stdout]   10:     0x5c3854c6f18c - core[a373ad73a504971]::panicking::panic_fmt
[INFO] [stdout]   11:     0x5c3854c6ef62 - core[a373ad73a504971]::result::unwrap_failed
[INFO] [stdout]   12:     0x5c385489b683 - gcloud_storage_patch[9a8793e14ecdf5fc]::http::storage_client::test::client::{closure#0}
[INFO] [stdout]   13:     0x5c38548837b3 - gcloud_storage_patch[9a8793e14ecdf5fc]::http::storage_client::test::crud_object_with_metadata::{closure#0}::{closure#0}
[INFO] [stdout]   14:     0x5c385490eb28 - <tokio[2524eb0aa9f8970d]::runtime::context::scoped::Scoped<tokio[2524eb0aa9f8970d]::runtime::scheduler::Context>>::set::<<tokio[2524eb0aa9f8970d]::runtime::scheduler::current_thread::CoreGuard>::enter<<tokio[2524eb0aa9f8970d]::runtime::scheduler::current_thread::CoreGuard>::block_on<core[a373ad73a504971]::pin::Pin<&mut core[a373ad73a504971]::pin::Pin<&mut dyn core[a373ad73a504971]::future::future::Future<Output = ()>>>>::{closure#0}, core[a373ad73a504971]::option::Option<()>>::{closure#0}, (alloc[2e1b2a31b91974c5]::boxed::Box<tokio[2524eb0aa9f8970d]::runtime::scheduler::current_thread::Core>, core[a373ad73a504971]::option::Option<()>)>
[INFO] [stdout]   15:     0x5c385490e5bb - <tokio[2524eb0aa9f8970d]::runtime::runtime::Runtime>::block_on::<core[a373ad73a504971]::pin::Pin<&mut dyn core[a373ad73a504971]::future::future::Future<Output = ()>>>
[INFO] [stdout]   16:     0x5c38548a04aa - <gcloud_storage_patch[9a8793e14ecdf5fc]::http::storage_client::test::crud_object_with_metadata::{closure#0} as core[a373ad73a504971]::ops::function::FnOnce<()>>::call_once
[INFO] [stdout]   17:     0x5c3854a71ac7 - serial_test[ff56165be612f425]::serial_code_lock::local_serial_core
[INFO] [stdout]   18:     0x5c385489f56d - <gcloud_storage_patch[9a8793e14ecdf5fc]::http::storage_client::test::crud_object_with_metadata::{closure#0} as core[a373ad73a504971]::ops::function::FnOnce<()>>::call_once
[INFO] [stdout]   19:     0x5c385494045b - test[aada8e7e76ba119b]::__rust_begin_short_backtrace::<core[a373ad73a504971]::result::Result<(), alloc[2e1b2a31b91974c5]::string::String>, fn() -> core[a373ad73a504971]::result::Result<(), alloc[2e1b2a31b91974c5]::string::String>>
[INFO] [stdout]   20:     0x5c385494d635 - test[aada8e7e76ba119b]::run_test::{closure#0}
[INFO] [stdout]   21:     0x5c3854946f24 - std[617be2ca0a6fd877]::sys::backtrace::__rust_begin_short_backtrace::<test[aada8e7e76ba119b]::run_test::{closure#1}, ()>
[INFO] [stdout]   22:     0x5c38549506c2 - <std[617be2ca0a6fd877]::thread::lifecycle::spawn_unchecked<test[aada8e7e76ba119b]::run_test::{closure#1}, ()>::{closure#1} as core[a373ad73a504971]::ops::function::FnOnce<()>>::call_once::{shim:vtable#0}
[INFO] [stdout]   23:     0x5c3854c54dff - <std[617be2ca0a6fd877]::sys::thread::unix::Thread>::new::thread_start
[INFO] [stdout]   24:     0x701d83728dfa - <unknown>
[INFO] [stdout]   25:     0x701d837bc3d4 - clone
[INFO] [stdout]   26:                0x0 - <unknown>
[INFO] [stdout] 
[INFO] [stdout] ---- sign::test::create_signed_buffer_test stdout ----
[INFO] [stdout] 
[INFO] [stdout] thread 'sign::test::create_signed_buffer_test' (2997) panicked at src/sign.rs:388:49:
[INFO] [stdout] called `Result::unwrap()` on an `Err` value: CredentialsIOError(Os { code: 2, kind: NotFound, message: "No such file or directory" })
[INFO] [stdout] stack backtrace:
[INFO] [stdout]    0:     0x5c3854c55c61 - <<std[617be2ca0a6fd877]::sys::backtrace::BacktraceLock>::print::DisplayBacktrace as core[a373ad73a504971]::fmt::Display>::fmt
[INFO] [stdout]    1:     0x5c3854c6e9aa - core[a373ad73a504971]::fmt::write
[INFO] [stdout]    2:     0x5c3854c5adcc - <alloc[2e1b2a31b91974c5]::vec::Vec<u8> as core[a373ad73a504971]::io::write::Write>::write_fmt
[INFO] [stdout]    3:     0x5c3854c30866 - std[617be2ca0a6fd877]::panicking::default_hook::{closure#0}
[INFO] [stdout]    4:     0x5c3854c4d829 - std[617be2ca0a6fd877]::panicking::default_hook
[INFO] [stdout]    5:     0x5c385494d010 - test[aada8e7e76ba119b]::test_main_inner::{closure#0}
[INFO] [stdout]    6:     0x5c3854c4db52 - std[617be2ca0a6fd877]::panicking::panic_with_hook
[INFO] [stdout]    7:     0x5c3854c30912 - std[617be2ca0a6fd877]::panicking::panic_handler::{closure#0}
[INFO] [stdout]    8:     0x5c3854c28f79 - std[617be2ca0a6fd877]::sys::backtrace::__rust_end_short_backtrace::<std[617be2ca0a6fd877]::panicking::panic_handler::{closure#0}, !>
[INFO] [stdout]    9:     0x5c3854c3180d - __rustc[ea4f61d10b84890b]::rust_begin_unwind
[INFO] [stdout]   10:     0x5c3854c6f18c - core[a373ad73a504971]::panicking::panic_fmt
[INFO] [stdout]   11:     0x5c3854c6ef62 - core[a373ad73a504971]::result::unwrap_failed
[INFO] [stdout]   12:     0x5c3854915508 - gcloud_storage_patch[9a8793e14ecdf5fc]::sign::test::create_signed_buffer_test::{closure#0}::{closure#0}
[INFO] [stdout]   13:     0x5c385490eb28 - <tokio[2524eb0aa9f8970d]::runtime::context::scoped::Scoped<tokio[2524eb0aa9f8970d]::runtime::scheduler::Context>>::set::<<tokio[2524eb0aa9f8970d]::runtime::scheduler::current_thread::CoreGuard>::enter<<tokio[2524eb0aa9f8970d]::runtime::scheduler::current_thread::CoreGuard>::block_on<core[a373ad73a504971]::pin::Pin<&mut core[a373ad73a504971]::pin::Pin<&mut dyn core[a373ad73a504971]::future::future::Future<Output = ()>>>>::{closure#0}, core[a373ad73a504971]::option::Option<()>>::{closure#0}, (alloc[2e1b2a31b91974c5]::boxed::Box<tokio[2524eb0aa9f8970d]::runtime::scheduler::current_thread::Core>, core[a373ad73a504971]::option::Option<()>)>
[INFO] [stdout]   14:     0x5c385490e5bb - <tokio[2524eb0aa9f8970d]::runtime::runtime::Runtime>::block_on::<core[a373ad73a504971]::pin::Pin<&mut dyn core[a373ad73a504971]::future::future::Future<Output = ()>>>
[INFO] [stdout]   15:     0x5c385491915b - <gcloud_storage_patch[9a8793e14ecdf5fc]::sign::test::create_signed_buffer_test::{closure#0} as core[a373ad73a504971]::ops::function::FnOnce<()>>::call_once
[INFO] [stdout]   16:     0x5c3854a71ac7 - serial_test[ff56165be612f425]::serial_code_lock::local_serial_core
[INFO] [stdout]   17:     0x5c385491909d - <gcloud_storage_patch[9a8793e14ecdf5fc]::sign::test::create_signed_buffer_test::{closure#0} as core[a373ad73a504971]::ops::function::FnOnce<()>>::call_once
[INFO] [stdout]   18:     0x5c385494045b - test[aada8e7e76ba119b]::__rust_begin_short_backtrace::<core[a373ad73a504971]::result::Result<(), alloc[2e1b2a31b91974c5]::string::String>, fn() -> core[a373ad73a504971]::result::Result<(), alloc[2e1b2a31b91974c5]::string::String>>
[INFO] [stdout]   19:     0x5c385494d635 - test[aada8e7e76ba119b]::run_test::{closure#0}
[INFO] [stdout]   20:     0x5c3854946f24 - std[617be2ca0a6fd877]::sys::backtrace::__rust_begin_short_backtrace::<test[aada8e7e76ba119b]::run_test::{closure#1}, ()>
[INFO] [stdout]   21:     0x5c38549506c2 - <std[617be2ca0a6fd877]::thread::lifecycle::spawn_unchecked<test[aada8e7e76ba119b]::run_test::{closure#1}, ()>::{closure#1} as core[a373ad73a504971]::ops::function::FnOnce<()>>::call_once::{shim:vtable#0}
[INFO] [stdout]   22:     0x5c3854c54dff - <std[617be2ca0a6fd877]::sys::thread::unix::Thread>::new::thread_start
[INFO] [stdout]   23:     0x701d83728dfa - <unknown>
[INFO] [stdout]   24:     0x701d837bc3d4 - clone
[INFO] [stdout]   25:                0x0 - <unknown>
[INFO] [stdout] 
[INFO] [stdout] 
[INFO] [stdout] failures:
[INFO] [stdout]     client::test::test_anonymous
[INFO] [stdout]     client::test::test_sign
[INFO] [stdout]     client::test::test_sign_with_overwrites
[INFO] [stdout]     http::service_account_client::test::sign_blob_test
[INFO] [stdout]     http::storage_client::test::crud_bucket
[INFO] [stdout]     http::storage_client::test::crud_bucket_access_controls
[INFO] [stdout]     http::storage_client::test::crud_default_object_controls
[INFO] [stdout]     http::storage_client::test::crud_hmac_key
[INFO] [stdout]     http::storage_client::test::crud_notification
[INFO] [stdout]     http::storage_client::test::crud_object
[INFO] [stdout]     http::storage_client::test::crud_object_access_controls
[INFO] [stdout]     http::storage_client::test::crud_object_with_metadata
[INFO] [stdout]     http::storage_client::test::list_buckets
[INFO] [stdout]     http::storage_client::test::resumable_multiple_chunk_upload
[INFO] [stdout]     http::storage_client::test::resumable_multiple_chunk_upload_unknown
[INFO] [stdout]     http::storage_client::test::resumable_simple_upload
[INFO] [stdout]     http::storage_client::test::resumable_upload_cancel
[INFO] [stdout]     http::storage_client::test::set_get_test_iam
[INFO] [stdout]     http::storage_client::test::streamed_object
[INFO] [stdout]     sign::test::create_signed_buffer_test
[INFO] [stdout] 
[INFO] [stdout] test result: FAILED. 0 passed; 20 failed; 0 ignored; 0 measured; 0 filtered out; finished in 0.23s
[INFO] [stdout] 
[INFO] running `Command { std: "docker" "inspect" "16681cb5005b5b1bd64364e50b5c1846cbbbd09d1b619aeb5bb87a298f01471e", kill_on_drop: false }`
[INFO] running `Command { std: "docker" "rm" "-f" "16681cb5005b5b1bd64364e50b5c1846cbbbd09d1b619aeb5bb87a298f01471e", kill_on_drop: false }`
[INFO] [stdout] 16681cb5005b5b1bd64364e50b5c1846cbbbd09d1b619aeb5bb87a298f01471e
