[INFO] fetching crate gcloud-kms 1.5.0...
[INFO] testing gcloud-kms-1.5.0 against 1.100.0-beta.1+cargoflags=--release for beta-release-1.100-2
[INFO] extracting crate gcloud-kms 1.5.0 into /workspace/builds/worker-3-tc2/source
[INFO] started tweaking crates.io crate gcloud-kms 1.5.0
[INFO] finished tweaking crates.io crate gcloud-kms 1.5.0
[INFO] tweaked toml for crates.io crate gcloud-kms 1.5.0 written to /workspace/builds/worker-3-tc2/source/Cargo.toml
[INFO] validating manifest of crates.io crate gcloud-kms 1.5.0 on toolchain 1.100.0-beta.1
[INFO] running `Command { std: CARGO_HOME="/workspace/cargo-home" RUSTUP_HOME="/workspace/rustup-home" "/workspace/cargo-home/bin/cargo" "+1.100.0-beta.1" "metadata" "--manifest-path" "Cargo.toml" "--no-deps", kill_on_drop: false }`
[INFO] crate crates.io crate gcloud-kms 1.5.0 already has a lockfile, it will not be regenerated
[INFO] running `Command { std: CARGO_HOME="/workspace/cargo-home" RUSTUP_HOME="/workspace/rustup-home" "/workspace/cargo-home/bin/cargo" "+1.100.0-beta.1" "fetch" "--manifest-path" "Cargo.toml", kill_on_drop: false }`
[INFO] running `Command { std: "docker" "create" "-v" "/var/lib/crater-agent-workspace/builds/worker-3-tc2/source:/opt/rustwide/workdir:ro,Z" "-v" "/var/lib/crater-agent-workspace/builds/worker-3-tc2/target:/opt/rustwide/target:rw,Z" "-v" "/var/lib/crater-agent-workspace/cargo-home:/opt/rustwide/cargo-home:ro,Z" "-v" "/var/lib/crater-agent-workspace/rustup-home:/opt/rustwide/rustup-home:ro,Z" "-m" "1610612736" "--network" "none" "ghcr.io/rust-lang/crates-build-env/linux@sha256:77db811e55d90add9212f6832c23229e3de5f1c1f9905e8cb07319ea15df73ac" "sleep" "infinity", kill_on_drop: false }`
[INFO] [stdout] d55a1cd3779569efce3c4276f8380021b10a3ac2c7bb10851f4af7356d713b41
[INFO] running `Command { std: "docker" "start" "d55a1cd3779569efce3c4276f8380021b10a3ac2c7bb10851f4af7356d713b41", kill_on_drop: false }`
[INFO] running `Command { std: "docker" "inspect" "d55a1cd3779569efce3c4276f8380021b10a3ac2c7bb10851f4af7356d713b41", kill_on_drop: false }`
[INFO] running `Command { std: "docker" "exec" "-e" "SOURCE_DIR=/opt/rustwide/workdir" "-e" "CARGO_HOME=/opt/rustwide/cargo-home" "-e" "RUSTUP_HOME=/opt/rustwide/rustup-home" "-e" "CARGO_TARGET_DIR=/opt/rustwide/target" "-w" "/opt/rustwide/workdir" "--user" "0:0" "d55a1cd3779569efce3c4276f8380021b10a3ac2c7bb10851f4af7356d713b41" "/opt/rustwide/cargo-home/bin/cargo" "+1.100.0-beta.1" "metadata" "--no-deps" "--format-version=1", kill_on_drop: false }`
[INFO] running `Command { std: "docker" "inspect" "d55a1cd3779569efce3c4276f8380021b10a3ac2c7bb10851f4af7356d713b41", kill_on_drop: false }`
[INFO] running `Command { std: "docker" "exec" "-e" "SOURCE_DIR=/opt/rustwide/workdir" "-e" "CARGO_HOME=/opt/rustwide/cargo-home" "-e" "RUSTUP_HOME=/opt/rustwide/rustup-home" "-e" "CARGO_TARGET_DIR=/opt/rustwide/target" "-e" "CARGO_INCREMENTAL=0" "-e" "RUST_BACKTRACE=full" "-e" "RUSTFLAGS=--cap-lints=warn" "-e" "RUSTDOCFLAGS=--cap-lints=warn" "-w" "/opt/rustwide/workdir" "--user" "0:0" "d55a1cd3779569efce3c4276f8380021b10a3ac2c7bb10851f4af7356d713b41" "/opt/rustwide/cargo-home/bin/cargo" "+1.100.0-beta.1" "build" "--frozen" "--message-format=json" "--release", kill_on_drop: false }`
[INFO] [stderr]    Compiling syn v2.0.111
[INFO] [stderr]    Compiling bytes v1.11.0
[INFO] [stderr]    Compiling itoa v1.0.16
[INFO] [stderr]    Compiling futures-core v0.3.31
[INFO] [stderr]    Compiling aws-lc-rs v1.15.2
[INFO] [stderr]    Compiling futures-sink v0.3.31
[INFO] [stderr]    Compiling rustls-pki-types v1.13.2
[INFO] [stderr]    Compiling indexmap v2.12.1
[INFO] [stderr]    Compiling slab v0.4.11
[INFO] [stderr]    Compiling untrusted v0.7.1
[INFO] [stderr]    Compiling futures-task v0.3.31
[INFO] [stderr]    Compiling parking_lot_core v0.9.12
[INFO] [stderr]    Compiling socket2 v0.6.1
[INFO] [stderr]    Compiling mio v1.1.1
[INFO] [stderr]    Compiling cc v1.2.50
[INFO] [stderr]    Compiling rustls v0.23.35
[INFO] [stderr]    Compiling ipnet v2.11.0
[INFO] [stderr]    Compiling num-traits v0.2.19
[INFO] [stderr]    Compiling thiserror v2.0.17
[INFO] [stderr]    Compiling futures-util v0.3.31
[INFO] [stderr]    Compiling futures-channel v0.3.31
[INFO] [stderr]    Compiling sync_wrapper v1.0.2
[INFO] [stderr]    Compiling parking_lot v0.12.5
[INFO] [stderr]    Compiling ryu v1.0.21
[INFO] [stderr]    Compiling num-conv v0.1.0
[INFO] [stderr]    Compiling time-core v0.1.6
[INFO] [stderr]    Compiling deranged v0.5.5
[INFO] [stderr]    Compiling webpki-roots v1.0.4
[INFO] [stderr]    Compiling time-macros v0.2.24
[INFO] [stderr]    Compiling rustls-native-certs v0.8.3
[INFO] [stderr]    Compiling serde_json v1.0.145
[INFO] [stderr]    Compiling flate2 v1.1.5
[INFO] [stderr]    Compiling bitflags v2.10.0
[INFO] [stderr]    Compiling iri-string v0.7.9
[INFO] [stderr]    Compiling signature v2.2.0
[INFO] [stderr]    Compiling gcloud-googleapis v1.3.0
[INFO] [stderr]    Compiling cmake v0.1.57
[INFO] [stderr]    Compiling http v1.4.0
[INFO] [stderr]    Compiling home v0.5.12
[INFO] [stderr]    Compiling num-integer v0.1.46
[INFO] [stderr]    Compiling urlencoding v2.1.3
[INFO] [stderr]    Compiling aws-lc-sys v0.35.0
[INFO] [stderr]    Compiling num-bigint v0.4.6
[INFO] [stderr]    Compiling time v0.3.44
[INFO] [stderr]    Compiling http-body v1.0.1
[INFO] [stderr]    Compiling http-body-util v0.1.3
[INFO] [stderr]    Compiling synstructure v0.13.2
[INFO] [stderr]    Compiling tokio-macros v2.6.0
[INFO] [stderr]    Compiling zerofrom-derive v0.1.6
[INFO] [stderr]    Compiling yoke-derive v0.8.1
[INFO] [stderr]    Compiling tracing-attributes v0.1.31
[INFO] [stderr]    Compiling zerovec-derive v0.11.2
[INFO] [stderr]    Compiling displaydoc v0.2.5
[INFO] [stderr]    Compiling serde_derive v1.0.228
[INFO] [stderr]    Compiling thiserror-impl v2.0.17
[INFO] [stderr]    Compiling pin-project-internal v1.1.10
[INFO] [stderr]    Compiling async-trait v0.1.89
[INFO] [stderr]    Compiling prost-derive v0.14.1
[INFO] [stderr]    Compiling tokio v1.48.0
[INFO] [stderr]    Compiling zerofrom v0.1.6
[INFO] [stderr]    Compiling pin-project v1.1.10
[INFO] [stderr]    Compiling token-source v1.0.0
[INFO] [stderr]    Compiling yoke v0.8.1
[INFO] [stderr]    Compiling zerovec v0.11.5
[INFO] [stderr]    Compiling tracing v0.1.44
[INFO] [stderr]    Compiling zerotrie v0.2.3
[INFO] [stderr]    Compiling simple_asn1 v0.6.3
[INFO] [stderr]    Compiling prost v0.14.1
[INFO] [stderr]    Compiling tinystr v0.8.2
[INFO] [stderr]    Compiling icu_locale_core v2.1.1
[INFO] [stderr]    Compiling potential_utf v0.1.4
[INFO] [stderr]    Compiling icu_collections v2.1.1
[INFO] [stderr]    Compiling prost-types v0.14.1
[INFO] [stderr]    Compiling icu_provider v2.1.1
[INFO] [stderr]    Compiling icu_normalizer v2.1.1
[INFO] [stderr]    Compiling icu_properties v2.1.2
[INFO] [stderr]    Compiling serde v1.0.228
[INFO] [stderr]    Compiling serde_urlencoded v0.7.1
[INFO] [stderr]    Compiling idna_adapter v1.2.1
[INFO] [stderr]    Compiling idna v1.1.0
[INFO] [stderr]    Compiling url v2.5.7
[INFO] [stderr]    Compiling tokio-util v0.7.17
[INFO] [stderr]    Compiling tokio-stream v0.1.17
[INFO] [stderr]    Compiling tokio-retry2 v0.6.2
[INFO] [stderr]    Compiling h2 v0.4.12
[INFO] [stderr]    Compiling tower v0.5.2
[INFO] [stderr]    Compiling tower-http v0.6.8
[INFO] [stderr]    Compiling hyper v1.8.1
[INFO] [stderr]    Compiling hyper-util v0.1.19
[INFO] [stderr]    Compiling hyper-timeout v0.5.2
[INFO] [stderr]    Compiling rustls-webpki v0.103.8
[INFO] [stderr]    Compiling jsonwebtoken v10.2.0
[INFO] [stderr]    Compiling tokio-rustls v0.26.4
[INFO] [stderr]    Compiling rustls-platform-verifier v0.6.2
[INFO] [stderr]    Compiling tonic v0.14.2
[INFO] [stderr]    Compiling hyper-rustls v0.27.7
[INFO] [stderr]    Compiling reqwest v0.13.2
[INFO] [stderr]    Compiling tonic-prost v0.14.2
[INFO] [stderr]    Compiling gcloud-gax v1.4.0
[INFO] [stderr]    Compiling gcloud-metadata v1.0.2
[INFO] [stderr]    Compiling gcloud-auth v1.3.0
[INFO] [stderr]    Compiling gcloud-kms v1.5.0 (/opt/rustwide/workdir)
[INFO] [stderr]     Finished `release` profile [optimized] target(s) in 2m 19s
[INFO] running `Command { std: "docker" "inspect" "d55a1cd3779569efce3c4276f8380021b10a3ac2c7bb10851f4af7356d713b41", kill_on_drop: false }`
[INFO] running `Command { std: "docker" "exec" "-e" "SOURCE_DIR=/opt/rustwide/workdir" "-e" "CARGO_HOME=/opt/rustwide/cargo-home" "-e" "RUSTUP_HOME=/opt/rustwide/rustup-home" "-e" "CARGO_TARGET_DIR=/opt/rustwide/target" "-e" "CARGO_INCREMENTAL=0" "-e" "RUST_BACKTRACE=full" "-e" "RUSTFLAGS=--cap-lints=warn" "-e" "RUSTDOCFLAGS=--cap-lints=warn" "-w" "/opt/rustwide/workdir" "--user" "0:0" "d55a1cd3779569efce3c4276f8380021b10a3ac2c7bb10851f4af7356d713b41" "/opt/rustwide/cargo-home/bin/cargo" "+1.100.0-beta.1" "test" "--frozen" "--no-run" "--message-format=json" "--release", kill_on_drop: false }`
[INFO] [stderr]    Compiling futures-channel v0.3.31
[INFO] [stderr]    Compiling tracing-core v0.1.36
[INFO] [stderr]    Compiling futures-io v0.3.31
[INFO] [stderr]    Compiling futures-task v0.3.31
[INFO] [stderr]    Compiling tokio v1.48.0
[INFO] [stderr]    Compiling rustls v0.23.35
[INFO] [stderr]    Compiling serde_json v1.0.145
[INFO] [stderr]    Compiling regex-syntax v0.8.8
[INFO] [stderr]    Compiling sdd v3.0.10
[INFO] [stderr]    Compiling dtor-proc-macro v0.0.6
[INFO] [stderr]    Compiling serial_test_derive v3.2.0
[INFO] [stderr]    Compiling nu-ansi-term v0.50.3
[INFO] [stderr]    Compiling ctor-proc-macro v0.0.6
[INFO] [stderr]    Compiling futures-util v0.3.31
[INFO] [stderr]    Compiling dtor v0.1.1
[INFO] [stderr]    Compiling ctor v0.5.0
[INFO] [stderr]    Compiling scc v2.4.0
[INFO] [stderr]    Compiling tracing v0.1.44
[INFO] [stderr]    Compiling tracing-log v0.2.0
[INFO] [stderr]    Compiling jsonwebtoken v10.2.0
[INFO] [stderr]    Compiling regex-automata v0.4.13
[INFO] [stderr]    Compiling futures-executor v0.3.31
[INFO] [stderr]    Compiling futures v0.3.31
[INFO] [stderr]    Compiling serial_test v3.2.0
[INFO] [stderr]    Compiling matchers v0.2.0
[INFO] [stderr]    Compiling tracing-subscriber v0.3.22
[INFO] [stderr]    Compiling rustls-platform-verifier v0.6.2
[INFO] [stderr]    Compiling tokio-util v0.7.17
[INFO] [stderr]    Compiling tokio-rustls v0.26.4
[INFO] [stderr]    Compiling tokio-stream v0.1.17
[INFO] [stderr]    Compiling tokio-retry2 v0.6.2
[INFO] [stderr]    Compiling h2 v0.4.12
[INFO] [stderr]    Compiling tower v0.5.2
[INFO] [stderr]    Compiling tower-http v0.6.8
[INFO] [stderr]    Compiling hyper v1.8.1
[INFO] [stderr]    Compiling hyper-util v0.1.19
[INFO] [stderr]    Compiling hyper-timeout v0.5.2
[INFO] [stderr]    Compiling hyper-rustls v0.27.7
[INFO] [stderr]    Compiling tonic v0.14.2
[INFO] [stderr]    Compiling reqwest v0.13.2
[INFO] [stderr]    Compiling gcloud-metadata v1.0.2
[INFO] [stderr]    Compiling gcloud-auth v1.3.0
[INFO] [stderr]    Compiling tonic-prost v0.14.2
[INFO] [stderr]    Compiling gcloud-gax v1.4.0
[INFO] [stderr]    Compiling gcloud-googleapis v1.3.0
[INFO] [stderr]    Compiling gcloud-kms v1.5.0 (/opt/rustwide/workdir)
[INFO] [stderr]     Finished `release` profile [optimized] target(s) in 1m 21s
[INFO] running `Command { std: "docker" "inspect" "d55a1cd3779569efce3c4276f8380021b10a3ac2c7bb10851f4af7356d713b41", kill_on_drop: false }`
[INFO] running `Command { std: "docker" "exec" "-e" "SOURCE_DIR=/opt/rustwide/workdir" "-e" "CARGO_HOME=/opt/rustwide/cargo-home" "-e" "RUSTUP_HOME=/opt/rustwide/rustup-home" "-e" "CARGO_TARGET_DIR=/opt/rustwide/target" "-e" "CARGO_INCREMENTAL=0" "-e" "RUST_BACKTRACE=full" "-e" "RUSTFLAGS=--cap-lints=warn" "-e" "RUSTDOCFLAGS=--cap-lints=warn" "-w" "/opt/rustwide/workdir" "--user" "0:0" "d55a1cd3779569efce3c4276f8380021b10a3ac2c7bb10851f4af7356d713b41" "/opt/rustwide/cargo-home/bin/cargo" "+1.100.0-beta.1" "test" "--frozen" "--release", kill_on_drop: false }`
[INFO] [stderr]     Finished `release` profile [optimized] target(s) in 0.36s
[INFO] [stderr]      Running unittests src/lib.rs (/opt/rustwide/target/release/build/gcloud-kms/ec48e7b2f7554618/out/gcloud_kms-ec48e7b2f7554618)
[INFO] [stdout] 
[INFO] [stdout] running 6 tests
[INFO] [stdout] test client::tests::test_encrypt_decrypt ... FAILED
[INFO] [stdout] test client::tests::test_generate_random_bytes ... FAILED
[INFO] [stdout] test client::tests::test_get_pubkey ... FAILED
[INFO] [stdout] test client::tests::test_asymmetric_sign ... FAILED
[INFO] [stderr] error: test failed, to rerun pass `--lib`
[INFO] [stdout] test client::tests::test_mac_sign_verify ... FAILED
[INFO] [stdout] test client::tests::test_key_ring ... FAILED
[INFO] [stdout] 
[INFO] [stdout] failures:
[INFO] [stdout] 
[INFO] [stdout] ---- client::tests::test_encrypt_decrypt stdout ----
[INFO] [stdout] 
[INFO] [stdout] thread 'client::tests::test_encrypt_decrypt' (3915) panicked at src/client.rs:102:81:
[INFO] [stdout] called `Result::unwrap()` on an `Err` value: CredentialsIOError(Os { code: 2, kind: NotFound, message: "No such file or directory" })
[INFO] [stdout] stack backtrace:
[INFO] [stdout]    0:     0x648c67219b01 - <<std[617be2ca0a6fd877]::sys::backtrace::BacktraceLock>::print::DisplayBacktrace as core[a373ad73a504971]::fmt::Display>::fmt
[INFO] [stdout]    1:     0x648c67230b0a - core[a373ad73a504971]::fmt::write
[INFO] [stdout]    2:     0x648c6721e8fc - <alloc[2e1b2a31b91974c5]::vec::Vec<u8> as core[a373ad73a504971]::io::write::Write>::write_fmt
[INFO] [stdout]    3:     0x648c671f3fd6 - std[617be2ca0a6fd877]::panicking::default_hook::{closure#0}
[INFO] [stdout]    4:     0x648c67210f59 - std[617be2ca0a6fd877]::panicking::default_hook
[INFO] [stdout]    5:     0x648c66d337b0 - test[aada8e7e76ba119b]::test_main_inner::{closure#0}
[INFO] [stdout]    6:     0x648c67211282 - std[617be2ca0a6fd877]::panicking::panic_with_hook
[INFO] [stdout]    7:     0x648c671f4082 - std[617be2ca0a6fd877]::panicking::panic_handler::{closure#0}
[INFO] [stdout]    8:     0x648c671eca89 - std[617be2ca0a6fd877]::sys::backtrace::__rust_end_short_backtrace::<std[617be2ca0a6fd877]::panicking::panic_handler::{closure#0}, !>
[INFO] [stdout]    9:     0x648c671f4e7d - __rustc[ea4f61d10b84890b]::rust_begin_unwind
[INFO] [stdout]   10:     0x648c6723126c - core[a373ad73a504971]::panicking::panic_fmt
[INFO] [stdout]   11:     0x648c67231042 - core[a373ad73a504971]::result::unwrap_failed
[INFO] [stdout]   12:     0x648c66c9a935 - gcloud_kms[74c84d598b2379bf]::client::tests::new_client::{closure#0}
[INFO] [stdout]   13:     0x648c66c9328f - gcloud_kms[74c84d598b2379bf]::client::tests::test_encrypt_decrypt::{closure#0}::{closure#0}
[INFO] [stdout]   14:     0x648c66cd346b - <tokio[e94db876a9fc4c3c]::runtime::scheduler::current_thread::CurrentThread>::block_on::<core[a373ad73a504971]::pin::Pin<&mut dyn core[a373ad73a504971]::future::future::Future<Output = ()>>>
[INFO] [stdout]   15:     0x648c66cebba2 - <tokio[e94db876a9fc4c3c]::runtime::runtime::Runtime>::block_on::<core[a373ad73a504971]::pin::Pin<&mut dyn core[a373ad73a504971]::future::future::Future<Output = ()>>>
[INFO] [stdout]   16:     0x648c66c9da3a - <gcloud_kms[74c84d598b2379bf]::client::tests::test_encrypt_decrypt::{closure#0} as core[a373ad73a504971]::ops::function::FnOnce<()>>::call_once
[INFO] [stdout]   17:     0x648c66d68a47 - serial_test[2b377a393db2f588]::serial_code_lock::local_serial_core
[INFO] [stdout]   18:     0x648c66c9d44d - <gcloud_kms[74c84d598b2379bf]::client::tests::test_encrypt_decrypt::{closure#0} as core[a373ad73a504971]::ops::function::FnOnce<()>>::call_once
[INFO] [stdout]   19:     0x648c66d26bfb - test[aada8e7e76ba119b]::__rust_begin_short_backtrace::<core[a373ad73a504971]::result::Result<(), alloc[2e1b2a31b91974c5]::string::String>, fn() -> core[a373ad73a504971]::result::Result<(), alloc[2e1b2a31b91974c5]::string::String>>
[INFO] [stdout]   20:     0x648c66d33dd5 - test[aada8e7e76ba119b]::run_test::{closure#0}
[INFO] [stdout]   21:     0x648c66d2d6c4 - std[617be2ca0a6fd877]::sys::backtrace::__rust_begin_short_backtrace::<test[aada8e7e76ba119b]::run_test::{closure#1}, ()>
[INFO] [stdout]   22:     0x648c66d36e62 - <std[617be2ca0a6fd877]::thread::lifecycle::spawn_unchecked<test[aada8e7e76ba119b]::run_test::{closure#1}, ()>::{closure#1} as core[a373ad73a504971]::ops::function::FnOnce<()>>::call_once::{shim:vtable#0}
[INFO] [stdout]   23:     0x648c67218c9f - <std[617be2ca0a6fd877]::sys::thread::unix::Thread>::new::thread_start
[INFO] [stdout]   24:     0x728c29d86dfa - <unknown>
[INFO] [stdout]   25:     0x728c29e1a3d4 - clone
[INFO] [stdout]   26:                0x0 - <unknown>
[INFO] [stdout] 
[INFO] [stdout] ---- client::tests::test_generate_random_bytes stdout ----
[INFO] [stdout] 
[INFO] [stdout] thread 'client::tests::test_generate_random_bytes' (3916) panicked at src/client.rs:102:81:
[INFO] [stdout] called `Result::unwrap()` on an `Err` value: CredentialsIOError(Os { code: 2, kind: NotFound, message: "No such file or directory" })
[INFO] [stdout] stack backtrace:
[INFO] [stdout]    0:     0x648c67219b01 - <<std[617be2ca0a6fd877]::sys::backtrace::BacktraceLock>::print::DisplayBacktrace as core[a373ad73a504971]::fmt::Display>::fmt
[INFO] [stdout]    1:     0x648c67230b0a - core[a373ad73a504971]::fmt::write
[INFO] [stdout]    2:     0x648c6721e8fc - <alloc[2e1b2a31b91974c5]::vec::Vec<u8> as core[a373ad73a504971]::io::write::Write>::write_fmt
[INFO] [stdout]    3:     0x648c671f3fd6 - std[617be2ca0a6fd877]::panicking::default_hook::{closure#0}
[INFO] [stdout]    4:     0x648c67210f59 - std[617be2ca0a6fd877]::panicking::default_hook
[INFO] [stdout]    5:     0x648c66d337b0 - test[aada8e7e76ba119b]::test_main_inner::{closure#0}
[INFO] [stdout]    6:     0x648c67211282 - std[617be2ca0a6fd877]::panicking::panic_with_hook
[INFO] [stdout]    7:     0x648c671f4082 - std[617be2ca0a6fd877]::panicking::panic_handler::{closure#0}
[INFO] [stdout]    8:     0x648c671eca89 - std[617be2ca0a6fd877]::sys::backtrace::__rust_end_short_backtrace::<std[617be2ca0a6fd877]::panicking::panic_handler::{closure#0}, !>
[INFO] [stdout]    9:     0x648c671f4e7d - __rustc[ea4f61d10b84890b]::rust_begin_unwind
[INFO] [stdout]   10:     0x648c6723126c - core[a373ad73a504971]::panicking::panic_fmt
[INFO] [stdout]   11:     0x648c67231042 - core[a373ad73a504971]::result::unwrap_failed
[INFO] [stdout]   12:     0x648c66c9a935 - gcloud_kms[74c84d598b2379bf]::client::tests::new_client::{closure#0}
[INFO] [stdout]   13:     0x648c66c95fd5 - gcloud_kms[74c84d598b2379bf]::client::tests::test_generate_random_bytes::{closure#0}::{closure#0}
[INFO] [stdout]   14:     0x648c66cd346b - <tokio[e94db876a9fc4c3c]::runtime::scheduler::current_thread::CurrentThread>::block_on::<core[a373ad73a504971]::pin::Pin<&mut dyn core[a373ad73a504971]::future::future::Future<Output = ()>>>
[INFO] [stdout]   15:     0x648c66cebba2 - <tokio[e94db876a9fc4c3c]::runtime::runtime::Runtime>::block_on::<core[a373ad73a504971]::pin::Pin<&mut dyn core[a373ad73a504971]::future::future::Future<Output = ()>>>
[INFO] [stdout]   16:     0x648c66c9dcfa - <gcloud_kms[74c84d598b2379bf]::client::tests::test_generate_random_bytes::{closure#0} as core[a373ad73a504971]::ops::function::FnOnce<()>>::call_once
[INFO] [stdout]   17:     0x648c66d68a47 - serial_test[2b377a393db2f588]::serial_code_lock::local_serial_core
[INFO] [stdout]   18:     0x648c66c9d54d - <gcloud_kms[74c84d598b2379bf]::client::tests::test_generate_random_bytes::{closure#0} as core[a373ad73a504971]::ops::function::FnOnce<()>>::call_once
[INFO] [stdout]   19:     0x648c66d26bfb - test[aada8e7e76ba119b]::__rust_begin_short_backtrace::<core[a373ad73a504971]::result::Result<(), alloc[2e1b2a31b91974c5]::string::String>, fn() -> core[a373ad73a504971]::result::Result<(), alloc[2e1b2a31b91974c5]::string::String>>
[INFO] [stdout]   20:     0x648c66d33dd5 - test[aada8e7e76ba119b]::run_test::{closure#0}
[INFO] [stdout]   21:     0x648c66d2d6c4 - std[617be2ca0a6fd877]::sys::backtrace::__rust_begin_short_backtrace::<test[aada8e7e76ba119b]::run_test::{closure#1}, ()>
[INFO] [stdout]   22:     0x648c66d36e62 - <std[617be2ca0a6fd877]::thread::lifecycle::spawn_unchecked<test[aada8e7e76ba119b]::run_test::{closure#1}, ()>::{closure#1} as core[a373ad73a504971]::ops::function::FnOnce<()>>::call_once::{shim:vtable#0}
[INFO] [stdout]   23:     0x648c67218c9f - <std[617be2ca0a6fd877]::sys::thread::unix::Thread>::new::thread_start
[INFO] [stdout]   24:     0x728c29d86dfa - <unknown>
[INFO] [stdout]   25:     0x728c29e1a3d4 - clone
[INFO] [stdout]   26:                0x0 - <unknown>
[INFO] [stdout] 
[INFO] [stdout] ---- client::tests::test_get_pubkey stdout ----
[INFO] [stdout] 
[INFO] [stdout] thread 'client::tests::test_get_pubkey' (3917) panicked at src/client.rs:102:81:
[INFO] [stdout] called `Result::unwrap()` on an `Err` value: CredentialsIOError(Os { code: 2, kind: NotFound, message: "No such file or directory" })
[INFO] [stdout] stack backtrace:
[INFO] [stdout]    0:     0x648c67219b01 - <<std[617be2ca0a6fd877]::sys::backtrace::BacktraceLock>::print::DisplayBacktrace as core[a373ad73a504971]::fmt::Display>::fmt
[INFO] [stdout]    1:     0x648c67230b0a - core[a373ad73a504971]::fmt::write
[INFO] [stdout]    2:     0x648c6721e8fc - <alloc[2e1b2a31b91974c5]::vec::Vec<u8> as core[a373ad73a504971]::io::write::Write>::write_fmt
[INFO] [stdout]    3:     0x648c671f3fd6 - std[617be2ca0a6fd877]::panicking::default_hook::{closure#0}
[INFO] [stdout]    4:     0x648c67210f59 - std[617be2ca0a6fd877]::panicking::default_hook
[INFO] [stdout]    5:     0x648c66d337b0 - test[aada8e7e76ba119b]::test_main_inner::{closure#0}
[INFO] [stdout]    6:     0x648c67211282 - std[617be2ca0a6fd877]::panicking::panic_with_hook
[INFO] [stdout]    7:     0x648c671f4082 - std[617be2ca0a6fd877]::panicking::panic_handler::{closure#0}
[INFO] [stdout]    8:     0x648c671eca89 - std[617be2ca0a6fd877]::sys::backtrace::__rust_end_short_backtrace::<std[617be2ca0a6fd877]::panicking::panic_handler::{closure#0}, !>
[INFO] [stdout]    9:     0x648c671f4e7d - __rustc[ea4f61d10b84890b]::rust_begin_unwind
[INFO] [stdout]   10:     0x648c6723126c - core[a373ad73a504971]::panicking::panic_fmt
[INFO] [stdout]   11:     0x648c67231042 - core[a373ad73a504971]::result::unwrap_failed
[INFO] [stdout]   12:     0x648c66c9a935 - gcloud_kms[74c84d598b2379bf]::client::tests::new_client::{closure#0}
[INFO] [stdout]   13:     0x648c66c91a28 - gcloud_kms[74c84d598b2379bf]::client::tests::test_get_pubkey::{closure#0}::{closure#0}
[INFO] [stdout]   14:     0x648c66cd346b - <tokio[e94db876a9fc4c3c]::runtime::scheduler::current_thread::CurrentThread>::block_on::<core[a373ad73a504971]::pin::Pin<&mut dyn core[a373ad73a504971]::future::future::Future<Output = ()>>>
[INFO] [stdout]   15:     0x648c66cebba2 - <tokio[e94db876a9fc4c3c]::runtime::runtime::Runtime>::block_on::<core[a373ad73a504971]::pin::Pin<&mut dyn core[a373ad73a504971]::future::future::Future<Output = ()>>>
[INFO] [stdout]   16:     0x648c66c9d77a - <gcloud_kms[74c84d598b2379bf]::client::tests::test_get_pubkey::{closure#0} as core[a373ad73a504971]::ops::function::FnOnce<()>>::call_once
[INFO] [stdout]   17:     0x648c66d68a47 - serial_test[2b377a393db2f588]::serial_code_lock::local_serial_core
[INFO] [stdout]   18:     0x648c66c9d34d - <gcloud_kms[74c84d598b2379bf]::client::tests::test_get_pubkey::{closure#0} as core[a373ad73a504971]::ops::function::FnOnce<()>>::call_once
[INFO] [stdout]   19:     0x648c66d26bfb - test[aada8e7e76ba119b]::__rust_begin_short_backtrace::<core[a373ad73a504971]::result::Result<(), alloc[2e1b2a31b91974c5]::string::String>, fn() -> core[a373ad73a504971]::result::Result<(), alloc[2e1b2a31b91974c5]::string::String>>
[INFO] [stdout]   20:     0x648c66d33dd5 - test[aada8e7e76ba119b]::run_test::{closure#0}
[INFO] [stdout]   21:     0x648c66d2d6c4 - std[617be2ca0a6fd877]::sys::backtrace::__rust_begin_short_backtrace::<test[aada8e7e76ba119b]::run_test::{closure#1}, ()>
[INFO] [stdout]   22:     0x648c66d36e62 - <std[617be2ca0a6fd877]::thread::lifecycle::spawn_unchecked<test[aada8e7e76ba119b]::run_test::{closure#1}, ()>::{closure#1} as core[a373ad73a504971]::ops::function::FnOnce<()>>::call_once::{shim:vtable#0}
[INFO] [stdout]   23:     0x648c67218c9f - <std[617be2ca0a6fd877]::sys::thread::unix::Thread>::new::thread_start
[INFO] [stdout]   24:     0x728c29d86dfa - <unknown>
[INFO] [stdout]   25:     0x728c29e1a3d4 - clone
[INFO] [stdout]   26:                0x0 - <unknown>
[INFO] [stdout] 
[INFO] [stdout] ---- client::tests::test_asymmetric_sign stdout ----
[INFO] [stdout] 
[INFO] [stdout] thread 'client::tests::test_asymmetric_sign' (3914) panicked at src/client.rs:102:81:
[INFO] [stdout] called `Result::unwrap()` on an `Err` value: CredentialsIOError(Os { code: 2, kind: NotFound, message: "No such file or directory" })
[INFO] [stdout] stack backtrace:
[INFO] [stdout]    0:     0x648c67219b01 - <<std[617be2ca0a6fd877]::sys::backtrace::BacktraceLock>::print::DisplayBacktrace as core[a373ad73a504971]::fmt::Display>::fmt
[INFO] [stdout]    1:     0x648c67230b0a - core[a373ad73a504971]::fmt::write
[INFO] [stdout]    2:     0x648c6721e8fc - <alloc[2e1b2a31b91974c5]::vec::Vec<u8> as core[a373ad73a504971]::io::write::Write>::write_fmt
[INFO] [stdout]    3:     0x648c671f3fd6 - std[617be2ca0a6fd877]::panicking::default_hook::{closure#0}
[INFO] [stdout]    4:     0x648c67210f59 - std[617be2ca0a6fd877]::panicking::default_hook
[INFO] [stdout]    5:     0x648c66d337b0 - test[aada8e7e76ba119b]::test_main_inner::{closure#0}
[INFO] [stdout]    6:     0x648c67211282 - std[617be2ca0a6fd877]::panicking::panic_with_hook
[INFO] [stdout]    7:     0x648c671f4082 - std[617be2ca0a6fd877]::panicking::panic_handler::{closure#0}
[INFO] [stdout]    8:     0x648c671eca89 - std[617be2ca0a6fd877]::sys::backtrace::__rust_end_short_backtrace::<std[617be2ca0a6fd877]::panicking::panic_handler::{closure#0}, !>
[INFO] [stdout]    9:     0x648c671f4e7d - __rustc[ea4f61d10b84890b]::rust_begin_unwind
[INFO] [stdout]   10:     0x648c6723126c - core[a373ad73a504971]::panicking::panic_fmt
[INFO] [stdout]   11:     0x648c67231042 - core[a373ad73a504971]::result::unwrap_failed
[INFO] [stdout]   12:     0x648c66c9a935 - gcloud_kms[74c84d598b2379bf]::client::tests::new_client::{closure#0}
[INFO] [stdout]   13:     0x648c66c924f8 - gcloud_kms[74c84d598b2379bf]::client::tests::test_asymmetric_sign::{closure#0}::{closure#0}
[INFO] [stdout]   14:     0x648c66cd346b - <tokio[e94db876a9fc4c3c]::runtime::scheduler::current_thread::CurrentThread>::block_on::<core[a373ad73a504971]::pin::Pin<&mut dyn core[a373ad73a504971]::future::future::Future<Output = ()>>>
[INFO] [stdout]   15:     0x648c66cebba2 - <tokio[e94db876a9fc4c3c]::runtime::runtime::Runtime>::block_on::<core[a373ad73a504971]::pin::Pin<&mut dyn core[a373ad73a504971]::future::future::Future<Output = ()>>>
[INFO] [stdout]   16:     0x648c66c9d8da - <gcloud_kms[74c84d598b2379bf]::client::tests::test_asymmetric_sign::{closure#0} as core[a373ad73a504971]::ops::function::FnOnce<()>>::call_once
[INFO] [stdout]   17:     0x648c66d68a47 - serial_test[2b377a393db2f588]::serial_code_lock::local_serial_core
[INFO] [stdout]   18:     0x648c66c9d3cd - <gcloud_kms[74c84d598b2379bf]::client::tests::test_asymmetric_sign::{closure#0} as core[a373ad73a504971]::ops::function::FnOnce<()>>::call_once
[INFO] [stdout]   19:     0x648c66d26bfb - test[aada8e7e76ba119b]::__rust_begin_short_backtrace::<core[a373ad73a504971]::result::Result<(), alloc[2e1b2a31b91974c5]::string::String>, fn() -> core[a373ad73a504971]::result::Result<(), alloc[2e1b2a31b91974c5]::string::String>>
[INFO] [stdout]   20:     0x648c66d33dd5 - test[aada8e7e76ba119b]::run_test::{closure#0}
[INFO] [stdout]   21:     0x648c66d2d6c4 - std[617be2ca0a6fd877]::sys::backtrace::__rust_begin_short_backtrace::<test[aada8e7e76ba119b]::run_test::{closure#1}, ()>
[INFO] [stdout]   22:     0x648c66d36e62 - <std[617be2ca0a6fd877]::thread::lifecycle::spawn_unchecked<test[aada8e7e76ba119b]::run_test::{closure#1}, ()>::{closure#1} as core[a373ad73a504971]::ops::function::FnOnce<()>>::call_once::{shim:vtable#0}
[INFO] [stdout]   23:     0x648c67218c9f - <std[617be2ca0a6fd877]::sys::thread::unix::Thread>::new::thread_start
[INFO] [stdout]   24:     0x728c29d86dfa - <unknown>
[INFO] [stdout]   25:     0x728c29e1a3d4 - clone
[INFO] [stdout]   26:                0x0 - <unknown>
[INFO] [stdout] 
[INFO] [stdout] ---- client::tests::test_mac_sign_verify stdout ----
[INFO] [stdout] 
[INFO] [stdout] thread 'client::tests::test_mac_sign_verify' (3919) panicked at src/client.rs:102:81:
[INFO] [stdout] called `Result::unwrap()` on an `Err` value: CredentialsIOError(Os { code: 2, kind: NotFound, message: "No such file or directory" })
[INFO] [stdout] stack backtrace:
[INFO] [stdout]    0:     0x648c67219b01 - <<std[617be2ca0a6fd877]::sys::backtrace::BacktraceLock>::print::DisplayBacktrace as core[a373ad73a504971]::fmt::Display>::fmt
[INFO] [stdout]    1:     0x648c67230b0a - core[a373ad73a504971]::fmt::write
[INFO] [stdout]    2:     0x648c6721e8fc - <alloc[2e1b2a31b91974c5]::vec::Vec<u8> as core[a373ad73a504971]::io::write::Write>::write_fmt
[INFO] [stdout]    3:     0x648c671f3fd6 - std[617be2ca0a6fd877]::panicking::default_hook::{closure#0}
[INFO] [stdout]    4:     0x648c67210f59 - std[617be2ca0a6fd877]::panicking::default_hook
[INFO] [stdout]    5:     0x648c66d337b0 - test[aada8e7e76ba119b]::test_main_inner::{closure#0}
[INFO] [stdout]    6:     0x648c67211282 - std[617be2ca0a6fd877]::panicking::panic_with_hook
[INFO] [stdout]    7:     0x648c671f4082 - std[617be2ca0a6fd877]::panicking::panic_handler::{closure#0}
[INFO] [stdout]    8:     0x648c671eca89 - std[617be2ca0a6fd877]::sys::backtrace::__rust_end_short_backtrace::<std[617be2ca0a6fd877]::panicking::panic_handler::{closure#0}, !>
[INFO] [stdout]    9:     0x648c671f4e7d - __rustc[ea4f61d10b84890b]::rust_begin_unwind
[INFO] [stdout]   10:     0x648c6723126c - core[a373ad73a504971]::panicking::panic_fmt
[INFO] [stdout]   11:     0x648c67231042 - core[a373ad73a504971]::result::unwrap_failed
[INFO] [stdout]   12:     0x648c66c9a935 - gcloud_kms[74c84d598b2379bf]::client::tests::new_client::{closure#0}
[INFO] [stdout]   13:     0x648c66c94a94 - gcloud_kms[74c84d598b2379bf]::client::tests::test_mac_sign_verify::{closure#0}::{closure#0}
[INFO] [stdout]   14:     0x648c66cd346b - <tokio[e94db876a9fc4c3c]::runtime::scheduler::current_thread::CurrentThread>::block_on::<core[a373ad73a504971]::pin::Pin<&mut dyn core[a373ad73a504971]::future::future::Future<Output = ()>>>
[INFO] [stdout]   15:     0x648c66cebba2 - <tokio[e94db876a9fc4c3c]::runtime::runtime::Runtime>::block_on::<core[a373ad73a504971]::pin::Pin<&mut dyn core[a373ad73a504971]::future::future::Future<Output = ()>>>
[INFO] [stdout]   16:     0x648c66c9db9a - <gcloud_kms[74c84d598b2379bf]::client::tests::test_mac_sign_verify::{closure#0} as core[a373ad73a504971]::ops::function::FnOnce<()>>::call_once
[INFO] [stdout]   17:     0x648c66d68a47 - serial_test[2b377a393db2f588]::serial_code_lock::local_serial_core
[INFO] [stdout]   18:     0x648c66c9d4cd - <gcloud_kms[74c84d598b2379bf]::client::tests::test_mac_sign_verify::{closure#0} as core[a373ad73a504971]::ops::function::FnOnce<()>>::call_once
[INFO] [stdout]   19:     0x648c66d26bfb - test[aada8e7e76ba119b]::__rust_begin_short_backtrace::<core[a373ad73a504971]::result::Result<(), alloc[2e1b2a31b91974c5]::string::String>, fn() -> core[a373ad73a504971]::result::Result<(), alloc[2e1b2a31b91974c5]::string::String>>
[INFO] [stdout]   20:     0x648c66d33dd5 - test[aada8e7e76ba119b]::run_test::{closure#0}
[INFO] [stdout]   21:     0x648c66d2d6c4 - std[617be2ca0a6fd877]::sys::backtrace::__rust_begin_short_backtrace::<test[aada8e7e76ba119b]::run_test::{closure#1}, ()>
[INFO] [stdout]   22:     0x648c66d36e62 - <std[617be2ca0a6fd877]::thread::lifecycle::spawn_unchecked<test[aada8e7e76ba119b]::run_test::{closure#1}, ()>::{closure#1} as core[a373ad73a504971]::ops::function::FnOnce<()>>::call_once::{shim:vtable#0}
[INFO] [stdout]   23:     0x648c67218c9f - <std[617be2ca0a6fd877]::sys::thread::unix::Thread>::new::thread_start
[INFO] [stdout]   24:     0x728c29d86dfa - <unknown>
[INFO] [stdout]   25:     0x728c29e1a3d4 - clone
[INFO] [stdout]   26:                0x0 - <unknown>
[INFO] [stdout] 
[INFO] [stdout] ---- client::tests::test_key_ring stdout ----
[INFO] [stdout] 
[INFO] [stdout] thread 'client::tests::test_key_ring' (3918) panicked at src/client.rs:102:81:
[INFO] [stdout] called `Result::unwrap()` on an `Err` value: CredentialsIOError(Os { code: 2, kind: NotFound, message: "No such file or directory" })
[INFO] [stdout] stack backtrace:
[INFO] [stdout]    0:     0x648c67219b01 - <<std[617be2ca0a6fd877]::sys::backtrace::BacktraceLock>::print::DisplayBacktrace as core[a373ad73a504971]::fmt::Display>::fmt
[INFO] [stdout]    1:     0x648c67230b0a - core[a373ad73a504971]::fmt::write
[INFO] [stdout]    2:     0x648c6721e8fc - <alloc[2e1b2a31b91974c5]::vec::Vec<u8> as core[a373ad73a504971]::io::write::Write>::write_fmt
[INFO] [stdout]    3:     0x648c671f3fd6 - std[617be2ca0a6fd877]::panicking::default_hook::{closure#0}
[INFO] [stdout]    4:     0x648c67210f59 - std[617be2ca0a6fd877]::panicking::default_hook
[INFO] [stdout]    5:     0x648c66d337b0 - test[aada8e7e76ba119b]::test_main_inner::{closure#0}
[INFO] [stdout]    6:     0x648c67211282 - std[617be2ca0a6fd877]::panicking::panic_with_hook
[INFO] [stdout]    7:     0x648c671f4082 - std[617be2ca0a6fd877]::panicking::panic_handler::{closure#0}
[INFO] [stdout]    8:     0x648c671eca89 - std[617be2ca0a6fd877]::sys::backtrace::__rust_end_short_backtrace::<std[617be2ca0a6fd877]::panicking::panic_handler::{closure#0}, !>
[INFO] [stdout]    9:     0x648c671f4e7d - __rustc[ea4f61d10b84890b]::rust_begin_unwind
[INFO] [stdout]   10:     0x648c6723126c - core[a373ad73a504971]::panicking::panic_fmt
[INFO] [stdout]   11:     0x648c67231042 - core[a373ad73a504971]::result::unwrap_failed
[INFO] [stdout]   12:     0x648c66c9a935 - gcloud_kms[74c84d598b2379bf]::client::tests::new_client::{closure#0}
[INFO] [stdout]   13:     0x648c66c90665 - gcloud_kms[74c84d598b2379bf]::client::tests::test_key_ring::{closure#0}::{closure#0}
[INFO] [stdout]   14:     0x648c66cd346b - <tokio[e94db876a9fc4c3c]::runtime::scheduler::current_thread::CurrentThread>::block_on::<core[a373ad73a504971]::pin::Pin<&mut dyn core[a373ad73a504971]::future::future::Future<Output = ()>>>
[INFO] [stdout]   15:     0x648c66cebba2 - <tokio[e94db876a9fc4c3c]::runtime::runtime::Runtime>::block_on::<core[a373ad73a504971]::pin::Pin<&mut dyn core[a373ad73a504971]::future::future::Future<Output = ()>>>
[INFO] [stdout]   16:     0x648c66c9d61a - <gcloud_kms[74c84d598b2379bf]::client::tests::test_key_ring::{closure#0} as core[a373ad73a504971]::ops::function::FnOnce<()>>::call_once
[INFO] [stdout]   17:     0x648c66d68a47 - serial_test[2b377a393db2f588]::serial_code_lock::local_serial_core
[INFO] [stdout]   18:     0x648c66c9d2cd - <gcloud_kms[74c84d598b2379bf]::client::tests::test_key_ring::{closure#0} as core[a373ad73a504971]::ops::function::FnOnce<()>>::call_once
[INFO] [stdout]   19:     0x648c66d26bfb - test[aada8e7e76ba119b]::__rust_begin_short_backtrace::<core[a373ad73a504971]::result::Result<(), alloc[2e1b2a31b91974c5]::string::String>, fn() -> core[a373ad73a504971]::result::Result<(), alloc[2e1b2a31b91974c5]::string::String>>
[INFO] [stdout]   20:     0x648c66d33dd5 - test[aada8e7e76ba119b]::run_test::{closure#0}
[INFO] [stdout]   21:     0x648c66d2d6c4 - std[617be2ca0a6fd877]::sys::backtrace::__rust_begin_short_backtrace::<test[aada8e7e76ba119b]::run_test::{closure#1}, ()>
[INFO] [stdout]   22:     0x648c66d36e62 - <std[617be2ca0a6fd877]::thread::lifecycle::spawn_unchecked<test[aada8e7e76ba119b]::run_test::{closure#1}, ()>::{closure#1} as core[a373ad73a504971]::ops::function::FnOnce<()>>::call_once::{shim:vtable#0}
[INFO] [stdout]   23:     0x648c67218c9f - <std[617be2ca0a6fd877]::sys::thread::unix::Thread>::new::thread_start
[INFO] [stdout]   24:     0x728c29d86dfa - <unknown>
[INFO] [stdout]   25:     0x728c29e1a3d4 - clone
[INFO] [stdout]   26:                0x0 - <unknown>
[INFO] [stdout] 
[INFO] [stdout] 
[INFO] [stdout] failures:
[INFO] [stdout]     client::tests::test_asymmetric_sign
[INFO] [stdout]     client::tests::test_encrypt_decrypt
[INFO] [stdout]     client::tests::test_generate_random_bytes
[INFO] [stdout]     client::tests::test_get_pubkey
[INFO] [stdout]     client::tests::test_key_ring
[INFO] [stdout]     client::tests::test_mac_sign_verify
[INFO] [stdout] 
[INFO] [stdout] test result: FAILED. 0 passed; 6 failed; 0 ignored; 0 measured; 0 filtered out; finished in 0.02s
[INFO] [stdout] 
[INFO] running `Command { std: "docker" "inspect" "d55a1cd3779569efce3c4276f8380021b10a3ac2c7bb10851f4af7356d713b41", kill_on_drop: false }`
[INFO] running `Command { std: "docker" "rm" "-f" "d55a1cd3779569efce3c4276f8380021b10a3ac2c7bb10851f4af7356d713b41", kill_on_drop: false }`
[INFO] [stdout] d55a1cd3779569efce3c4276f8380021b10a3ac2c7bb10851f4af7356d713b41
