[INFO] fetching crate gcloud-bigquery 1.7.0...
[INFO] testing gcloud-bigquery-1.7.0 against 1.99.0-beta.8+cargoflags=--release for beta-release-1.100-2
[INFO] extracting crate gcloud-bigquery 1.7.0 into /workspace/builds/worker-5-tc1/source
[INFO] started tweaking crates.io crate gcloud-bigquery 1.7.0
[INFO] finished tweaking crates.io crate gcloud-bigquery 1.7.0
[INFO] tweaked toml for crates.io crate gcloud-bigquery 1.7.0 written to /workspace/builds/worker-5-tc1/source/Cargo.toml
[INFO] validating manifest of crates.io crate gcloud-bigquery 1.7.0 on toolchain 1.99.0-beta.8
[INFO] running `Command { std: CARGO_HOME="/workspace/cargo-home" RUSTUP_HOME="/workspace/rustup-home" "/workspace/cargo-home/bin/cargo" "+1.99.0-beta.8" "metadata" "--manifest-path" "Cargo.toml" "--no-deps", kill_on_drop: false }`
[INFO] crate crates.io crate gcloud-bigquery 1.7.0 already has a lockfile, it will not be regenerated
[INFO] running `Command { std: CARGO_HOME="/workspace/cargo-home" RUSTUP_HOME="/workspace/rustup-home" "/workspace/cargo-home/bin/cargo" "+1.99.0-beta.8" "fetch" "--manifest-path" "Cargo.toml", kill_on_drop: false }`
[INFO] [stderr]     Updating crates.io index
[INFO] [stderr]  Downloading crates ...
[INFO] [stderr]   Downloaded reqwest-middleware v0.5.2
[INFO] [stderr]   Downloaded token-source v1.0.0
[INFO] [stderr]   Downloaded gcloud-gax v1.4.0
[INFO] [stderr]   Downloaded path-clean v1.0.1
[INFO] [stderr]   Downloaded tokio-retry2 v0.6.2
[INFO] [stderr]   Downloaded gcloud-auth v1.3.0
[INFO] [stderr]   Downloaded gcloud-metadata v1.0.2
[INFO] [stderr]   Downloaded dtor v0.1.1
[INFO] [stderr]   Downloaded gcloud-googleapis v1.3.0
[INFO] [stderr]   Downloaded dtor-proc-macro v0.0.6
[INFO] [stderr]   Downloaded base64-serde v0.8.0
[INFO] [stderr]   Downloaded ctor v0.5.0
[INFO] [stderr]   Downloaded arrow-data v58.3.0
[INFO] [stderr]   Downloaded arrow v58.3.0
[INFO] [stderr]   Downloaded arrow-string v58.3.0
[INFO] [stderr]   Downloaded arrow-select v58.3.0
[INFO] [stderr]   Downloaded arrow-schema v58.3.0
[INFO] [stderr]   Downloaded arrow-row v58.3.0
[INFO] [stderr]   Downloaded arrow-ord v58.3.0
[INFO] [stderr]   Downloaded arrow-cast v58.3.0
[INFO] [stderr]   Downloaded arrow-array v58.3.0
[INFO] [stderr]   Downloaded arrow-arith v58.3.0
[INFO] [stderr]   Downloaded arrow-buffer v58.3.0
[INFO] [stderr]   Downloaded arrow-ipc v58.3.0
[INFO] running `Command { std: "docker" "create" "-v" "/var/lib/crater-agent-workspace/builds/worker-5-tc1/source:/opt/rustwide/workdir:ro,Z" "-v" "/var/lib/crater-agent-workspace/builds/worker-5-tc1/target:/opt/rustwide/target:rw,Z" "-v" "/var/lib/crater-agent-workspace/cargo-home:/opt/rustwide/cargo-home:ro,Z" "-v" "/var/lib/crater-agent-workspace/rustup-home:/opt/rustwide/rustup-home:ro,Z" "-m" "1610612736" "--network" "none" "ghcr.io/rust-lang/crates-build-env/linux@sha256:77db811e55d90add9212f6832c23229e3de5f1c1f9905e8cb07319ea15df73ac" "sleep" "infinity", kill_on_drop: false }`
[INFO] [stdout] 7ccdff9e81e9ad965e1c7c16f1885979b0df27169a5a74916167e995cca557f6
[INFO] running `Command { std: "docker" "start" "7ccdff9e81e9ad965e1c7c16f1885979b0df27169a5a74916167e995cca557f6", kill_on_drop: false }`
[INFO] running `Command { std: "docker" "inspect" "7ccdff9e81e9ad965e1c7c16f1885979b0df27169a5a74916167e995cca557f6", kill_on_drop: false }`
[INFO] running `Command { std: "docker" "exec" "-e" "SOURCE_DIR=/opt/rustwide/workdir" "-e" "CARGO_HOME=/opt/rustwide/cargo-home" "-e" "RUSTUP_HOME=/opt/rustwide/rustup-home" "-e" "CARGO_TARGET_DIR=/opt/rustwide/target" "-w" "/opt/rustwide/workdir" "--user" "0:0" "7ccdff9e81e9ad965e1c7c16f1885979b0df27169a5a74916167e995cca557f6" "/opt/rustwide/cargo-home/bin/cargo" "+1.99.0-beta.8" "metadata" "--no-deps" "--format-version=1", kill_on_drop: false }`
[INFO] running `Command { std: "docker" "inspect" "7ccdff9e81e9ad965e1c7c16f1885979b0df27169a5a74916167e995cca557f6", kill_on_drop: false }`
[INFO] running `Command { std: "docker" "exec" "-e" "SOURCE_DIR=/opt/rustwide/workdir" "-e" "CARGO_HOME=/opt/rustwide/cargo-home" "-e" "RUSTUP_HOME=/opt/rustwide/rustup-home" "-e" "CARGO_TARGET_DIR=/opt/rustwide/target" "-e" "CARGO_INCREMENTAL=0" "-e" "RUST_BACKTRACE=full" "-e" "RUSTFLAGS=--cap-lints=warn" "-e" "RUSTDOCFLAGS=--cap-lints=warn" "-w" "/opt/rustwide/workdir" "--user" "0:0" "7ccdff9e81e9ad965e1c7c16f1885979b0df27169a5a74916167e995cca557f6" "/opt/rustwide/cargo-home/bin/cargo" "+1.99.0-beta.8" "build" "--frozen" "--message-format=json" "--release", kill_on_drop: false }`
[INFO] [stderr]    Compiling zeroize_derive v1.4.3
[INFO] [stderr]    Compiling aws-lc-rs v1.17.0
[INFO] [stderr]    Compiling http v1.4.1
[INFO] [stderr]    Compiling parking_lot_core v0.9.12
[INFO] [stderr]    Compiling socket2 v0.6.4
[INFO] [stderr]    Compiling mio v1.2.1
[INFO] [stderr]    Compiling cc v1.2.63
[INFO] [stderr]    Compiling zerofrom v0.1.8
[INFO] [stderr]    Compiling displaydoc v0.2.6
[INFO] [stderr]    Compiling untrusted v0.7.1
[INFO] [stderr]    Compiling zerocopy v0.8.50
[INFO] [stderr]    Compiling num-integer v0.1.46
[INFO] [stderr]    Compiling zerocopy-derive v0.8.50
[INFO] [stderr]    Compiling futures-task v0.3.32
[INFO] [stderr]    Compiling rustls v0.23.40
[INFO] [stderr]    Compiling log v0.4.30
[INFO] [stderr]    Compiling memchr v2.8.1
[INFO] [stderr]    Compiling arrow-schema v58.3.0
[INFO] [stderr]    Compiling futures-util v0.3.32
[INFO] [stderr]    Compiling chrono v0.4.44
[INFO] [stderr]    Compiling yoke v0.8.2
[INFO] [stderr]    Compiling num-bigint v0.4.6
[INFO] [stderr]    Compiling parking_lot v0.12.5
[INFO] [stderr]    Compiling zeroize v1.8.2
[INFO] [stderr]    Compiling serde v1.0.228
[INFO] [stderr]    Compiling rustls-pki-types v1.14.1
[INFO] [stderr]    Compiling zerovec v0.11.6
[INFO] [stderr]    Compiling tokio v1.52.3
[INFO] [stderr]    Compiling zerotrie v0.2.4
[INFO] [stderr]    Compiling thiserror-impl v2.0.18
[INFO] [stderr]    Compiling http-body v1.0.1
[INFO] [stderr]    Compiling http-body-util v0.1.3
[INFO] [stderr]    Compiling unicase v2.9.0
[INFO] [stderr]    Compiling serde_json v1.0.150
[INFO] [stderr]    Compiling pin-project-internal v1.1.13
[INFO] [stderr]    Compiling tinystr v0.8.3
[INFO] [stderr]    Compiling potential_utf v0.1.5
[INFO] [stderr]    Compiling mime_guess v2.0.5
[INFO] [stderr]    Compiling either v1.16.0
[INFO] [stderr]    Compiling icu_locale_core v2.2.0
[INFO] [stderr]    Compiling icu_collections v2.2.0
[INFO] [stderr]    Compiling cmake v0.1.58
[INFO] [stderr]    Compiling simd-adler32 v0.3.9
[INFO] [stderr]    Compiling rustls-native-certs v0.8.4
[INFO] [stderr]    Compiling miniz_oxide v0.8.9
[INFO] [stderr]    Compiling thiserror v2.0.18
[INFO] [stderr]    Compiling itertools v0.14.0
[INFO] [stderr]    Compiling pin-project v1.1.13
[INFO] [stderr]    Compiling num-conv v0.2.2
[INFO] [stderr]    Compiling time-macros v0.2.27
[INFO] [stderr]    Compiling flate2 v1.1.9
[INFO] [stderr]    Compiling deranged v0.5.8
[INFO] [stderr]    Compiling aws-lc-sys v0.41.0
[INFO] [stderr]    Compiling icu_provider v2.2.0
[INFO] [stderr]    Compiling serde_urlencoded v0.7.1
[INFO] [stderr]    Compiling icu_normalizer v2.2.0
[INFO] [stderr]    Compiling icu_properties v2.2.0
[INFO] [stderr]    Compiling webpki-roots v1.0.7
[INFO] [stderr]    Compiling aho-corasick v1.1.4
[INFO] [stderr]    Compiling regex-syntax v0.8.10
[INFO] [stderr]    Compiling prost-derive v0.14.3
[INFO] [stderr]    Compiling flatbuffers v25.12.19
[INFO] [stderr]    Compiling token-source v1.0.0
[INFO] [stderr]    Compiling anyhow v1.0.102
[INFO] [stderr]    Compiling bigdecimal v0.4.10
[INFO] [stderr]    Compiling gcloud-googleapis v1.3.0
[INFO] [stderr]    Compiling async-stream-impl v0.3.6
[INFO] [stderr]    Compiling urlencoding v2.1.3
[INFO] [stderr]    Compiling fastrand v2.4.1
[INFO] [stderr]    Compiling home v0.5.12
[INFO] [stderr]    Compiling idna_adapter v1.2.2
[INFO] [stderr]    Compiling idna v1.1.0
[INFO] [stderr]    Compiling time v0.3.47
[INFO] [stderr]    Compiling async-stream v0.3.6
[INFO] [stderr]    Compiling url v2.5.8
[INFO] [stderr]    Compiling prost v0.14.3
[INFO] [stderr]    Compiling prost-types v0.14.3
[INFO] [stderr]    Compiling regex-automata v0.4.14
[INFO] [stderr]    Compiling tokio-util v0.7.18
[INFO] [stderr]    Compiling tokio-stream v0.1.18
[INFO] [stderr]    Compiling tokio-retry2 v0.6.2
[INFO] [stderr]    Compiling backon v1.6.0
[INFO] [stderr]    Compiling h2 v0.4.14
[INFO] [stderr]    Compiling tower v0.5.3
[INFO] [stderr]    Compiling half v2.7.1
[INFO] [stderr]    Compiling ahash v0.8.12
[INFO] [stderr]    Compiling arrow-buffer v58.3.0
[INFO] [stderr]    Compiling simple_asn1 v0.6.4
[INFO] [stderr]    Compiling tower-http v0.6.11
[INFO] [stderr]    Compiling arrow-data v58.3.0
[INFO] [stderr]    Compiling arrow-array v58.3.0
[INFO] [stderr]    Compiling regex v1.12.3
[INFO] [stderr]    Compiling hyper v1.10.1
[INFO] [stderr]    Compiling hyper-util v0.1.20
[INFO] [stderr]    Compiling arrow-select v58.3.0
[INFO] [stderr]    Compiling arrow-arith v58.3.0
[INFO] [stderr]    Compiling arrow-row v58.3.0
[INFO] [stderr]    Compiling hyper-timeout v0.5.2
[INFO] [stderr]    Compiling arrow-ord v58.3.0
[INFO] [stderr]    Compiling arrow-ipc v58.3.0
[INFO] [stderr]    Compiling arrow-string v58.3.0
[INFO] [stderr]    Compiling arrow-cast v58.3.0
[INFO] [stderr]    Compiling arrow v58.3.0
[INFO] [stderr]    Compiling rustls-webpki v0.103.13
[INFO] [stderr]    Compiling jsonwebtoken v10.4.0
[INFO] [stderr]    Compiling tokio-rustls v0.26.4
[INFO] [stderr]    Compiling rustls-platform-verifier v0.7.0
[INFO] [stderr]    Compiling hyper-rustls v0.27.9
[INFO] [stderr]    Compiling tonic v0.14.6
[INFO] [stderr]    Compiling reqwest v0.13.4
[INFO] [stderr]    Compiling gcloud-metadata v1.0.2
[INFO] [stderr]    Compiling reqwest-middleware v0.5.2
[INFO] [stderr]    Compiling gcloud-auth v1.3.0
[INFO] [stderr]    Compiling tonic-prost v0.14.6
[INFO] [stderr]    Compiling gcloud-gax v1.4.0
[INFO] [stderr]    Compiling gcloud-bigquery v1.7.0 (/opt/rustwide/workdir)
[INFO] [stderr]     Finished `release` profile [optimized] target(s) in 4m 41s
[INFO] running `Command { std: "docker" "inspect" "7ccdff9e81e9ad965e1c7c16f1885979b0df27169a5a74916167e995cca557f6", kill_on_drop: false }`
[INFO] running `Command { std: "docker" "exec" "-e" "SOURCE_DIR=/opt/rustwide/workdir" "-e" "CARGO_HOME=/opt/rustwide/cargo-home" "-e" "RUSTUP_HOME=/opt/rustwide/rustup-home" "-e" "CARGO_TARGET_DIR=/opt/rustwide/target" "-e" "CARGO_INCREMENTAL=0" "-e" "RUST_BACKTRACE=full" "-e" "RUSTFLAGS=--cap-lints=warn" "-e" "RUSTDOCFLAGS=--cap-lints=warn" "-w" "/opt/rustwide/workdir" "--user" "0:0" "7ccdff9e81e9ad965e1c7c16f1885979b0df27169a5a74916167e995cca557f6" "/opt/rustwide/cargo-home/bin/cargo" "+1.99.0-beta.8" "test" "--frozen" "--no-run" "--message-format=json" "--release", kill_on_drop: false }`
[INFO] [stderr]    Compiling log v0.4.30
[INFO] [stderr]    Compiling tokio v1.52.3
[INFO] [stderr]    Compiling tracing v0.1.44
[INFO] [stderr]    Compiling futures-util v0.3.32
[INFO] [stderr]    Compiling regex-automata v0.4.14
[INFO] [stderr]    Compiling dtor-proc-macro v0.0.6
[INFO] [stderr]    Compiling sharded-slab v0.1.7
[INFO] [stderr]    Compiling serial_test_derive v3.5.0
[INFO] [stderr]    Compiling thread_local v1.1.9
[INFO] [stderr]    Compiling ctor-proc-macro v0.0.6
[INFO] [stderr]    Compiling nu-ansi-term v0.50.3
[INFO] [stderr]    Compiling base64-serde v0.8.0
[INFO] [stderr]    Compiling rustls v0.23.40
[INFO] [stderr]    Compiling tracing-log v0.2.0
[INFO] [stderr]    Compiling dtor v0.1.1
[INFO] [stderr]    Compiling ctor v0.5.0
[INFO] [stderr]    Compiling futures-executor v0.3.32
[INFO] [stderr]    Compiling serial_test v3.5.0
[INFO] [stderr]    Compiling regex v1.12.3
[INFO] [stderr]    Compiling matchers v0.2.0
[INFO] [stderr]    Compiling tracing-subscriber v0.3.23
[INFO] [stderr]    Compiling arrow-string v58.3.0
[INFO] [stderr]    Compiling tokio-util v0.7.18
[INFO] [stderr]    Compiling tokio-rustls v0.26.4
[INFO] [stderr]    Compiling tokio-stream v0.1.18
[INFO] [stderr]    Compiling rustls-platform-verifier v0.7.0
[INFO] [stderr]    Compiling tokio-retry2 v0.6.2
[INFO] [stderr]    Compiling backon v1.6.0
[INFO] [stderr]    Compiling h2 v0.4.14
[INFO] [stderr]    Compiling tower v0.5.3
[INFO] [stderr]    Compiling arrow v58.3.0
[INFO] [stderr]    Compiling tower-http v0.6.11
[INFO] [stderr]    Compiling hyper v1.10.1
[INFO] [stderr]    Compiling hyper-util v0.1.20
[INFO] [stderr]    Compiling hyper-rustls v0.27.9
[INFO] [stderr]    Compiling hyper-timeout v0.5.2
[INFO] [stderr]    Compiling tonic v0.14.6
[INFO] [stderr]    Compiling reqwest v0.13.4
[INFO] [stderr]    Compiling gcloud-metadata v1.0.2
[INFO] [stderr]    Compiling reqwest-middleware v0.5.2
[INFO] [stderr]    Compiling tonic-prost v0.14.6
[INFO] [stderr]    Compiling gcloud-gax v1.4.0
[INFO] [stderr]    Compiling gcloud-auth v1.3.0
[INFO] [stderr]    Compiling gcloud-googleapis v1.3.0
[INFO] [stderr]    Compiling gcloud-bigquery v1.7.0 (/opt/rustwide/workdir)
[INFO] [stderr]     Finished `release` profile [optimized] target(s) in 2m 34s
[INFO] running `Command { std: "docker" "inspect" "7ccdff9e81e9ad965e1c7c16f1885979b0df27169a5a74916167e995cca557f6", kill_on_drop: false }`
[INFO] running `Command { std: "docker" "exec" "-e" "SOURCE_DIR=/opt/rustwide/workdir" "-e" "CARGO_HOME=/opt/rustwide/cargo-home" "-e" "RUSTUP_HOME=/opt/rustwide/rustup-home" "-e" "CARGO_TARGET_DIR=/opt/rustwide/target" "-e" "CARGO_INCREMENTAL=0" "-e" "RUST_BACKTRACE=full" "-e" "RUSTFLAGS=--cap-lints=warn" "-e" "RUSTDOCFLAGS=--cap-lints=warn" "-w" "/opt/rustwide/workdir" "--user" "0:0" "7ccdff9e81e9ad965e1c7c16f1885979b0df27169a5a74916167e995cca557f6" "/opt/rustwide/cargo-home/bin/cargo" "+1.99.0-beta.8" "test" "--frozen" "--release", kill_on_drop: false }`
[INFO] [stderr]     Finished `release` profile [optimized] target(s) in 0.42s
[INFO] [stderr]      Running unittests src/lib.rs (/opt/rustwide/target/release/deps/gcloud_bigquery-816bee575daf13a4)
[INFO] [stdout] 
[INFO] [stdout] running 31 tests
[INFO] [stdout] test client::emulator_tests::test_emulator_use ... ignored
[INFO] [stdout] test http::bigquery_job_client::test::create_job ... FAILED
[INFO] [stdout] test client::tests::test_query_with_parameter ... FAILED
[INFO] [stdout] test client::tests::test_query_table_from_storage ... FAILED
[INFO] [stdout] test client::tests::test_query_from_storage ... FAILED
[INFO] [stdout] test http::bigquery_tabledata_client::test::read_all ... FAILED
[INFO] [stdout] test http::bigquery_job_client::test::create_job_error ... FAILED
[INFO] [stdout] test http::test::test_from_str_vec ... ok
[INFO] [stdout] test http::test::test_from_str_vec_option ... ok
[INFO] [stdout] test storage_write::stream::buffered::tests::test_storage_write ... FAILED
[INFO] [stdout] test client::tests::test_query_job_incomplete_from_storage ... FAILED
[INFO] [stdout] test http::bigquery_dataset_client::test::crud_dataset ... FAILED
[INFO] [stdout] test storage_write::stream::default::tests::test_storage_write_arrow ... FAILED
[INFO] [stdout] test storage_write::stream::pending::tests::test_storage_write ... FAILED
[INFO] [stdout] test http::bigquery_model_client::test::crud_model ... FAILED
[INFO] [stdout] test storage_write::tests::from_record_batch_emits_arrow_rows_and_round_trips ... ok
[INFO] [stdout] test http::bigquery_table_client::test::crud_table ... FAILED
[INFO] [stdout] test client::tests::test_query_from_rest ... FAILED
[INFO] [stdout] test storage_write::stream::pending::tests::test_storage_write_single_stream ... FAILED
[INFO] [stdout] test http::bigquery_row_access_policy_client::test::test_policy ... FAILED
[INFO] [stdout] test client::tests::test_query_table_from_rest ... FAILED
[INFO] [stdout] test http::bigquery_table_client::test::external_table ... FAILED
[INFO] [stdout] test http::bigquery_tabledata_client::test::insert_all ... FAILED
[INFO] [stdout] test http::bigquery_routine_client::test::crud_routine ... FAILED
[INFO] [stdout] test storage_write::stream::committed::tests::test_storage_write ... FAILED
[INFO] [stdout] test storage_write::stream::committed::tests::test_storage_write_single_stream ... FAILED
[INFO] [stdout] test storage_write::stream::buffered::tests::test_storage_write_single_stream ... FAILED
[INFO] [stdout] test storage_write::stream::default::tests::test_storage_write ... FAILED
[INFO] [stdout] test client::tests::test_query_job_incomplete_from_rest ... FAILED
[INFO] [stdout] test http::bigquery_job_client::test::query ... FAILED
[INFO] [stdout] test client::tests::test_read_table ... FAILED
[INFO] [stdout] 
[INFO] [stdout] failures:
[INFO] [stdout] 
[INFO] [stdout] ---- http::bigquery_job_client::test::create_job stdout ----
[INFO] [stdout] 
[INFO] [stdout] thread 'http::bigquery_job_client::test::create_job' (4407) panicked at src/http/bigquery_client.rs:136:14:
[INFO] [stdout] called `Result::unwrap()` on an `Err` value: CredentialsIOError(Os { code: 2, kind: NotFound, message: "No such file or directory" })
[INFO] [stdout] stack backtrace:
[INFO] [stdout]    0:     0x5d7ce6876ff1 - <<std[70759c8f55707aa4]::sys::backtrace::BacktraceLock>::print::DisplayBacktrace as core[df12db4294e9bfd3]::fmt::Display>::fmt
[INFO] [stdout]    1:     0x5d7ce68900ba - core[df12db4294e9bfd3]::fmt::write
[INFO] [stdout]    2:     0x5d7ce687c85c - <alloc[2182bb758b4b3781]::vec::Vec<u8> as core[df12db4294e9bfd3]::io::write::Write>::write_fmt
[INFO] [stdout]    3:     0x5d7ce68515b6 - std[70759c8f55707aa4]::panicking::default_hook::{closure#0}
[INFO] [stdout]    4:     0x5d7ce686e449 - std[70759c8f55707aa4]::panicking::default_hook
[INFO] [stdout]    5:     0x5d7ce61a2270 - test[9d35eded1c95d3be]::test_main_inner::<test[9d35eded1c95d3be]::test_main_static::{closure#0}>::{closure#0}
[INFO] [stdout]    6:     0x5d7ce686e772 - std[70759c8f55707aa4]::panicking::panic_with_hook
[INFO] [stdout]    7:     0x5d7ce6851662 - std[70759c8f55707aa4]::panicking::panic_handler::{closure#0}
[INFO] [stdout]    8:     0x5d7ce6849c99 - std[70759c8f55707aa4]::sys::backtrace::__rust_end_short_backtrace::<std[70759c8f55707aa4]::panicking::panic_handler::{closure#0}, !>
[INFO] [stdout]    9:     0x5d7ce685254d - __rustc[8fa7c3cbc660c2b3]::rust_begin_unwind
[INFO] [stdout]   10:     0x5d7ce689089c - core[df12db4294e9bfd3]::panicking::panic_fmt
[INFO] [stdout]   11:     0x5d7ce6890672 - core[df12db4294e9bfd3]::result::unwrap_failed
[INFO] [stdout]   12:     0x5d7ce5ff3695 - gcloud_bigquery[f49c6983fe043fb5]::http::bigquery_client::test::create_client::{closure#0}
[INFO] [stdout]   13:     0x5d7ce5fd7b33 - gcloud_bigquery[f49c6983fe043fb5]::http::bigquery_job_client::test::create_job::{closure#0}::{closure#0}
[INFO] [stdout]   14:     0x5d7ce60ca62b - <tokio[56a897517c8d3389]::runtime::scheduler::current_thread::CurrentThread>::block_on::<core[df12db4294e9bfd3]::pin::Pin<&mut dyn core[df12db4294e9bfd3]::future::future::Future<Output = ()>>>
[INFO] [stdout]   15:     0x5d7ce613e9a2 - <tokio[56a897517c8d3389]::runtime::runtime::Runtime>::block_on::<core[df12db4294e9bfd3]::pin::Pin<&mut dyn core[df12db4294e9bfd3]::future::future::Future<Output = ()>>>
[INFO] [stdout]   16:     0x5d7ce60052f2 - <gcloud_bigquery[f49c6983fe043fb5]::http::bigquery_job_client::test::create_job::{closure#0} as core[df12db4294e9bfd3]::ops::function::FnOnce<()>>::call_once
[INFO] [stdout]   17:     0x5d7ce63b7c43 - serial_test[c3ca21824f4710f0]::serial_code_lock::local_serial_core
[INFO] [stdout]   18:     0x5d7ce60c3dcd - <gcloud_bigquery[f49c6983fe043fb5]::http::bigquery_job_client::test::create_job::{closure#0} as core[df12db4294e9bfd3]::ops::function::FnOnce<()>>::call_once
[INFO] [stdout]   19:     0x5d7ce619555b - test[9d35eded1c95d3be]::__rust_begin_short_backtrace::<core[df12db4294e9bfd3]::result::Result<(), alloc[2182bb758b4b3781]::string::String>, fn() -> core[df12db4294e9bfd3]::result::Result<(), alloc[2182bb758b4b3781]::string::String>>
[INFO] [stdout]   20:     0x5d7ce61a2bc5 - test[9d35eded1c95d3be]::run_test::{closure#0}
[INFO] [stdout]   21:     0x5d7ce619c484 - std[70759c8f55707aa4]::sys::backtrace::__rust_begin_short_backtrace::<test[9d35eded1c95d3be]::run_test::{closure#1}, ()>
[INFO] [stdout]   22:     0x5d7ce61a5d22 - <std[70759c8f55707aa4]::thread::lifecycle::spawn_unchecked<test[9d35eded1c95d3be]::run_test::{closure#1}, ()>::{closure#1} as core[df12db4294e9bfd3]::ops::function::FnOnce<()>>::call_once::{shim:vtable#0}
[INFO] [stdout]   23:     0x5d7ce68761f9 - <std[70759c8f55707aa4]::sys::thread::unix::Thread>::new::thread_start
[INFO] [stdout]   24:     0x7b83efdb1dfa - <unknown>
[INFO] [stdout]   25:     0x7b83efe453d4 - clone
[INFO] [stdout]   26:                0x0 - <unknown>
[INFO] [stdout] 
[INFO] [stdout] ---- client::tests::test_query_with_parameter stdout ----
[INFO] [stdout] 
[INFO] [stdout] thread 'client::tests::test_query_with_parameter' (4404) panicked at src/client.rs:896:79:
[INFO] [stdout] called `Result::unwrap()` on an `Err` value: CredentialsIOError(Os { code: 2, kind: NotFound, message: "No such file or directory" })
[INFO] [stdout] stack backtrace:
[INFO] [stdout]    0:     0x5d7ce6876ff1 - <<std[70759c8f55707aa4]::sys::backtrace::BacktraceLock>::print::DisplayBacktrace as core[df12db4294e9bfd3]::fmt::Display>::fmt
[INFO] [stdout]    1:     0x5d7ce68900ba - core[df12db4294e9bfd3]::fmt::write
[INFO] [stdout]    2:     0x5d7ce687c85c - <alloc[2182bb758b4b3781]::vec::Vec<u8> as core[df12db4294e9bfd3]::io::write::Write>::write_fmt
[INFO] [stdout]    3:     0x5d7ce68515b6 - std[70759c8f55707aa4]::panicking::default_hook::{closure#0}
[INFO] [stdout]    4:     0x5d7ce686e449 - std[70759c8f55707aa4]::panicking::default_hook
[INFO] [stdout]    5:     0x5d7ce61a2270 - test[9d35eded1c95d3be]::test_main_inner::<test[9d35eded1c95d3be]::test_main_static::{closure#0}>::{closure#0}
[INFO] [stdout]    6:     0x5d7ce686e772 - std[70759c8f55707aa4]::panicking::panic_with_hook
[INFO] [stdout]    7:     0x5d7ce6851662 - std[70759c8f55707aa4]::panicking::panic_handler::{closure#0}
[INFO] [stdout]    8:     0x5d7ce6849c99 - std[70759c8f55707aa4]::sys::backtrace::__rust_end_short_backtrace::<std[70759c8f55707aa4]::panicking::panic_handler::{closure#0}, !>
[INFO] [stdout]    9:     0x5d7ce685254d - __rustc[8fa7c3cbc660c2b3]::rust_begin_unwind
[INFO] [stdout]   10:     0x5d7ce689089c - core[df12db4294e9bfd3]::panicking::panic_fmt
[INFO] [stdout]   11:     0x5d7ce6890672 - core[df12db4294e9bfd3]::result::unwrap_failed
[INFO] [stdout]   12:     0x5d7ce5fb2685 - gcloud_bigquery[f49c6983fe043fb5]::client::tests::create_client::{closure#0}
[INFO] [stdout]   13:     0x5d7ce5f97e43 - gcloud_bigquery[f49c6983fe043fb5]::client::tests::test_query_with_parameter::{closure#0}::{closure#0}
[INFO] [stdout]   14:     0x5d7ce60ca62b - <tokio[56a897517c8d3389]::runtime::scheduler::current_thread::CurrentThread>::block_on::<core[df12db4294e9bfd3]::pin::Pin<&mut dyn core[df12db4294e9bfd3]::future::future::Future<Output = ()>>>
[INFO] [stdout]   15:     0x5d7ce613e9a2 - <tokio[56a897517c8d3389]::runtime::runtime::Runtime>::block_on::<core[df12db4294e9bfd3]::pin::Pin<&mut dyn core[df12db4294e9bfd3]::future::future::Future<Output = ()>>>
[INFO] [stdout]   16:     0x5d7ce5fc1a88 - <gcloud_bigquery[f49c6983fe043fb5]::client::tests::test_query_with_parameter::{closure#0} as core[df12db4294e9bfd3]::ops::function::FnOnce<()>>::call_once
[INFO] [stdout]   17:     0x5d7ce63b7c43 - serial_test[c3ca21824f4710f0]::serial_code_lock::local_serial_core
[INFO] [stdout]   18:     0x5d7ce60c3b4d - <gcloud_bigquery[f49c6983fe043fb5]::client::tests::test_query_with_parameter::{closure#0} as core[df12db4294e9bfd3]::ops::function::FnOnce<()>>::call_once
[INFO] [stdout]   19:     0x5d7ce619555b - test[9d35eded1c95d3be]::__rust_begin_short_backtrace::<core[df12db4294e9bfd3]::result::Result<(), alloc[2182bb758b4b3781]::string::String>, fn() -> core[df12db4294e9bfd3]::result::Result<(), alloc[2182bb758b4b3781]::string::String>>
[INFO] [stdout]   20:     0x5d7ce61a2bc5 - test[9d35eded1c95d3be]::run_test::{closure#0}
[INFO] [stdout]   21:     0x5d7ce619c484 - std[70759c8f55707aa4]::sys::backtrace::__rust_begin_short_backtrace::<test[9d35eded1c95d3be]::run_test::{closure#1}, ()>
[INFO] [stdout]   22:     0x5d7ce61a5d22 - <std[70759c8f55707aa4]::thread::lifecycle::spawn_unchecked<test[9d35eded1c95d3be]::run_test::{closure#1}, ()>::{closure#1} as core[df12db4294e9bfd3]::ops::function::FnOnce<()>>::call_once::{shim:vtable#0}
[INFO] [stdout]   23:     0x5d7ce68761f9 - <std[70759c8f55707aa4]::sys::thread::unix::Thread>::new::thread_start
[INFO] [stdout]   24:     0x7b83efdb1dfa - <unknown>
[INFO] [stdout]   25:     0x7b83efe453d4 - clone
[INFO] [stdout]   26:                0x0 - <unknown>
[INFO] [stdout] 
[INFO] [stdout] ---- client::tests::test_query_table_from_storage stdout ----
[INFO] [stdout] 
[INFO] [stdout] thread 'client::tests::test_query_table_from_storage' (4403) panicked at src/client.rs:896:79:
[INFO] [stdout] called `Result::unwrap()` on an `Err` value: CredentialsIOError(Os { code: 2, kind: NotFound, message: "No such file or directory" })
[INFO] [stdout] stack backtrace:
[INFO] [stdout]    0:     0x5d7ce6876ff1 - <<std[70759c8f55707aa4]::sys::backtrace::BacktraceLock>::print::DisplayBacktrace as core[df12db4294e9bfd3]::fmt::Display>::fmt
[INFO] [stdout]    1:     0x5d7ce68900ba - core[df12db4294e9bfd3]::fmt::write
[INFO] [stdout]    2:     0x5d7ce687c85c - <alloc[2182bb758b4b3781]::vec::Vec<u8> as core[df12db4294e9bfd3]::io::write::Write>::write_fmt
[INFO] [stdout]    3:     0x5d7ce68515b6 - std[70759c8f55707aa4]::panicking::default_hook::{closure#0}
[INFO] [stdout]    4:     0x5d7ce686e449 - std[70759c8f55707aa4]::panicking::default_hook
[INFO] [stdout]    5:     0x5d7ce61a2270 - test[9d35eded1c95d3be]::test_main_inner::<test[9d35eded1c95d3be]::test_main_static::{closure#0}>::{closure#0}
[INFO] [stdout]    6:     0x5d7ce686e772 - std[70759c8f55707aa4]::panicking::panic_with_hook
[INFO] [stdout]    7:     0x5d7ce6851662 - std[70759c8f55707aa4]::panicking::panic_handler::{closure#0}
[INFO] [stdout]    8:     0x5d7ce6849c99 - std[70759c8f55707aa4]::sys::backtrace::__rust_end_short_backtrace::<std[70759c8f55707aa4]::panicking::panic_handler::{closure#0}, !>
[INFO] [stdout]    9:     0x5d7ce685254d - __rustc[8fa7c3cbc660c2b3]::rust_begin_unwind
[INFO] [stdout]   10:     0x5d7ce689089c - core[df12db4294e9bfd3]::panicking::panic_fmt
[INFO] [stdout]   11:     0x5d7ce6890672 - core[df12db4294e9bfd3]::result::unwrap_failed
[INFO] [stdout]   12:     0x5d7ce5fb2685 - gcloud_bigquery[f49c6983fe043fb5]::client::tests::create_client::{closure#0}
[INFO] [stdout]   13:     0x5d7ce5fb3046 - gcloud_bigquery[f49c6983fe043fb5]::client::tests::test_query_table::{closure#0}
[INFO] [stdout]   14:     0x5d7ce5f99628 - gcloud_bigquery[f49c6983fe043fb5]::client::tests::test_query_table_from_storage::{closure#0}::{closure#0}
[INFO] [stdout]   15:     0x5d7ce60d2e3d - tokio[56a897517c8d3389]::runtime::context::runtime::enter_runtime::<<tokio[56a897517c8d3389]::runtime::scheduler::multi_thread::MultiThread>::block_on<core[df12db4294e9bfd3]::pin::Pin<&mut dyn core[df12db4294e9bfd3]::future::future::Future<Output = ()>>>::{closure#0}, ()>
[INFO] [stdout]   16:     0x5d7ce613e987 - <tokio[56a897517c8d3389]::runtime::runtime::Runtime>::block_on::<core[df12db4294e9bfd3]::pin::Pin<&mut dyn core[df12db4294e9bfd3]::future::future::Future<Output = ()>>>
[INFO] [stdout]   17:     0x5d7ce5fc1d98 - <gcloud_bigquery[f49c6983fe043fb5]::client::tests::test_query_table_from_storage::{closure#0} as core[df12db4294e9bfd3]::ops::function::FnOnce<()>>::call_once
[INFO] [stdout]   18:     0x5d7ce63b7c43 - serial_test[c3ca21824f4710f0]::serial_code_lock::local_serial_core
[INFO] [stdout]   19:     0x5d7ce60c3c4d - <gcloud_bigquery[f49c6983fe043fb5]::client::tests::test_query_table_from_storage::{closure#0} as core[df12db4294e9bfd3]::ops::function::FnOnce<()>>::call_once
[INFO] [stdout]   20:     0x5d7ce619555b - test[9d35eded1c95d3be]::__rust_begin_short_backtrace::<core[df12db4294e9bfd3]::result::Result<(), alloc[2182bb758b4b3781]::string::String>, fn() -> core[df12db4294e9bfd3]::result::Result<(), alloc[2182bb758b4b3781]::string::String>>
[INFO] [stdout]   21:     0x5d7ce61a2bc5 - test[9d35eded1c95d3be]::run_test::{closure#0}
[INFO] [stdout]   22:     0x5d7ce619c484 - std[70759c8f55707aa4]::sys::backtrace::__rust_begin_short_backtrace::<test[9d35eded1c95d3be]::run_test::{closure#1}, ()>
[INFO] [stdout]   23:     0x5d7ce61a5d22 - <std[70759c8f55707aa4]::thread::lifecycle::spawn_unchecked<test[9d35eded1c95d3be]::run_test::{closure#1}, ()>::{closure#1} as core[df12db4294e9bfd3]::ops::function::FnOnce<()>>::call_once::{shim:vtable#0}
[INFO] [stdout]   24:     0x5d7ce68761f9 - <std[70759c8f55707aa4]::sys::thread::unix::Thread>::new::thread_start
[INFO] [stdout]   25:     0x7b83efdb1dfa - <unknown>
[INFO] [stdout]   26:     0x7b83efe453d4 - clone
[INFO] [stdout]   27:                0x0 - <unknown>
[INFO] [stdout] 
[INFO] [stdout] ---- client::tests::test_query_from_storage stdout ----
[INFO] [stdout] 
[INFO] [stdout] thread 'client::tests::test_query_from_storage' (4399) panicked at src/client.rs:896:79:
[INFO] [stdout] called `Result::unwrap()` on an `Err` value: CredentialsIOError(Os { code: 2, kind: NotFound, message: "No such file or directory" })
[INFO] [stdout] stack backtrace:
[INFO] [stdout]    0:     0x5d7ce6876ff1 - <<std[70759c8f55707aa4]::sys::backtrace::BacktraceLock>::print::DisplayBacktrace as core[df12db4294e9bfd3]::fmt::Display>::fmt
[INFO] [stdout]    1:     0x5d7ce68900ba - core[df12db4294e9bfd3]::fmt::write
[INFO] [stdout]    2:     0x5d7ce687c85c - <alloc[2182bb758b4b3781]::vec::Vec<u8> as core[df12db4294e9bfd3]::io::write::Write>::write_fmt
[INFO] [stdout]    3:     0x5d7ce68515b6 - std[70759c8f55707aa4]::panicking::default_hook::{closure#0}
[INFO] [stdout]    4:     0x5d7ce686e449 - std[70759c8f55707aa4]::panicking::default_hook
[INFO] [stdout]    5:     0x5d7ce61a2270 - test[9d35eded1c95d3be]::test_main_inner::<test[9d35eded1c95d3be]::test_main_static::{closure#0}>::{closure#0}
[INFO] [stdout]    6:     0x5d7ce686e772 - std[70759c8f55707aa4]::panicking::panic_with_hook
[INFO] [stdout]    7:     0x5d7ce6851662 - std[70759c8f55707aa4]::panicking::panic_handler::{closure#0}
[INFO] [stdout]    8:     0x5d7ce6849c99 - std[70759c8f55707aa4]::sys::backtrace::__rust_end_short_backtrace::<std[70759c8f55707aa4]::panicking::panic_handler::{closure#0}, !>
[INFO] [stdout]    9:     0x5d7ce685254d - __rustc[8fa7c3cbc660c2b3]::rust_begin_unwind
[INFO] [stdout]   10:     0x5d7ce689089c - core[df12db4294e9bfd3]::panicking::panic_fmt
[INFO] [stdout]   11:     0x5d7ce6890672 - core[df12db4294e9bfd3]::result::unwrap_failed
[INFO] [stdout]   12:     0x5d7ce5fb2685 - gcloud_bigquery[f49c6983fe043fb5]::client::tests::create_client::{closure#0}
[INFO] [stdout]   13:     0x5d7ce5fac1bb - gcloud_bigquery[f49c6983fe043fb5]::client::tests::test_query::{closure#0}
[INFO] [stdout]   14:     0x5d7ce5f977f8 - gcloud_bigquery[f49c6983fe043fb5]::client::tests::test_query_from_storage::{closure#0}::{closure#0}
[INFO] [stdout]   15:     0x5d7ce60ca62b - <tokio[56a897517c8d3389]::runtime::scheduler::current_thread::CurrentThread>::block_on::<core[df12db4294e9bfd3]::pin::Pin<&mut dyn core[df12db4294e9bfd3]::future::future::Future<Output = ()>>>
[INFO] [stdout]   16:     0x5d7ce613e9a2 - <tokio[56a897517c8d3389]::runtime::runtime::Runtime>::block_on::<core[df12db4294e9bfd3]::pin::Pin<&mut dyn core[df12db4294e9bfd3]::future::future::Future<Output = ()>>>
[INFO] [stdout]   17:     0x5d7ce5fc18f8 - <gcloud_bigquery[f49c6983fe043fb5]::client::tests::test_query_from_storage::{closure#0} as core[df12db4294e9bfd3]::ops::function::FnOnce<()>>::call_once
[INFO] [stdout]   18:     0x5d7ce63b7c43 - serial_test[c3ca21824f4710f0]::serial_code_lock::local_serial_core
[INFO] [stdout]   19:     0x5d7ce60c3acd - <gcloud_bigquery[f49c6983fe043fb5]::client::tests::test_query_from_storage::{closure#0} as core[df12db4294e9bfd3]::ops::function::FnOnce<()>>::call_once
[INFO] [stdout]   20:     0x5d7ce619555b - test[9d35eded1c95d3be]::__rust_begin_short_backtrace::<core[df12db4294e9bfd3]::result::Result<(), alloc[2182bb758b4b3781]::string::String>, fn() -> core[df12db4294e9bfd3]::result::Result<(), alloc[2182bb758b4b3781]::string::String>>
[INFO] [stdout]   21:     0x5d7ce61a2bc5 - test[9d35eded1c95d3be]::run_test::{closure#0}
[INFO] [stdout]   22:     0x5d7ce619c484 - std[70759c8f55707aa4]::sys::backtrace::__rust_begin_short_backtrace::<test[9d35eded1c95d3be]::run_test::{closure#1}, ()>
[INFO] [stdout]   23:     0x5d7ce61a5d22 - <std[70759c8f55707aa4]::thread::lifecycle::spawn_unchecked<test[9d35eded1c95d3be]::run_test::{closure#1}, ()>::{closure#1} as core[df12db4294e9bfd3]::ops::function::FnOnce<()>>::call_once::{shim:vtable#0}
[INFO] [stdout]   24:     0x5d7ce68761f9 - <std[70759c8f55707aa4]::sys::thread::unix::Thread>::new::thread_start
[INFO] [stdout]   25:     0x7b83efdb1dfa - <unknown>
[INFO] [stdout]   26:     0x7b83efe453d4 - clone
[INFO] [stdout]   27:                0x0 - <unknown>
[INFO] [stdout] 
[INFO] [stdout] ---- http::bigquery_tabledata_client::test::read_all stdout ----
[INFO] [stdout] 
[INFO] [stdout] thread 'http::bigquery_tabledata_client::test::read_all' (4436) panicked at src/http/bigquery_client.rs:136:14:
[INFO] [stdout] called `Result::unwrap()` on an `Err` value: CredentialsIOError(Os { code: 2, kind: NotFound, message: "No such file or directory" })
[INFO] [stdout] stack backtrace:
[INFO] [stdout]    0:     0x5d7ce6876ff1 - <<std[70759c8f55707aa4]::sys::backtrace::BacktraceLock>::print::DisplayBacktrace as core[df12db4294e9bfd3]::fmt::Display>::fmt
[INFO] [stdout]    1:     0x5d7ce68900ba - core[df12db4294e9bfd3]::fmt::write
[INFO] [stdout]    2:     0x5d7ce687c85c - <alloc[2182bb758b4b3781]::vec::Vec<u8> as core[df12db4294e9bfd3]::io::write::Write>::write_fmt
[INFO] [stdout]    3:     0x5d7ce68515b6 - std[70759c8f55707aa4]::panicking::default_hook::{closure#0}
[INFO] [stdout]    4:     0x5d7ce686e449 - std[70759c8f55707aa4]::panicking::default_hook
[INFO] [stdout]    5:     0x5d7ce61a2270 - test[9d35eded1c95d3be]::test_main_inner::<test[9d35eded1c95d3be]::test_main_static::{closure#0}>::{closure#0}
[INFO] [stdout]    6:     0x5d7ce686e772 - std[70759c8f55707aa4]::panicking::panic_with_hook
[INFO] [stdout]    7:     0x5d7ce6851662 - std[70759c8f55707aa4]::panicking::panic_handler::{closure#0}
[INFO] [stdout]    8:     0x5d7ce6849c99 - std[70759c8f55707aa4]::sys::backtrace::__rust_end_short_backtrace::<std[70759c8f55707aa4]::panicking::panic_handler::{closure#0}, !>
[INFO] [stdout]    9:     0x5d7ce685254d - __rustc[8fa7c3cbc660c2b3]::rust_begin_unwind
[INFO] [stdout]   10:     0x5d7ce689089c - core[df12db4294e9bfd3]::panicking::panic_fmt
[INFO] [stdout]   11:     0x5d7ce6890672 - core[df12db4294e9bfd3]::result::unwrap_failed
[INFO] [stdout]   12:     0x5d7ce61306da - gcloud_bigquery[f49c6983fe043fb5]::http::bigquery_client::test::create_client::{closure#0}
[INFO] [stdout]   13:     0x5d7ce611e19d - gcloud_bigquery[f49c6983fe043fb5]::http::bigquery_tabledata_client::test::read_all::{closure#0}::{closure#0}
[INFO] [stdout]   14:     0x5d7ce60ca62b - <tokio[56a897517c8d3389]::runtime::scheduler::current_thread::CurrentThread>::block_on::<core[df12db4294e9bfd3]::pin::Pin<&mut dyn core[df12db4294e9bfd3]::future::future::Future<Output = ()>>>
[INFO] [stdout]   15:     0x5d7ce613e9a2 - <tokio[56a897517c8d3389]::runtime::runtime::Runtime>::block_on::<core[df12db4294e9bfd3]::pin::Pin<&mut dyn core[df12db4294e9bfd3]::future::future::Future<Output = ()>>>
[INFO] [stdout]   16:     0x5d7ce613ce3b - <gcloud_bigquery[f49c6983fe043fb5]::http::bigquery_tabledata_client::test::read_all::{closure#0} as core[df12db4294e9bfd3]::ops::function::FnOnce<()>>::call_once
[INFO] [stdout]   17:     0x5d7ce63b7c43 - serial_test[c3ca21824f4710f0]::serial_code_lock::local_serial_core
[INFO] [stdout]   18:     0x5d7ce60c424d - <gcloud_bigquery[f49c6983fe043fb5]::http::bigquery_tabledata_client::test::read_all::{closure#0} as core[df12db4294e9bfd3]::ops::function::FnOnce<()>>::call_once
[INFO] [stdout]   19:     0x5d7ce619555b - test[9d35eded1c95d3be]::__rust_begin_short_backtrace::<core[df12db4294e9bfd3]::result::Result<(), alloc[2182bb758b4b3781]::string::String>, fn() -> core[df12db4294e9bfd3]::result::Result<(), alloc[2182bb758b4b3781]::string::String>>
[INFO] [stdout]   20:     0x5d7ce61a2bc5 - test[9d35eded1c95d3be]::run_test::{closure#0}
[INFO] [stdout]   21:     0x5d7ce619c484 - std[70759c8f55707aa4]::sys::backtrace::__rust_begin_short_backtrace::<test[9d35eded1c95d3be]::run_test::{closure#1}, ()>
[INFO] [stdout]   22:     0x5d7ce61a5d22 - <std[70759c8f55707aa4]::thread::lifecycle::spawn_unchecked<test[9d35eded1c95d3be]::run_test::{closure#1}, ()>::{closure#1} as core[df12db4294e9bfd3]::ops::function::FnOnce<()>>::call_once::{shim:vtable#0}
[INFO] [stdout]   23:     0x5d7ce68761f9 - <std[70759c8f55707aa4]::sys::thread::unix::Thread>::new::thread_start
[INFO] [stdout]   24:     0x7b83efdb1dfa - <unknown>
[INFO] [stdout]   25:     0x7b83efe453d4 - clone
[INFO] [stdout]   26:                0x0 - <unknown>
[INFO] [stdout] 
[INFO] [stdout] ---- http::bigquery_job_client::test::create_job_error stdout ----
[INFO] [stdout] 
[INFO] [stdout] thread 'http::bigquery_job_client::test::create_job_error' (4408) panicked at src/http/bigquery_client.rs:136:14:
[INFO] [stdout] called `Result::unwrap()` on an `Err` value: CredentialsIOError(Os { code: 2, kind: NotFound, message: "No such file or directory" })
[INFO] [stdout] stack backtrace:
[INFO] [stdout]    0:     0x5d7ce6876ff1 - <<std[70759c8f55707aa4]::sys::backtrace::BacktraceLock>::print::DisplayBacktrace as core[df12db4294e9bfd3]::fmt::Display>::fmt
[INFO] [stdout]    1:     0x5d7ce68900ba - core[df12db4294e9bfd3]::fmt::write
[INFO] [stdout]    2:     0x5d7ce687c85c - <alloc[2182bb758b4b3781]::vec::Vec<u8> as core[df12db4294e9bfd3]::io::write::Write>::write_fmt
[INFO] [stdout]    3:     0x5d7ce68515b6 - std[70759c8f55707aa4]::panicking::default_hook::{closure#0}
[INFO] [stdout]    4:     0x5d7ce686e449 - std[70759c8f55707aa4]::panicking::default_hook
[INFO] [stdout]    5:     0x5d7ce61a2270 - test[9d35eded1c95d3be]::test_main_inner::<test[9d35eded1c95d3be]::test_main_static::{closure#0}>::{closure#0}
[INFO] [stdout]    6:     0x5d7ce686e772 - std[70759c8f55707aa4]::panicking::panic_with_hook
[INFO] [stdout]    7:     0x5d7ce6851662 - std[70759c8f55707aa4]::panicking::panic_handler::{closure#0}
[INFO] [stdout]    8:     0x5d7ce6849c99 - std[70759c8f55707aa4]::sys::backtrace::__rust_end_short_backtrace::<std[70759c8f55707aa4]::panicking::panic_handler::{closure#0}, !>
[INFO] [stdout]    9:     0x5d7ce685254d - __rustc[8fa7c3cbc660c2b3]::rust_begin_unwind
[INFO] [stdout]   10:     0x5d7ce689089c - core[df12db4294e9bfd3]::panicking::panic_fmt
[INFO] [stdout]   11:     0x5d7ce6890672 - core[df12db4294e9bfd3]::result::unwrap_failed
[INFO] [stdout]   12:     0x5d7ce5ff3695 - gcloud_bigquery[f49c6983fe043fb5]::http::bigquery_client::test::create_client::{closure#0}
[INFO] [stdout]   13:     0x5d7ce5fded4a - gcloud_bigquery[f49c6983fe043fb5]::http::bigquery_job_client::test::create_job_error::{closure#0}::{closure#0}
[INFO] [stdout]   14:     0x5d7ce60ca62b - <tokio[56a897517c8d3389]::runtime::scheduler::current_thread::CurrentThread>::block_on::<core[df12db4294e9bfd3]::pin::Pin<&mut dyn core[df12db4294e9bfd3]::future::future::Future<Output = ()>>>
[INFO] [stdout]   15:     0x5d7ce613e9a2 - <tokio[56a897517c8d3389]::runtime::runtime::Runtime>::block_on::<core[df12db4294e9bfd3]::pin::Pin<&mut dyn core[df12db4294e9bfd3]::future::future::Future<Output = ()>>>
[INFO] [stdout]   16:     0x5d7ce600544a - <gcloud_bigquery[f49c6983fe043fb5]::http::bigquery_job_client::test::create_job_error::{closure#0} as core[df12db4294e9bfd3]::ops::function::FnOnce<()>>::call_once
[INFO] [stdout]   17:     0x5d7ce63b7c43 - serial_test[c3ca21824f4710f0]::serial_code_lock::local_serial_core
[INFO] [stdout]   18:     0x5d7ce60c3e4d - <gcloud_bigquery[f49c6983fe043fb5]::http::bigquery_job_client::test::create_job_error::{closure#0} as core[df12db4294e9bfd3]::ops::function::FnOnce<()>>::call_once
[INFO] [stdout]   19:     0x5d7ce619555b - test[9d35eded1c95d3be]::__rust_begin_short_backtrace::<core[df12db4294e9bfd3]::result::Result<(), alloc[2182bb758b4b3781]::string::String>, fn() -> core[df12db4294e9bfd3]::result::Result<(), alloc[2182bb758b4b3781]::string::String>>
[INFO] [stdout]   20:     0x5d7ce61a2bc5 - test[9d35eded1c95d3be]::run_test::{closure#0}
[INFO] [stdout]   21:     0x5d7ce619c484 - std[70759c8f55707aa4]::sys::backtrace::__rust_begin_short_backtrace::<test[9d35eded1c95d3be]::run_test::{closure#1}, ()>
[INFO] [stdout]   22:     0x5d7ce61a5d22 - <std[70759c8f55707aa4]::thread::lifecycle::spawn_unchecked<test[9d35eded1c95d3be]::run_test::{closure#1}, ()>::{closure#1} as core[df12db4294e9bfd3]::ops::function::FnOnce<()>>::call_once::{shim:vtable#0}
[INFO] [stdout]   23:     0x5d7ce68761f9 - <std[70759c8f55707aa4]::sys::thread::unix::Thread>::new::thread_start
[INFO] [stdout]   24:     0x7b83efdb1dfa - <unknown>
[INFO] [stdout]   25:     0x7b83efe453d4 - clone
[INFO] [stdout]   26:                0x0 - <unknown>
[INFO] [stdout] 
[INFO] [stdout] ---- storage_write::stream::buffered::tests::test_storage_write stdout ----
[INFO] [stdout] 
[INFO] [stdout] thread 'storage_write::stream::buffered::tests::test_storage_write' (4441) panicked at src/storage_write/stream/buffered.rs:88:72:
[INFO] [stdout] called `Result::unwrap()` on an `Err` value: CredentialsIOError(Os { code: 2, kind: NotFound, message: "No such file or directory" })
[INFO] [stdout] stack backtrace:
[INFO] [stdout]    0:     0x5d7ce6876ff1 - <<std[70759c8f55707aa4]::sys::backtrace::BacktraceLock>::print::DisplayBacktrace as core[df12db4294e9bfd3]::fmt::Display>::fmt
[INFO] [stdout]    1:     0x5d7ce68900ba - core[df12db4294e9bfd3]::fmt::write
[INFO] [stdout]    2:     0x5d7ce687c85c - <alloc[2182bb758b4b3781]::vec::Vec<u8> as core[df12db4294e9bfd3]::io::write::Write>::write_fmt
[INFO] [stdout]    3:     0x5d7ce68515b6 - std[70759c8f55707aa4]::panicking::default_hook::{closure#0}
[INFO] [stdout]    4:     0x5d7ce686e449 - std[70759c8f55707aa4]::panicking::default_hook
[INFO] [stdout]    5:     0x5d7ce61a2270 - test[9d35eded1c95d3be]::test_main_inner::<test[9d35eded1c95d3be]::test_main_static::{closure#0}>::{closure#0}
[INFO] [stdout]    6:     0x5d7ce686e772 - std[70759c8f55707aa4]::panicking::panic_with_hook
[INFO] [stdout]    7:     0x5d7ce6851662 - std[70759c8f55707aa4]::panicking::panic_handler::{closure#0}
[INFO] [stdout]    8:     0x5d7ce6849c99 - std[70759c8f55707aa4]::sys::backtrace::__rust_end_short_backtrace::<std[70759c8f55707aa4]::panicking::panic_handler::{closure#0}, !>
[INFO] [stdout]    9:     0x5d7ce685254d - __rustc[8fa7c3cbc660c2b3]::rust_begin_unwind
[INFO] [stdout]   10:     0x5d7ce689089c - core[df12db4294e9bfd3]::panicking::panic_fmt
[INFO] [stdout]   11:     0x5d7ce6890672 - core[df12db4294e9bfd3]::result::unwrap_failed
[INFO] [stdout]   12:     0x5d7ce608cde1 - gcloud_bigquery[f49c6983fe043fb5]::storage_write::stream::buffered::tests::test_storage_write::{closure#0}
[INFO] [stdout]   13:     0x5d7ce60ca62b - <tokio[56a897517c8d3389]::runtime::scheduler::current_thread::CurrentThread>::block_on::<core[df12db4294e9bfd3]::pin::Pin<&mut dyn core[df12db4294e9bfd3]::future::future::Future<Output = ()>>>
[INFO] [stdout]   14:     0x5d7ce613e9a2 - <tokio[56a897517c8d3389]::runtime::runtime::Runtime>::block_on::<core[df12db4294e9bfd3]::pin::Pin<&mut dyn core[df12db4294e9bfd3]::future::future::Future<Output = ()>>>
[INFO] [stdout]   15:     0x5d7ce60959ba - gcloud_bigquery[f49c6983fe043fb5]::storage_write::stream::buffered::tests::test_storage_write
[INFO] [stdout]   16:     0x5d7ce60c4379 - <gcloud_bigquery[f49c6983fe043fb5]::storage_write::stream::buffered::tests::test_storage_write::{closure#0} as core[df12db4294e9bfd3]::ops::function::FnOnce<()>>::call_once
[INFO] [stdout]   17:     0x5d7ce619555b - test[9d35eded1c95d3be]::__rust_begin_short_backtrace::<core[df12db4294e9bfd3]::result::Result<(), alloc[2182bb758b4b3781]::string::String>, fn() -> core[df12db4294e9bfd3]::result::Result<(), alloc[2182bb758b4b3781]::string::String>>
[INFO] [stdout]   18:     0x5d7ce61a2bc5 - test[9d35eded1c95d3be]::run_test::{closure#0}
[INFO] [stdout]   19:     0x5d7ce619c484 - std[70759c8f55707aa4]::sys::backtrace::__rust_begin_short_backtrace::<test[9d35eded1c95d3be]::run_test::{closure#1}, ()>
[INFO] [stdout]   20:     0x5d7ce61a5d22 - <std[70759c8f55707aa4]::thread::lifecycle::spawn_unchecked<test[9d35eded1c95d3be]::run_test::{closure#1}, ()>::{closure#1} as core[df12db4294e9bfd3]::ops::function::FnOnce<()>>::call_once::{shim:vtable#0}
[INFO] [stdout]   21:     0x5d7ce68761f9 - <std[70759c8f55707aa4]::sys::thread::unix::Thread>::new::thread_start
[INFO] [stdout]   22:     0x7b83efdb1dfa - <unknown>
[INFO] [stdout]   23:     0x7b83efe453d4 - clone
[INFO] [stdout]   24:                0x0 - <unknown>
[INFO] [stdout] 
[INFO] [stdout] ---- client::tests::test_query_job_incomplete_from_storage stdout ----
[INFO] [stdout] 
[INFO] [stdout] thread 'client::tests::test_query_job_incomplete_from_storage' (4401) panicked at src/client.rs:896:79:
[INFO] [stdout] called `Result::unwrap()` on an `Err` value: CredentialsIOError(Os { code: 2, kind: NotFound, message: "No such file or directory" })
[INFO] [stdout] stack backtrace:
[INFO] [stdout]    0:     0x5d7ce6876ff1 - <<std[70759c8f55707aa4]::sys::backtrace::BacktraceLock>::print::DisplayBacktrace as core[df12db4294e9bfd3]::fmt::Display>::fmt
[INFO] [stdout]    1:     0x5d7ce68900ba - core[df12db4294e9bfd3]::fmt::write
[INFO] [stdout]    2:     0x5d7ce687c85c - <alloc[2182bb758b4b3781]::vec::Vec<u8> as core[df12db4294e9bfd3]::io::write::Write>::write_fmt
[INFO] [stdout]    3:     0x5d7ce68515b6 - std[70759c8f55707aa4]::panicking::default_hook::{closure#0}
[INFO] [stdout]    4:     0x5d7ce686e449 - std[70759c8f55707aa4]::panicking::default_hook
[INFO] [stdout]    5:     0x5d7ce61a2270 - test[9d35eded1c95d3be]::test_main_inner::<test[9d35eded1c95d3be]::test_main_static::{closure#0}>::{closure#0}
[INFO] [stdout]    6:     0x5d7ce686e772 - std[70759c8f55707aa4]::panicking::panic_with_hook
[INFO] [stdout]    7:     0x5d7ce6851662 - std[70759c8f55707aa4]::panicking::panic_handler::{closure#0}
[INFO] [stdout]    8:     0x5d7ce6849c99 - std[70759c8f55707aa4]::sys::backtrace::__rust_end_short_backtrace::<std[70759c8f55707aa4]::panicking::panic_handler::{closure#0}, !>
[INFO] [stdout]    9:     0x5d7ce685254d - __rustc[8fa7c3cbc660c2b3]::rust_begin_unwind
[INFO] [stdout]   10:     0x5d7ce689089c - core[df12db4294e9bfd3]::panicking::panic_fmt
[INFO] [stdout]   11:     0x5d7ce6890672 - core[df12db4294e9bfd3]::result::unwrap_failed
[INFO] [stdout]   12:     0x5d7ce5fb2685 - gcloud_bigquery[f49c6983fe043fb5]::client::tests::create_client::{closure#0}
[INFO] [stdout]   13:     0x5d7ce5fb9dc3 - gcloud_bigquery[f49c6983fe043fb5]::client::tests::test_query_job_incomplete::{closure#0}
[INFO] [stdout]   14:     0x5d7ce5f99828 - gcloud_bigquery[f49c6983fe043fb5]::client::tests::test_query_job_incomplete_from_storage::{closure#0}::{closure#0}
[INFO] [stdout]   15:     0x5d7ce60d2e3d - tokio[56a897517c8d3389]::runtime::context::runtime::enter_runtime::<<tokio[56a897517c8d3389]::runtime::scheduler::multi_thread::MultiThread>::block_on<core[df12db4294e9bfd3]::pin::Pin<&mut dyn core[df12db4294e9bfd3]::future::future::Future<Output = ()>>>::{closure#0}, ()>
[INFO] [stdout]   16:     0x5d7ce613e987 - <tokio[56a897517c8d3389]::runtime::runtime::Runtime>::block_on::<core[df12db4294e9bfd3]::pin::Pin<&mut dyn core[df12db4294e9bfd3]::future::future::Future<Output = ()>>>
[INFO] [stdout]   17:     0x5d7ce5fc20b8 - <gcloud_bigquery[f49c6983fe043fb5]::client::tests::test_query_job_incomplete_from_storage::{closure#0} as core[df12db4294e9bfd3]::ops::function::FnOnce<()>>::call_once
[INFO] [stdout]   18:     0x5d7ce63b7c43 - serial_test[c3ca21824f4710f0]::serial_code_lock::local_serial_core
[INFO] [stdout]   19:     0x5d7ce60c3d4d - <gcloud_bigquery[f49c6983fe043fb5]::client::tests::test_query_job_incomplete_from_storage::{closure#0} as core[df12db4294e9bfd3]::ops::function::FnOnce<()>>::call_once
[INFO] [stdout]   20:     0x5d7ce619555b - test[9d35eded1c95d3be]::__rust_begin_short_backtrace::<core[df12db4294e9bfd3]::result::Result<(), alloc[2182bb758b4b3781]::string::String>, fn() -> core[df12db4294e9bfd3]::result::Result<(), alloc[2182bb758b4b3781]::string::String>>
[INFO] [stdout]   21:     0x5d7ce61a2bc5 - test[9d35eded1c95d3be]::run_test::{closure#0}
[INFO] [stdout]   22:     0x5d7ce619c484 - std[70759c8f55707aa4]::sys::backtrace::__rust_begin_short_backtrace::<test[9d35eded1c95d3be]::run_test::{closure#1}, ()>
[INFO] [stdout]   23:     0x5d7ce61a5d22 - <std[70759c8f55707aa4]::thread::lifecycle::spawn_unchecked<test[9d35eded1c95d3be]::run_test::{closure#1}, ()>::{closure#1} as core[df12db4294e9bfd3]::ops::function::FnOnce<()>>::call_once::{shim:vtable#0}
[INFO] [stdout]   24:     0x5d7ce68761f9 - <std[70759c8f55707aa4]::sys::thread::unix::Thread>::new::thread_start
[INFO] [stdout]   25:     0x7b83efdb1dfa - <unknown>
[INFO] [stdout]   26:     0x7b83efe453d4 - clone
[INFO] [stdout]   27:                0x0 - <unknown>
[INFO] [stdout] 
[INFO] [stdout] ---- http::bigquery_dataset_client::test::crud_dataset stdout ----
[INFO] [stdout] 
[INFO] [stdout] thread 'http::bigquery_dataset_client::test::crud_dataset' (4406) panicked at src/http/bigquery_client.rs:136:14:
[INFO] [stdout] called `Result::unwrap()` on an `Err` value: CredentialsIOError(Os { code: 2, kind: NotFound, message: "No such file or directory" })
[INFO] [stdout] stack backtrace:
[INFO] [stdout]    0:     0x5d7ce6876ff1 - <<std[70759c8f55707aa4]::sys::backtrace::BacktraceLock>::print::DisplayBacktrace as core[df12db4294e9bfd3]::fmt::Display>::fmt
[INFO] [stdout]    1:     0x5d7ce68900ba - core[df12db4294e9bfd3]::fmt::write
[INFO] [stdout]    2:     0x5d7ce687c85c - <alloc[2182bb758b4b3781]::vec::Vec<u8> as core[df12db4294e9bfd3]::io::write::Write>::write_fmt
[INFO] [stdout]    3:     0x5d7ce68515b6 - std[70759c8f55707aa4]::panicking::default_hook::{closure#0}
[INFO] [stdout]    4:     0x5d7ce686e449 - std[70759c8f55707aa4]::panicking::default_hook
[INFO] [stdout]    5:     0x5d7ce61a2270 - test[9d35eded1c95d3be]::test_main_inner::<test[9d35eded1c95d3be]::test_main_static::{closure#0}>::{closure#0}
[INFO] [stdout]    6:     0x5d7ce686e772 - std[70759c8f55707aa4]::panicking::panic_with_hook
[INFO] [stdout]    7:     0x5d7ce6851662 - std[70759c8f55707aa4]::panicking::panic_handler::{closure#0}
[INFO] [stdout]    8:     0x5d7ce6849c99 - std[70759c8f55707aa4]::sys::backtrace::__rust_end_short_backtrace::<std[70759c8f55707aa4]::panicking::panic_handler::{closure#0}, !>
[INFO] [stdout]    9:     0x5d7ce685254d - __rustc[8fa7c3cbc660c2b3]::rust_begin_unwind
[INFO] [stdout]   10:     0x5d7ce689089c - core[df12db4294e9bfd3]::panicking::panic_fmt
[INFO] [stdout]   11:     0x5d7ce6890672 - core[df12db4294e9bfd3]::result::unwrap_failed
[INFO] [stdout]   12:     0x5d7ce5ff3695 - gcloud_bigquery[f49c6983fe043fb5]::http::bigquery_client::test::create_client::{closure#0}
[INFO] [stdout]   13:     0x5d7ce5fe69e3 - gcloud_bigquery[f49c6983fe043fb5]::http::bigquery_dataset_client::test::crud_dataset::{closure#0}::{closure#0}
[INFO] [stdout]   14:     0x5d7ce60ca62b - <tokio[56a897517c8d3389]::runtime::scheduler::current_thread::CurrentThread>::block_on::<core[df12db4294e9bfd3]::pin::Pin<&mut dyn core[df12db4294e9bfd3]::future::future::Future<Output = ()>>>
[INFO] [stdout]   15:     0x5d7ce613e9a2 - <tokio[56a897517c8d3389]::runtime::runtime::Runtime>::block_on::<core[df12db4294e9bfd3]::pin::Pin<&mut dyn core[df12db4294e9bfd3]::future::future::Future<Output = ()>>>
[INFO] [stdout]   16:     0x5d7ce600570a - <gcloud_bigquery[f49c6983fe043fb5]::http::bigquery_dataset_client::test::crud_dataset::{closure#0} as core[df12db4294e9bfd3]::ops::function::FnOnce<()>>::call_once
[INFO] [stdout]   17:     0x5d7ce63b7c43 - serial_test[c3ca21824f4710f0]::serial_code_lock::local_serial_core
[INFO] [stdout]   18:     0x5d7ce60c40cd - <gcloud_bigquery[f49c6983fe043fb5]::http::bigquery_dataset_client::test::crud_dataset::{closure#0} as core[df12db4294e9bfd3]::ops::function::FnOnce<()>>::call_once
[INFO] [stdout]   19:     0x5d7ce619555b - test[9d35eded1c95d3be]::__rust_begin_short_backtrace::<core[df12db4294e9bfd3]::result::Result<(), alloc[2182bb758b4b3781]::string::String>, fn() -> core[df12db4294e9bfd3]::result::Result<(), alloc[2182bb758b4b3781]::string::String>>
[INFO] [stdout]   20:     0x5d7ce61a2bc5 - test[9d35eded1c95d3be]::run_test::{closure#0}
[INFO] [stdout]   21:     0x5d7ce619c484 - std[70759c8f55707aa4]::sys::backtrace::__rust_begin_short_backtrace::<test[9d35eded1c95d3be]::run_test::{closure#1}, ()>
[INFO] [stdout]   22:     0x5d7ce61a5d22 - <std[70759c8f55707aa4]::thread::lifecycle::spawn_unchecked<test[9d35eded1c95d3be]::run_test::{closure#1}, ()>::{closure#1} as core[df12db4294e9bfd3]::ops::function::FnOnce<()>>::call_once::{shim:vtable#0}
[INFO] [stdout]   23:     0x5d7ce68761f9 - <std[70759c8f55707aa4]::sys::thread::unix::Thread>::new::thread_start
[INFO] [stdout]   24:     0x7b83efdb1dfa - <unknown>
[INFO] [stdout]   25:     0x7b83efe453d4 - clone
[INFO] [stdout]   26:                0x0 - <unknown>
[INFO] [stdout] 
[INFO] [stdout] ---- storage_write::stream::default::tests::test_storage_write_arrow stdout ----
[INFO] [stdout] 
[INFO] [stdout] thread 'storage_write::stream::default::tests::test_storage_write_arrow' (4465) panicked at src/storage_write/stream/default.rs:124:72:
[INFO] [stdout] called `Result::unwrap()` on an `Err` value: CredentialsIOError(Os { code: 2, kind: NotFound, message: "No such file or directory" })
[INFO] [stdout] stack backtrace:
[INFO] [stdout]    0:     0x5d7ce6876ff1 - <<std[70759c8f55707aa4]::sys::backtrace::BacktraceLock>::print::DisplayBacktrace as core[df12db4294e9bfd3]::fmt::Display>::fmt
[INFO] [stdout]    1:     0x5d7ce68900ba - core[df12db4294e9bfd3]::fmt::write
[INFO] [stdout]    2:     0x5d7ce687c85c - <alloc[2182bb758b4b3781]::vec::Vec<u8> as core[df12db4294e9bfd3]::io::write::Write>::write_fmt
[INFO] [stdout]    3:     0x5d7ce68515b6 - std[70759c8f55707aa4]::panicking::default_hook::{closure#0}
[INFO] [stdout]    4:     0x5d7ce686e449 - std[70759c8f55707aa4]::panicking::default_hook
[INFO] [stdout]    5:     0x5d7ce61a2270 - test[9d35eded1c95d3be]::test_main_inner::<test[9d35eded1c95d3be]::test_main_static::{closure#0}>::{closure#0}
[INFO] [stdout]    6:     0x5d7ce686e772 - std[70759c8f55707aa4]::panicking::panic_with_hook
[INFO] [stdout]    7:     0x5d7ce6851662 - std[70759c8f55707aa4]::panicking::panic_handler::{closure#0}
[INFO] [stdout]    8:     0x5d7ce6849c99 - std[70759c8f55707aa4]::sys::backtrace::__rust_end_short_backtrace::<std[70759c8f55707aa4]::panicking::panic_handler::{closure#0}, !>
[INFO] [stdout]    9:     0x5d7ce685254d - __rustc[8fa7c3cbc660c2b3]::rust_begin_unwind
[INFO] [stdout]   10:     0x5d7ce689089c - core[df12db4294e9bfd3]::panicking::panic_fmt
[INFO] [stdout]   11:     0x5d7ce6890672 - core[df12db4294e9bfd3]::result::unwrap_failed
[INFO] [stdout]   12:     0x5d7ce604d64e - gcloud_bigquery[f49c6983fe043fb5]::storage_write::stream::default::tests::test_storage_write_arrow::{closure#0}
[INFO] [stdout]   13:     0x5d7ce60ca62b - <tokio[56a897517c8d3389]::runtime::scheduler::current_thread::CurrentThread>::block_on::<core[df12db4294e9bfd3]::pin::Pin<&mut dyn core[df12db4294e9bfd3]::future::future::Future<Output = ()>>>
[INFO] [stdout]   14:     0x5d7ce613e9a2 - <tokio[56a897517c8d3389]::runtime::runtime::Runtime>::block_on::<core[df12db4294e9bfd3]::pin::Pin<&mut dyn core[df12db4294e9bfd3]::future::future::Future<Output = ()>>>
[INFO] [stdout]   15:     0x5d7ce6056d89 - gcloud_bigquery[f49c6983fe043fb5]::storage_write::stream::default::tests::test_storage_write_arrow
[INFO] [stdout]   16:     0x5d7ce60c4319 - <gcloud_bigquery[f49c6983fe043fb5]::storage_write::stream::default::tests::test_storage_write_arrow::{closure#0} as core[df12db4294e9bfd3]::ops::function::FnOnce<()>>::call_once
[INFO] [stdout]   17:     0x5d7ce619555b - test[9d35eded1c95d3be]::__rust_begin_short_backtrace::<core[df12db4294e9bfd3]::result::Result<(), alloc[2182bb758b4b3781]::string::String>, fn() -> core[df12db4294e9bfd3]::result::Result<(), alloc[2182bb758b4b3781]::string::String>>
[INFO] [stdout]   18:     0x5d7ce61a2bc5 - test[9d35eded1c95d3be]::run_test::{closure#0}
[INFO] [stdout]   19:     0x5d7ce619c484 - std[70759c8f55707aa4]::sys::backtrace::__rust_begin_short_backtrace::<test[9d35eded1c95d3be]::run_test::{closure#1}, ()>
[INFO] [stdout]   20:     0x5d7ce61a5d22 - <std[70759c8f55707aa4]::thread::lifecycle::spawn_unchecked<test[9d35eded1c95d3be]::run_test::{closure#1}, ()>::{closure#1} as core[df12db4294e9bfd3]::ops::function::FnOnce<()>>::call_once::{shim:vtable#0}
[INFO] [stdout]   21:     0x5d7ce68761f9 - <std[70759c8f55707aa4]::sys::thread::unix::Thread>::new::thread_start
[INFO] [stdout]   22:     0x7b83efdb1dfa - <unknown>
[INFO] [stdout]   23:     0x7b83efe453d4 - clone
[INFO] [stdout]   24:                0x0 - <unknown>
[INFO] [stdout] 
[INFO] [stdout] ---- storage_write::stream::pending::tests::test_storage_write stdout ----
[INFO] [stdout] 
[INFO] [stdout] thread 'storage_write::stream::pending::tests::test_storage_write' (4467) panicked at src/storage_write/stream/pending.rs:96:72:
[INFO] [stdout] called `Result::unwrap()` on an `Err` value: CredentialsIOError(Os { code: 2, kind: NotFound, message: "No such file or directory" })
[INFO] [stdout] stack backtrace:
[INFO] [stdout]    0:     0x5d7ce6876ff1 - <<std[70759c8f55707aa4]::sys::backtrace::BacktraceLock>::print::DisplayBacktrace as core[df12db4294e9bfd3]::fmt::Display>::fmt
[INFO] [stdout]    1:     0x5d7ce68900ba - core[df12db4294e9bfd3]::fmt::write
[INFO] [stdout]    2:     0x5d7ce687c85c - <alloc[2182bb758b4b3781]::vec::Vec<u8> as core[df12db4294e9bfd3]::io::write::Write>::write_fmt
[INFO] [stdout]    3:     0x5d7ce68515b6 - std[70759c8f55707aa4]::panicking::default_hook::{closure#0}
[INFO] [stdout]    4:     0x5d7ce686e449 - std[70759c8f55707aa4]::panicking::default_hook
[INFO] [stdout]    5:     0x5d7ce61a2270 - test[9d35eded1c95d3be]::test_main_inner::<test[9d35eded1c95d3be]::test_main_static::{closure#0}>::{closure#0}
[INFO] [stdout]    6:     0x5d7ce686e772 - std[70759c8f55707aa4]::panicking::panic_with_hook
[INFO] [stdout]    7:     0x5d7ce6851662 - std[70759c8f55707aa4]::panicking::panic_handler::{closure#0}
[INFO] [stdout]    8:     0x5d7ce6849c99 - std[70759c8f55707aa4]::sys::backtrace::__rust_end_short_backtrace::<std[70759c8f55707aa4]::panicking::panic_handler::{closure#0}, !>
[INFO] [stdout]    9:     0x5d7ce685254d - __rustc[8fa7c3cbc660c2b3]::rust_begin_unwind
[INFO] [stdout]   10:     0x5d7ce689089c - core[df12db4294e9bfd3]::panicking::panic_fmt
[INFO] [stdout]   11:     0x5d7ce6890672 - core[df12db4294e9bfd3]::result::unwrap_failed
[INFO] [stdout]   12:     0x5d7ce5f46154 - gcloud_bigquery[f49c6983fe043fb5]::storage_write::stream::pending::tests::test_storage_write::{closure#0}
[INFO] [stdout]   13:     0x5d7ce60ca62b - <tokio[56a897517c8d3389]::runtime::scheduler::current_thread::CurrentThread>::block_on::<core[df12db4294e9bfd3]::pin::Pin<&mut dyn core[df12db4294e9bfd3]::future::future::Future<Output = ()>>>
[INFO] [stdout]   14:     0x5d7ce613e9a2 - <tokio[56a897517c8d3389]::runtime::runtime::Runtime>::block_on::<core[df12db4294e9bfd3]::pin::Pin<&mut dyn core[df12db4294e9bfd3]::future::future::Future<Output = ()>>>
[INFO] [stdout]   15:     0x5d7ce5f4b499 - gcloud_bigquery[f49c6983fe043fb5]::storage_write::stream::pending::tests::test_storage_write
[INFO] [stdout]   16:     0x5d7ce60c4339 - <gcloud_bigquery[f49c6983fe043fb5]::storage_write::stream::pending::tests::test_storage_write::{closure#0} as core[df12db4294e9bfd3]::ops::function::FnOnce<()>>::call_once
[INFO] [stdout]   17:     0x5d7ce619555b - test[9d35eded1c95d3be]::__rust_begin_short_backtrace::<core[df12db4294e9bfd3]::result::Result<(), alloc[2182bb758b4b3781]::string::String>, fn() -> core[df12db4294e9bfd3]::result::Result<(), alloc[2182bb758b4b3781]::string::String>>
[INFO] [stdout]   18:     0x5d7ce61a2bc5 - test[9d35eded1c95d3be]::run_test::{closure#0}
[INFO] [stdout]   19:     0x5d7ce619c484 - std[70759c8f55707aa4]::sys::backtrace::__rust_begin_short_backtrace::<test[9d35eded1c95d3be]::run_test::{closure#1}, ()>
[INFO] [stdout]   20:     0x5d7ce61a5d22 - <std[70759c8f55707aa4]::thread::lifecycle::spawn_unchecked<test[9d35eded1c95d3be]::run_test::{closure#1}, ()>::{closure#1} as core[df12db4294e9bfd3]::ops::function::FnOnce<()>>::call_once::{shim:vtable#0}
[INFO] [stdout]   21:     0x5d7ce68761f9 - <std[70759c8f55707aa4]::sys::thread::unix::Thread>::new::thread_start
[INFO] [stdout]   22:     0x7b83efdb1dfa - <unknown>
[INFO] [stdout]   23:     0x7b83efe453d4 - clone
[INFO] [stdout]   24:                0x0 - <unknown>
[INFO] [stdout] 
[INFO] [stdout] ---- http::bigquery_model_client::test::crud_model stdout ----
[INFO] [stdout] 
[INFO] [stdout] thread 'http::bigquery_model_client::test::crud_model' (4410) panicked at src/http/bigquery_client.rs:136:14:
[INFO] [stdout] called `Result::unwrap()` on an `Err` value: CredentialsIOError(Os { code: 2, kind: NotFound, message: "No such file or directory" })
[INFO] [stdout] stack backtrace:
[INFO] [stdout]    0:     0x5d7ce6876ff1 - <<std[70759c8f55707aa4]::sys::backtrace::BacktraceLock>::print::DisplayBacktrace as core[df12db4294e9bfd3]::fmt::Display>::fmt
[INFO] [stdout]    1:     0x5d7ce68900ba - core[df12db4294e9bfd3]::fmt::write
[INFO] [stdout]    2:     0x5d7ce687c85c - <alloc[2182bb758b4b3781]::vec::Vec<u8> as core[df12db4294e9bfd3]::io::write::Write>::write_fmt
[INFO] [stdout]    3:     0x5d7ce68515b6 - std[70759c8f55707aa4]::panicking::default_hook::{closure#0}
[INFO] [stdout]    4:     0x5d7ce686e449 - std[70759c8f55707aa4]::panicking::default_hook
[INFO] [stdout]    5:     0x5d7ce61a2270 - test[9d35eded1c95d3be]::test_main_inner::<test[9d35eded1c95d3be]::test_main_static::{closure#0}>::{closure#0}
[INFO] [stdout]    6:     0x5d7ce686e772 - std[70759c8f55707aa4]::panicking::panic_with_hook
[INFO] [stdout]    7:     0x5d7ce6851662 - std[70759c8f55707aa4]::panicking::panic_handler::{closure#0}
[INFO] [stdout]    8:     0x5d7ce6849c99 - std[70759c8f55707aa4]::sys::backtrace::__rust_end_short_backtrace::<std[70759c8f55707aa4]::panicking::panic_handler::{closure#0}, !>
[INFO] [stdout]    9:     0x5d7ce685254d - __rustc[8fa7c3cbc660c2b3]::rust_begin_unwind
[INFO] [stdout]   10:     0x5d7ce689089c - core[df12db4294e9bfd3]::panicking::panic_fmt
[INFO] [stdout]   11:     0x5d7ce6890672 - core[df12db4294e9bfd3]::result::unwrap_failed
[INFO] [stdout]   12:     0x5d7ce61306da - gcloud_bigquery[f49c6983fe043fb5]::http::bigquery_client::test::create_client::{closure#0}
[INFO] [stdout]   13:     0x5d7ce6115d70 - gcloud_bigquery[f49c6983fe043fb5]::http::bigquery_model_client::test::crud_model::{closure#0}::{closure#0}
[INFO] [stdout]   14:     0x5d7ce60ca62b - <tokio[56a897517c8d3389]::runtime::scheduler::current_thread::CurrentThread>::block_on::<core[df12db4294e9bfd3]::pin::Pin<&mut dyn core[df12db4294e9bfd3]::future::future::Future<Output = ()>>>
[INFO] [stdout]   15:     0x5d7ce613e9a2 - <tokio[56a897517c8d3389]::runtime::runtime::Runtime>::block_on::<core[df12db4294e9bfd3]::pin::Pin<&mut dyn core[df12db4294e9bfd3]::future::future::Future<Output = ()>>>
[INFO] [stdout]   16:     0x5d7ce613cb89 - <gcloud_bigquery[f49c6983fe043fb5]::http::bigquery_model_client::test::crud_model::{closure#0} as core[df12db4294e9bfd3]::ops::function::FnOnce<()>>::call_once
[INFO] [stdout]   17:     0x5d7ce63b7c43 - serial_test[c3ca21824f4710f0]::serial_code_lock::local_serial_core
[INFO] [stdout]   18:     0x5d7ce60c3f4d - <gcloud_bigquery[f49c6983fe043fb5]::http::bigquery_model_client::test::crud_model::{closure#0} as core[df12db4294e9bfd3]::ops::function::FnOnce<()>>::call_once
[INFO] [stdout]   19:     0x5d7ce619555b - test[9d35eded1c95d3be]::__rust_begin_short_backtrace::<core[df12db4294e9bfd3]::result::Result<(), alloc[2182bb758b4b3781]::string::String>, fn() -> core[df12db4294e9bfd3]::result::Result<(), alloc[2182bb758b4b3781]::string::String>>
[INFO] [stdout]   20:     0x5d7ce61a2bc5 - test[9d35eded1c95d3be]::run_test::{closure#0}
[INFO] [stdout]   21:     0x5d7ce619c484 - std[70759c8f55707aa4]::sys::backtrace::__rust_begin_short_backtrace::<test[9d35eded1c95d3be]::run_test::{closure#1}, ()>
[INFO] [stdout]   22:     0x5d7ce61a5d22 - <std[70759c8f55707aa4]::thread::lifecycle::spawn_unchecked<test[9d35eded1c95d3be]::run_test::{closure#1}, ()>::{closure#1} as core[df12db4294e9bfd3]::ops::function::FnOnce<()>>::call_once::{shim:vtable#0}
[INFO] [stdout]   23:     0x5d7ce68761f9 - <std[70759c8f55707aa4]::sys::thread::unix::Thread>::new::thread_start
[INFO] [stdout]   24:     0x7b83efdb1dfa - <unknown>
[INFO] [stdout]   25:     0x7b83efe453d4 - clone
[INFO] [stdout]   26:                0x0 - <unknown>
[INFO] [stdout] 
[INFO] [stdout] ---- http::bigquery_table_client::test::crud_table stdout ----
[INFO] [stdout] 
[INFO] [stdout] thread 'http::bigquery_table_client::test::crud_table' (4413) panicked at src/http/bigquery_client.rs:136:14:
[INFO] [stdout] called `Result::unwrap()` on an `Err` value: CredentialsIOError(Os { code: 2, kind: NotFound, message: "No such file or directory" })
[INFO] [stdout] stack backtrace:
[INFO] [stdout]    0:     0x5d7ce6876ff1 - <<std[70759c8f55707aa4]::sys::backtrace::BacktraceLock>::print::DisplayBacktrace as core[df12db4294e9bfd3]::fmt::Display>::fmt
[INFO] [stdout]    1:     0x5d7ce68900ba - core[df12db4294e9bfd3]::fmt::write
[INFO] [stdout]    2:     0x5d7ce687c85c - <alloc[2182bb758b4b3781]::vec::Vec<u8> as core[df12db4294e9bfd3]::io::write::Write>::write_fmt
[INFO] [stdout]    3:     0x5d7ce68515b6 - std[70759c8f55707aa4]::panicking::default_hook::{closure#0}
[INFO] [stdout]    4:     0x5d7ce686e449 - std[70759c8f55707aa4]::panicking::default_hook
[INFO] [stdout]    5:     0x5d7ce61a2270 - test[9d35eded1c95d3be]::test_main_inner::<test[9d35eded1c95d3be]::test_main_static::{closure#0}>::{closure#0}
[INFO] [stdout]    6:     0x5d7ce686e772 - std[70759c8f55707aa4]::panicking::panic_with_hook
[INFO] [stdout]    7:     0x5d7ce6851662 - std[70759c8f55707aa4]::panicking::panic_handler::{closure#0}
[INFO] [stdout]    8:     0x5d7ce6849c99 - std[70759c8f55707aa4]::sys::backtrace::__rust_end_short_backtrace::<std[70759c8f55707aa4]::panicking::panic_handler::{closure#0}, !>
[INFO] [stdout]    9:     0x5d7ce685254d - __rustc[8fa7c3cbc660c2b3]::rust_begin_unwind
[INFO] [stdout]   10:     0x5d7ce689089c - core[df12db4294e9bfd3]::panicking::panic_fmt
[INFO] [stdout]   11:     0x5d7ce6890672 - core[df12db4294e9bfd3]::result::unwrap_failed
[INFO] [stdout]   12:     0x5d7ce61649e3 - gcloud_bigquery[f49c6983fe043fb5]::http::bigquery_client::test::create_client::{closure#0}
[INFO] [stdout]   13:     0x5d7ce6150955 - gcloud_bigquery[f49c6983fe043fb5]::http::bigquery_table_client::test::crud_table::{closure#0}::{closure#0}
[INFO] [stdout]   14:     0x5d7ce60ca62b - <tokio[56a897517c8d3389]::runtime::scheduler::current_thread::CurrentThread>::block_on::<core[df12db4294e9bfd3]::pin::Pin<&mut dyn core[df12db4294e9bfd3]::future::future::Future<Output = ()>>>
[INFO] [stdout]   15:     0x5d7ce613e9a2 - <tokio[56a897517c8d3389]::runtime::runtime::Runtime>::block_on::<core[df12db4294e9bfd3]::pin::Pin<&mut dyn core[df12db4294e9bfd3]::future::future::Future<Output = ()>>>
[INFO] [stdout]   16:     0x5d7ce6171358 - <gcloud_bigquery[f49c6983fe043fb5]::http::bigquery_table_client::test::crud_table::{closure#0} as core[df12db4294e9bfd3]::ops::function::FnOnce<()>>::call_once
[INFO] [stdout]   17:     0x5d7ce63b7c43 - serial_test[c3ca21824f4710f0]::serial_code_lock::local_serial_core
[INFO] [stdout]   18:     0x5d7ce60c3fcd - <gcloud_bigquery[f49c6983fe043fb5]::http::bigquery_table_client::test::crud_table::{closure#0} as core[df12db4294e9bfd3]::ops::function::FnOnce<()>>::call_once
[INFO] [stdout]   19:     0x5d7ce619555b - test[9d35eded1c95d3be]::__rust_begin_short_backtrace::<core[df12db4294e9bfd3]::result::Result<(), alloc[2182bb758b4b3781]::string::String>, fn() -> core[df12db4294e9bfd3]::result::Result<(), alloc[2182bb758b4b3781]::string::String>>
[INFO] [stdout]   20:     0x5d7ce61a2bc5 - test[9d35eded1c95d3be]::run_test::{closure#0}
[INFO] [stdout]   21:     0x5d7ce619c484 - std[70759c8f55707aa4]::sys::backtrace::__rust_begin_short_backtrace::<test[9d35eded1c95d3be]::run_test::{closure#1}, ()>
[INFO] [stdout]   22:     0x5d7ce61a5d22 - <std[70759c8f55707aa4]::thread::lifecycle::spawn_unchecked<test[9d35eded1c95d3be]::run_test::{closure#1}, ()>::{closure#1} as core[df12db4294e9bfd3]::ops::function::FnOnce<()>>::call_once::{shim:vtable#0}
[INFO] [stdout]   23:     0x5d7ce68761f9 - <std[70759c8f55707aa4]::sys::thread::unix::Thread>::new::thread_start
[INFO] [stdout]   24:     0x7b83efdb1dfa - <unknown>
[INFO] [stdout]   25:     0x7b83efe453d4 - clone
[INFO] [stdout]   26:                0x0 - <unknown>
[INFO] [stdout] 
[INFO] [stdout] ---- client::tests::test_query_from_rest stdout ----
[INFO] [stdout] 
[INFO] [stdout] thread 'client::tests::test_query_from_rest' (4398) panicked at src/client.rs:896:79:
[INFO] [stdout] called `Result::unwrap()` on an `Err` value: CredentialsIOError(Os { code: 2, kind: NotFound, message: "No such file or directory" })
[INFO] [stdout] stack backtrace:
[INFO] [stdout]    0:     0x5d7ce6876ff1 - <<std[70759c8f55707aa4]::sys::backtrace::BacktraceLock>::print::DisplayBacktrace as core[df12db4294e9bfd3]::fmt::Display>::fmt
[INFO] [stdout]    1:     0x5d7ce68900ba - core[df12db4294e9bfd3]::fmt::write
[INFO] [stdout]    2:     0x5d7ce687c85c - <alloc[2182bb758b4b3781]::vec::Vec<u8> as core[df12db4294e9bfd3]::io::write::Write>::write_fmt
[INFO] [stdout]    3:     0x5d7ce68515b6 - std[70759c8f55707aa4]::panicking::default_hook::{closure#0}
[INFO] [stdout]    4:     0x5d7ce686e449 - std[70759c8f55707aa4]::panicking::default_hook
[INFO] [stdout]    5:     0x5d7ce61a2270 - test[9d35eded1c95d3be]::test_main_inner::<test[9d35eded1c95d3be]::test_main_static::{closure#0}>::{closure#0}
[INFO] [stdout]    6:     0x5d7ce686e772 - std[70759c8f55707aa4]::panicking::panic_with_hook
[INFO] [stdout]    7:     0x5d7ce6851662 - std[70759c8f55707aa4]::panicking::panic_handler::{closure#0}
[INFO] [stdout]    8:     0x5d7ce6849c99 - std[70759c8f55707aa4]::sys::backtrace::__rust_end_short_backtrace::<std[70759c8f55707aa4]::panicking::panic_handler::{closure#0}, !>
[INFO] [stdout]    9:     0x5d7ce685254d - __rustc[8fa7c3cbc660c2b3]::rust_begin_unwind
[INFO] [stdout]   10:     0x5d7ce689089c - core[df12db4294e9bfd3]::panicking::panic_fmt
[INFO] [stdout]   11:     0x5d7ce6890672 - core[df12db4294e9bfd3]::result::unwrap_failed
[INFO] [stdout]   12:     0x5d7ce5fb2685 - gcloud_bigquery[f49c6983fe043fb5]::client::tests::create_client::{closure#0}
[INFO] [stdout]   13:     0x5d7ce5fac1bb - gcloud_bigquery[f49c6983fe043fb5]::client::tests::test_query::{closure#0}
[INFO] [stdout]   14:     0x5d7ce5f97708 - gcloud_bigquery[f49c6983fe043fb5]::client::tests::test_query_from_rest::{closure#0}::{closure#0}
[INFO] [stdout]   15:     0x5d7ce60ca62b - <tokio[56a897517c8d3389]::runtime::scheduler::current_thread::CurrentThread>::block_on::<core[df12db4294e9bfd3]::pin::Pin<&mut dyn core[df12db4294e9bfd3]::future::future::Future<Output = ()>>>
[INFO] [stdout]   16:     0x5d7ce613e9a2 - <tokio[56a897517c8d3389]::runtime::runtime::Runtime>::block_on::<core[df12db4294e9bfd3]::pin::Pin<&mut dyn core[df12db4294e9bfd3]::future::future::Future<Output = ()>>>
[INFO] [stdout]   17:     0x5d7ce5fc1768 - <gcloud_bigquery[f49c6983fe043fb5]::client::tests::test_query_from_rest::{closure#0} as core[df12db4294e9bfd3]::ops::function::FnOnce<()>>::call_once
[INFO] [stdout]   18:     0x5d7ce63b7c43 - serial_test[c3ca21824f4710f0]::serial_code_lock::local_serial_core
[INFO] [stdout]   19:     0x5d7ce60c3a4d - <gcloud_bigquery[f49c6983fe043fb5]::client::tests::test_query_from_rest::{closure#0} as core[df12db4294e9bfd3]::ops::function::FnOnce<()>>::call_once
[INFO] [stdout]   20:     0x5d7ce619555b - test[9d35eded1c95d3be]::__rust_begin_short_backtrace::<core[df12db4294e9bfd3]::result::Result<(), alloc[2182bb758b4b3781]::string::String>, fn() -> core[df12db4294e9bfd3]::result::Result<(), alloc[2182bb758b4b3781]::string::String>>
[INFO] [stdout]   21:     0x5d7ce61a2bc5 - test[9d35eded1c95d3be]::run_test::{closure#0}
[INFO] [stdout]   22:     0x5d7ce619c484 - std[70759c8f55707aa4]::sys::backtrace::__rust_begin_short_backtrace::<test[9d35eded1c95d3be]::run_test::{closure#1}, ()>
[INFO] [stdout]   23:     0x5d7ce61a5d22 - <std[70759c8f55707aa4]::thread::lifecycle::spawn_unchecked<test[9d35eded1c95d3be]::run_test::{closure#1}, ()>::{closure#1} as core[df12db4294e9bfd3]::ops::function::FnOnce<()>>::call_once::{shim:vtable#0}
[INFO] [stdout]   24:     0x5d7ce68761f9 - <std[70759c8f55707aa4]::sys::thread::unix::Thread>::new::thread_start
[INFO] [stdout]   25:     0x7b83efdb1dfa - <unknown>
[INFO] [stdout]   26:     0x7b83efe453d4 - clone
[INFO] [stdout]   27:                0x0 - <unknown>
[INFO] [stdout] 
[INFO] [stdout] ---- storage_write::stream::pending::tests::test_storage_write_single_stream stdout ----
[INFO] [stdout] 
[INFO] [stdout] thread 'storage_write::stream::pending::tests::test_storage_write_single_stream' (4470) panicked at src/storage_write/stream/pending.rs:158:72:
[INFO] [stdout] called `Result::unwrap()` on an `Err` value: CredentialsIOError(Os { code: 2, kind: NotFound, message: "No such file or directory" })
[INFO] [stdout] stack backtrace:
[INFO] [stdout]    0:     0x5d7ce6876ff1 - <<std[70759c8f55707aa4]::sys::backtrace::BacktraceLock>::print::DisplayBacktrace as core[df12db4294e9bfd3]::fmt::Display>::fmt
[INFO] [stdout]    1:     0x5d7ce68900ba - core[df12db4294e9bfd3]::fmt::write
[INFO] [stdout]    2:     0x5d7ce687c85c - <alloc[2182bb758b4b3781]::vec::Vec<u8> as core[df12db4294e9bfd3]::io::write::Write>::write_fmt
[INFO] [stdout]    3:     0x5d7ce68515b6 - std[70759c8f55707aa4]::panicking::default_hook::{closure#0}
[INFO] [stdout]    4:     0x5d7ce686e449 - std[70759c8f55707aa4]::panicking::default_hook
[INFO] [stdout]    5:     0x5d7ce61a2270 - test[9d35eded1c95d3be]::test_main_inner::<test[9d35eded1c95d3be]::test_main_static::{closure#0}>::{closure#0}
[INFO] [stdout]    6:     0x5d7ce686e772 - std[70759c8f55707aa4]::panicking::panic_with_hook
[INFO] [stdout]    7:     0x5d7ce6851662 - std[70759c8f55707aa4]::panicking::panic_handler::{closure#0}
[INFO] [stdout]    8:     0x5d7ce6849c99 - std[70759c8f55707aa4]::sys::backtrace::__rust_end_short_backtrace::<std[70759c8f55707aa4]::panicking::panic_handler::{closure#0}, !>
[INFO] [stdout]    9:     0x5d7ce685254d - __rustc[8fa7c3cbc660c2b3]::rust_begin_unwind
[INFO] [stdout]   10:     0x5d7ce689089c - core[df12db4294e9bfd3]::panicking::panic_fmt
[INFO] [stdout]   11:     0x5d7ce6890672 - core[df12db4294e9bfd3]::result::unwrap_failed
[INFO] [stdout]   12:     0x5d7ce5f478b2 - gcloud_bigquery[f49c6983fe043fb5]::storage_write::stream::pending::tests::test_storage_write_single_stream::{closure#0}
[INFO] [stdout]   13:     0x5d7ce60ca62b - <tokio[56a897517c8d3389]::runtime::scheduler::current_thread::CurrentThread>::block_on::<core[df12db4294e9bfd3]::pin::Pin<&mut dyn core[df12db4294e9bfd3]::future::future::Future<Output = ()>>>
[INFO] [stdout]   14:     0x5d7ce613e9a2 - <tokio[56a897517c8d3389]::runtime::runtime::Runtime>::block_on::<core[df12db4294e9bfd3]::pin::Pin<&mut dyn core[df12db4294e9bfd3]::future::future::Future<Output = ()>>>
[INFO] [stdout]   15:     0x5d7ce5f4b619 - gcloud_bigquery[f49c6983fe043fb5]::storage_write::stream::pending::tests::test_storage_write_single_stream
[INFO] [stdout]   16:     0x5d7ce60c4359 - <gcloud_bigquery[f49c6983fe043fb5]::storage_write::stream::pending::tests::test_storage_write_single_stream::{closure#0} as core[df12db4294e9bfd3]::ops::function::FnOnce<()>>::call_once
[INFO] [stdout]   17:     0x5d7ce619555b - test[9d35eded1c95d3be]::__rust_begin_short_backtrace::<core[df12db4294e9bfd3]::result::Result<(), alloc[2182bb758b4b3781]::string::String>, fn() -> core[df12db4294e9bfd3]::result::Result<(), alloc[2182bb758b4b3781]::string::String>>
[INFO] [stdout]   18:     0x5d7ce61a2bc5 - test[9d35eded1c95d3be]::run_test::{closure#0}
[INFO] [stdout]   19:     0x5d7ce619c484 - std[70759c8f55707aa4]::sys::backtrace::__rust_begin_short_backtrace::<test[9d35eded1c95d3be]::run_test::{closure#1}, ()>
[INFO] [stdout]   20:     0x5d7ce61a5d22 - <std[70759c8f55707aa4]::thread::lifecycle::spawn_unchecked<test[9d35eded1c95d3be]::run_test::{closure#1}, ()>::{closure#1} as core[df12db4294e9bfd3]::ops::function::FnOnce<()>>::call_once::{shim:vtable#0}
[INFO] [stdout]   21:     0x5d7ce68761f9 - <std[70759c8f55707aa4]::sys::thread::unix::Thread>::new::thread_start
[INFO] [stdout]   22:     0x7b83efdb1dfa - <unknown>
[INFO] [stdout]   23:     0x7b83efe453d4 - clone
[INFO] [stdout]   24:                0x0 - <unknown>
[INFO] [stdout] 
[INFO] [stdout] ---- http::bigquery_row_access_policy_client::test::test_policy stdout ----
[INFO] [stdout] 
[INFO] [stdout] thread 'http::bigquery_row_access_policy_client::test::test_policy' (4412) panicked at src/http/bigquery_client.rs:136:14:
[INFO] [stdout] called `Result::unwrap()` on an `Err` value: CredentialsIOError(Os { code: 2, kind: NotFound, message: "No such file or directory" })
[INFO] [stdout] stack backtrace:
[INFO] [stdout]    0:     0x5d7ce6876ff1 - <<std[70759c8f55707aa4]::sys::backtrace::BacktraceLock>::print::DisplayBacktrace as core[df12db4294e9bfd3]::fmt::Display>::fmt
[INFO] [stdout]    1:     0x5d7ce68900ba - core[df12db4294e9bfd3]::fmt::write
[INFO] [stdout]    2:     0x5d7ce687c85c - <alloc[2182bb758b4b3781]::vec::Vec<u8> as core[df12db4294e9bfd3]::io::write::Write>::write_fmt
[INFO] [stdout]    3:     0x5d7ce68515b6 - std[70759c8f55707aa4]::panicking::default_hook::{closure#0}
[INFO] [stdout]    4:     0x5d7ce686e449 - std[70759c8f55707aa4]::panicking::default_hook
[INFO] [stdout]    5:     0x5d7ce61a2270 - test[9d35eded1c95d3be]::test_main_inner::<test[9d35eded1c95d3be]::test_main_static::{closure#0}>::{closure#0}
[INFO] [stdout]    6:     0x5d7ce686e772 - std[70759c8f55707aa4]::panicking::panic_with_hook
[INFO] [stdout]    7:     0x5d7ce6851662 - std[70759c8f55707aa4]::panicking::panic_handler::{closure#0}
[INFO] [stdout]    8:     0x5d7ce6849c99 - std[70759c8f55707aa4]::sys::backtrace::__rust_end_short_backtrace::<std[70759c8f55707aa4]::panicking::panic_handler::{closure#0}, !>
[INFO] [stdout]    9:     0x5d7ce685254d - __rustc[8fa7c3cbc660c2b3]::rust_begin_unwind
[INFO] [stdout]   10:     0x5d7ce689089c - core[df12db4294e9bfd3]::panicking::panic_fmt
[INFO] [stdout]   11:     0x5d7ce6890672 - core[df12db4294e9bfd3]::result::unwrap_failed
[INFO] [stdout]   12:     0x5d7ce607618d - gcloud_bigquery[f49c6983fe043fb5]::http::bigquery_row_access_policy_client::test::test_policy::{closure#0}::{closure#0}
[INFO] [stdout]   13:     0x5d7ce60ca62b - <tokio[56a897517c8d3389]::runtime::scheduler::current_thread::CurrentThread>::block_on::<core[df12db4294e9bfd3]::pin::Pin<&mut dyn core[df12db4294e9bfd3]::future::future::Future<Output = ()>>>
[INFO] [stdout]   14:     0x5d7ce613e9a2 - <tokio[56a897517c8d3389]::runtime::runtime::Runtime>::block_on::<core[df12db4294e9bfd3]::pin::Pin<&mut dyn core[df12db4294e9bfd3]::future::future::Future<Output = ()>>>
[INFO] [stdout]   15:     0x5d7ce609a56b - <gcloud_bigquery[f49c6983fe043fb5]::http::bigquery_row_access_policy_client::test::test_policy::{closure#0} as core[df12db4294e9bfd3]::ops::function::FnOnce<()>>::call_once
[INFO] [stdout]   16:     0x5d7ce63b7c43 - serial_test[c3ca21824f4710f0]::serial_code_lock::local_serial_core
[INFO] [stdout]   17:     0x5d7ce60c42cd - <gcloud_bigquery[f49c6983fe043fb5]::http::bigquery_row_access_policy_client::test::test_policy::{closure#0} as core[df12db4294e9bfd3]::ops::function::FnOnce<()>>::call_once
[INFO] [stdout]   18:     0x5d7ce619555b - test[9d35eded1c95d3be]::__rust_begin_short_backtrace::<core[df12db4294e9bfd3]::result::Result<(), alloc[2182bb758b4b3781]::string::String>, fn() -> core[df12db4294e9bfd3]::result::Result<(), alloc[2182bb758b4b3781]::string::String>>
[INFO] [stdout]   19:     0x5d7ce61a2bc5 - test[9d35eded1c95d3be]::run_test::{closure#0}
[INFO] [stdout]   20:     0x5d7ce619c484 - std[70759c8f55707aa4]::sys::backtrace::__rust_begin_short_backtrace::<test[9d35eded1c95d3be]::run_test::{closure#1}, ()>
[INFO] [stdout]   21:     0x5d7ce61a5d22 - <std[70759c8f55707aa4]::thread::lifecycle::spawn_unchecked<test[9d35eded1c95d3be]::run_test::{closure#1}, ()>::{closure#1} as core[df12db4294e9bfd3]::ops::function::FnOnce<()>>::call_once::{shim:vtable#0}
[INFO] [stdout]   22:     0x5d7ce68761f9 - <std[70759c8f55707aa4]::sys::thread::unix::Thread>::new::thread_start
[INFO] [stdout]   23:     0x7b83efdb1dfa - <unknown>
[INFO] [stdout]   24:     0x7b83efe453d4 - clone
[INFO] [stdout]   25:                0x0 - <unknown>
[INFO] [stdout] 
[INFO] [stdout] ---- client::tests::test_query_table_from_rest stdout ----
[INFO] [stdout] 
[INFO] [stdout] thread 'client::tests::test_query_table_from_rest' (4402) panicked at src/client.rs:896:79:
[INFO] [stdout] called `Result::unwrap()` on an `Err` value: CredentialsIOError(Os { code: 2, kind: NotFound, message: "No such file or directory" })
[INFO] [stdout] stack backtrace:
[INFO] [stdout]    0:     0x5d7ce6876ff1 - <<std[70759c8f55707aa4]::sys::backtrace::BacktraceLock>::print::DisplayBacktrace as core[df12db4294e9bfd3]::fmt::Display>::fmt
[INFO] [stdout]    1:     0x5d7ce68900ba - core[df12db4294e9bfd3]::fmt::write
[INFO] [stdout]    2:     0x5d7ce687c85c - <alloc[2182bb758b4b3781]::vec::Vec<u8> as core[df12db4294e9bfd3]::io::write::Write>::write_fmt
[INFO] [stdout]    3:     0x5d7ce68515b6 - std[70759c8f55707aa4]::panicking::default_hook::{closure#0}
[INFO] [stdout]    4:     0x5d7ce686e449 - std[70759c8f55707aa4]::panicking::default_hook
[INFO] [stdout]    5:     0x5d7ce61a2270 - test[9d35eded1c95d3be]::test_main_inner::<test[9d35eded1c95d3be]::test_main_static::{closure#0}>::{closure#0}
[INFO] [stdout]    6:     0x5d7ce686e772 - std[70759c8f55707aa4]::panicking::panic_with_hook
[INFO] [stdout]    7:     0x5d7ce6851662 - std[70759c8f55707aa4]::panicking::panic_handler::{closure#0}
[INFO] [stdout]    8:     0x5d7ce6849c99 - std[70759c8f55707aa4]::sys::backtrace::__rust_end_short_backtrace::<std[70759c8f55707aa4]::panicking::panic_handler::{closure#0}, !>
[INFO] [stdout]    9:     0x5d7ce685254d - __rustc[8fa7c3cbc660c2b3]::rust_begin_unwind
[INFO] [stdout]   10:     0x5d7ce689089c - core[df12db4294e9bfd3]::panicking::panic_fmt
[INFO] [stdout]   11:     0x5d7ce6890672 - core[df12db4294e9bfd3]::result::unwrap_failed
[INFO] [stdout]   12:     0x5d7ce5fb2685 - gcloud_bigquery[f49c6983fe043fb5]::client::tests::create_client::{closure#0}
[INFO] [stdout]   13:     0x5d7ce5fb3046 - gcloud_bigquery[f49c6983fe043fb5]::client::tests::test_query_table::{closure#0}
[INFO] [stdout]   14:     0x5d7ce5f99528 - gcloud_bigquery[f49c6983fe043fb5]::client::tests::test_query_table_from_rest::{closure#0}::{closure#0}
[INFO] [stdout]   15:     0x5d7ce60d2e3d - tokio[56a897517c8d3389]::runtime::context::runtime::enter_runtime::<<tokio[56a897517c8d3389]::runtime::scheduler::multi_thread::MultiThread>::block_on<core[df12db4294e9bfd3]::pin::Pin<&mut dyn core[df12db4294e9bfd3]::future::future::Future<Output = ()>>>::{closure#0}, ()>
[INFO] [stdout]   16:     0x5d7ce613e987 - <tokio[56a897517c8d3389]::runtime::runtime::Runtime>::block_on::<core[df12db4294e9bfd3]::pin::Pin<&mut dyn core[df12db4294e9bfd3]::future::future::Future<Output = ()>>>
[INFO] [stdout]   17:     0x5d7ce5fc1c08 - <gcloud_bigquery[f49c6983fe043fb5]::client::tests::test_query_table_from_rest::{closure#0} as core[df12db4294e9bfd3]::ops::function::FnOnce<()>>::call_once
[INFO] [stdout]   18:     0x5d7ce63b7c43 - serial_test[c3ca21824f4710f0]::serial_code_lock::local_serial_core
[INFO] [stdout]   19:     0x5d7ce60c3bcd - <gcloud_bigquery[f49c6983fe043fb5]::client::tests::test_query_table_from_rest::{closure#0} as core[df12db4294e9bfd3]::ops::function::FnOnce<()>>::call_once
[INFO] [stdout]   20:     0x5d7ce619555b - test[9d35eded1c95d3be]::__rust_begin_short_backtrace::<core[df12db4294e9bfd3]::result::Result<(), alloc[2182bb758b4b3781]::string::String>, fn() -> core[df12db4294e9bfd3]::result::Result<(), alloc[2182bb758b4b3781]::string::String>>
[INFO] [stdout]   21:     0x5d7ce61a2bc5 - test[9d35eded1c95d3be]::run_test::{closure#0}
[INFO] [stdout]   22:     0x5d7ce619c484 - std[70759c8f55707aa4]::sys::backtrace::__rust_begin_short_backtrace::<test[9d35eded1c95d3be]::run_test::{closure#1}, ()>
[INFO] [stdout]   23:     0x5d7ce61a5d22 - <std[70759c8f55707aa4]::thread::lifecycle::spawn_unchecked<test[9d35eded1c95d3be]::run_test::{closure#1}, ()>::{closure#1} as core[df12db4294e9bfd3]::ops::function::FnOnce<()>>::call_once::{shim:vtable#0}
[INFO] [stdout]   24:     0x5d7ce68761f9 - <std[70759c8f55707aa4]::sys::thread::unix::Thread>::new::thread_start
[INFO] [stdout]   25:     0x7b83efdb1dfa - <unknown>
[INFO] [stdout]   26:     0x7b83efe453d4 - clone
[INFO] [stdout]   27:                0x0 - <unknown>
[INFO] [stdout] 
[INFO] [stdout] ---- http::bigquery_table_client::test::external_table stdout ----
[INFO] [stdout] 
[INFO] [stdout] thread 'http::bigquery_table_client::test::external_table' (4416) panicked at src/http/bigquery_client.rs:136:14:
[INFO] [stdout] called `Result::unwrap()` on an `Err` value: CredentialsIOError(Os { code: 2, kind: NotFound, message: "No such file or directory" })
[INFO] [stdout] stack backtrace:
[INFO] [stdout]    0:     0x5d7ce6876ff1 - <<std[70759c8f55707aa4]::sys::backtrace::BacktraceLock>::print::DisplayBacktrace as core[df12db4294e9bfd3]::fmt::Display>::fmt
[INFO] [stdout]    1:     0x5d7ce68900ba - core[df12db4294e9bfd3]::fmt::write
[INFO] [stdout]    2:     0x5d7ce687c85c - <alloc[2182bb758b4b3781]::vec::Vec<u8> as core[df12db4294e9bfd3]::io::write::Write>::write_fmt
[INFO] [stdout]    3:     0x5d7ce68515b6 - std[70759c8f55707aa4]::panicking::default_hook::{closure#0}
[INFO] [stdout]    4:     0x5d7ce686e449 - std[70759c8f55707aa4]::panicking::default_hook
[INFO] [stdout]    5:     0x5d7ce61a2270 - test[9d35eded1c95d3be]::test_main_inner::<test[9d35eded1c95d3be]::test_main_static::{closure#0}>::{closure#0}
[INFO] [stdout]    6:     0x5d7ce686e772 - std[70759c8f55707aa4]::panicking::panic_with_hook
[INFO] [stdout]    7:     0x5d7ce6851662 - std[70759c8f55707aa4]::panicking::panic_handler::{closure#0}
[INFO] [stdout]    8:     0x5d7ce6849c99 - std[70759c8f55707aa4]::sys::backtrace::__rust_end_short_backtrace::<std[70759c8f55707aa4]::panicking::panic_handler::{closure#0}, !>
[INFO] [stdout]    9:     0x5d7ce685254d - __rustc[8fa7c3cbc660c2b3]::rust_begin_unwind
[INFO] [stdout]   10:     0x5d7ce689089c - core[df12db4294e9bfd3]::panicking::panic_fmt
[INFO] [stdout]   11:     0x5d7ce6890672 - core[df12db4294e9bfd3]::result::unwrap_failed
[INFO] [stdout]   12:     0x5d7ce61649e3 - gcloud_bigquery[f49c6983fe043fb5]::http::bigquery_client::test::create_client::{closure#0}
[INFO] [stdout]   13:     0x5d7ce6155fd7 - gcloud_bigquery[f49c6983fe043fb5]::http::bigquery_table_client::test::external_table::{closure#0}::{closure#0}
[INFO] [stdout]   14:     0x5d7ce60ca62b - <tokio[56a897517c8d3389]::runtime::scheduler::current_thread::CurrentThread>::block_on::<core[df12db4294e9bfd3]::pin::Pin<&mut dyn core[df12db4294e9bfd3]::future::future::Future<Output = ()>>>
[INFO] [stdout]   15:     0x5d7ce613e9a2 - <tokio[56a897517c8d3389]::runtime::runtime::Runtime>::block_on::<core[df12db4294e9bfd3]::pin::Pin<&mut dyn core[df12db4294e9bfd3]::future::future::Future<Output = ()>>>
[INFO] [stdout]   16:     0x5d7ce61714ba - <gcloud_bigquery[f49c6983fe043fb5]::http::bigquery_table_client::test::external_table::{closure#0} as core[df12db4294e9bfd3]::ops::function::FnOnce<()>>::call_once
[INFO] [stdout]   17:     0x5d7ce63b7c43 - serial_test[c3ca21824f4710f0]::serial_code_lock::local_serial_core
[INFO] [stdout]   18:     0x5d7ce60c404d - <gcloud_bigquery[f49c6983fe043fb5]::http::bigquery_table_client::test::external_table::{closure#0} as core[df12db4294e9bfd3]::ops::function::FnOnce<()>>::call_once
[INFO] [stdout]   19:     0x5d7ce619555b - test[9d35eded1c95d3be]::__rust_begin_short_backtrace::<core[df12db4294e9bfd3]::result::Result<(), alloc[2182bb758b4b3781]::string::String>, fn() -> core[df12db4294e9bfd3]::result::Result<(), alloc[2182bb758b4b3781]::string::String>>
[INFO] [stdout]   20:     0x5d7ce61a2bc5 - test[9d35eded1c95d3be]::run_test::{closure#0}
[INFO] [stdout]   21:     0x5d7ce619c484 - std[70759c8f55707aa4]::sys::backtrace::__rust_begin_short_backtrace::<test[9d35eded1c95d3be]::run_test::{closure#1}, ()>
[INFO] [stdout]   22:     0x5d7ce61a5d22 - <std[70759c8f55707aa4]::thread::lifecycle::spawn_unchecked<test[9d35eded1c95d3be]::run_test::{closure#1}, ()>::{closure#1} as core[df12db4294e9bfd3]::ops::function::FnOnce<()>>::call_once::{shim:vtable#0}
[INFO] [stdout]   23:     0x5d7ce68761f9 - <std[70759c8f55707aa4]::sys::thread::unix::Thread>::new::thread_start
[INFO] [stdout]   24:     0x7b83efdb1dfa - <unknown>
[INFO] [stdout]   25:     0x7b83efe453d4 - clone
[INFO] [stdout]   26:                0x0 - <unknown>
[INFO] [stdout] 
[INFO] [stdout] ---- http::bigquery_tabledata_client::test::insert_all stdout ----
[INFO] [stdout] 
[INFO] [stdout] thread 'http::bigquery_tabledata_client::test::insert_all' (4417) panicked at src/http/bigquery_client.rs:136:14:
[INFO] [stdout] called `Result::unwrap()` on an `Err` value: CredentialsIOError(Os { code: 2, kind: NotFound, message: "No such file or directory" })
[INFO] [stdout] stack backtrace:
[INFO] [stdout]    0:     0x5d7ce6876ff1 - <<std[70759c8f55707aa4]::sys::backtrace::BacktraceLock>::print::DisplayBacktrace as core[df12db4294e9bfd3]::fmt::Display>::fmt
[INFO] [stdout]    1:     0x5d7ce68900ba - core[df12db4294e9bfd3]::fmt::write
[INFO] [stdout]    2:     0x5d7ce687c85c - <alloc[2182bb758b4b3781]::vec::Vec<u8> as core[df12db4294e9bfd3]::io::write::Write>::write_fmt
[INFO] [stdout]    3:     0x5d7ce68515b6 - std[70759c8f55707aa4]::panicking::default_hook::{closure#0}
[INFO] [stdout]    4:     0x5d7ce686e449 - std[70759c8f55707aa4]::panicking::default_hook
[INFO] [stdout]    5:     0x5d7ce61a2270 - test[9d35eded1c95d3be]::test_main_inner::<test[9d35eded1c95d3be]::test_main_static::{closure#0}>::{closure#0}
[INFO] [stdout]    6:     0x5d7ce686e772 - std[70759c8f55707aa4]::panicking::panic_with_hook
[INFO] [stdout]    7:     0x5d7ce6851662 - std[70759c8f55707aa4]::panicking::panic_handler::{closure#0}
[INFO] [stdout]    8:     0x5d7ce6849c99 - std[70759c8f55707aa4]::sys::backtrace::__rust_end_short_backtrace::<std[70759c8f55707aa4]::panicking::panic_handler::{closure#0}, !>
[INFO] [stdout]    9:     0x5d7ce685254d - __rustc[8fa7c3cbc660c2b3]::rust_begin_unwind
[INFO] [stdout]   10:     0x5d7ce689089c - core[df12db4294e9bfd3]::panicking::panic_fmt
[INFO] [stdout]   11:     0x5d7ce6890672 - core[df12db4294e9bfd3]::result::unwrap_failed
[INFO] [stdout]   12:     0x5d7ce61306da - gcloud_bigquery[f49c6983fe043fb5]::http::bigquery_client::test::create_client::{closure#0}
[INFO] [stdout]   13:     0x5d7ce611c09c - gcloud_bigquery[f49c6983fe043fb5]::http::bigquery_tabledata_client::test::insert_all::{closure#0}::{closure#0}
[INFO] [stdout]   14:     0x5d7ce60ca62b - <tokio[56a897517c8d3389]::runtime::scheduler::current_thread::CurrentThread>::block_on::<core[df12db4294e9bfd3]::pin::Pin<&mut dyn core[df12db4294e9bfd3]::future::future::Future<Output = ()>>>
[INFO] [stdout]   15:     0x5d7ce613e9a2 - <tokio[56a897517c8d3389]::runtime::runtime::Runtime>::block_on::<core[df12db4294e9bfd3]::pin::Pin<&mut dyn core[df12db4294e9bfd3]::future::future::Future<Output = ()>>>
[INFO] [stdout]   16:     0x5d7ce613ccea - <gcloud_bigquery[f49c6983fe043fb5]::http::bigquery_tabledata_client::test::insert_all::{closure#0} as core[df12db4294e9bfd3]::ops::function::FnOnce<()>>::call_once
[INFO] [stdout]   17:     0x5d7ce63b7c43 - serial_test[c3ca21824f4710f0]::serial_code_lock::local_serial_core
[INFO] [stdout]   18:     0x5d7ce60c41cd - <gcloud_bigquery[f49c6983fe043fb5]::http::bigquery_tabledata_client::test::insert_all::{closure#0} as core[df12db4294e9bfd3]::ops::function::FnOnce<()>>::call_once
[INFO] [stdout]   19:     0x5d7ce619555b - test[9d35eded1c95d3be]::__rust_begin_short_backtrace::<core[df12db4294e9bfd3]::result::Result<(), alloc[2182bb758b4b3781]::string::String>, fn() -> core[df12db4294e9bfd3]::result::Result<(), alloc[2182bb758b4b3781]::string::String>>
[INFO] [stdout]   20:     0x5d7ce61a2bc5 - test[9d35eded1c95d3be]::run_test::{closure#0}
[INFO] [stdout]   21:     0x5d7ce619c484 - std[70759c8f55707aa4]::sys::backtrace::__rust_begin_short_backtrace::<test[9d35eded1c95d3be]::run_test::{closure#1}, ()>
[INFO] [stdout]   22:     0x5d7ce61a5d22 - <std[70759c8f55707aa4]::thread::lifecycle::spawn_unchecked<test[9d35eded1c95d3be]::run_test::{closure#1}, ()>::{closure#1} as core[df12db4294e9bfd3]::ops::function::FnOnce<()>>::call_once::{shim:vtable#0}
[INFO] [stdout]   23:     0x5d7ce68761f9 - <std[70759c8f55707aa4]::sys::thread::unix::Thread>::new::thread_start
[INFO] [stdout]   24:     0x7b83efdb1dfa - <unknown>
[INFO] [stdout]   25:     0x7b83efe453d4 - clone
[INFO] [stdout]   26:                0x0 - <unknown>
[INFO] [stdout] 
[INFO] [stdout] ---- http::bigquery_routine_client::test::crud_routine stdout ----
[INFO] [stdout] 
[INFO] [stdout] thread 'http::bigquery_routine_client::test::crud_routine' (4411) panicked at src/http/bigquery_client.rs:136:14:
[INFO] [stdout] called `Result::unwrap()` on an `Err` value: CredentialsIOError(Os { code: 2, kind: NotFound, message: "No such file or directory" })
[INFO] [stdout] stack backtrace:
[INFO] [stdout]    0:     0x5d7ce6876ff1 - <<std[70759c8f55707aa4]::sys::backtrace::BacktraceLock>::print::DisplayBacktrace as core[df12db4294e9bfd3]::fmt::Display>::fmt
[INFO] [stdout]    1:     0x5d7ce68900ba - core[df12db4294e9bfd3]::fmt::write
[INFO] [stdout]    2:     0x5d7ce687c85c - <alloc[2182bb758b4b3781]::vec::Vec<u8> as core[df12db4294e9bfd3]::io::write::Write>::write_fmt
[INFO] [stdout]    3:     0x5d7ce68515b6 - std[70759c8f55707aa4]::panicking::default_hook::{closure#0}
[INFO] [stdout]    4:     0x5d7ce686e449 - std[70759c8f55707aa4]::panicking::default_hook
[INFO] [stdout]    5:     0x5d7ce61a2270 - test[9d35eded1c95d3be]::test_main_inner::<test[9d35eded1c95d3be]::test_main_static::{closure#0}>::{closure#0}
[INFO] [stdout]    6:     0x5d7ce686e772 - std[70759c8f55707aa4]::panicking::panic_with_hook
[INFO] [stdout]    7:     0x5d7ce6851662 - std[70759c8f55707aa4]::panicking::panic_handler::{closure#0}
[INFO] [stdout]    8:     0x5d7ce6849c99 - std[70759c8f55707aa4]::sys::backtrace::__rust_end_short_backtrace::<std[70759c8f55707aa4]::panicking::panic_handler::{closure#0}, !>
[INFO] [stdout]    9:     0x5d7ce685254d - __rustc[8fa7c3cbc660c2b3]::rust_begin_unwind
[INFO] [stdout]   10:     0x5d7ce689089c - core[df12db4294e9bfd3]::panicking::panic_fmt
[INFO] [stdout]   11:     0x5d7ce6890672 - core[df12db4294e9bfd3]::result::unwrap_failed
[INFO] [stdout]   12:     0x5d7ce61649e3 - gcloud_bigquery[f49c6983fe043fb5]::http::bigquery_client::test::create_client::{closure#0}
[INFO] [stdout]   13:     0x5d7ce6158b1e - gcloud_bigquery[f49c6983fe043fb5]::http::bigquery_routine_client::test::crud_routine::{closure#0}::{closure#0}
[INFO] [stdout]   14:     0x5d7ce60ca62b - <tokio[56a897517c8d3389]::runtime::scheduler::current_thread::CurrentThread>::block_on::<core[df12db4294e9bfd3]::pin::Pin<&mut dyn core[df12db4294e9bfd3]::future::future::Future<Output = ()>>>
[INFO] [stdout]   15:     0x5d7ce613e9a2 - <tokio[56a897517c8d3389]::runtime::runtime::Runtime>::block_on::<core[df12db4294e9bfd3]::pin::Pin<&mut dyn core[df12db4294e9bfd3]::future::future::Future<Output = ()>>>
[INFO] [stdout]   16:     0x5d7ce617161a - <gcloud_bigquery[f49c6983fe043fb5]::http::bigquery_routine_client::test::crud_routine::{closure#0} as core[df12db4294e9bfd3]::ops::function::FnOnce<()>>::call_once
[INFO] [stdout]   17:     0x5d7ce63b7c43 - serial_test[c3ca21824f4710f0]::serial_code_lock::local_serial_core
[INFO] [stdout]   18:     0x5d7ce60c414d - <gcloud_bigquery[f49c6983fe043fb5]::http::bigquery_routine_client::test::crud_routine::{closure#0} as core[df12db4294e9bfd3]::ops::function::FnOnce<()>>::call_once
[INFO] [stdout]   19:     0x5d7ce619555b - test[9d35eded1c95d3be]::__rust_begin_short_backtrace::<core[df12db4294e9bfd3]::result::Result<(), alloc[2182bb758b4b3781]::string::String>, fn() -> core[df12db4294e9bfd3]::result::Result<(), alloc[2182bb758b4b3781]::string::String>>
[INFO] [stdout]   20:     0x5d7ce61a2bc5 - test[9d35eded1c95d3be]::run_test::{closure#0}
[INFO] [stdout]   21:     0x5d7ce619c484 - std[70759c8f55707aa4]::sys::backtrace::__rust_begin_short_backtrace::<test[9d35eded1c95d3be]::run_test::{closure#1}, ()>
[INFO] [stdout]   22:     0x5d7ce61a5d22 - <std[70759c8f55707aa4]::thread::lifecycle::spawn_unchecked<test[9d35eded1c95d3be]::run_test::{closure#1}, ()>::{closure#1} as core[df12db4294e9bfd3]::ops::function::FnOnce<()>>::call_once::{shim:vtable#0}
[INFO] [stdout]   23:     0x5d7ce68761f9 - <std[70759c8f55707aa4]::sys::thread::unix::Thread>::new::thread_start
[INFO] [stdout]   24:     0x7b83efdb1dfa - <unknown>
[INFO] [stdout]   25:     0x7b83efe453d4 - clone
[INFO] [stdout]   26:                0x0 - <unknown>
[INFO] [stdout] 
[INFO] [stdout] ---- storage_write::stream::committed::tests::test_storage_write stdout ----
[INFO] [stdout] 
[INFO] [stdout] thread 'storage_write::stream::committed::tests::test_storage_write' (4458) panicked at src/storage_write/stream/committed.rs:75:72:
[INFO] [stdout] called `Result::unwrap()` on an `Err` value: CredentialsIOError(Os { code: 2, kind: NotFound, message: "No such file or directory" })
[INFO] [stdout] stack backtrace:
[INFO] [stdout]    0:     0x5d7ce6876ff1 - <<std[70759c8f55707aa4]::sys::backtrace::BacktraceLock>::print::DisplayBacktrace as core[df12db4294e9bfd3]::fmt::Display>::fmt
[INFO] [stdout]    1:     0x5d7ce68900ba - core[df12db4294e9bfd3]::fmt::write
[INFO] [stdout]    2:     0x5d7ce687c85c - <alloc[2182bb758b4b3781]::vec::Vec<u8> as core[df12db4294e9bfd3]::io::write::Write>::write_fmt
[INFO] [stdout]    3:     0x5d7ce68515b6 - std[70759c8f55707aa4]::panicking::default_hook::{closure#0}
[INFO] [stdout]    4:     0x5d7ce686e449 - std[70759c8f55707aa4]::panicking::default_hook
[INFO] [stdout]    5:     0x5d7ce61a2270 - test[9d35eded1c95d3be]::test_main_inner::<test[9d35eded1c95d3be]::test_main_static::{closure#0}>::{closure#0}
[INFO] [stdout]    6:     0x5d7ce686e772 - std[70759c8f55707aa4]::panicking::panic_with_hook
[INFO] [stdout]    7:     0x5d7ce6851662 - std[70759c8f55707aa4]::panicking::panic_handler::{closure#0}
[INFO] [stdout]    8:     0x5d7ce6849c99 - std[70759c8f55707aa4]::sys::backtrace::__rust_end_short_backtrace::<std[70759c8f55707aa4]::panicking::panic_handler::{closure#0}, !>
[INFO] [stdout]    9:     0x5d7ce685254d - __rustc[8fa7c3cbc660c2b3]::rust_begin_unwind
[INFO] [stdout]   10:     0x5d7ce689089c - core[df12db4294e9bfd3]::panicking::panic_fmt
[INFO] [stdout]   11:     0x5d7ce6890672 - core[df12db4294e9bfd3]::result::unwrap_failed
[INFO] [stdout]   12:     0x5d7ce604e647 - gcloud_bigquery[f49c6983fe043fb5]::storage_write::stream::committed::tests::test_storage_write::{closure#0}
[INFO] [stdout]   13:     0x5d7ce60ca62b - <tokio[56a897517c8d3389]::runtime::scheduler::current_thread::CurrentThread>::block_on::<core[df12db4294e9bfd3]::pin::Pin<&mut dyn core[df12db4294e9bfd3]::future::future::Future<Output = ()>>>
[INFO] [stdout]   14:     0x5d7ce613e9a2 - <tokio[56a897517c8d3389]::runtime::runtime::Runtime>::block_on::<core[df12db4294e9bfd3]::pin::Pin<&mut dyn core[df12db4294e9bfd3]::future::future::Future<Output = ()>>>
[INFO] [stdout]   15:     0x5d7ce6056f09 - gcloud_bigquery[f49c6983fe043fb5]::storage_write::stream::committed::tests::test_storage_write
[INFO] [stdout]   16:     0x5d7ce60c43b9 - <gcloud_bigquery[f49c6983fe043fb5]::storage_write::stream::committed::tests::test_storage_write::{closure#0} as core[df12db4294e9bfd3]::ops::function::FnOnce<()>>::call_once
[INFO] [stdout]   17:     0x5d7ce619555b - test[9d35eded1c95d3be]::__rust_begin_short_backtrace::<core[df12db4294e9bfd3]::result::Result<(), alloc[2182bb758b4b3781]::string::String>, fn() -> core[df12db4294e9bfd3]::result::Result<(), alloc[2182bb758b4b3781]::string::String>>
[INFO] [stdout]   18:     0x5d7ce61a2bc5 - test[9d35eded1c95d3be]::run_test::{closure#0}
[INFO] [stdout]   19:     0x5d7ce619c484 - std[70759c8f55707aa4]::sys::backtrace::__rust_begin_short_backtrace::<test[9d35eded1c95d3be]::run_test::{closure#1}, ()>
[INFO] [stdout]   20:     0x5d7ce61a5d22 - <std[70759c8f55707aa4]::thread::lifecycle::spawn_unchecked<test[9d35eded1c95d3be]::run_test::{closure#1}, ()>::{closure#1} as core[df12db4294e9bfd3]::ops::function::FnOnce<()>>::call_once::{shim:vtable#0}
[INFO] [stdout]   21:     0x5d7ce68761f9 - <std[70759c8f55707aa4]::sys::thread::unix::Thread>::new::thread_start
[INFO] [stderr] error: test failed, to rerun pass `--lib`
[INFO] [stdout]   22:     0x7b83efdb1dfa - <unknown>
[INFO] [stdout]   23:     0x7b83efe453d4 - clone
[INFO] [stdout]   24:                0x0 - <unknown>
[INFO] [stdout] 
[INFO] [stdout] ---- storage_write::stream::committed::tests::test_storage_write_single_stream stdout ----
[INFO] [stdout] 
[INFO] [stdout] thread 'storage_write::stream::committed::tests::test_storage_write_single_stream' (4462) panicked at src/storage_write/stream/committed.rs:127:72:
[INFO] [stdout] called `Result::unwrap()` on an `Err` value: CredentialsIOError(Os { code: 2, kind: NotFound, message: "No such file or directory" })
[INFO] [stdout] stack backtrace:
[INFO] [stdout]    0:     0x5d7ce6876ff1 - <<std[70759c8f55707aa4]::sys::backtrace::BacktraceLock>::print::DisplayBacktrace as core[df12db4294e9bfd3]::fmt::Display>::fmt
[INFO] [stdout]    1:     0x5d7ce68900ba - core[df12db4294e9bfd3]::fmt::write
[INFO] [stdout]    2:     0x5d7ce687c85c - <alloc[2182bb758b4b3781]::vec::Vec<u8> as core[df12db4294e9bfd3]::io::write::Write>::write_fmt
[INFO] [stdout]    3:     0x5d7ce68515b6 - std[70759c8f55707aa4]::panicking::default_hook::{closure#0}
[INFO] [stdout]    4:     0x5d7ce686e449 - std[70759c8f55707aa4]::panicking::default_hook
[INFO] [stdout]    5:     0x5d7ce61a2270 - test[9d35eded1c95d3be]::test_main_inner::<test[9d35eded1c95d3be]::test_main_static::{closure#0}>::{closure#0}
[INFO] [stdout]    6:     0x5d7ce686e772 - std[70759c8f55707aa4]::panicking::panic_with_hook
[INFO] [stdout]    7:     0x5d7ce6851662 - std[70759c8f55707aa4]::panicking::panic_handler::{closure#0}
[INFO] [stdout]    8:     0x5d7ce6849c99 - std[70759c8f55707aa4]::sys::backtrace::__rust_end_short_backtrace::<std[70759c8f55707aa4]::panicking::panic_handler::{closure#0}, !>
[INFO] [stdout]    9:     0x5d7ce685254d - __rustc[8fa7c3cbc660c2b3]::rust_begin_unwind
[INFO] [stdout]   10:     0x5d7ce689089c - core[df12db4294e9bfd3]::panicking::panic_fmt
[INFO] [stdout]   11:     0x5d7ce6890672 - core[df12db4294e9bfd3]::result::unwrap_failed
[INFO] [stdout]   12:     0x5d7ce604fed0 - gcloud_bigquery[f49c6983fe043fb5]::storage_write::stream::committed::tests::test_storage_write_single_stream::{closure#0}
[INFO] [stdout]   13:     0x5d7ce60ca62b - <tokio[56a897517c8d3389]::runtime::scheduler::current_thread::CurrentThread>::block_on::<core[df12db4294e9bfd3]::pin::Pin<&mut dyn core[df12db4294e9bfd3]::future::future::Future<Output = ()>>>
[INFO] [stdout]   14:     0x5d7ce613e9a2 - <tokio[56a897517c8d3389]::runtime::runtime::Runtime>::block_on::<core[df12db4294e9bfd3]::pin::Pin<&mut dyn core[df12db4294e9bfd3]::future::future::Future<Output = ()>>>
[INFO] [stdout]   15:     0x5d7ce6057089 - gcloud_bigquery[f49c6983fe043fb5]::storage_write::stream::committed::tests::test_storage_write_single_stream
[INFO] [stdout]   16:     0x5d7ce60c43d9 - <gcloud_bigquery[f49c6983fe043fb5]::storage_write::stream::committed::tests::test_storage_write_single_stream::{closure#0} as core[df12db4294e9bfd3]::ops::function::FnOnce<()>>::call_once
[INFO] [stdout]   17:     0x5d7ce619555b - test[9d35eded1c95d3be]::__rust_begin_short_backtrace::<core[df12db4294e9bfd3]::result::Result<(), alloc[2182bb758b4b3781]::string::String>, fn() -> core[df12db4294e9bfd3]::result::Result<(), alloc[2182bb758b4b3781]::string::String>>
[INFO] [stdout]   18:     0x5d7ce61a2bc5 - test[9d35eded1c95d3be]::run_test::{closure#0}
[INFO] [stdout]   19:     0x5d7ce619c484 - std[70759c8f55707aa4]::sys::backtrace::__rust_begin_short_backtrace::<test[9d35eded1c95d3be]::run_test::{closure#1}, ()>
[INFO] [stdout]   20:     0x5d7ce61a5d22 - <std[70759c8f55707aa4]::thread::lifecycle::spawn_unchecked<test[9d35eded1c95d3be]::run_test::{closure#1}, ()>::{closure#1} as core[df12db4294e9bfd3]::ops::function::FnOnce<()>>::call_once::{shim:vtable#0}
[INFO] [stdout]   21:     0x5d7ce68761f9 - <std[70759c8f55707aa4]::sys::thread::unix::Thread>::new::thread_start
[INFO] [stdout]   22:     0x7b83efdb1dfa - <unknown>
[INFO] [stdout]   23:     0x7b83efe453d4 - clone
[INFO] [stdout]   24:                0x0 - <unknown>
[INFO] [stdout] 
[INFO] [stdout] ---- storage_write::stream::buffered::tests::test_storage_write_single_stream stdout ----
[INFO] [stdout] 
[INFO] [stdout] thread 'storage_write::stream::buffered::tests::test_storage_write_single_stream' (4443) panicked at src/storage_write/stream/buffered.rs:143:72:
[INFO] [stdout] called `Result::unwrap()` on an `Err` value: CredentialsIOError(Os { code: 2, kind: NotFound, message: "No such file or directory" })
[INFO] [stdout] stack backtrace:
[INFO] [stdout]    0:     0x5d7ce6876ff1 - <<std[70759c8f55707aa4]::sys::backtrace::BacktraceLock>::print::DisplayBacktrace as core[df12db4294e9bfd3]::fmt::Display>::fmt
[INFO] [stdout]    1:     0x5d7ce68900ba - core[df12db4294e9bfd3]::fmt::write
[INFO] [stdout]    2:     0x5d7ce687c85c - <alloc[2182bb758b4b3781]::vec::Vec<u8> as core[df12db4294e9bfd3]::io::write::Write>::write_fmt
[INFO] [stdout]    3:     0x5d7ce68515b6 - std[70759c8f55707aa4]::panicking::default_hook::{closure#0}
[INFO] [stdout]    4:     0x5d7ce686e449 - std[70759c8f55707aa4]::panicking::default_hook
[INFO] [stdout]    5:     0x5d7ce61a2270 - test[9d35eded1c95d3be]::test_main_inner::<test[9d35eded1c95d3be]::test_main_static::{closure#0}>::{closure#0}
[INFO] [stdout]    6:     0x5d7ce686e772 - std[70759c8f55707aa4]::panicking::panic_with_hook
[INFO] [stdout]    7:     0x5d7ce6851662 - std[70759c8f55707aa4]::panicking::panic_handler::{closure#0}
[INFO] [stdout]    8:     0x5d7ce6849c99 - std[70759c8f55707aa4]::sys::backtrace::__rust_end_short_backtrace::<std[70759c8f55707aa4]::panicking::panic_handler::{closure#0}, !>
[INFO] [stdout]    9:     0x5d7ce685254d - __rustc[8fa7c3cbc660c2b3]::rust_begin_unwind
[INFO] [stdout]   10:     0x5d7ce689089c - core[df12db4294e9bfd3]::panicking::panic_fmt
[INFO] [stdout]   11:     0x5d7ce6890672 - core[df12db4294e9bfd3]::result::unwrap_failed
[INFO] [stdout]   12:     0x5d7ce6087902 - gcloud_bigquery[f49c6983fe043fb5]::storage_write::stream::buffered::tests::test_storage_write_single_stream::{closure#0}::_test_storage_write_single_stream_internal::{closure#0}
[INFO] [stdout]   13:     0x5d7ce608dadd - gcloud_bigquery[f49c6983fe043fb5]::storage_write::stream::buffered::tests::test_storage_write_single_stream::{closure#0}
[INFO] [stdout]   14:     0x5d7ce60ca62b - <tokio[56a897517c8d3389]::runtime::scheduler::current_thread::CurrentThread>::block_on::<core[df12db4294e9bfd3]::pin::Pin<&mut dyn core[df12db4294e9bfd3]::future::future::Future<Output = ()>>>
[INFO] [stdout]   15:     0x5d7ce613e9a2 - <tokio[56a897517c8d3389]::runtime::runtime::Runtime>::block_on::<core[df12db4294e9bfd3]::pin::Pin<&mut dyn core[df12db4294e9bfd3]::future::future::Future<Output = ()>>>
[INFO] [stdout]   16:     0x5d7ce6095b29 - gcloud_bigquery[f49c6983fe043fb5]::storage_write::stream::buffered::tests::test_storage_write_single_stream
[INFO] [stdout]   17:     0x5d7ce60c4399 - <gcloud_bigquery[f49c6983fe043fb5]::storage_write::stream::buffered::tests::test_storage_write_single_stream::{closure#0} as core[df12db4294e9bfd3]::ops::function::FnOnce<()>>::call_once
[INFO] [stdout]   18:     0x5d7ce619555b - test[9d35eded1c95d3be]::__rust_begin_short_backtrace::<core[df12db4294e9bfd3]::result::Result<(), alloc[2182bb758b4b3781]::string::String>, fn() -> core[df12db4294e9bfd3]::result::Result<(), alloc[2182bb758b4b3781]::string::String>>
[INFO] [stdout]   19:     0x5d7ce61a2bc5 - test[9d35eded1c95d3be]::run_test::{closure#0}
[INFO] [stdout]   20:     0x5d7ce619c484 - std[70759c8f55707aa4]::sys::backtrace::__rust_begin_short_backtrace::<test[9d35eded1c95d3be]::run_test::{closure#1}, ()>
[INFO] [stdout]   21:     0x5d7ce61a5d22 - <std[70759c8f55707aa4]::thread::lifecycle::spawn_unchecked<test[9d35eded1c95d3be]::run_test::{closure#1}, ()>::{closure#1} as core[df12db4294e9bfd3]::ops::function::FnOnce<()>>::call_once::{shim:vtable#0}
[INFO] [stdout]   22:     0x5d7ce68761f9 - <std[70759c8f55707aa4]::sys::thread::unix::Thread>::new::thread_start
[INFO] [stdout]   23:     0x7b83efdb1dfa - <unknown>
[INFO] [stdout]   24:     0x7b83efe453d4 - clone
[INFO] [stdout]   25:                0x0 - <unknown>
[INFO] [stdout] 
[INFO] [stdout] ---- storage_write::stream::default::tests::test_storage_write stdout ----
[INFO] [stdout] 
[INFO] [stdout] thread 'storage_write::stream::default::tests::test_storage_write' (4463) panicked at src/storage_write/stream/default.rs:74:72:
[INFO] [stdout] called `Result::unwrap()` on an `Err` value: CredentialsIOError(Os { code: 2, kind: NotFound, message: "No such file or directory" })
[INFO] [stdout] stack backtrace:
[INFO] [stdout]    0:     0x5d7ce6876ff1 - <<std[70759c8f55707aa4]::sys::backtrace::BacktraceLock>::print::DisplayBacktrace as core[df12db4294e9bfd3]::fmt::Display>::fmt
[INFO] [stdout]    1:     0x5d7ce68900ba - core[df12db4294e9bfd3]::fmt::write
[INFO] [stdout]    2:     0x5d7ce687c85c - <alloc[2182bb758b4b3781]::vec::Vec<u8> as core[df12db4294e9bfd3]::io::write::Write>::write_fmt
[INFO] [stdout]    3:     0x5d7ce68515b6 - std[70759c8f55707aa4]::panicking::default_hook::{closure#0}
[INFO] [stdout]    4:     0x5d7ce686e449 - std[70759c8f55707aa4]::panicking::default_hook
[INFO] [stdout]    5:     0x5d7ce61a2270 - test[9d35eded1c95d3be]::test_main_inner::<test[9d35eded1c95d3be]::test_main_static::{closure#0}>::{closure#0}
[INFO] [stdout]    6:     0x5d7ce686e772 - std[70759c8f55707aa4]::panicking::panic_with_hook
[INFO] [stdout]    7:     0x5d7ce6851662 - std[70759c8f55707aa4]::panicking::panic_handler::{closure#0}
[INFO] [stdout]    8:     0x5d7ce6849c99 - std[70759c8f55707aa4]::sys::backtrace::__rust_end_short_backtrace::<std[70759c8f55707aa4]::panicking::panic_handler::{closure#0}, !>
[INFO] [stdout]    9:     0x5d7ce685254d - __rustc[8fa7c3cbc660c2b3]::rust_begin_unwind
[INFO] [stdout]   10:     0x5d7ce689089c - core[df12db4294e9bfd3]::panicking::panic_fmt
[INFO] [stdout]   11:     0x5d7ce6890672 - core[df12db4294e9bfd3]::result::unwrap_failed
[INFO] [stdout]   12:     0x5d7ce604c565 - gcloud_bigquery[f49c6983fe043fb5]::storage_write::stream::default::tests::test_storage_write::{closure#0}
[INFO] [stdout]   13:     0x5d7ce60ca62b - <tokio[56a897517c8d3389]::runtime::scheduler::current_thread::CurrentThread>::block_on::<core[df12db4294e9bfd3]::pin::Pin<&mut dyn core[df12db4294e9bfd3]::future::future::Future<Output = ()>>>
[INFO] [stdout]   14:     0x5d7ce613e9a2 - <tokio[56a897517c8d3389]::runtime::runtime::Runtime>::block_on::<core[df12db4294e9bfd3]::pin::Pin<&mut dyn core[df12db4294e9bfd3]::future::future::Future<Output = ()>>>
[INFO] [stdout]   15:     0x5d7ce6056c09 - gcloud_bigquery[f49c6983fe043fb5]::storage_write::stream::default::tests::test_storage_write
[INFO] [stdout]   16:     0x5d7ce60c42f9 - <gcloud_bigquery[f49c6983fe043fb5]::storage_write::stream::default::tests::test_storage_write::{closure#0} as core[df12db4294e9bfd3]::ops::function::FnOnce<()>>::call_once
[INFO] [stdout]   17:     0x5d7ce619555b - test[9d35eded1c95d3be]::__rust_begin_short_backtrace::<core[df12db4294e9bfd3]::result::Result<(), alloc[2182bb758b4b3781]::string::String>, fn() -> core[df12db4294e9bfd3]::result::Result<(), alloc[2182bb758b4b3781]::string::String>>
[INFO] [stdout]   18:     0x5d7ce61a2bc5 - test[9d35eded1c95d3be]::run_test::{closure#0}
[INFO] [stdout]   19:     0x5d7ce619c484 - std[70759c8f55707aa4]::sys::backtrace::__rust_begin_short_backtrace::<test[9d35eded1c95d3be]::run_test::{closure#1}, ()>
[INFO] [stdout]   20:     0x5d7ce61a5d22 - <std[70759c8f55707aa4]::thread::lifecycle::spawn_unchecked<test[9d35eded1c95d3be]::run_test::{closure#1}, ()>::{closure#1} as core[df12db4294e9bfd3]::ops::function::FnOnce<()>>::call_once::{shim:vtable#0}
[INFO] [stdout]   21:     0x5d7ce68761f9 - <std[70759c8f55707aa4]::sys::thread::unix::Thread>::new::thread_start
[INFO] [stdout]   22:     0x7b83efdb1dfa - <unknown>
[INFO] [stdout]   23:     0x7b83efe453d4 - clone
[INFO] [stdout]   24:                0x0 - <unknown>
[INFO] [stdout] 
[INFO] [stdout] ---- client::tests::test_query_job_incomplete_from_rest stdout ----
[INFO] [stdout] 
[INFO] [stdout] thread 'client::tests::test_query_job_incomplete_from_rest' (4400) panicked at src/client.rs:896:79:
[INFO] [stdout] called `Result::unwrap()` on an `Err` value: CredentialsIOError(Os { code: 2, kind: NotFound, message: "No such file or directory" })
[INFO] [stdout] stack backtrace:
[INFO] [stdout]    0:     0x5d7ce6876ff1 - <<std[70759c8f55707aa4]::sys::backtrace::BacktraceLock>::print::DisplayBacktrace as core[df12db4294e9bfd3]::fmt::Display>::fmt
[INFO] [stdout]    1:     0x5d7ce68900ba - core[df12db4294e9bfd3]::fmt::write
[INFO] [stdout]    2:     0x5d7ce687c85c - <alloc[2182bb758b4b3781]::vec::Vec<u8> as core[df12db4294e9bfd3]::io::write::Write>::write_fmt
[INFO] [stdout]    3:     0x5d7ce68515b6 - std[70759c8f55707aa4]::panicking::default_hook::{closure#0}
[INFO] [stdout]    4:     0x5d7ce686e449 - std[70759c8f55707aa4]::panicking::default_hook
[INFO] [stdout]    5:     0x5d7ce61a2270 - test[9d35eded1c95d3be]::test_main_inner::<test[9d35eded1c95d3be]::test_main_static::{closure#0}>::{closure#0}
[INFO] [stdout]    6:     0x5d7ce686e772 - std[70759c8f55707aa4]::panicking::panic_with_hook
[INFO] [stdout]    7:     0x5d7ce6851662 - std[70759c8f55707aa4]::panicking::panic_handler::{closure#0}
[INFO] [stdout]    8:     0x5d7ce6849c99 - std[70759c8f55707aa4]::sys::backtrace::__rust_end_short_backtrace::<std[70759c8f55707aa4]::panicking::panic_handler::{closure#0}, !>
[INFO] [stdout]    9:     0x5d7ce685254d - __rustc[8fa7c3cbc660c2b3]::rust_begin_unwind
[INFO] [stdout]   10:     0x5d7ce689089c - core[df12db4294e9bfd3]::panicking::panic_fmt
[INFO] [stdout]   11:     0x5d7ce6890672 - core[df12db4294e9bfd3]::result::unwrap_failed
[INFO] [stdout]   12:     0x5d7ce5fb2685 - gcloud_bigquery[f49c6983fe043fb5]::client::tests::create_client::{closure#0}
[INFO] [stdout]   13:     0x5d7ce5fb9dc3 - gcloud_bigquery[f49c6983fe043fb5]::client::tests::test_query_job_incomplete::{closure#0}
[INFO] [stdout]   14:     0x5d7ce5f99728 - gcloud_bigquery[f49c6983fe043fb5]::client::tests::test_query_job_incomplete_from_rest::{closure#0}::{closure#0}
[INFO] [stdout]   15:     0x5d7ce60d2e3d - tokio[56a897517c8d3389]::runtime::context::runtime::enter_runtime::<<tokio[56a897517c8d3389]::runtime::scheduler::multi_thread::MultiThread>::block_on<core[df12db4294e9bfd3]::pin::Pin<&mut dyn core[df12db4294e9bfd3]::future::future::Future<Output = ()>>>::{closure#0}, ()>
[INFO] [stdout]   16:     0x5d7ce613e987 - <tokio[56a897517c8d3389]::runtime::runtime::Runtime>::block_on::<core[df12db4294e9bfd3]::pin::Pin<&mut dyn core[df12db4294e9bfd3]::future::future::Future<Output = ()>>>
[INFO] [stdout]   17:     0x5d7ce5fc1f28 - <gcloud_bigquery[f49c6983fe043fb5]::client::tests::test_query_job_incomplete_from_rest::{closure#0} as core[df12db4294e9bfd3]::ops::function::FnOnce<()>>::call_once
[INFO] [stdout]   18:     0x5d7ce63b7c43 - serial_test[c3ca21824f4710f0]::serial_code_lock::local_serial_core
[INFO] [stdout]   19:     0x5d7ce60c3ccd - <gcloud_bigquery[f49c6983fe043fb5]::client::tests::test_query_job_incomplete_from_rest::{closure#0} as core[df12db4294e9bfd3]::ops::function::FnOnce<()>>::call_once
[INFO] [stdout]   20:     0x5d7ce619555b - test[9d35eded1c95d3be]::__rust_begin_short_backtrace::<core[df12db4294e9bfd3]::result::Result<(), alloc[2182bb758b4b3781]::string::String>, fn() -> core[df12db4294e9bfd3]::result::Result<(), alloc[2182bb758b4b3781]::string::String>>
[INFO] [stdout]   21:     0x5d7ce61a2bc5 - test[9d35eded1c95d3be]::run_test::{closure#0}
[INFO] [stdout]   22:     0x5d7ce619c484 - std[70759c8f55707aa4]::sys::backtrace::__rust_begin_short_backtrace::<test[9d35eded1c95d3be]::run_test::{closure#1}, ()>
[INFO] [stdout]   23:     0x5d7ce61a5d22 - <std[70759c8f55707aa4]::thread::lifecycle::spawn_unchecked<test[9d35eded1c95d3be]::run_test::{closure#1}, ()>::{closure#1} as core[df12db4294e9bfd3]::ops::function::FnOnce<()>>::call_once::{shim:vtable#0}
[INFO] [stdout]   24:     0x5d7ce68761f9 - <std[70759c8f55707aa4]::sys::thread::unix::Thread>::new::thread_start
[INFO] [stdout]   25:     0x7b83efdb1dfa - <unknown>
[INFO] [stdout]   26:     0x7b83efe453d4 - clone
[INFO] [stdout]   27:                0x0 - <unknown>
[INFO] [stdout] 
[INFO] [stdout] ---- http::bigquery_job_client::test::query stdout ----
[INFO] [stdout] 
[INFO] [stdout] thread 'http::bigquery_job_client::test::query' (4409) panicked at src/http/bigquery_client.rs:136:14:
[INFO] [stdout] called `Result::unwrap()` on an `Err` value: CredentialsIOError(Os { code: 2, kind: NotFound, message: "No such file or directory" })
[INFO] [stdout] stack backtrace:
[INFO] [stdout]    0:     0x5d7ce6876ff1 - <<std[70759c8f55707aa4]::sys::backtrace::BacktraceLock>::print::DisplayBacktrace as core[df12db4294e9bfd3]::fmt::Display>::fmt
[INFO] [stdout]    1:     0x5d7ce68900ba - core[df12db4294e9bfd3]::fmt::write
[INFO] [stdout]    2:     0x5d7ce687c85c - <alloc[2182bb758b4b3781]::vec::Vec<u8> as core[df12db4294e9bfd3]::io::write::Write>::write_fmt
[INFO] [stdout]    3:     0x5d7ce68515b6 - std[70759c8f55707aa4]::panicking::default_hook::{closure#0}
[INFO] [stdout]    4:     0x5d7ce686e449 - std[70759c8f55707aa4]::panicking::default_hook
[INFO] [stdout]    5:     0x5d7ce61a2270 - test[9d35eded1c95d3be]::test_main_inner::<test[9d35eded1c95d3be]::test_main_static::{closure#0}>::{closure#0}
[INFO] [stdout]    6:     0x5d7ce686e772 - std[70759c8f55707aa4]::panicking::panic_with_hook
[INFO] [stdout]    7:     0x5d7ce6851662 - std[70759c8f55707aa4]::panicking::panic_handler::{closure#0}
[INFO] [stdout]    8:     0x5d7ce6849c99 - std[70759c8f55707aa4]::sys::backtrace::__rust_end_short_backtrace::<std[70759c8f55707aa4]::panicking::panic_handler::{closure#0}, !>
[INFO] [stdout]    9:     0x5d7ce685254d - __rustc[8fa7c3cbc660c2b3]::rust_begin_unwind
[INFO] [stdout]   10:     0x5d7ce689089c - core[df12db4294e9bfd3]::panicking::panic_fmt
[INFO] [stdout]   11:     0x5d7ce6890672 - core[df12db4294e9bfd3]::result::unwrap_failed
[INFO] [stdout]   12:     0x5d7ce5ff3695 - gcloud_bigquery[f49c6983fe043fb5]::http::bigquery_client::test::create_client::{closure#0}
[INFO] [stdout]   13:     0x5d7ce5fe03b2 - gcloud_bigquery[f49c6983fe043fb5]::http::bigquery_job_client::test::query::{closure#0}::{closure#0}
[INFO] [stdout]   14:     0x5d7ce60ca62b - <tokio[56a897517c8d3389]::runtime::scheduler::current_thread::CurrentThread>::block_on::<core[df12db4294e9bfd3]::pin::Pin<&mut dyn core[df12db4294e9bfd3]::future::future::Future<Output = ()>>>
[INFO] [stdout]   15:     0x5d7ce613e9a2 - <tokio[56a897517c8d3389]::runtime::runtime::Runtime>::block_on::<core[df12db4294e9bfd3]::pin::Pin<&mut dyn core[df12db4294e9bfd3]::future::future::Future<Output = ()>>>
[INFO] [stdout]   16:     0x5d7ce60055aa - <gcloud_bigquery[f49c6983fe043fb5]::http::bigquery_job_client::test::query::{closure#0} as core[df12db4294e9bfd3]::ops::function::FnOnce<()>>::call_once
[INFO] [stdout]   17:     0x5d7ce63b7c43 - serial_test[c3ca21824f4710f0]::serial_code_lock::local_serial_core
[INFO] [stdout]   18:     0x5d7ce60c3ecd - <gcloud_bigquery[f49c6983fe043fb5]::http::bigquery_job_client::test::query::{closure#0} as core[df12db4294e9bfd3]::ops::function::FnOnce<()>>::call_once
[INFO] [stdout]   19:     0x5d7ce619555b - test[9d35eded1c95d3be]::__rust_begin_short_backtrace::<core[df12db4294e9bfd3]::result::Result<(), alloc[2182bb758b4b3781]::string::String>, fn() -> core[df12db4294e9bfd3]::result::Result<(), alloc[2182bb758b4b3781]::string::String>>
[INFO] [stdout]   20:     0x5d7ce61a2bc5 - test[9d35eded1c95d3be]::run_test::{closure#0}
[INFO] [stdout]   21:     0x5d7ce619c484 - std[70759c8f55707aa4]::sys::backtrace::__rust_begin_short_backtrace::<test[9d35eded1c95d3be]::run_test::{closure#1}, ()>
[INFO] [stdout]   22:     0x5d7ce61a5d22 - <std[70759c8f55707aa4]::thread::lifecycle::spawn_unchecked<test[9d35eded1c95d3be]::run_test::{closure#1}, ()>::{closure#1} as core[df12db4294e9bfd3]::ops::function::FnOnce<()>>::call_once::{shim:vtable#0}
[INFO] [stdout]   23:     0x5d7ce68761f9 - <std[70759c8f55707aa4]::sys::thread::unix::Thread>::new::thread_start
[INFO] [stdout]   24:     0x7b83efdb1dfa - <unknown>
[INFO] [stdout]   25:     0x7b83efe453d4 - clone
[INFO] [stdout]   26:                0x0 - <unknown>
[INFO] [stdout] 
[INFO] [stdout] ---- client::tests::test_read_table stdout ----
[INFO] [stdout] 
[INFO] [stdout] thread 'client::tests::test_read_table' (4405) panicked at src/client.rs:896:79:
[INFO] [stdout] called `Result::unwrap()` on an `Err` value: CredentialsIOError(Os { code: 2, kind: NotFound, message: "No such file or directory" })
[INFO] [stdout] stack backtrace:
[INFO] [stdout]    0:     0x5d7ce6876ff1 - <<std[70759c8f55707aa4]::sys::backtrace::BacktraceLock>::print::DisplayBacktrace as core[df12db4294e9bfd3]::fmt::Display>::fmt
[INFO] [stdout]    1:     0x5d7ce68900ba - core[df12db4294e9bfd3]::fmt::write
[INFO] [stdout]    2:     0x5d7ce687c85c - <alloc[2182bb758b4b3781]::vec::Vec<u8> as core[df12db4294e9bfd3]::io::write::Write>::write_fmt
[INFO] [stdout]    3:     0x5d7ce68515b6 - std[70759c8f55707aa4]::panicking::default_hook::{closure#0}
[INFO] [stdout]    4:     0x5d7ce686e449 - std[70759c8f55707aa4]::panicking::default_hook
[INFO] [stdout]    5:     0x5d7ce61a2270 - test[9d35eded1c95d3be]::test_main_inner::<test[9d35eded1c95d3be]::test_main_static::{closure#0}>::{closure#0}
[INFO] [stdout]    6:     0x5d7ce686e772 - std[70759c8f55707aa4]::panicking::panic_with_hook
[INFO] [stdout]    7:     0x5d7ce6851662 - std[70759c8f55707aa4]::panicking::panic_handler::{closure#0}
[INFO] [stdout]    8:     0x5d7ce6849c99 - std[70759c8f55707aa4]::sys::backtrace::__rust_end_short_backtrace::<std[70759c8f55707aa4]::panicking::panic_handler::{closure#0}, !>
[INFO] [stdout]    9:     0x5d7ce685254d - __rustc[8fa7c3cbc660c2b3]::rust_begin_unwind
[INFO] [stdout]   10:     0x5d7ce689089c - core[df12db4294e9bfd3]::panicking::panic_fmt
[INFO] [stdout]   11:     0x5d7ce6890672 - core[df12db4294e9bfd3]::result::unwrap_failed
[INFO] [stdout]   12:     0x5d7ce5fb2685 - gcloud_bigquery[f49c6983fe043fb5]::client::tests::create_client::{closure#0}
[INFO] [stdout]   13:     0x5d7ce5f94029 - gcloud_bigquery[f49c6983fe043fb5]::client::tests::test_read_table::{closure#0}::{closure#0}
[INFO] [stdout]   14:     0x5d7ce60d2e3d - tokio[56a897517c8d3389]::runtime::context::runtime::enter_runtime::<<tokio[56a897517c8d3389]::runtime::scheduler::multi_thread::MultiThread>::block_on<core[df12db4294e9bfd3]::pin::Pin<&mut dyn core[df12db4294e9bfd3]::future::future::Future<Output = ()>>>::{closure#0}, ()>
[INFO] [stdout]   15:     0x5d7ce613e987 - <tokio[56a897517c8d3389]::runtime::runtime::Runtime>::block_on::<core[df12db4294e9bfd3]::pin::Pin<&mut dyn core[df12db4294e9bfd3]::future::future::Future<Output = ()>>>
[INFO] [stdout]   16:     0x5d7ce5fc15ea - <gcloud_bigquery[f49c6983fe043fb5]::client::tests::test_read_table::{closure#0} as core[df12db4294e9bfd3]::ops::function::FnOnce<()>>::call_once
[INFO] [stdout]   17:     0x5d7ce63b7c43 - serial_test[c3ca21824f4710f0]::serial_code_lock::local_serial_core
[INFO] [stdout]   18:     0x5d7ce60c39cd - <gcloud_bigquery[f49c6983fe043fb5]::client::tests::test_read_table::{closure#0} as core[df12db4294e9bfd3]::ops::function::FnOnce<()>>::call_once
[INFO] [stdout]   19:     0x5d7ce619555b - test[9d35eded1c95d3be]::__rust_begin_short_backtrace::<core[df12db4294e9bfd3]::result::Result<(), alloc[2182bb758b4b3781]::string::String>, fn() -> core[df12db4294e9bfd3]::result::Result<(), alloc[2182bb758b4b3781]::string::String>>
[INFO] [stdout]   20:     0x5d7ce61a2bc5 - test[9d35eded1c95d3be]::run_test::{closure#0}
[INFO] [stdout]   21:     0x5d7ce619c484 - std[70759c8f55707aa4]::sys::backtrace::__rust_begin_short_backtrace::<test[9d35eded1c95d3be]::run_test::{closure#1}, ()>
[INFO] [stdout]   22:     0x5d7ce61a5d22 - <std[70759c8f55707aa4]::thread::lifecycle::spawn_unchecked<test[9d35eded1c95d3be]::run_test::{closure#1}, ()>::{closure#1} as core[df12db4294e9bfd3]::ops::function::FnOnce<()>>::call_once::{shim:vtable#0}
[INFO] [stdout]   23:     0x5d7ce68761f9 - <std[70759c8f55707aa4]::sys::thread::unix::Thread>::new::thread_start
[INFO] [stdout]   24:     0x7b83efdb1dfa - <unknown>
[INFO] [stdout]   25:     0x7b83efe453d4 - clone
[INFO] [stdout]   26:                0x0 - <unknown>
[INFO] [stdout] 
[INFO] [stdout] 
[INFO] [stdout] failures:
[INFO] [stdout]     client::tests::test_query_from_rest
[INFO] [stdout]     client::tests::test_query_from_storage
[INFO] [stdout]     client::tests::test_query_job_incomplete_from_rest
[INFO] [stdout]     client::tests::test_query_job_incomplete_from_storage
[INFO] [stdout]     client::tests::test_query_table_from_rest
[INFO] [stdout]     client::tests::test_query_table_from_storage
[INFO] [stdout]     client::tests::test_query_with_parameter
[INFO] [stdout]     client::tests::test_read_table
[INFO] [stdout]     http::bigquery_dataset_client::test::crud_dataset
[INFO] [stdout]     http::bigquery_job_client::test::create_job
[INFO] [stdout]     http::bigquery_job_client::test::create_job_error
[INFO] [stdout]     http::bigquery_job_client::test::query
[INFO] [stdout]     http::bigquery_model_client::test::crud_model
[INFO] [stdout]     http::bigquery_routine_client::test::crud_routine
[INFO] [stdout]     http::bigquery_row_access_policy_client::test::test_policy
[INFO] [stdout]     http::bigquery_table_client::test::crud_table
[INFO] [stdout]     http::bigquery_table_client::test::external_table
[INFO] [stdout]     http::bigquery_tabledata_client::test::insert_all
[INFO] [stdout]     http::bigquery_tabledata_client::test::read_all
[INFO] [stdout]     storage_write::stream::buffered::tests::test_storage_write
[INFO] [stdout]     storage_write::stream::buffered::tests::test_storage_write_single_stream
[INFO] [stdout]     storage_write::stream::committed::tests::test_storage_write
[INFO] [stdout]     storage_write::stream::committed::tests::test_storage_write_single_stream
[INFO] [stdout]     storage_write::stream::default::tests::test_storage_write
[INFO] [stdout]     storage_write::stream::default::tests::test_storage_write_arrow
[INFO] [stdout]     storage_write::stream::pending::tests::test_storage_write
[INFO] [stdout]     storage_write::stream::pending::tests::test_storage_write_single_stream
[INFO] [stdout] 
[INFO] [stdout] test result: FAILED. 3 passed; 27 failed; 1 ignored; 0 measured; 0 filtered out; finished in 1.21s
[INFO] [stdout] 
[INFO] running `Command { std: "docker" "inspect" "7ccdff9e81e9ad965e1c7c16f1885979b0df27169a5a74916167e995cca557f6", kill_on_drop: false }`
[INFO] running `Command { std: "docker" "rm" "-f" "7ccdff9e81e9ad965e1c7c16f1885979b0df27169a5a74916167e995cca557f6", kill_on_drop: false }`
[INFO] [stdout] 7ccdff9e81e9ad965e1c7c16f1885979b0df27169a5a74916167e995cca557f6
