[INFO] fetching crate gc-arena 0.7.0...
[INFO] testing gc-arena-0.7.0 against 1.100.0-beta.1+cargoflags=--release for beta-release-1.100-2
[INFO] extracting crate gc-arena 0.7.0 into /workspace/builds/worker-5-tc2/source
[INFO] started tweaking crates.io crate gc-arena 0.7.0
[INFO] removed 0 missing examples
[INFO] removed 0 missing tests
[INFO] finished tweaking crates.io crate gc-arena 0.7.0
[INFO] tweaked toml for crates.io crate gc-arena 0.7.0 written to /workspace/builds/worker-5-tc2/source/Cargo.toml
[INFO] validating manifest of crates.io crate gc-arena 0.7.0 on toolchain 1.100.0-beta.1
[INFO] running `Command { std: CARGO_HOME="/workspace/cargo-home" RUSTUP_HOME="/workspace/rustup-home" "/workspace/cargo-home/bin/cargo" "+1.100.0-beta.1" "metadata" "--manifest-path" "Cargo.toml" "--no-deps", kill_on_drop: false }`
[INFO] crate crates.io crate gc-arena 0.7.0 already has a lockfile, it will not be regenerated
[INFO] running `Command { std: CARGO_HOME="/workspace/cargo-home" RUSTUP_HOME="/workspace/rustup-home" "/workspace/cargo-home/bin/cargo" "+1.100.0-beta.1" "fetch" "--manifest-path" "Cargo.toml", kill_on_drop: false }`
[INFO] running `Command { std: "docker" "create" "-v" "/var/lib/crater-agent-workspace/builds/worker-5-tc2/source:/opt/rustwide/workdir:ro,Z" "-v" "/var/lib/crater-agent-workspace/builds/worker-5-tc2/target:/opt/rustwide/target:rw,Z" "-v" "/var/lib/crater-agent-workspace/cargo-home:/opt/rustwide/cargo-home:ro,Z" "-v" "/var/lib/crater-agent-workspace/rustup-home:/opt/rustwide/rustup-home:ro,Z" "-m" "1610612736" "--network" "none" "ghcr.io/rust-lang/crates-build-env/linux@sha256:77db811e55d90add9212f6832c23229e3de5f1c1f9905e8cb07319ea15df73ac" "sleep" "infinity", kill_on_drop: false }`
[INFO] [stdout] 7196392e3078bc67efc55a1dd0cf3606b48e54528aabb588937cd9bf4adabbc3
[INFO] running `Command { std: "docker" "start" "7196392e3078bc67efc55a1dd0cf3606b48e54528aabb588937cd9bf4adabbc3", kill_on_drop: false }`
[INFO] running `Command { std: "docker" "inspect" "7196392e3078bc67efc55a1dd0cf3606b48e54528aabb588937cd9bf4adabbc3", kill_on_drop: false }`
[INFO] running `Command { std: "docker" "exec" "-e" "SOURCE_DIR=/opt/rustwide/workdir" "-e" "CARGO_HOME=/opt/rustwide/cargo-home" "-e" "RUSTUP_HOME=/opt/rustwide/rustup-home" "-e" "CARGO_TARGET_DIR=/opt/rustwide/target" "-w" "/opt/rustwide/workdir" "--user" "0:0" "7196392e3078bc67efc55a1dd0cf3606b48e54528aabb588937cd9bf4adabbc3" "/opt/rustwide/cargo-home/bin/cargo" "+1.100.0-beta.1" "metadata" "--no-deps" "--format-version=1", kill_on_drop: false }`
[INFO] running `Command { std: "docker" "inspect" "7196392e3078bc67efc55a1dd0cf3606b48e54528aabb588937cd9bf4adabbc3", kill_on_drop: false }`
[INFO] running `Command { std: "docker" "exec" "-e" "SOURCE_DIR=/opt/rustwide/workdir" "-e" "CARGO_HOME=/opt/rustwide/cargo-home" "-e" "RUSTUP_HOME=/opt/rustwide/rustup-home" "-e" "CARGO_TARGET_DIR=/opt/rustwide/target" "-e" "CARGO_INCREMENTAL=0" "-e" "RUST_BACKTRACE=full" "-e" "RUSTFLAGS=--cap-lints=warn" "-e" "RUSTDOCFLAGS=--cap-lints=warn" "-w" "/opt/rustwide/workdir" "--user" "0:0" "7196392e3078bc67efc55a1dd0cf3606b48e54528aabb588937cd9bf4adabbc3" "/opt/rustwide/cargo-home/bin/cargo" "+1.100.0-beta.1" "build" "--frozen" "--message-format=json" "--release", kill_on_drop: false }`
[INFO] [stderr]    Compiling syn v2.0.117
[INFO] [stderr]    Compiling synstructure v0.13.2
[INFO] [stderr]    Compiling gc-arena-derive v0.7.0
[INFO] [stderr]    Compiling gc-arena v0.7.0 (/opt/rustwide/workdir)
[INFO] [stderr]     Finished `release` profile [optimized] target(s) in 3.95s
[INFO] running `Command { std: "docker" "inspect" "7196392e3078bc67efc55a1dd0cf3606b48e54528aabb588937cd9bf4adabbc3", kill_on_drop: false }`
[INFO] running `Command { std: "docker" "exec" "-e" "SOURCE_DIR=/opt/rustwide/workdir" "-e" "CARGO_HOME=/opt/rustwide/cargo-home" "-e" "RUSTUP_HOME=/opt/rustwide/rustup-home" "-e" "CARGO_TARGET_DIR=/opt/rustwide/target" "-e" "CARGO_INCREMENTAL=0" "-e" "RUST_BACKTRACE=full" "-e" "RUSTFLAGS=--cap-lints=warn" "-e" "RUSTDOCFLAGS=--cap-lints=warn" "-w" "/opt/rustwide/workdir" "--user" "0:0" "7196392e3078bc67efc55a1dd0cf3606b48e54528aabb588937cd9bf4adabbc3" "/opt/rustwide/cargo-home/bin/cargo" "+1.100.0-beta.1" "test" "--frozen" "--no-run" "--message-format=json" "--release", kill_on_drop: false }`
[INFO] [stderr]    Compiling serde v1.0.228
[INFO] [stderr]    Compiling target-triple v1.0.0
[INFO] [stderr]    Compiling getrandom v0.4.2
[INFO] [stderr]    Compiling winnow v1.0.3
[INFO] [stderr]    Compiling toml_writer v1.1.1+spec-1.1.0
[INFO] [stderr]    Compiling memchr v2.8.1
[INFO] [stderr]    Compiling chacha20 v0.10.0
[INFO] [stderr]    Compiling glob v0.3.3
[INFO] [stderr]    Compiling toml_datetime v1.1.1+spec-1.1.0
[INFO] [stderr]    Compiling serde_spanned v1.1.1
[INFO] [stderr]    Compiling serde_derive v1.0.228
[INFO] [stderr]    Compiling rand v0.10.1
[INFO] [stderr]    Compiling serde_json v1.0.150
[INFO] [stderr]    Compiling toml_parser v1.1.2+spec-1.1.0
[INFO] [stderr]    Compiling toml v1.1.2+spec-1.1.0
[INFO] [stderr]    Compiling trybuild v1.0.116
[INFO] [stderr]    Compiling gc-arena v0.7.0 (/opt/rustwide/workdir)
[INFO] [stderr]     Finished `release` profile [optimized] target(s) in 18.86s
[INFO] running `Command { std: "docker" "inspect" "7196392e3078bc67efc55a1dd0cf3606b48e54528aabb588937cd9bf4adabbc3", kill_on_drop: false }`
[INFO] running `Command { std: "docker" "exec" "-e" "SOURCE_DIR=/opt/rustwide/workdir" "-e" "CARGO_HOME=/opt/rustwide/cargo-home" "-e" "RUSTUP_HOME=/opt/rustwide/rustup-home" "-e" "CARGO_TARGET_DIR=/opt/rustwide/target" "-e" "CARGO_INCREMENTAL=0" "-e" "RUST_BACKTRACE=full" "-e" "RUSTFLAGS=--cap-lints=warn" "-e" "RUSTDOCFLAGS=--cap-lints=warn" "-w" "/opt/rustwide/workdir" "--user" "0:0" "7196392e3078bc67efc55a1dd0cf3606b48e54528aabb588937cd9bf4adabbc3" "/opt/rustwide/cargo-home/bin/cargo" "+1.100.0-beta.1" "test" "--frozen" "--release", kill_on_drop: false }`
[INFO] [stderr]     Finished `release` profile [optimized] target(s) in 0.06s
[INFO] [stderr]      Running unittests src/lib.rs (/opt/rustwide/target/release/build/gc-arena/6ac01568fa890386/out/gc_arena-6ac01568fa890386)
[INFO] [stderr]      Running tests/tests.rs (/opt/rustwide/target/release/build/gc-arena/9824e6604ba2f697/out/tests-9824e6604ba2f697)
[INFO] [stdout] 
[INFO] [stdout] running 0 tests
[INFO] [stdout] 
[INFO] [stdout] test result: ok. 0 passed; 0 failed; 0 ignored; 0 measured; 0 filtered out; finished in 0.00s
[INFO] [stdout] 
[INFO] [stdout] 
[INFO] [stdout] running 29 tests
[INFO] [stdout] test all_dropped ... ok
[INFO] [stdout] test all_garbage_collected ... ok
[INFO] [stdout] test cycle_debt_stops ... ok
[INFO] [stdout] test dyn_collect ... ok
[INFO] [stdout] test field_locks ... ok
[INFO] [stdout] test okay_panic ... ok
[INFO] [stdout] test ptr_magic ... ok
[INFO] [stdout] test basic_finalization ... ok
[INFO] [stdout] test gc_sleep_actually_sleeps ... ok
[INFO] [stdout] test lesser_aligned_prefix_has_same_ptr ... ok
[INFO] [stdout] test simple_allocation ... ok
[INFO] [stdout] test repeated_allocation_deallocation ... ok
[INFO] [stdout] test static_collect_with_param ... ok
[INFO] [stdout] test stop_the_world_works ... ok
[INFO] [stdout] test test_map ... ok
[INFO] [stdout] test test_phases ... ok
[INFO] [stdout] test transitive_death ... ok
[INFO] [stdout] test weak_allocation ... ok
[INFO] [stdout] test zst_cache ... ok
[INFO] [stdout] test test_collection_bounded ... ok
[INFO] [stdout] test cast ... ok
[INFO] [stdout] test derive_collect ... ok
[INFO] [stdout] test barriers ... ok
[INFO] [stdout] test dyn_sized_allocation ... ok
[INFO] [stdout] test test_dynamic_roots ... ok
[INFO] [stdout] test test_layouts ... ok
[INFO] [stdout] test test_unsize ... ok
[INFO] [stdout] test test_dynamic_bad_set - should panic ... ok
[INFO] [stderr]    Compiling proc-macro2 v1.0.106
[INFO] [stderr]    Compiling quote v1.0.45
[INFO] [stderr]    Compiling unicode-ident v1.0.24
[INFO] [stderr]    Compiling libc v0.2.186
[INFO] [stderr]     Checking cfg-if v1.0.4
[INFO] [stderr]     Checking rand_core v0.10.1
[INFO] [stderr]    Compiling getrandom v0.4.2
[INFO] [stderr]     Checking cpufeatures v0.3.0
[INFO] [stderr]     Checking chacha20 v0.10.0
[INFO] [stderr]    Compiling syn v2.0.117
[INFO] [stderr]     Checking rand v0.10.1
[INFO] [stderr]    Compiling synstructure v0.13.2
[INFO] [stderr]    Compiling gc-arena-derive v0.7.0
[INFO] [stderr]     Checking gc-arena v0.7.0 (/opt/rustwide/workdir)
[INFO] [stderr]     Checking gc-arena-tests v0.0.0 (/opt/rustwide/target/tests/trybuild/gc-arena)
[INFO] [stderr]     Finished `dev` profile [unoptimized + debuginfo] target(s) in 6.68s
[INFO] [stderr] 
[INFO] [stderr] 
[INFO] [stderr] test tests/ui/bad_collect_bound.rs ... mismatch
[INFO] [stdout] test ui ... FAILED
[INFO] [stderr] 
[INFO] [stdout] 
[INFO] [stderr] EXPECTED:
[INFO] [stdout] failures:
[INFO] [stderr] ┈┈┈┈┈┈┈┈┈┈┈┈┈┈┈┈┈┈┈┈┈┈┈┈┈┈┈┈┈┈┈┈┈┈┈┈┈┈┈┈┈┈┈┈┈┈┈┈┈┈┈┈┈┈┈┈┈┈┈┈
[INFO] [stdout] 
[INFO] [stderr] error[E0277]: the trait bound `NotCollect: Collect<'_>` is not satisfied
[INFO] [stdout] ---- ui stdout ----
[INFO] [stderr]  --> tests/ui/bad_collect_bound.rs:8:12
[INFO] [stdout] 
[INFO] [stderr]   |
[INFO] [stdout] thread 'ui' (644) panicked at /opt/rustwide/cargo-home/registry/src/index.crates.io-1949cf8c6b5b557f/trybuild-1.0.116/src/run.rs:102:13:
[INFO] [stderr] 8 |     field: NotCollect
[INFO] [stdout] 2 of 7 tests failed
[INFO] [stderr]   |            ^^^^^^^^^^ unsatisfied trait bound
[INFO] [stdout] stack backtrace:
[INFO] [stderr]   |
[INFO] [stdout]    0:     0x591fb43fd021 - <<std[617be2ca0a6fd877]::sys::backtrace::BacktraceLock>::print::DisplayBacktrace as core[a373ad73a504971]::fmt::Display>::fmt
[INFO] [stderr] help: the trait `Collect<'_>` is not implemented for `NotCollect`
[INFO] [stdout]    1:     0x591fb441359a - core[a373ad73a504971]::fmt::write
[INFO] [stderr]  --> tests/ui/bad_collect_bound.rs:3:1
[INFO] [stdout]    2:     0x591fb440186c - <alloc[2e1b2a31b91974c5]::vec::Vec<u8> as core[a373ad73a504971]::io::write::Write>::write_fmt
[INFO] [stderr]   |
[INFO] [stdout]    3:     0x591fb43d6486 - std[617be2ca0a6fd877]::panicking::default_hook::{closure#0}
[INFO] [stderr] 3 | struct NotCollect;
[INFO] [stdout]    4:     0x591fb43f45c9 - std[617be2ca0a6fd877]::panicking::default_hook
[INFO] [stderr]   | ^^^^^^^^^^^^^^^^^
[INFO] [stdout]    5:     0x591fb438c310 - test[aada8e7e76ba119b]::test_main_inner::{closure#0}
[INFO] [stderr]   = help: the following other types implement trait `Collect<'gc>`:
[INFO] [stdout]    6:     0x591fb43f4782 - std[617be2ca0a6fd877]::panicking::panic_with_hook
[INFO] [stderr]             &'static T
[INFO] [stdout]    7:     0x591fb43d6532 - std[617be2ca0a6fd877]::panicking::panic_handler::{closure#0}
[INFO] [stderr]             ()
[INFO] [stdout]    8:     0x591fb43ced89 - std[617be2ca0a6fd877]::sys::backtrace::__rust_end_short_backtrace::<std[617be2ca0a6fd877]::panicking::panic_handler::{closure#0}, !>
[INFO] [stderr]             (A, B)
[INFO] [stdout]    9:     0x591fb43d713d - __rustc[ea4f61d10b84890b]::rust_begin_unwind
[INFO] [stderr]             (A, B, C)
[INFO] [stdout]   10:     0x591fb4413d3c - core[a373ad73a504971]::panicking::panic_fmt
[INFO] [stderr]             (A, B, C, D)
[INFO] [stdout]   11:     0x591fb42de7eb - <trybuild[f28d788cf32f7e50]::Runner>::run
[INFO] [stderr]             (A, B, C, D, E)
[INFO] [stdout]   12:     0x591fb42e1900 - <trybuild[f28d788cf32f7e50]::TestCases as core[a373ad73a504971]::ops::drop::Drop>::drop
[INFO] [stderr]             (A, B, C, D, E, F)
[INFO] [stdout]   13:     0x591fb42d26a4 - <tests[310a97210aee1db6]::ui::{closure#0} as core[a373ad73a504971]::ops::function::FnOnce<()>>::call_once
[INFO] [stderr]             (A, B, C, D, E, F, G)
[INFO] [stdout]   14:     0x591fb437f75b - test[aada8e7e76ba119b]::__rust_begin_short_backtrace::<core[a373ad73a504971]::result::Result<(), alloc[2e1b2a31b91974c5]::string::String>, fn() -> core[a373ad73a504971]::result::Result<(), alloc[2e1b2a31b91974c5]::string::String>>
[INFO] [stderr]           and $N others
[INFO] [stdout]   15:     0x591fb438c935 - test[aada8e7e76ba119b]::run_test::{closure#0}
[INFO] [stderr] 
[INFO] [stdout]   16:     0x591fb4386224 - std[617be2ca0a6fd877]::sys::backtrace::__rust_begin_short_backtrace::<test[aada8e7e76ba119b]::run_test::{closure#1}, ()>
[INFO] [stderr] error[E0277]: the trait bound `NotCollect: Collect<'gc>` is not satisfied
[INFO] [stdout]   17:     0x591fb438f9c2 - <std[617be2ca0a6fd877]::thread::lifecycle::spawn_unchecked<test[aada8e7e76ba119b]::run_test::{closure#1}, ()>::{closure#1} as core[a373ad73a504971]::ops::function::FnOnce<()>>::call_once::{shim:vtable#0}
[INFO] [stderr]  --> tests/ui/bad_collect_bound.rs:8:5
[INFO] [stdout]   18:     0x591fb43fc27f - <std[617be2ca0a6fd877]::sys::thread::unix::Thread>::new::thread_start
[INFO] [stderr]   |
[INFO] [stdout]   19:     0x742b08b4adfa - <unknown>
[INFO] [stderr] 5 | #[derive(Collect)]
[INFO] [stdout]   20:     0x742b08bde3d4 - clone
[INFO] [stderr]   |          ------- in this derive macro expansion
[INFO] [stdout]   21:                0x0 - <unknown>
[INFO] [stderr] ...
[INFO] [stdout] 
[INFO] [stderr] 8 |     field: NotCollect
[INFO] [stdout] 
[INFO] [stderr]   |     ^^^^^ unsatisfied trait bound
[INFO] [stdout] failures:
[INFO] [stderr]   |
[INFO] [stdout]     ui
[INFO] [stderr] help: the trait `Collect<'gc>` is not implemented for `NotCollect`
[INFO] [stdout] 
[INFO] [stderr]  --> tests/ui/bad_collect_bound.rs:3:1
[INFO] [stdout] test result: FAILED. 28 passed; 1 failed; 0 ignored; 0 measured; 0 filtered out; finished in 9.11s
[INFO] [stderr]   |
[INFO] [stdout] 
[INFO] [stderr] 3 | struct NotCollect;
[INFO] [stderr]   | ^^^^^^^^^^^^^^^^^
[INFO] [stderr]   = help: the following other types implement trait `Collect<'gc>`:
[INFO] [stderr]             &'static T
[INFO] [stderr]             ()
[INFO] [stderr]             (A, B)
[INFO] [stderr]             (A, B, C)
[INFO] [stderr]             (A, B, C, D)
[INFO] [stderr]             (A, B, C, D, E)
[INFO] [stderr]             (A, B, C, D, E, F)
[INFO] [stderr]             (A, B, C, D, E, F, G)
[INFO] [stderr]           and $N others
[INFO] [stderr] note: required by a bound in `gc_arena::collect::Trace::trace`
[INFO] [stderr]  --> src/collect.rs
[INFO] [stderr]   |
[INFO] [stderr]   |     fn trace<C: Collect<'gc> + ?Sized>(&mut self, value: &C)
[INFO] [stderr]   |                 ^^^^^^^^^^^^ required by this bound in `Trace::trace`
[INFO] [stderr]   = note: this error originates in the derive macro `Collect` (in Nightly builds, run with -Z macro-backtrace for more info)
[INFO] [stderr] ┈┈┈┈┈┈┈┈┈┈┈┈┈┈┈┈┈┈┈┈┈┈┈┈┈┈┈┈┈┈┈┈┈┈┈┈┈┈┈┈┈┈┈┈┈┈┈┈┈┈┈┈┈┈┈┈┈┈┈┈
[INFO] [stderr] 
[INFO] [stderr] ACTUAL OUTPUT:
[INFO] [stderr] ┈┈┈┈┈┈┈┈┈┈┈┈┈┈┈┈┈┈┈┈┈┈┈┈┈┈┈┈┈┈┈┈┈┈┈┈┈┈┈┈┈┈┈┈┈┈┈┈┈┈┈┈┈┈┈┈┈┈┈┈
[INFO] [stderr] error[E0277]: the trait bound `NotCollect: Collect<'_>` is not satisfied
[INFO] [stderr]  --> tests/ui/bad_collect_bound.rs:8:12
[INFO] [stderr]   |
[INFO] [stderr] 8 |     field: NotCollect
[INFO] [stderr]   |            ^^^^^^^^^^ unsatisfied trait bound
[INFO] [stderr]   |
[INFO] [stderr] help: the trait `Collect<'_>` is not implemented for `NotCollect`
[INFO] [stderr]  --> tests/ui/bad_collect_bound.rs:3:1
[INFO] [stderr]   |
[INFO] [stderr] 3 | struct NotCollect;
[INFO] [stderr]   | ^^^^^^^^^^^^^^^^^
[INFO] [stderr]   = help: the following other types implement trait `Collect<'gc>`:
[INFO] [stderr]             &'static T
[INFO] [stderr]             ()
[INFO] [stderr]             (A, B)
[INFO] [stderr]             (A, B, C)
[INFO] [stderr]             (A, B, C, D)
[INFO] [stderr]             (A, B, C, D, E)
[INFO] [stderr]             (A, B, C, D, E, F)
[INFO] [stderr]             (A, B, C, D, E, F, G)
[INFO] [stderr]           and $N others
[INFO] [stderr] 
[INFO] [stderr] error[E0277]: the trait bound `NotCollect: Collect<'gc>` is not satisfied
[INFO] [stderr]  --> tests/ui/bad_collect_bound.rs:8:5
[INFO] [stderr]   |
[INFO] [stderr] 5 | #[derive(Collect)]
[INFO] [stderr]   |          ------- in this derive macro expansion
[INFO] [stderr] ...
[INFO] [stderr] 8 |     field: NotCollect
[INFO] [stderr]   |     ^^^^^ unsatisfied trait bound
[INFO] [stderr]   |
[INFO] [stderr] help: the trait `Collect<'gc>` is not implemented for `NotCollect`
[INFO] [stderr]  --> tests/ui/bad_collect_bound.rs:3:1
[INFO] [stderr]   |
[INFO] [stderr] 3 | struct NotCollect;
[INFO] [stderr]   | ^^^^^^^^^^^^^^^^^
[INFO] [stderr]   = help: the following other types implement trait `Collect<'gc>`:
[INFO] [stderr]             &'static T
[INFO] [stderr]             ()
[INFO] [stderr]             (A, B)
[INFO] [stderr]             (A, B, C)
[INFO] [stderr]             (A, B, C, D)
[INFO] [stderr]             (A, B, C, D, E)
[INFO] [stderr]             (A, B, C, D, E, F)
[INFO] [stderr]             (A, B, C, D, E, F, G)
[INFO] [stderr]           and $N others
[INFO] [stderr] note: required by a bound in `gc_arena::collect::Trace::trace`
[INFO] [stderr]  --> src/collect.rs
[INFO] [stderr]   |
[INFO] [stderr]   | pub trait Trace<'gc> {
[INFO] [stderr] ...
[INFO] [stderr]   |     fn trace<C: Collect<'gc> + ?Sized>(&mut self, value: &C)
[INFO] [stderr]   |                 ^^^^^^^^^^^^ required by this bound in `Trace::trace`
[INFO] [stderr]   = note: this error originates in the derive macro `Collect` (in Nightly builds, run with -Z macro-backtrace for more info)
[INFO] [stderr] ┈┈┈┈┈┈┈┈┈┈┈┈┈┈┈┈┈┈┈┈┈┈┈┈┈┈┈┈┈┈┈┈┈┈┈┈┈┈┈┈┈┈┈┈┈┈┈┈┈┈┈┈┈┈┈┈┈┈┈┈
[INFO] [stderr] note: If the actual output is the correct output you can bless it by rerunning
[INFO] [stderr]       your test with the environment variable TRYBUILD=overwrite
[INFO] [stderr] 
[INFO] [stderr] test tests/ui/bad_write_field_projections.rs ... mismatch
[INFO] [stderr] 
[INFO] [stderr] EXPECTED:
[INFO] [stderr] ┈┈┈┈┈┈┈┈┈┈┈┈┈┈┈┈┈┈┈┈┈┈┈┈┈┈┈┈┈┈┈┈┈┈┈┈┈┈┈┈┈┈┈┈┈┈┈┈┈┈┈┈┈┈┈┈┈┈┈┈
[INFO] [stderr] error[E0308]: mismatched types
[INFO] [stderr]   --> tests/ui/bad_write_field_projections.rs:18:5
[INFO] [stderr]    |
[INFO] [stderr] 18 |     field!(v, Foo, foo)
[INFO] [stderr]    |     ^^^^^^^-^^^^^^^^^^^
[INFO] [stderr]    |     |      |
[INFO] [stderr]    |     |      this expression has type `&'a gc_arena::barrier::Write<Gc<'gc, Foo<'gc>>>`
[INFO] [stderr]    |     expected `Gc<'_, Foo<'_>>`, found `Foo<'_>`
[INFO] [stderr]    |
[INFO] [stderr]    = note: expected struct `Gc<'gc, Foo<'gc>>`
[INFO] [stderr]               found struct `Foo<'_>`
[INFO] [stderr]    = note: this error originates in the macro `field` (in Nightly builds, run with -Z macro-backtrace for more info)
[INFO] [stderr] help: consider dereferencing to access the inner value using the Deref trait
[INFO] [stderr]    |
[INFO] [stderr] 18 |     field!(&***v, Foo, foo)
[INFO] [stderr]    |            ++++
[INFO] [stderr] 
[INFO] [stderr] error[E0606]: casting `&&'static u32` as `*const u32` is invalid
[INFO] [stderr]   --> tests/ui/bad_write_field_projections.rs:22:5
[INFO] [stderr]    |
[INFO] [stderr] 22 |     field!(v, Foo, baz)
[INFO] [stderr]    |     ^^^^^^^^^^^^^^^^^^^
[INFO] [stderr]    |
[INFO] [stderr]    = note: this error originates in the macro `field` (in Nightly builds, run with -Z macro-backtrace for more info)
[INFO] [stderr] 
[INFO] [stderr] error[E0606]: casting `&Gc<'_, u32>` as `*const u32` is invalid
[INFO] [stderr]   --> tests/ui/bad_write_field_projections.rs:26:5
[INFO] [stderr]    |
[INFO] [stderr] 26 |     field!(v, Foo, quux)
[INFO] [stderr]    |     ^^^^^^^^^^^^^^^^^^^^
[INFO] [stderr]    |
[INFO] [stderr]    = note: this error originates in the macro `field` (in Nightly builds, run with -Z macro-backtrace for more info)
[INFO] [stderr] 
[INFO] [stderr] error[E0308]: mismatched types
[INFO] [stderr]   --> tests/ui/bad_write_field_projections.rs:30:5
[INFO] [stderr]    |
[INFO] [stderr] 30 |     field!(v, Foo, bar)
[INFO] [stderr]    |     ^^^^^^^^^^^^^^^^^^^
[INFO] [stderr]    |     |
[INFO] [stderr]    |     expected `&i64`, found `&f64`
[INFO] [stderr]    |     arguments to this function are incorrect
[INFO] [stderr]    |
[INFO] [stderr]    = note: expected reference `&i64`
[INFO] [stderr]               found reference `&f64`
[INFO] [stderr] note: associated function defined here
[INFO] [stderr]   --> src/barrier.rs
[INFO] [stderr]    |
[INFO] [stderr]    |     pub unsafe fn __from_ref_and_ptr(v: &T, _: *const T) -> &Self {
[INFO] [stderr]    |                   ^^^^^^^^^^^^^^^^^^
[INFO] [stderr]    = note: this error originates in the macro `field` (in Nightly builds, run with -Z macro-backtrace for more info)
[INFO] [stderr] 
[INFO] [stderr] error[E0606]: casting `&f64` as `*const i64` is invalid
[INFO] [stderr]   --> tests/ui/bad_write_field_projections.rs:30:5
[INFO] [stderr]    |
[INFO] [stderr] 30 |     field!(v, Foo, bar)
[INFO] [stderr]    |     ^^^^^^^^^^^^^^^^^^^
[INFO] [stderr]    |
[INFO] [stderr]    = note: this error originates in the macro `field` (in Nightly builds, run with -Z macro-backtrace for more info)
[INFO] [stderr] 
[INFO] [stderr] error: cannot explicitly borrow within an implicitly-borrowing pattern
[INFO] [stderr]   --> tests/ui/bad_write_field_projections.rs:14:5
[INFO] [stderr]    |
[INFO] [stderr] 14 |     field!(v, Foo, foo)
[INFO] [stderr]    |     ^^^^^^^^^^^^^^^^^^^ occurs within macro expansion
[INFO] [stderr]    |
[INFO] [stderr]    = note: for more information, see <https://doc.rust-lang.org/reference/patterns.html#binding-modes>
[INFO] [stderr]    = note: this error originates in the macro `field` (in Nightly builds, run with -Z macro-backtrace for more info)
[INFO] [stderr] help: match on the reference with a reference pattern to avoid implicitly borrowing
[INFO] [stderr]   --> src/barrier.rs
[INFO] [stderr]    |
[INFO] [stderr]    |                 __inner: &$type { ref $field, .. },
[INFO] [stderr]    |                          +
[INFO] [stderr] ┈┈┈┈┈┈┈┈┈┈┈┈┈┈┈┈┈┈┈┈┈┈┈┈┈┈┈┈┈┈┈┈┈┈┈┈┈┈┈┈┈┈┈┈┈┈┈┈┈┈┈┈┈┈┈┈┈┈┈┈
[INFO] [stderr] 
[INFO] [stderr] ACTUAL OUTPUT:
[INFO] [stderr] ┈┈┈┈┈┈┈┈┈┈┈┈┈┈┈┈┈┈┈┈┈┈┈┈┈┈┈┈┈┈┈┈┈┈┈┈┈┈┈┈┈┈┈┈┈┈┈┈┈┈┈┈┈┈┈┈┈┈┈┈
[INFO] [stderr] error[E0308]: mismatched types
[INFO] [stderr]   --> tests/ui/bad_write_field_projections.rs:18:5
[INFO] [stderr]    |
[INFO] [stderr] 18 |     field!(v, Foo, foo)
[INFO] [stderr]    |     ^^^^^^^-^^^^^^^^^^^
[INFO] [stderr]    |     |      |
[INFO] [stderr]    |     |      this expression has type `&'a gc_arena::barrier::Write<Gc<'gc, Foo<'gc>>>`
[INFO] [stderr]    |     expected `Gc<'_, Foo<'_>>`, found `Foo<'_>`
[INFO] [stderr]    |
[INFO] [stderr]    = note: expected struct `Gc<'gc, Foo<'gc>>`
[INFO] [stderr]               found struct `Foo<'_>`
[INFO] [stderr]    = note: this error originates in the macro `field` (in Nightly builds, run with -Z macro-backtrace for more info)
[INFO] [stderr] help: consider dereferencing to access the inner value using the `Deref` trait
[INFO] [stderr]    |
[INFO] [stderr] 18 |     field!(&***v, Foo, foo)
[INFO] [stderr]    |            ++++
[INFO] [stderr] 
[INFO] [stderr] error[E0606]: casting `&&'static u32` as `*const u32` is invalid
[INFO] [stderr]   --> tests/ui/bad_write_field_projections.rs:22:5
[INFO] [stderr]    |
[INFO] [stderr] 22 |     field!(v, Foo, baz)
[INFO] [stderr]    |     ^^^^^^^^^^^^^^^^^^^
[INFO] [stderr]    |
[INFO] [stderr]    = note: this error originates in the macro `field` (in Nightly builds, run with -Z macro-backtrace for more info)
[INFO] [stderr] 
[INFO] [stderr] error[E0606]: casting `&Gc<'_, u32>` as `*const u32` is invalid
[INFO] [stderr]   --> tests/ui/bad_write_field_projections.rs:26:5
[INFO] [stderr]    |
[INFO] [stderr] 26 |     field!(v, Foo, quux)
[INFO] [stderr]    |     ^^^^^^^^^^^^^^^^^^^^
[INFO] [stderr]    |
[INFO] [stderr]    = note: this error originates in the macro `field` (in Nightly builds, run with -Z macro-backtrace for more info)
[INFO] [stderr] 
[INFO] [stderr] error[E0308]: mismatched types
[INFO] [stderr]   --> tests/ui/bad_write_field_projections.rs:30:5
[INFO] [stderr]    |
[INFO] [stderr] 30 |     field!(v, Foo, bar)
[INFO] [stderr]    |     ^^^^^^^^^^^^^^^^^^^
[INFO] [stderr]    |     |
[INFO] [stderr]    |     expected `&i64`, found `&f64`
[INFO] [stderr]    |     arguments to this function are incorrect
[INFO] [stderr]    |
[INFO] [stderr]    = note: expected reference `&i64`
[INFO] [stderr]               found reference `&f64`
[INFO] [stderr] note: associated function defined here
[INFO] [stderr]   --> src/barrier.rs
[INFO] [stderr]    |
[INFO] [stderr]    |     pub unsafe fn __from_ref_and_ptr(v: &T, _: *const T) -> &Self {
[INFO] [stderr]    |                   ^^^^^^^^^^^^^^^^^^
[INFO] [stderr]    = note: this error originates in the macro `field` (in Nightly builds, run with -Z macro-backtrace for more info)
[INFO] [stderr] 
[INFO] [stderr] error[E0606]: casting `&f64` as `*const i64` is invalid
[INFO] [stderr]   --> tests/ui/bad_write_field_projections.rs:30:5
[INFO] [stderr]    |
[INFO] [stderr] 30 |     field!(v, Foo, bar)
[INFO] [stderr]    |     ^^^^^^^^^^^^^^^^^^^
[INFO] [stderr]    |
[INFO] [stderr]    = note: this error originates in the macro `field` (in Nightly builds, run with -Z macro-backtrace for more info)
[INFO] [stderr] 
[INFO] [stderr] error: cannot explicitly borrow within an implicitly-borrowing pattern
[INFO] [stderr]   --> tests/ui/bad_write_field_projections.rs:14:5
[INFO] [stderr]    |
[INFO] [stderr] 14 |     field!(v, Foo, foo)
[INFO] [stderr]    |     ^^^^^^^^^^^^^^^^^^^ occurs within macro expansion
[INFO] [stderr]    |
[INFO] [stderr]    = note: for more information, see <https://doc.rust-lang.org/reference/patterns.html#binding-modes>
[INFO] [stderr]    = note: this error originates in the macro `field` (in Nightly builds, run with -Z macro-backtrace for more info)
[INFO] [stderr] help: match on the reference with a reference pattern to avoid implicitly borrowing
[INFO] [stderr]   --> src/barrier.rs
[INFO] [stderr]    |
[INFO] [stderr]    |                 __inner: &$type { ref $field, .. },
[INFO] [stderr]    |                          +
[INFO] [stderr] ┈┈┈┈┈┈┈┈┈┈┈┈┈┈┈┈┈┈┈┈┈┈┈┈┈┈┈┈┈┈┈┈┈┈┈┈┈┈┈┈┈┈┈┈┈┈┈┈┈┈┈┈┈┈┈┈┈┈┈┈
[INFO] [stderr] note: If the actual output is the correct output you can bless it by rerunning
[INFO] [stderr]       your test with the environment variable TRYBUILD=overwrite
[INFO] [stderr] 
[INFO] [stderr] test tests/ui/invalid_collect_field.rs ... ok
[INFO] [stderr] test tests/ui/multiple_require_static.rs ... ok
[INFO] [stderr] test tests/ui/no_drop_and_drop_impl.rs ... ok
[INFO] [stderr] test tests/ui/require_static_enum_variant.rs ... ok
[INFO] [stderr] test tests/ui/require_static_not_static.rs ... ok
[INFO] [stderr] 
[INFO] [stderr] 
[INFO] [stderr] error: test failed, to rerun pass `--test tests`
[INFO] running `Command { std: "docker" "inspect" "7196392e3078bc67efc55a1dd0cf3606b48e54528aabb588937cd9bf4adabbc3", kill_on_drop: false }`
[INFO] running `Command { std: "docker" "rm" "-f" "7196392e3078bc67efc55a1dd0cf3606b48e54528aabb588937cd9bf4adabbc3", kill_on_drop: false }`
[INFO] [stdout] 7196392e3078bc67efc55a1dd0cf3606b48e54528aabb588937cd9bf4adabbc3
