[INFO] fetching crate gbiv 0.1.0...
[INFO] testing gbiv-0.1.0 against 1.100.0-beta.1+cargoflags=--release for beta-release-1.100-2
[INFO] extracting crate gbiv 0.1.0 into /workspace/builds/worker-6-tc2/source
[INFO] started tweaking crates.io crate gbiv 0.1.0
[INFO] finished tweaking crates.io crate gbiv 0.1.0
[INFO] tweaked toml for crates.io crate gbiv 0.1.0 written to /workspace/builds/worker-6-tc2/source/Cargo.toml
[INFO] validating manifest of crates.io crate gbiv 0.1.0 on toolchain 1.100.0-beta.1
[INFO] running `Command { std: CARGO_HOME="/workspace/cargo-home" RUSTUP_HOME="/workspace/rustup-home" "/workspace/cargo-home/bin/cargo" "+1.100.0-beta.1" "metadata" "--manifest-path" "Cargo.toml" "--no-deps", kill_on_drop: false }`
[INFO] crate crates.io crate gbiv 0.1.0 already has a lockfile, it will not be regenerated
[INFO] running `Command { std: CARGO_HOME="/workspace/cargo-home" RUSTUP_HOME="/workspace/rustup-home" "/workspace/cargo-home/bin/cargo" "+1.100.0-beta.1" "fetch" "--manifest-path" "Cargo.toml", kill_on_drop: false }`
[INFO] running `Command { std: "docker" "create" "-v" "/var/lib/crater-agent-workspace/builds/worker-6-tc2/source:/opt/rustwide/workdir:ro,Z" "-v" "/var/lib/crater-agent-workspace/builds/worker-6-tc2/target:/opt/rustwide/target:rw,Z" "-v" "/var/lib/crater-agent-workspace/cargo-home:/opt/rustwide/cargo-home:ro,Z" "-v" "/var/lib/crater-agent-workspace/rustup-home:/opt/rustwide/rustup-home:ro,Z" "-m" "1610612736" "--network" "none" "ghcr.io/rust-lang/crates-build-env/linux@sha256:77db811e55d90add9212f6832c23229e3de5f1c1f9905e8cb07319ea15df73ac" "sleep" "infinity", kill_on_drop: false }`
[INFO] [stdout] 88bb47dfa893fcf8d5f26e62a7bf2e2b26c44dfa6400c6c3c1314971b66085a1
[INFO] running `Command { std: "docker" "start" "88bb47dfa893fcf8d5f26e62a7bf2e2b26c44dfa6400c6c3c1314971b66085a1", kill_on_drop: false }`
[INFO] running `Command { std: "docker" "inspect" "88bb47dfa893fcf8d5f26e62a7bf2e2b26c44dfa6400c6c3c1314971b66085a1", kill_on_drop: false }`
[INFO] running `Command { std: "docker" "exec" "-e" "SOURCE_DIR=/opt/rustwide/workdir" "-e" "CARGO_HOME=/opt/rustwide/cargo-home" "-e" "RUSTUP_HOME=/opt/rustwide/rustup-home" "-e" "CARGO_TARGET_DIR=/opt/rustwide/target" "-w" "/opt/rustwide/workdir" "--user" "0:0" "88bb47dfa893fcf8d5f26e62a7bf2e2b26c44dfa6400c6c3c1314971b66085a1" "/opt/rustwide/cargo-home/bin/cargo" "+1.100.0-beta.1" "metadata" "--no-deps" "--format-version=1", kill_on_drop: false }`
[INFO] running `Command { std: "docker" "inspect" "88bb47dfa893fcf8d5f26e62a7bf2e2b26c44dfa6400c6c3c1314971b66085a1", kill_on_drop: false }`
[INFO] running `Command { std: "docker" "exec" "-e" "SOURCE_DIR=/opt/rustwide/workdir" "-e" "CARGO_HOME=/opt/rustwide/cargo-home" "-e" "RUSTUP_HOME=/opt/rustwide/rustup-home" "-e" "CARGO_TARGET_DIR=/opt/rustwide/target" "-e" "CARGO_INCREMENTAL=0" "-e" "RUST_BACKTRACE=full" "-e" "RUSTFLAGS=--cap-lints=warn" "-e" "RUSTDOCFLAGS=--cap-lints=warn" "-w" "/opt/rustwide/workdir" "--user" "0:0" "88bb47dfa893fcf8d5f26e62a7bf2e2b26c44dfa6400c6c3c1314971b66085a1" "/opt/rustwide/cargo-home/bin/cargo" "+1.100.0-beta.1" "build" "--frozen" "--message-format=json" "--release", kill_on_drop: false }`
[INFO] [stderr]    Compiling clap_lex v1.0.0
[INFO] [stderr]    Compiling quote v1.0.44
[INFO] [stderr]    Compiling anstream v0.6.21
[INFO] [stderr]    Compiling syn v2.0.117
[INFO] [stderr]    Compiling clap_builder v4.5.60
[INFO] [stderr]    Compiling clap_derive v4.5.55
[INFO] [stderr]    Compiling clap v4.5.60
[INFO] [stderr]    Compiling gbiv v0.1.0 (/opt/rustwide/workdir)
[INFO] [stderr]     Finished `release` profile [optimized] target(s) in 14.73s
[INFO] running `Command { std: "docker" "inspect" "88bb47dfa893fcf8d5f26e62a7bf2e2b26c44dfa6400c6c3c1314971b66085a1", kill_on_drop: false }`
[INFO] running `Command { std: "docker" "exec" "-e" "SOURCE_DIR=/opt/rustwide/workdir" "-e" "CARGO_HOME=/opt/rustwide/cargo-home" "-e" "RUSTUP_HOME=/opt/rustwide/rustup-home" "-e" "CARGO_TARGET_DIR=/opt/rustwide/target" "-e" "CARGO_INCREMENTAL=0" "-e" "RUST_BACKTRACE=full" "-e" "RUSTFLAGS=--cap-lints=warn" "-e" "RUSTDOCFLAGS=--cap-lints=warn" "-w" "/opt/rustwide/workdir" "--user" "0:0" "88bb47dfa893fcf8d5f26e62a7bf2e2b26c44dfa6400c6c3c1314971b66085a1" "/opt/rustwide/cargo-home/bin/cargo" "+1.100.0-beta.1" "test" "--frozen" "--no-run" "--message-format=json" "--release", kill_on_drop: false }`
[INFO] [stderr]    Compiling libc v0.2.182
[INFO] [stderr]    Compiling getrandom v0.4.1
[INFO] [stderr]    Compiling futures-core v0.3.32
[INFO] [stderr]    Compiling bitflags v2.11.0
[INFO] [stderr]    Compiling sdd v3.0.10
[INFO] [stderr]    Compiling serial_test_derive v3.4.0
[INFO] [stderr]    Compiling futures-util v0.3.32
[INFO] [stderr]    Compiling rustix v1.1.4
[INFO] [stderr]    Compiling scc v2.4.0
[INFO] [stderr]    Compiling parking_lot_core v0.9.12
[INFO] [stderr]    Compiling parking_lot v0.12.5
[INFO] [stderr]    Compiling tempfile v3.25.0
[INFO] [stderr]    Compiling futures-executor v0.3.32
[INFO] [stderr]    Compiling serial_test v3.4.0
[INFO] [stderr]    Compiling gbiv v0.1.0 (/opt/rustwide/workdir)
[INFO] [stderr]     Finished `release` profile [optimized] target(s) in 16.94s
[INFO] running `Command { std: "docker" "inspect" "88bb47dfa893fcf8d5f26e62a7bf2e2b26c44dfa6400c6c3c1314971b66085a1", kill_on_drop: false }`
[INFO] running `Command { std: "docker" "exec" "-e" "SOURCE_DIR=/opt/rustwide/workdir" "-e" "CARGO_HOME=/opt/rustwide/cargo-home" "-e" "RUSTUP_HOME=/opt/rustwide/rustup-home" "-e" "CARGO_TARGET_DIR=/opt/rustwide/target" "-e" "CARGO_INCREMENTAL=0" "-e" "RUST_BACKTRACE=full" "-e" "RUSTFLAGS=--cap-lints=warn" "-e" "RUSTDOCFLAGS=--cap-lints=warn" "-w" "/opt/rustwide/workdir" "--user" "0:0" "88bb47dfa893fcf8d5f26e62a7bf2e2b26c44dfa6400c6c3c1314971b66085a1" "/opt/rustwide/cargo-home/bin/cargo" "+1.100.0-beta.1" "test" "--frozen" "--release", kill_on_drop: false }`
[INFO] [stderr]     Finished `release` profile [optimized] target(s) in 0.07s
[INFO] [stderr]      Running unittests src/main.rs (/opt/rustwide/target/release/build/gbiv/3d57d895d33a6448/out/gbiv-3d57d895d33a6448)
[INFO] [stdout] 
[INFO] [stdout] running 127 tests
[INFO] [stdout] test commands::init::tests::test_ensure_gbiv_md_in_gitignore_appends_when_missing ... ok
[INFO] [stdout] test commands::init::tests::test_ensure_gbiv_md_in_gitignore_creates_file ... ok
[INFO] [stdout] test commands::init::tests::test_ensure_gbiv_md_in_gitignore_appends_newline_when_no_trailing ... ok
[INFO] [stdout] test commands::init::tests::test_init_command_folder_not_exist ... ok
[INFO] [stdout] test commands::init::tests::test_ensure_gbiv_md_in_gitignore_noop_when_already_listed ... ok
[INFO] [stdout] test commands::init::tests::test_init_command_not_git_repo ... ok
[INFO] [stdout] test commands::init::tests::test_check_color_branches_conflict ... ok
[INFO] [stdout] test commands::init::tests::test_is_git_repo_false ... ok
[INFO] [stdout] test commands::exec::tests::exec_single_errors_when_worktree_does_not_exist ... ok
[INFO] [stdout] test commands::init::tests::test_has_commits_false ... ok
[INFO] [stdout] test commands::exec::tests::exec_command_errors_when_cwd_is_not_in_a_color_worktree ... ok
[INFO] [stdout] test commands::init::tests::test_write_gbiv_md_does_not_overwrite_existing ... ok
[INFO] [stdout] test commands::init::tests::test_write_gbiv_md_creates_file_with_correct_content ... ok
[INFO] [stdout] test commands::exec::tests::exec_single_errors_on_invalid_color_name ... ok
[INFO] [stdout] test commands::mark::tests::mark_done_errors_when_no_matching_color_entry ... ok
[INFO] [stdout] test commands::init::tests::test_has_commits_true ... ok
[INFO] [stdout] test commands::mark::tests::mark_errors_when_color_cannot_be_inferred ... ok
[INFO] [stdout] test commands::mark::tests::mark_done_adds_done_tag_to_entry ... ok
[INFO] [stdout] test commands::exec::tests::exec_single_runs_command_in_color_worktree ... ok
[INFO] [stdout] test commands::exec::tests::exec_command_infers_color_from_cwd ... ok
[INFO] [stdout] test commands::rebase_all::tests::test_ensure_gitignore_entry_creates_info_dir ... ok
[INFO] [stdout] test commands::rebase_all::tests::test_ensure_gitignore_entry_no_duplicate ... ok
[INFO] [stdout] test commands::mark::tests::mark_done_replaces_existing_status_with_done ... ok
[INFO] [stdout] test commands::rebase_all::tests::test_rebase_error_format_includes_branch_name ... ok
[INFO] [stdout] test commands::init::tests::test_get_main_branch ... ok
[INFO] [stdout] test commands::rebase_all::tests::test_rebase_error_format_indents_detail_lines ... ok
[INFO] [stdout] test commands::exec::tests::exec_all_skips_missing_worktrees_without_error ... ok
[INFO] [stdout] test commands::mark::tests::mark_in_progress_adds_in_progress_tag_to_entry ... ok
[INFO] [stdout] test commands::mark::tests::mark_unset_noop_when_no_matching_color_entry ... ok
[INFO] [stdout] test commands::mark::tests::mark_unset_noop_when_no_status_present ... ok
[INFO] [stdout] test commands::reset::tests::reset_one_returns_skip_message_when_on_color_branch ... ok
[INFO] [stdout] test commands::exec::tests::exec_all_returns_failure_when_any_command_fails ... ok
[INFO] [stdout] test commands::exec::tests::exec_all_runs_command_in_every_existing_worktree_and_returns_roygbiv_order ... ok
[INFO] [stdout] test commands::mark::tests::mark_unset_removes_status_tag_from_entry ... ok
[INFO] [stdout] test commands::init::tests::test_check_color_branches_none ... ok
[INFO] [stdout] test commands::reset::tests::returns_ok_when_already_on_color_branch ... ok
[INFO] [stdout] test commands::rebase_all::tests::test_rebase_all_registers_last_branch_in_exclude ... ok
[INFO] [stdout] test commands::mark::tests::mark_infers_color_from_worktree_directory ... ok
[INFO] [stdout] test commands::reset_hard_allcolor_tests::yes_flag_skips_confirmation_prompt ... ok
[INFO] [stdout] test commands::reset_hard_basic_tests::default_reset_behavior_unchanged_when_already_on_color_branch ... ok
[INFO] [stdout] test commands::init::tests::test_init_command_no_commits ... ok
[INFO] [stdout] test commands::reset::tests::returns_err_when_no_remote_configured ... ok
[INFO] [stdout] test commands::reset::tests::reset_succeeds_when_color_branch_has_no_remote_tracking ... ok
[INFO] [stdout] test commands::reset::tests::all_color_reset_prints_summary_with_skip_reasons ... ok
[INFO] [stdout] test commands::reset::tests::reset_one_returns_success_message_with_previous_branch ... ok
[INFO] [stdout] test commands::reset::tests::all_color_reset_skips_entries_without_done_status ... ok
[INFO] [stdout] test commands::reset::tests::all_color_reset_processes_done_entries ... ok
[INFO] [stdout] test commands::reset::tests::reset_resets_color_branch_head_to_origin_main ... ok
[INFO] [stdout] test commands::reset_tests::cli_registers_reset_subcommand ... ok
[INFO] [stdout] test commands::reset::tests::returns_err_when_feature_branch_not_merged ... ok
[INFO] [stdout] test commands::reset_hard_basic_tests::hard_reset_one_proceeds_when_already_on_color_branch ... ok
[INFO] [stdout] test commands::reset_tests::reset_command_exists_and_is_callable ... ok
[INFO] [stdout] test commands::reset_hard_allcolor_tests::hard_reset_all_includes_worktrees_without_gbiv_md_entry ... ok
[INFO] [stdout] test commands::status::tests::format_gbiv_features_empty ... ok
[INFO] [stdout] test commands::status::tests::format_gbiv_features_multiple ... ok
[INFO] [stdout] test commands::status::tests::format_gbiv_features_shows_lifecycle_status_after_color_name ... ok
[INFO] [stdout] test commands::status::tests::format_gbiv_features_tagged_shows_color_and_tag ... ok
[INFO] [stdout] test commands::status::tests::format_gbiv_features_untagged_shows_backlog ... ok
[INFO] [stdout] test commands::status::tests::gbiv_md_not_read_from_gbiv_root_directly ... ok
[INFO] [stdout] test commands::status::tests::gbiv_md_resolved_from_main_worktree_repo ... ok
[INFO] [stdout] test commands::tidy_tests::cli_registers_tidy_subcommand ... ok
[INFO] [stdout] test commands::reset_tests::reset_one_exists_and_returns_ok_when_already_on_color_branch ... ok
[INFO] [stdout] test commands::tmux::clean::tests::test_clean_command_session_not_found ... ok
[INFO] [stdout] test commands::tidy_tests::tidy_command_runs_without_panic ... ok
[INFO] [stdout] test commands::tmux::clean::tests::test_orphan_filtering_all_active ... ok
[INFO] [stdout] test commands::tmux::clean::tests::test_orphan_filtering_basic ... ok
[INFO] [stdout] test commands::tmux::clean::tests::test_orphan_filtering_skips_non_roygbiv ... ok
[INFO] [stdout] test commands::reset_hard_basic_tests::hard_reset_one_succeeds_with_merged_branch ... ok
[INFO] [stdout] test commands::tmux::sync::tests::test_active_colors_deduplicates ... ok
[INFO] [stdout] test commands::tmux::sync::tests::test_active_colors_empty_features ... ok
[INFO] [stdout] test commands::tmux::sync::tests::test_active_colors_excludes_invalid_tags ... ok
[INFO] [stdout] test commands::tmux::sync::tests::test_active_colors_extracts_valid_roygbiv_tags ... ok
[INFO] [stdout] test commands::tmux::sync::tests::test_missing_windows_all_present ... ok
[INFO] [stdout] test commands::tmux::sync::tests::test_missing_windows_color_active_but_no_window ... ok
[INFO] [stdout] test commands::tmux::sync::tests::test_missing_windows_inactive_color_not_returned ... ok
[INFO] [stdout] test commands::reset_hard_stash_tests::clean_worktree_skips_stash ... ok
[INFO] [stdout] test commands::tmux::sync::tests::test_sort_windows_roygbiv_basic_order ... ok
[INFO] [stdout] test commands::tmux::sync::tests::test_sort_windows_roygbiv_full_set ... ok
[INFO] [stdout] test commands::tmux::sync::tests::test_sort_windows_roygbiv_subset_of_colors ... ok
[INFO] [stdout] test commands::reset_hard_basic_tests::hard_reset_one_succeeds_with_unmerged_branch ... ok
[INFO] [stdout] test commands::tmux::sync::tests::test_sort_windows_roygbiv_non_color_windows_at_end ... ok
[INFO] [stdout] test gbiv_md::tests::notes_not_attached_before_first_feature ... ok
[INFO] [stdout] test gbiv_md::tests::parse_entry_with_done_status_tag ... ok
[INFO] [stdout] test gbiv_md::tests::parse_entry_with_in_progress_status_tag ... ok
[INFO] [stdout] test gbiv_md::tests::parse_entry_without_status_tag_returns_none ... ok
[INFO] [stdout] test gbiv_md::tests::parse_unrecognized_second_bracket_is_not_status ... ok
[INFO] [stdout] test commands::reset_hard_allcolor_tests::hard_reset_all_bypasses_done_filter ... ok
[INFO] [stdout] test gbiv_md::tests::parses_feature_with_unrecognized_tag ... ok
[INFO] [stdout] test gbiv_md::tests::parses_multiple_features ... ok
[INFO] [stdout] test gbiv_md::tests::parses_simple_feature_without_tag ... ok
[INFO] [stdout] test gbiv_md::tests::remove_by_tag_also_removes_attached_notes ... ok
[INFO] [stdout] test gbiv_md::tests::remove_by_tag_no_stray_blank_lines_when_features_separated_by_blank ... ok
[INFO] [stdout] test gbiv_md::tests::remove_by_tag_noop_when_no_match ... ok
[INFO] [stdout] test gbiv_md::tests::parses_notes_on_preceding_feature ... ok
[INFO] [stdout] test gbiv_md::tests::parses_feature_with_tag ... ok
[INFO] [stdout] test gbiv_md::tests::remove_by_tag_preserves_content_after_separator ... ok
[INFO] [stdout] test gbiv_md::tests::returns_empty_when_file_missing ... ok
[INFO] [stdout] test gbiv_md::tests::remove_by_tag_removes_multiple_matching_entries ... ok
[INFO] [stdout] test gbiv_md::tests::returns_empty_when_no_feature_lines ... ok
[INFO] [stdout] test gbiv_md::tests::remove_by_tag_removes_matching_entry ... ok
[INFO] [stdout] test gbiv_md::tests::set_status_preserves_notes ... ok
[INFO] [stdout] test gbiv_md::tests::set_status_adds_done_to_entry_with_no_status ... ok
[INFO] [stdout] test gbiv_md::tests::set_status_errors_when_no_matching_color_entry ... ok
[INFO] [stdout] test gbiv_md::tests::stops_at_separator ... ok
[INFO] [stdout] test git_utils::tests::test_find_gbiv_root_none ... ok
[INFO] [stdout] test gbiv_md::tests::set_status_with_none_removes_status_tag ... ok
[INFO] [stdout] test gbiv_md::tests::set_status_replaces_existing_status ... ok
[INFO] [stdout] test git_utils::tests::test_find_gbiv_root_some ... ok
[INFO] [stdout] test tests::exec_parses_all_target_and_command ... ok
[INFO] [stdout] test tests::exec_parses_color_target_and_command ... ok
[INFO] [stdout] test tests::exec_parses_command_with_flags_after_separator ... ok
[INFO] [stdout] test tests::exec_parses_no_target_with_command ... ok
[INFO] [stdout] test commands::reset_hard_stash_tests::gbiv_md_entry_removed_after_hard_reset ... ok
[INFO] [stdout] test commands::reset_hard_stash_tests::no_gbiv_md_entry_proceeds_without_error ... ok
[INFO] [stdout] test git_utils::tests::test_find_gbiv_root_some_from_nested ... ok
[INFO] [stdout] test commands::reset_tests::reset_all_to_vec_exists_and_processes_done_entries ... ok
[INFO] [stdout] test git_utils::tests::test_rebase_onto_error_includes_stdout_and_stderr ... FAILED
[INFO] [stdout] test commands::reset_hard_stash_tests::dirty_worktree_is_stashed_before_reset ... ok
[INFO] [stdout] test commands::reset_tests::reset_one_success_message_contains_reset_not_cleaned_up ... ok
[INFO] [stdout] test commands::reset::tests::single_color_reset_ignores_status_tag ... ok
[INFO] [stdout] test commands::init::tests::test_init_command_success ... ok
[INFO] [stdout] test commands::reset_hard_stash_tests::stash_failure_aborts_reset ... ok
[INFO] [stdout] test commands::init::tests::test_init_command_color_branch_conflict ... ok
[INFO] [stdout] test commands::tmux::new_session::tests::test_new_session_command_tmux_not_found ... ok
[INFO] [stdout] test commands::tmux::sync::tests::test_sync_command_tmux_not_found ... ok
[INFO] [stdout] test commands::init::tests::test_is_git_repo_true ... ok
[INFO] [stdout] test commands::tmux::clean::tests::test_clean_command_tmux_not_found ... ok
[INFO] [stdout] 
[INFO] [stdout] failures:
[INFO] [stdout] 
[INFO] [stdout] ---- git_utils::tests::test_rebase_onto_error_includes_stdout_and_stderr stdout ----
[INFO] [stdout] 
[INFO] [stdout] thread 'git_utils::tests::test_rebase_onto_error_includes_stdout_and_stderr' (1647) panicked at src/git_utils.rs:459:9:
[INFO] [stdout] expected error to contain stdout content 'CONFLICT', but got: fatal: invalid upstream 'main'
[INFO] [stdout] stack backtrace:
[INFO] [stdout]    0:     0x59868e8fb2a1 - <<std[617be2ca0a6fd877]::sys::backtrace::BacktraceLock>::print::DisplayBacktrace as core[a373ad73a504971]::fmt::Display>::fmt
[INFO] [stdout]    1:     0x59868e9107ba - core[a373ad73a504971]::fmt::write
[INFO] [stdout]    2:     0x59868e90057c - <alloc[2e1b2a31b91974c5]::vec::Vec<u8> as core[a373ad73a504971]::io::write::Write>::write_fmt
[INFO] [stdout]    3:     0x59868e8d4886 - std[617be2ca0a6fd877]::panicking::default_hook::{closure#0}
[INFO] [stdout]    4:     0x59868e8f22b9 - std[617be2ca0a6fd877]::panicking::default_hook
[INFO] [stdout]    5:     0x59868e82a5f0 - test[aada8e7e76ba119b]::test_main_inner::{closure#0}
[INFO] [stdout]    6:     0x59868e8f2472 - std[617be2ca0a6fd877]::panicking::panic_with_hook
[INFO] [stdout]    7:     0x59868e8d4932 - std[617be2ca0a6fd877]::panicking::panic_handler::{closure#0}
[INFO] [stdout]    8:     0x59868e8ccff9 - std[617be2ca0a6fd877]::sys::backtrace::__rust_end_short_backtrace::<std[617be2ca0a6fd877]::panicking::panic_handler::{closure#0}, !>
[INFO] [stdout]    9:     0x59868e8d580d - __rustc[ea4f61d10b84890b]::rust_begin_unwind
[INFO] [stdout]   10:     0x59868e910eec - core[a373ad73a504971]::panicking::panic_fmt
[INFO] [stdout]   11:     0x59868e7cab7f - <gbiv[2f36b7e32a497962]::git_utils::tests::test_rebase_onto_error_includes_stdout_and_stderr::{closure#0} as core[a373ad73a504971]::ops::function::FnOnce<()>>::call_once
[INFO] [stdout]   12:     0x59868e81da3b - test[aada8e7e76ba119b]::__rust_begin_short_backtrace::<core[a373ad73a504971]::result::Result<(), alloc[2e1b2a31b91974c5]::string::String>, fn() -> core[a373ad73a504971]::result::Result<(), alloc[2e1b2a31b91974c5]::string::String>>
[INFO] [stdout]   13:     0x59868e82ac15 - test[aada8e7e76ba119b]::run_test::{closure#0}
[INFO] [stdout]   14:     0x59868e824504 - std[617be2ca0a6fd877]::sys::backtrace::__rust_begin_short_backtrace::<test[aada8e7e76ba119b]::run_test::{closure#1}, ()>
[INFO] [stdout]   15:     0x59868e82dca2 - <std[617be2ca0a6fd877]::thread::lifecycle::spawn_unchecked<test[aada8e7e76ba119b]::run_test::{closure#1}, ()>::{closure#1} as core[a373ad73a504971]::ops::function::FnOnce<()>>::call_once::{shim:vtable#0}
[INFO] [stdout]   16:     0x59868e8fa58f - <std[617be2ca0a6fd877]::sys::thread::unix::Thread>::new::thread_start
[INFO] [stdout]   17:     0x709137449dfa - <unknown>
[INFO] [stdout]   18:     0x7091374dd3d4 - clone
[INFO] [stdout]   19:                0x0 - <unknown>
[INFO] [stdout] 
[INFO] [stdout] 
[INFO] [stdout] failures:
[INFO] [stdout]     git_utils::tests::test_rebase_onto_error_includes_stdout_and_stderr
[INFO] [stdout] 
[INFO] [stdout] test result: FAILED. 126 passed; 1 failed; 0 ignored; 0 measured; 0 filtered out; finished in 2.79s
[INFO] [stdout] 
[INFO] [stderr] error: test failed, to rerun pass `--bin gbiv`
[INFO] running `Command { std: "docker" "inspect" "88bb47dfa893fcf8d5f26e62a7bf2e2b26c44dfa6400c6c3c1314971b66085a1", kill_on_drop: false }`
[INFO] running `Command { std: "docker" "rm" "-f" "88bb47dfa893fcf8d5f26e62a7bf2e2b26c44dfa6400c6c3c1314971b66085a1", kill_on_drop: false }`
[INFO] [stdout] 88bb47dfa893fcf8d5f26e62a7bf2e2b26c44dfa6400c6c3c1314971b66085a1
